[INFO] fetching crate noema-gemma 0.1.0...
[INFO] testing noema-gemma-0.1.0 against 1.99.0-beta.8+cargoflags=--release for beta-release-1.100-2
[INFO] extracting crate noema-gemma 0.1.0 into /workspace/builds/worker-4-tc1/source
[INFO] started tweaking crates.io crate noema-gemma 0.1.0
[INFO] removed 0 missing tests
[INFO] finished tweaking crates.io crate noema-gemma 0.1.0
[INFO] tweaked toml for crates.io crate noema-gemma 0.1.0 written to /workspace/builds/worker-4-tc1/source/Cargo.toml
[INFO] validating manifest of crates.io crate noema-gemma 0.1.0 on toolchain 1.99.0-beta.8
[INFO] running `Command { std: CARGO_HOME="/workspace/cargo-home" RUSTUP_HOME="/workspace/rustup-home" "/workspace/cargo-home/bin/cargo" "+1.99.0-beta.8" "metadata" "--manifest-path" "Cargo.toml" "--no-deps", kill_on_drop: false }`
[INFO] crate crates.io crate noema-gemma 0.1.0 already has a lockfile, it will not be regenerated
[INFO] running `Command { std: CARGO_HOME="/workspace/cargo-home" RUSTUP_HOME="/workspace/rustup-home" "/workspace/cargo-home/bin/cargo" "+1.99.0-beta.8" "fetch" "--manifest-path" "Cargo.toml", kill_on_drop: false }`
[INFO] [stderr]     Updating crates.io index
[INFO] [stderr]  Downloading crates ...
[INFO] [stderr]   Downloaded futures-macro v0.3.34
[INFO] [stderr]   Downloaded valuable v0.1.1
[INFO] [stderr]   Downloaded thread_local v1.1.10
[INFO] [stderr]   Downloaded noema-approval v0.1.0
[INFO] [stderr]   Downloaded noema-tools v0.1.0
[INFO] [stderr]   Downloaded noema-events v0.1.0
[INFO] [stderr]   Downloaded nu-ansi-term v0.50.3
[INFO] [stderr]   Downloaded tracing-log v0.2.0
[INFO] [stderr]   Downloaded noema-core v0.1.0
[INFO] [stderr]   Downloaded tokio-stream v0.1.19
[INFO] [stderr]   Downloaded sharded-slab v0.1.7
[INFO] [stderr]   Downloaded litert-lm-rust v0.2.4
[INFO] [stderr]   Downloaded tokio-util v0.7.19
[INFO] [stderr]   Downloaded tracing-subscriber v0.3.23
[INFO] [stderr]   Downloaded syn v3.0.3
[INFO] [stderr]   Downloaded tokio v1.53.1
[INFO] running `Command { std: "docker" "create" "-v" "/var/lib/crater-agent-workspace/builds/worker-4-tc1/source:/opt/rustwide/workdir:ro,Z" "-v" "/var/lib/crater-agent-workspace/builds/worker-4-tc1/target:/opt/rustwide/target:rw,Z" "-v" "/var/lib/crater-agent-workspace/cargo-home:/opt/rustwide/cargo-home:ro,Z" "-v" "/var/lib/crater-agent-workspace/rustup-home:/opt/rustwide/rustup-home:ro,Z" "-m" "1610612736" "--network" "none" "ghcr.io/rust-lang/crates-build-env/linux@sha256:77db811e55d90add9212f6832c23229e3de5f1c1f9905e8cb07319ea15df73ac" "sleep" "infinity", kill_on_drop: false }`
[INFO] [stdout] 9e7b24b6900a172154667a881014c040e4bfb881cbcafcca226ea11f7fd57ee9
[INFO] running `Command { std: "docker" "start" "9e7b24b6900a172154667a881014c040e4bfb881cbcafcca226ea11f7fd57ee9", kill_on_drop: false }`
[INFO] running `Command { std: "docker" "inspect" "9e7b24b6900a172154667a881014c040e4bfb881cbcafcca226ea11f7fd57ee9", kill_on_drop: false }`
[INFO] running `Command { std: "docker" "exec" "-e" "SOURCE_DIR=/opt/rustwide/workdir" "-e" "CARGO_HOME=/opt/rustwide/cargo-home" "-e" "RUSTUP_HOME=/opt/rustwide/rustup-home" "-e" "CARGO_TARGET_DIR=/opt/rustwide/target" "-w" "/opt/rustwide/workdir" "--user" "0:0" "9e7b24b6900a172154667a881014c040e4bfb881cbcafcca226ea11f7fd57ee9" "/opt/rustwide/cargo-home/bin/cargo" "+1.99.0-beta.8" "metadata" "--no-deps" "--format-version=1", kill_on_drop: false }`
[INFO] running `Command { std: "docker" "inspect" "9e7b24b6900a172154667a881014c040e4bfb881cbcafcca226ea11f7fd57ee9", kill_on_drop: false }`
[INFO] running `Command { std: "docker" "exec" "-e" "SOURCE_DIR=/opt/rustwide/workdir" "-e" "CARGO_HOME=/opt/rustwide/cargo-home" "-e" "RUSTUP_HOME=/opt/rustwide/rustup-home" "-e" "CARGO_TARGET_DIR=/opt/rustwide/target" "-e" "CARGO_INCREMENTAL=0" "-e" "RUST_BACKTRACE=full" "-e" "RUSTFLAGS=--cap-lints=warn" "-e" "RUSTDOCFLAGS=--cap-lints=warn" "-w" "/opt/rustwide/workdir" "--user" "0:0" "9e7b24b6900a172154667a881014c040e4bfb881cbcafcca226ea11f7fd57ee9" "/opt/rustwide/cargo-home/bin/cargo" "+1.99.0-beta.8" "build" "--frozen" "--message-format=json" "--release", kill_on_drop: false }`
[INFO] [stderr]    Compiling serde_core v1.0.229
[INFO] [stderr]    Compiling pin-project-lite v0.2.17
[INFO] [stderr]    Compiling serde v1.0.229
[INFO] [stderr]    Compiling zmij v1.0.23
[INFO] [stderr]    Compiling serde_json v1.0.151
[INFO] [stderr]    Compiling hashbrown v0.17.1
[INFO] [stderr]    Compiling equivalent v1.0.2
[INFO] [stderr]    Compiling once_cell v1.21.4
[INFO] [stderr]    Compiling itoa v1.0.18
[INFO] [stderr]    Compiling thiserror v1.0.69
[INFO] [stderr]    Compiling memchr v2.8.3
[INFO] [stderr]    Compiling futures-core v0.3.34
[INFO] [stderr]    Compiling futures-task v0.3.34
[INFO] [stderr]    Compiling slab v0.4.12
[INFO] [stderr]    Compiling bytes v1.12.1
[INFO] [stderr]    Compiling syn v3.0.3
[INFO] [stderr]    Compiling syn v2.0.119
[INFO] [stderr]    Compiling cfg-if v1.0.4
[INFO] [stderr]    Compiling lazy_static v1.5.0
[INFO] [stderr]    Compiling thiserror v2.0.20
[INFO] [stderr]    Compiling log v0.4.33
[INFO] [stderr]    Compiling futures-sink v0.3.34
[INFO] [stderr]    Compiling sharded-slab v0.1.7
[INFO] [stderr]    Compiling tracing-core v0.1.36
[INFO] [stderr]    Compiling thread_local v1.1.10
[INFO] [stderr]    Compiling litert-lm-rust v0.2.4
[INFO] [stderr]    Compiling smallvec v1.15.2
[INFO] [stderr]    Compiling nu-ansi-term v0.50.3
[INFO] [stderr]    Compiling base64 v0.22.1
[INFO] [stderr]    Compiling tracing-log v0.2.0
[INFO] [stderr]    Compiling tracing-subscriber v0.3.23
[INFO] [stderr]    Compiling indexmap v2.14.0
[INFO] [stderr]    Compiling tokio-macros v2.7.2
[INFO] [stderr]    Compiling serde_derive v1.0.229
[INFO] [stderr]    Compiling futures-macro v0.3.34
[INFO] [stderr]    Compiling async-trait v0.1.92
[INFO] [stderr]    Compiling thiserror-impl v2.0.20
[INFO] [stderr]    Compiling tokio v1.53.1
[INFO] [stderr]    Compiling futures-util v0.3.34
[INFO] [stderr]    Compiling thiserror-impl v1.0.69
[INFO] [stderr]    Compiling tracing-attributes v0.1.31
[INFO] [stderr]    Compiling tracing v0.1.44
[INFO] [stderr]    Compiling noema-tools v0.1.0
[INFO] [stderr]    Compiling tokio-util v0.7.19
[INFO] [stderr]    Compiling noema-events v0.1.0
[INFO] [stderr]    Compiling noema-approval v0.1.0
[INFO] [stderr]    Compiling tokio-stream v0.1.19
[INFO] [stderr]    Compiling noema-core v0.1.0
[INFO] [stderr]    Compiling noema-gemma v0.1.0 (/opt/rustwide/workdir)
[INFO] [stderr]     Finished `release` profile [optimized] target(s) in 7.18s
[INFO] running `Command { std: "docker" "inspect" "9e7b24b6900a172154667a881014c040e4bfb881cbcafcca226ea11f7fd57ee9", kill_on_drop: false }`
[INFO] running `Command { std: "docker" "exec" "-e" "SOURCE_DIR=/opt/rustwide/workdir" "-e" "CARGO_HOME=/opt/rustwide/cargo-home" "-e" "RUSTUP_HOME=/opt/rustwide/rustup-home" "-e" "CARGO_TARGET_DIR=/opt/rustwide/target" "-e" "CARGO_INCREMENTAL=0" "-e" "RUST_BACKTRACE=full" "-e" "RUSTFLAGS=--cap-lints=warn" "-e" "RUSTDOCFLAGS=--cap-lints=warn" "-w" "/opt/rustwide/workdir" "--user" "0:0" "9e7b24b6900a172154667a881014c040e4bfb881cbcafcca226ea11f7fd57ee9" "/opt/rustwide/cargo-home/bin/cargo" "+1.99.0-beta.8" "test" "--frozen" "--no-run" "--message-format=json" "--release", kill_on_drop: false }`
[INFO] [stderr]    Compiling noema-gemma v0.1.0 (/opt/rustwide/workdir)
[INFO] [stdout] error: linking with `cc` failed: exit status: 1
[INFO] [stdout]   |
[INFO] [stdout]   = note:  "cc" "-m64" "/opt/rustwide/target/release/deps/rustcJHtoNx/symbols.o" "<5 object files omitted>" "-Wl,--as-needed" "-Wl,-Bstatic" "<sysroot>/lib/rustlib/x86_64-unknown-linux-gnu/lib/{libtest-*,libgetopts-*,librustc_std_workspace_std-*}.rlib" "/opt/rustwide/target/release/deps/{libnoema_core-f7e885523e0ed175,libtracing_subscriber-71a9e99123333066,libsmallvec-954ea7f71314f350,libthread_local-79e71813f18c78f2,libcfg_if-6d8dca19095bb388,libnu_ansi_term-2394e1a75082de7a,libsharded_slab-18946f9d15d4fb19,liblazy_static-fdd6af0286056ca3,libtracing_log-eb9fca09073a335b,liblog-af6694a7085e31ea,libtracing-750c7790547fa482,libtracing_core-ce4c42e00c102e36,libonce_cell-a92ce0590bdd2571,libnoema_events-e1e47cbe55531cc1,libtokio_stream-83523450b739d5eb,libtokio_util-afddfb2dbcf0f35e,libfutures_util-2fcbe26915bfacda,libslab-19b8bc1074c00c3a,libfutures_task-5c5534087cfa7016,libbytes-654f8a7a557a4087,libfutures_sink-5b1f2e5a11c9433c,libfutures_core-000e9c1bb1a1e1f4,libnoema_approval-59ffd486da8d8035,libtokio-f3d025d5146b397b,libpin_project_lite-9a89bb36c0c56875,libnoema_tools-cd10b1ed5928f80b,libthiserror-2188154047246b9c,liblitert_lm_rust-5924f2a887baffb7,libbase64-5ba8d8f2fe9c6ccd,libserde-74274216dc9ad2f6,libthiserror-6b7f9eb1c3f25bf5,libserde_json-fecbc11d64408beb,libmemchr-b09fcc675b44dbcc,libitoa-1e9e3b22820c4a15,libzmij-586d023c1dba25b5,libindexmap-fcf14a27033da9ca,libequivalent-26a0d6a3c1145f1b,libhashbrown-e584a62dc81c493d,libserde_core-2831f2261da3e922}.rlib" "<sysroot>/lib/rustlib/x86_64-unknown-linux-gnu/lib/{libstd-*,libpanic_unwind-*,libobject-*,libmemchr-*,libaddr2line-*,libgimli-*,libcfg_if-*,librustc_demangle-*,libstd_detect-*,libhashbrown-*,librustc_std_workspace_alloc-*,libminiz_oxide-*,libadler2-*,libunwind-*,liblibc-*,librustc_std_workspace_core-*,liballoc-*,libcore-*,libcompiler_builtins-*}.rlib" "-Wl,-Bdynamic" "-llitert-lm" "-lgcc_s" "-lutil" "-lrt" "-lpthread" "-lm" "-ldl" "-lc" "-L" "/opt/rustwide/target/release/deps/rustcJHtoNx/raw-dylibs" "-B<sysroot>/lib/rustlib/x86_64-unknown-linux-gnu/bin/gcc-ld" "-fuse-ld=lld" "-Wl,--eh-frame-hdr" "-Wl,-z,noexecstack" "-L" "<sysroot>/lib/rustlib/x86_64-unknown-linux-gnu/lib" "-o" "/opt/rustwide/target/release/deps/noema_gemma-3ac98afea1303649" "-Wl,--gc-sections" "-pie" "-Wl,-z,relro,-z,now" "-Wl,-O1" "-Wl,--strip-debug" "-nodefaultlibs"
[INFO] [stdout]   = note: some arguments are omitted. use `--verbose` to show all linker arguments
[INFO] [stdout]   = note: rust-lld: error: unable to find library -llitert-lm
[INFO] [stdout]           collect2: error: ld returned 1 exit status
[INFO] [stdout]           
[INFO] [stdout] 
[INFO] [stdout] 
[INFO] [stderr] error: could not compile `noema-gemma` (lib test) due to 1 previous error
[INFO] [stderr] warning: build failed, waiting for other jobs to finish...
[INFO] [stdout] error: linking with `cc` failed: exit status: 1
[INFO] [stdout]   |
[INFO] [stdout]   = note:  "cc" "-m64" "/opt/rustwide/target/release/deps/rustc2RxsEA/symbols.o" "<9 object files omitted>" "-Wl,--as-needed" "-Wl,-Bstatic" "<sysroot>/lib/rustlib/x86_64-unknown-linux-gnu/lib/{libtest-*,libgetopts-*,librustc_std_workspace_std-*}.rlib" "/opt/rustwide/target/release/deps/{libnoema_gemma-a5ba1aee4c1adbf8,libnoema_core-f7e885523e0ed175,libtracing_subscriber-71a9e99123333066,libsmallvec-954ea7f71314f350,libthread_local-79e71813f18c78f2,libcfg_if-6d8dca19095bb388,libnu_ansi_term-2394e1a75082de7a,libsharded_slab-18946f9d15d4fb19,liblazy_static-fdd6af0286056ca3,libtracing_log-eb9fca09073a335b,liblog-af6694a7085e31ea,libtracing-750c7790547fa482,libtracing_core-ce4c42e00c102e36,libonce_cell-a92ce0590bdd2571,libnoema_events-e1e47cbe55531cc1,libtokio_stream-83523450b739d5eb,libtokio_util-afddfb2dbcf0f35e,libfutures_util-2fcbe26915bfacda,libslab-19b8bc1074c00c3a,libfutures_task-5c5534087cfa7016,libbytes-654f8a7a557a4087,libfutures_sink-5b1f2e5a11c9433c,libfutures_core-000e9c1bb1a1e1f4,libnoema_approval-59ffd486da8d8035,libtokio-f3d025d5146b397b,libpin_project_lite-9a89bb36c0c56875,libnoema_tools-cd10b1ed5928f80b,libthiserror-2188154047246b9c,liblitert_lm_rust-5924f2a887baffb7,libbase64-5ba8d8f2fe9c6ccd,libserde-74274216dc9ad2f6,libthiserror-6b7f9eb1c3f25bf5,libserde_json-fecbc11d64408beb,libmemchr-b09fcc675b44dbcc,libitoa-1e9e3b22820c4a15,libzmij-586d023c1dba25b5,libindexmap-fcf14a27033da9ca,libequivalent-26a0d6a3c1145f1b,libhashbrown-e584a62dc81c493d,libserde_core-2831f2261da3e922}.rlib" "<sysroot>/lib/rustlib/x86_64-unknown-linux-gnu/lib/{libstd-*,libpanic_unwind-*,libobject-*,libmemchr-*,libaddr2line-*,libgimli-*,libcfg_if-*,librustc_demangle-*,libstd_detect-*,libhashbrown-*,librustc_std_workspace_alloc-*,libminiz_oxide-*,libadler2-*,libunwind-*,liblibc-*,librustc_std_workspace_core-*,liballoc-*,libcore-*,libcompiler_builtins-*}.rlib" "-Wl,-Bdynamic" "-llitert-lm" "-lgcc_s" "-lutil" "-lrt" "-lpthread" "-lm" "-ldl" "-lc" "-L" "/opt/rustwide/target/release/deps/rustc2RxsEA/raw-dylibs" "-B<sysroot>/lib/rustlib/x86_64-unknown-linux-gnu/bin/gcc-ld" "-fuse-ld=lld" "-Wl,--eh-frame-hdr" "-Wl,-z,noexecstack" "-L" "<sysroot>/lib/rustlib/x86_64-unknown-linux-gnu/lib" "-o" "/opt/rustwide/target/release/deps/gemma-4864babe1e3af37b" "-Wl,--gc-sections" "-pie" "-Wl,-z,relro,-z,now" "-Wl,-O1" "-Wl,--strip-debug" "-nodefaultlibs"
[INFO] [stdout]   = note: some arguments are omitted. use `--verbose` to show all linker arguments
[INFO] [stdout]   = note: rust-lld: error: unable to find library -llitert-lm
[INFO] [stdout]           collect2: error: ld returned 1 exit status
[INFO] [stdout]           
[INFO] [stdout] 
[INFO] [stdout] 
[INFO] [stderr] error: could not compile `noema-gemma` (test "gemma") due to 1 previous error
[INFO] running `Command { std: "docker" "inspect" "9e7b24b6900a172154667a881014c040e4bfb881cbcafcca226ea11f7fd57ee9", kill_on_drop: false }`
[INFO] running `Command { std: "docker" "rm" "-f" "9e7b24b6900a172154667a881014c040e4bfb881cbcafcca226ea11f7fd57ee9", kill_on_drop: false }`
[INFO] [stdout] 9e7b24b6900a172154667a881014c040e4bfb881cbcafcca226ea11f7fd57ee9
