[INFO] fetching crate nodetoken 0.1.0...
[INFO] testing nodetoken-0.1.0 against 1.99.0-beta.8+cargoflags=--release for beta-release-1.100-2
[INFO] extracting crate nodetoken 0.1.0 into /workspace/builds/worker-5-tc1/source
[INFO] started tweaking crates.io crate nodetoken 0.1.0
[INFO] finished tweaking crates.io crate nodetoken 0.1.0
[INFO] tweaked toml for crates.io crate nodetoken 0.1.0 written to /workspace/builds/worker-5-tc1/source/Cargo.toml
[INFO] validating manifest of crates.io crate nodetoken 0.1.0 on toolchain 1.99.0-beta.8
[INFO] running `Command { std: CARGO_HOME="/workspace/cargo-home" RUSTUP_HOME="/workspace/rustup-home" "/workspace/cargo-home/bin/cargo" "+1.99.0-beta.8" "metadata" "--manifest-path" "Cargo.toml" "--no-deps", kill_on_drop: false }`
[INFO] crate crates.io crate nodetoken 0.1.0 already has a lockfile, it will not be regenerated
[INFO] running `Command { std: CARGO_HOME="/workspace/cargo-home" RUSTUP_HOME="/workspace/rustup-home" "/workspace/cargo-home/bin/cargo" "+1.99.0-beta.8" "fetch" "--manifest-path" "Cargo.toml", kill_on_drop: false }`
[INFO] [stderr]     Updating crates.io index
[INFO] [stderr]  Downloading crates ...
[INFO] [stderr]   Downloaded retain_mut v0.1.9
[INFO] [stderr]   Downloaded deadpool v0.9.5
[INFO] [stderr]   Downloaded wiremock v0.5.22
[INFO] running `Command { std: "docker" "create" "-v" "/var/lib/crater-agent-workspace/builds/worker-5-tc1/source:/opt/rustwide/workdir:ro,Z" "-v" "/var/lib/crater-agent-workspace/builds/worker-5-tc1/target:/opt/rustwide/target:rw,Z" "-v" "/var/lib/crater-agent-workspace/cargo-home:/opt/rustwide/cargo-home:ro,Z" "-v" "/var/lib/crater-agent-workspace/rustup-home:/opt/rustwide/rustup-home:ro,Z" "-m" "1610612736" "--network" "none" "ghcr.io/rust-lang/crates-build-env/linux@sha256:77db811e55d90add9212f6832c23229e3de5f1c1f9905e8cb07319ea15df73ac" "sleep" "infinity", kill_on_drop: false }`
[INFO] [stdout] e89f3faf3b5e185d3c4c892d43c2f0ba0c2c6bcb2814982fc73e6d81fc1226c3
[INFO] running `Command { std: "docker" "start" "e89f3faf3b5e185d3c4c892d43c2f0ba0c2c6bcb2814982fc73e6d81fc1226c3", kill_on_drop: false }`
[INFO] running `Command { std: "docker" "inspect" "e89f3faf3b5e185d3c4c892d43c2f0ba0c2c6bcb2814982fc73e6d81fc1226c3", kill_on_drop: false }`
[INFO] running `Command { std: "docker" "exec" "-e" "SOURCE_DIR=/opt/rustwide/workdir" "-e" "CARGO_HOME=/opt/rustwide/cargo-home" "-e" "RUSTUP_HOME=/opt/rustwide/rustup-home" "-e" "CARGO_TARGET_DIR=/opt/rustwide/target" "-w" "/opt/rustwide/workdir" "--user" "0:0" "e89f3faf3b5e185d3c4c892d43c2f0ba0c2c6bcb2814982fc73e6d81fc1226c3" "/opt/rustwide/cargo-home/bin/cargo" "+1.99.0-beta.8" "metadata" "--no-deps" "--format-version=1", kill_on_drop: false }`
[INFO] running `Command { std: "docker" "inspect" "e89f3faf3b5e185d3c4c892d43c2f0ba0c2c6bcb2814982fc73e6d81fc1226c3", kill_on_drop: false }`
[INFO] running `Command { std: "docker" "exec" "-e" "SOURCE_DIR=/opt/rustwide/workdir" "-e" "CARGO_HOME=/opt/rustwide/cargo-home" "-e" "RUSTUP_HOME=/opt/rustwide/rustup-home" "-e" "CARGO_TARGET_DIR=/opt/rustwide/target" "-e" "CARGO_INCREMENTAL=0" "-e" "RUST_BACKTRACE=full" "-e" "RUSTFLAGS=--cap-lints=warn" "-e" "RUSTDOCFLAGS=--cap-lints=warn" "-w" "/opt/rustwide/workdir" "--user" "0:0" "e89f3faf3b5e185d3c4c892d43c2f0ba0c2c6bcb2814982fc73e6d81fc1226c3" "/opt/rustwide/cargo-home/bin/cargo" "+1.99.0-beta.8" "build" "--frozen" "--message-format=json" "--release", kill_on_drop: false }`
[INFO] [stderr]    Compiling libc v0.2.186
[INFO] [stderr]    Compiling openssl-sys v0.9.115
[INFO] [stderr]    Compiling openssl v0.10.79
[INFO] [stderr]    Compiling ahash v0.7.8
[INFO] [stderr]    Compiling log v0.4.29
[INFO] [stderr]    Compiling http v0.2.12
[INFO] [stderr]    Compiling pest v2.8.6
[INFO] [stderr]    Compiling hashbrown v0.17.0
[INFO] [stderr]    Compiling tokio-macros v2.7.0
[INFO] [stderr]    Compiling openssl-macros v0.1.1
[INFO] [stderr]    Compiling tracing v0.1.44
[INFO] [stderr]    Compiling futures-task v0.3.32
[INFO] [stderr]    Compiling zerofrom v0.1.7
[INFO] [stderr]    Compiling regex-syntax v0.8.10
[INFO] [stderr]    Compiling dlv-list v0.3.0
[INFO] [stderr]    Compiling chacha20 v0.10.0
[INFO] [stderr]    Compiling futures-util v0.3.32
[INFO] [stderr]    Compiling yoke v0.8.2
[INFO] [stderr]    Compiling serde_json v1.0.149
[INFO] [stderr]    Compiling ron v0.7.1
[INFO] [stderr]    Compiling serde_urlencoded v0.7.1
[INFO] [stderr]    Compiling rustls-pemfile v1.0.4
[INFO] [stderr]    Compiling tracing-log v0.2.0
[INFO] [stderr]    Compiling zerovec v0.11.6
[INFO] [stderr]    Compiling zerotrie v0.2.4
[INFO] [stderr]    Compiling native-tls v0.2.18
[INFO] [stderr]    Compiling toml v0.5.11
[INFO] [stderr]    Compiling thiserror-impl v1.0.69
[INFO] [stderr]    Compiling thread_local v1.1.9
[INFO] [stderr]    Compiling sync_wrapper v0.1.2
[INFO] [stderr]    Compiling nu-ansi-term v0.50.3
[INFO] [stderr]    Compiling chrono v0.4.44
[INFO] [stderr]    Compiling indexmap v2.14.0
[INFO] [stderr]    Compiling http-body v0.4.6
[INFO] [stderr]    Compiling tinystr v0.8.3
[INFO] [stderr]    Compiling potential_utf v0.1.5
[INFO] [stderr]    Compiling icu_collections v2.2.0
[INFO] [stderr]    Compiling icu_locale_core v2.2.0
[INFO] [stderr]    Compiling pest_meta v2.8.6
[INFO] [stderr]    Compiling regex-automata v0.4.14
[INFO] [stderr]    Compiling thiserror v1.0.69
[INFO] [stderr]    Compiling errno v0.3.14
[INFO] [stderr]    Compiling parking_lot_core v0.9.12
[INFO] [stderr]    Compiling socket2 v0.6.3
[INFO] [stderr]    Compiling mio v1.2.0
[INFO] [stderr]    Compiling getrandom v0.2.17
[INFO] [stderr]    Compiling pest_generator v2.8.6
[INFO] [stderr]    Compiling signal-hook-registry v1.4.8
[INFO] [stderr]    Compiling getrandom v0.4.2
[INFO] [stderr]    Compiling parking_lot v0.12.5
[INFO] [stderr]    Compiling icu_provider v2.2.0
[INFO] [stderr]    Compiling socket2 v0.5.10
[INFO] [stderr]    Compiling tokio v1.52.2
[INFO] [stderr]    Compiling hashbrown v0.12.3
[INFO] [stderr]    Compiling icu_normalizer v2.2.0
[INFO] [stderr]    Compiling icu_properties v2.2.0
[INFO] [stderr]    Compiling pest_derive v2.8.6
[INFO] [stderr]    Compiling rand v0.10.1
[INFO] [stderr]    Compiling dirs-sys v0.4.1
[INFO] [stderr]    Compiling json5 v0.4.1
[INFO] [stderr]    Compiling uuid v1.23.1
[INFO] [stderr]    Compiling ordered-multimap v0.4.3
[INFO] [stderr]    Compiling dirs v5.0.1
[INFO] [stderr]    Compiling nix v0.27.1
[INFO] [stderr]    Compiling rust-ini v0.18.0
[INFO] [stderr]    Compiling config v0.13.4
[INFO] [stderr]    Compiling matchers v0.2.0
[INFO] [stderr]    Compiling tracing-subscriber v0.3.23
[INFO] [stderr]    Compiling idna_adapter v1.2.2
[INFO] [stderr]    Compiling idna v1.1.0
[INFO] [stderr]    Compiling url v2.5.8
[INFO] [stderr]    Compiling tokio-util v0.7.18
[INFO] [stderr]    Compiling tokio-native-tls v0.3.1
[INFO] [stderr]    Compiling tokio-retry v0.3.1
[INFO] [stderr]    Compiling h2 v0.3.27
[INFO] [stderr]    Compiling hyper v0.14.32
[INFO] [stderr]    Compiling hyper-tls v0.5.0
[INFO] [stderr]    Compiling reqwest v0.11.27
[INFO] [stderr]    Compiling nodetoken v0.1.0 (/opt/rustwide/workdir)
[INFO] [stderr]     Finished `release` profile [optimized] target(s) in 17.48s
[INFO] running `Command { std: "docker" "inspect" "e89f3faf3b5e185d3c4c892d43c2f0ba0c2c6bcb2814982fc73e6d81fc1226c3", kill_on_drop: false }`
[INFO] running `Command { std: "docker" "exec" "-e" "SOURCE_DIR=/opt/rustwide/workdir" "-e" "CARGO_HOME=/opt/rustwide/cargo-home" "-e" "RUSTUP_HOME=/opt/rustwide/rustup-home" "-e" "CARGO_TARGET_DIR=/opt/rustwide/target" "-e" "CARGO_INCREMENTAL=0" "-e" "RUST_BACKTRACE=full" "-e" "RUSTFLAGS=--cap-lints=warn" "-e" "RUSTDOCFLAGS=--cap-lints=warn" "-w" "/opt/rustwide/workdir" "--user" "0:0" "e89f3faf3b5e185d3c4c892d43c2f0ba0c2c6bcb2814982fc73e6d81fc1226c3" "/opt/rustwide/cargo-home/bin/cargo" "+1.99.0-beta.8" "test" "--frozen" "--no-run" "--message-format=json" "--release", kill_on_drop: false }`
[INFO] [stderr]    Compiling zerocopy v0.8.48
[INFO] [stderr]    Compiling tokio v1.52.2
[INFO] [stderr]    Compiling futures-util v0.3.32
[INFO] [stderr]    Compiling regex-automata v0.4.14
[INFO] [stderr]    Compiling crossbeam-utils v0.8.21
[INFO] [stderr]    Compiling getrandom v0.1.16
[INFO] [stderr]    Compiling openssl v0.10.79
[INFO] [stderr]    Compiling http-types v2.12.0
[INFO] [stderr]    Compiling itertools v0.10.5
[INFO] [stderr]    Compiling futures-lite v1.13.0
[INFO] [stderr]    Compiling syn v1.0.109
[INFO] [stderr]    Compiling serde_qs v0.8.5
[INFO] [stderr]    Compiling url v2.5.8
[INFO] [stderr]    Compiling float-cmp v0.9.0
[INFO] [stderr]    Compiling num_cpus v1.17.0
[INFO] [stderr]    Compiling retain_mut v0.1.9
[INFO] [stderr]    Compiling rustix v1.1.4
[INFO] [stderr]    Compiling assert-json-diff v2.0.2
[INFO] [stderr]    Compiling rand_core v0.5.1
[INFO] [stderr]    Compiling fragile v2.1.0
[INFO] [stderr]    Compiling futures-timer v3.0.3
[INFO] [stderr]    Compiling concurrent-queue v2.5.0
[INFO] [stderr]    Compiling nix v0.27.1
[INFO] [stderr]    Compiling async-channel v1.9.0
[INFO] [stderr]    Compiling tempfile v3.27.0
[INFO] [stderr]    Compiling futures-executor v0.3.32
[INFO] [stderr]    Compiling futures v0.3.32
[INFO] [stderr]    Compiling native-tls v0.2.18
[INFO] [stderr]    Compiling mockall_derive v0.11.4
[INFO] [stderr]    Compiling regex v1.12.3
[INFO] [stderr]    Compiling matchers v0.2.0
[INFO] [stderr]    Compiling tracing-subscriber v0.3.23
[INFO] [stderr]    Compiling predicates v2.1.5
[INFO] [stderr]    Compiling ppv-lite86 v0.2.21
[INFO] [stderr]    Compiling rand_chacha v0.2.2
[INFO] [stderr]    Compiling tokio-util v0.7.18
[INFO] [stderr]    Compiling tokio-native-tls v0.3.1
[INFO] [stderr]    Compiling rand v0.7.3
[INFO] [stderr]    Compiling tokio-stream v0.1.18
[INFO] [stderr]    Compiling deadpool v0.9.5
[INFO] [stderr]    Compiling tokio-retry v0.3.1
[INFO] [stderr]    Compiling mockall v0.11.4
[INFO] [stderr]    Compiling tokio-test v0.4.5
[INFO] [stderr]    Compiling h2 v0.3.27
[INFO] [stderr]    Compiling hyper v0.14.32
[INFO] [stderr]    Compiling hyper-tls v0.5.0
[INFO] [stderr]    Compiling wiremock v0.5.22
[INFO] [stderr]    Compiling reqwest v0.11.27
[INFO] [stderr]    Compiling nodetoken v0.1.0 (/opt/rustwide/workdir)
[INFO] [stdout] error[E0133]: call to unsafe function `set_var` is unsafe and requires unsafe block
[INFO] [stdout]   --> src/config.rs:32:28
[INFO] [stdout]    |
[INFO] [stdout] 32 |                 Some(v) => std::env::set_var(key, v),
[INFO] [stdout]    |                            ^^^^^^^^^^^^^^^^^^^^^^^^^ call to unsafe function
[INFO] [stdout]    |
[INFO] [stdout]    = note: consult the function's documentation for information on how to avoid undefined behavior
[INFO] [stdout] 
[INFO] [stdout] 
[INFO] [stdout] error[E0133]: call to unsafe function `remove_var` is unsafe and requires unsafe block
[INFO] [stdout]   --> src/config.rs:33:25
[INFO] [stdout]    |
[INFO] [stdout] 33 |                 None => std::env::remove_var(key),
[INFO] [stdout]    |                         ^^^^^^^^^^^^^^^^^^^^^^^^^ call to unsafe function
[INFO] [stdout]    |
[INFO] [stdout]    = note: consult the function's documentation for information on how to avoid undefined behavior
[INFO] [stdout] 
[INFO] [stdout] 
[INFO] [stdout] error[E0133]: call to unsafe function `set_var` is unsafe and requires unsafe block
[INFO] [stdout]    --> src/config.rs:215:9
[INFO] [stdout]     |
[INFO] [stdout] 215 |         std::env::set_var("NODE_TOKEN_CONFIG", config_path.to_str().unwrap());
[INFO] [stdout]     |         ^^^^^^^^^^^^^^^^^^^^^^^^^^^^^^^^^^^^^^^^^^^^^^^^^^^^^^^^^^^^^^^^^^^^^ call to unsafe function
[INFO] [stdout]     |
[INFO] [stdout]     = note: consult the function's documentation for information on how to avoid undefined behavior
[INFO] [stdout] 
[INFO] [stdout] 
[INFO] [stdout] error[E0133]: call to unsafe function `remove_var` is unsafe and requires unsafe block
[INFO] [stdout]    --> src/config.rs:218:9
[INFO] [stdout]     |
[INFO] [stdout] 218 |         std::env::remove_var("NODE_TOKEN__SERVER_URL");
[INFO] [stdout]     |         ^^^^^^^^^^^^^^^^^^^^^^^^^^^^^^^^^^^^^^^^^^^^^^ call to unsafe function
[INFO] [stdout]     |
[INFO] [stdout]     = note: consult the function's documentation for information on how to avoid undefined behavior
[INFO] [stdout] 
[INFO] [stdout] 
[INFO] [stdout] error[E0133]: call to unsafe function `remove_var` is unsafe and requires unsafe block
[INFO] [stdout]    --> src/config.rs:219:9
[INFO] [stdout]     |
[INFO] [stdout] 219 |         std::env::remove_var("NODE_TOKEN__REGISTRATION_TOKEN");
[INFO] [stdout]     |         ^^^^^^^^^^^^^^^^^^^^^^^^^^^^^^^^^^^^^^^^^^^^^^^^^^^^^^ call to unsafe function
[INFO] [stdout]     |
[INFO] [stdout]     = note: consult the function's documentation for information on how to avoid undefined behavior
[INFO] [stdout] 
[INFO] [stdout] 
[INFO] [stdout] error[E0133]: call to unsafe function `remove_var` is unsafe and requires unsafe block
[INFO] [stdout]    --> src/config.rs:220:9
[INFO] [stdout]     |
[INFO] [stdout] 220 |         std::env::remove_var("NODE_TOKEN__CLIENT_INSTANCE_ID");
[INFO] [stdout]     |         ^^^^^^^^^^^^^^^^^^^^^^^^^^^^^^^^^^^^^^^^^^^^^^^^^^^^^^ call to unsafe function
[INFO] [stdout]     |
[INFO] [stdout]     = note: consult the function's documentation for information on how to avoid undefined behavior
[INFO] [stdout] 
[INFO] [stdout] 
[INFO] [stdout] error[E0133]: call to unsafe function `remove_var` is unsafe and requires unsafe block
[INFO] [stdout]    --> src/config.rs:221:9
[INFO] [stdout]     |
[INFO] [stdout] 221 |         std::env::remove_var("NODE_TOKEN__DISPLAY_NAME");
[INFO] [stdout]     |         ^^^^^^^^^^^^^^^^^^^^^^^^^^^^^^^^^^^^^^^^^^^^^^^^ call to unsafe function
[INFO] [stdout]     |
[INFO] [stdout]     = note: consult the function's documentation for information on how to avoid undefined behavior
[INFO] [stdout] 
[INFO] [stdout] 
[INFO] [stdout] For more information about this error, try `rustc --explain E0133`.
[INFO] [stdout] 
[INFO] [stderr] error: could not compile `nodetoken` (bin "nodetoken" test) due to 7 previous errors
[INFO] running `Command { std: "docker" "inspect" "e89f3faf3b5e185d3c4c892d43c2f0ba0c2c6bcb2814982fc73e6d81fc1226c3", kill_on_drop: false }`
[INFO] running `Command { std: "docker" "rm" "-f" "e89f3faf3b5e185d3c4c892d43c2f0ba0c2c6bcb2814982fc73e6d81fc1226c3", kill_on_drop: false }`
[INFO] [stdout] e89f3faf3b5e185d3c4c892d43c2f0ba0c2c6bcb2814982fc73e6d81fc1226c3
