[INFO] fetching crate nodejs-resolver 0.1.1...
[INFO] testing nodejs-resolver-0.1.1 against 1.99.0-beta.8+cargoflags=--release for beta-release-1.100-2
[INFO] extracting crate nodejs-resolver 0.1.1 into /workspace/builds/worker-4-tc1/source
[INFO] removed /workspace/builds/worker-4-tc1/source/rust-toolchain.toml
[INFO] started tweaking crates.io crate nodejs-resolver 0.1.1
[INFO] finished tweaking crates.io crate nodejs-resolver 0.1.1
[INFO] tweaked toml for crates.io crate nodejs-resolver 0.1.1 written to /workspace/builds/worker-4-tc1/source/Cargo.toml
[INFO] validating manifest of crates.io crate nodejs-resolver 0.1.1 on toolchain 1.99.0-beta.8
[INFO] running `Command { std: CARGO_HOME="/workspace/cargo-home" RUSTUP_HOME="/workspace/rustup-home" "/workspace/cargo-home/bin/cargo" "+1.99.0-beta.8" "metadata" "--manifest-path" "Cargo.toml" "--no-deps", kill_on_drop: false }`
[INFO] crate crates.io crate nodejs-resolver 0.1.1 already has a lockfile, it will not be regenerated
[INFO] running `Command { std: CARGO_HOME="/workspace/cargo-home" RUSTUP_HOME="/workspace/rustup-home" "/workspace/cargo-home/bin/cargo" "+1.99.0-beta.8" "fetch" "--manifest-path" "Cargo.toml", kill_on_drop: false }`
[INFO] [stderr]     Updating crates.io index
[INFO] [stderr]  Downloading crates ...
[INFO] [stderr]   Downloaded proc-macro2 v1.0.70
[INFO] [stderr]   Downloaded path-dedot v3.1.1
[INFO] [stderr]   Downloaded smallvec v1.11.2
[INFO] [stderr]   Downloaded tracing-span-tree v0.1.1
[INFO] [stderr]   Downloaded path-absolutize v3.1.1
[INFO] [stderr]   Downloaded dunce v1.0.4
[INFO] [stderr]   Downloaded daachorse v1.0.0
[INFO] [stderr]   Downloaded jsonc-parser v0.22.1
[INFO] [stderr]   Downloaded serde_derive v1.0.193
[INFO] [stderr]   Downloaded serde v1.0.193
[INFO] [stderr]   Downloaded serde_json v1.0.108
[INFO] [stderr]   Downloaded syn v2.0.39
[INFO] running `Command { std: "docker" "create" "-v" "/var/lib/crater-agent-workspace/builds/worker-4-tc1/source:/opt/rustwide/workdir:ro,Z" "-v" "/var/lib/crater-agent-workspace/builds/worker-4-tc1/target:/opt/rustwide/target:rw,Z" "-v" "/var/lib/crater-agent-workspace/cargo-home:/opt/rustwide/cargo-home:ro,Z" "-v" "/var/lib/crater-agent-workspace/rustup-home:/opt/rustwide/rustup-home:ro,Z" "-m" "1610612736" "--network" "none" "ghcr.io/rust-lang/crates-build-env/linux@sha256:77db811e55d90add9212f6832c23229e3de5f1c1f9905e8cb07319ea15df73ac" "sleep" "infinity", kill_on_drop: false }`
[INFO] [stdout] 74252f00bb7fb97f74ae1a5968d1e98fd02064647c56a3c15e1f80bcf404f07e
[INFO] running `Command { std: "docker" "start" "74252f00bb7fb97f74ae1a5968d1e98fd02064647c56a3c15e1f80bcf404f07e", kill_on_drop: false }`
[INFO] running `Command { std: "docker" "inspect" "74252f00bb7fb97f74ae1a5968d1e98fd02064647c56a3c15e1f80bcf404f07e", kill_on_drop: false }`
[INFO] running `Command { std: "docker" "exec" "-e" "SOURCE_DIR=/opt/rustwide/workdir" "-e" "CARGO_HOME=/opt/rustwide/cargo-home" "-e" "RUSTUP_HOME=/opt/rustwide/rustup-home" "-e" "CARGO_TARGET_DIR=/opt/rustwide/target" "-w" "/opt/rustwide/workdir" "--user" "0:0" "74252f00bb7fb97f74ae1a5968d1e98fd02064647c56a3c15e1f80bcf404f07e" "/opt/rustwide/cargo-home/bin/cargo" "+1.99.0-beta.8" "metadata" "--no-deps" "--format-version=1", kill_on_drop: false }`
[INFO] running `Command { std: "docker" "inspect" "74252f00bb7fb97f74ae1a5968d1e98fd02064647c56a3c15e1f80bcf404f07e", kill_on_drop: false }`
[INFO] running `Command { std: "docker" "exec" "-e" "SOURCE_DIR=/opt/rustwide/workdir" "-e" "CARGO_HOME=/opt/rustwide/cargo-home" "-e" "RUSTUP_HOME=/opt/rustwide/rustup-home" "-e" "CARGO_TARGET_DIR=/opt/rustwide/target" "-e" "CARGO_INCREMENTAL=0" "-e" "RUST_BACKTRACE=full" "-e" "RUSTFLAGS=--cap-lints=warn" "-e" "RUSTDOCFLAGS=--cap-lints=warn" "-w" "/opt/rustwide/workdir" "--user" "0:0" "74252f00bb7fb97f74ae1a5968d1e98fd02064647c56a3c15e1f80bcf404f07e" "/opt/rustwide/cargo-home/bin/cargo" "+1.99.0-beta.8" "build" "--frozen" "--message-format=json" "--release", kill_on_drop: false }`
[INFO] [stderr]    Compiling proc-macro2 v1.0.70
[INFO] [stderr]    Compiling unicode-ident v1.0.12
[INFO] [stderr]    Compiling once_cell v1.18.0
[INFO] [stderr]    Compiling libc v0.2.150
[INFO] [stderr]    Compiling autocfg v1.1.0
[INFO] [stderr]    Compiling hashbrown v0.14.3
[INFO] [stderr]    Compiling cfg-if v1.0.0
[INFO] [stderr]    Compiling serde v1.0.193
[INFO] [stderr]    Compiling smallvec v1.11.2
[INFO] [stderr]    Compiling equivalent v1.0.1
[INFO] [stderr]    Compiling parking_lot_core v0.9.9
[INFO] [stderr]    Compiling regex-syntax v0.6.29
[INFO] [stderr]    Compiling regex-syntax v0.8.2
[INFO] [stderr]    Compiling tracing-core v0.1.32
[INFO] [stderr]    Compiling lock_api v0.4.11
[INFO] [stderr]    Compiling serde_json v1.0.108
[INFO] [stderr]    Compiling log v0.4.20
[INFO] [stderr]    Compiling lazy_static v1.4.0
[INFO] [stderr]    Compiling overload v0.1.1
[INFO] [stderr]    Compiling quote v1.0.33
[INFO] [stderr]    Compiling scopeguard v1.2.0
[INFO] [stderr]    Compiling ryu v1.0.15
[INFO] [stderr]    Compiling syn v2.0.39
[INFO] [stderr]    Compiling itoa v1.0.9
[INFO] [stderr]    Compiling indexmap v2.1.0
[INFO] [stderr]    Compiling pin-project-lite v0.2.13
[INFO] [stderr]    Compiling tracing-log v0.2.0
[INFO] [stderr]    Compiling nu-ansi-term v0.46.0
[INFO] [stderr]    Compiling sharded-slab v0.1.7
[INFO] [stderr]    Compiling thread_local v1.1.7
[INFO] [stderr]    Compiling path-dedot v3.1.1
[INFO] [stderr]    Compiling path-absolutize v3.1.1
[INFO] [stderr]    Compiling dashmap v5.5.3
[INFO] [stderr]    Compiling dunce v1.0.4
[INFO] [stderr]    Compiling daachorse v1.0.0
[INFO] [stderr]    Compiling rustc-hash v1.1.0
[INFO] [stderr]    Compiling regex-automata v0.4.3
[INFO] [stderr]    Compiling regex-automata v0.1.10
[INFO] [stderr]    Compiling matchers v0.1.0
[INFO] [stderr]    Compiling regex v1.10.2
[INFO] [stderr]    Compiling serde_derive v1.0.193
[INFO] [stderr]    Compiling tracing-attributes v0.1.27
[INFO] [stderr]    Compiling tracing v0.1.40
[INFO] [stderr]    Compiling tracing-subscriber v0.3.18
[INFO] [stderr]    Compiling jsonc-parser v0.22.1
[INFO] [stderr]    Compiling nodejs-resolver v0.1.1 (/opt/rustwide/workdir)
[INFO] [stdout] warning: field `extends` is never read
[INFO] [stdout]   --> src/tsconfig.rs:10:9
[INFO] [stdout]    |
[INFO] [stdout]  9 | pub struct TsConfig {
[INFO] [stdout]    |            -------- field in this struct
[INFO] [stdout] 10 |     pub extends: Option<String>,
[INFO] [stdout]    |         ^^^^^^^
[INFO] [stdout]    |
[INFO] [stdout]    = note: `TsConfig` has derived impls for the traits `Clone` and `Debug`, but these are intentionally ignored during dead code analysis
[INFO] [stdout]    = note: `#[warn(dead_code)]` (part of `#[warn(unused)]`) on by default
[INFO] [stdout] 
[INFO] [stdout] 
[INFO] [stdout] warning: hiding a lifetime that's elided elsewhere is confusing
[INFO] [stdout]    --> src/resolve.rs:283:45
[INFO] [stdout]     |
[INFO] [stdout] 283 | pub(crate) fn get_path_from_request(target: &str) -> Option<Cow<str>> {
[INFO] [stdout]     |                                             ^^^^            ^^^^^^^^ the same lifetime is hidden here
[INFO] [stdout]     |                                             |
[INFO] [stdout]     |                                             the lifetime is elided here
[INFO] [stdout]     |
[INFO] [stdout]     = help: the same lifetime is referred to in inconsistent ways, making the signature confusing
[INFO] [stdout]     = note: `#[warn(mismatched_lifetime_syntaxes)]` on by default
[INFO] [stdout] help: use `'_` for type paths
[INFO] [stdout]     |
[INFO] [stdout] 283 | pub(crate) fn get_path_from_request(target: &str) -> Option<Cow<'_, str>> {
[INFO] [stdout]     |                                                                 +++
[INFO] [stdout] 
[INFO] [stdout] 
[INFO] [stderr]     Finished `release` profile [optimized] target(s) in 34.98s
[INFO] running `Command { std: "docker" "inspect" "74252f00bb7fb97f74ae1a5968d1e98fd02064647c56a3c15e1f80bcf404f07e", kill_on_drop: false }`
[INFO] running `Command { std: "docker" "exec" "-e" "SOURCE_DIR=/opt/rustwide/workdir" "-e" "CARGO_HOME=/opt/rustwide/cargo-home" "-e" "RUSTUP_HOME=/opt/rustwide/rustup-home" "-e" "CARGO_TARGET_DIR=/opt/rustwide/target" "-e" "CARGO_INCREMENTAL=0" "-e" "RUST_BACKTRACE=full" "-e" "RUSTFLAGS=--cap-lints=warn" "-e" "RUSTDOCFLAGS=--cap-lints=warn" "-w" "/opt/rustwide/workdir" "--user" "0:0" "74252f00bb7fb97f74ae1a5968d1e98fd02064647c56a3c15e1f80bcf404f07e" "/opt/rustwide/cargo-home/bin/cargo" "+1.99.0-beta.8" "test" "--frozen" "--no-run" "--message-format=json" "--release", kill_on_drop: false }`
[INFO] [stderr]    Compiling tracing-span-tree v0.1.1
[INFO] [stdout] warning: field `extends` is never read
[INFO] [stdout]   --> src/tsconfig.rs:10:9
[INFO] [stdout]    |
[INFO] [stdout]  9 | pub struct TsConfig {
[INFO] [stdout]    |            -------- field in this struct
[INFO] [stdout] 10 |     pub extends: Option<String>,
[INFO] [stdout]    |         ^^^^^^^
[INFO] [stdout]    |
[INFO] [stdout]    = note: `TsConfig` has derived impls for the traits `Clone` and `Debug`, but these are intentionally ignored during dead code analysis
[INFO] [stdout]    = note: `#[warn(dead_code)]` (part of `#[warn(unused)]`) on by default
[INFO] [stdout] 
[INFO] [stdout] 
[INFO] [stdout] warning: hiding a lifetime that's elided elsewhere is confusing
[INFO] [stdout]    --> src/resolve.rs:283:45
[INFO] [stdout]     |
[INFO] [stdout] 283 | pub(crate) fn get_path_from_request(target: &str) -> Option<Cow<str>> {
[INFO] [stdout]     |                                             ^^^^            ^^^^^^^^ the same lifetime is hidden here
[INFO] [stdout]     |                                             |
[INFO] [stdout]     |                                             the lifetime is elided here
[INFO] [stdout]     |
[INFO] [stdout]     = help: the same lifetime is referred to in inconsistent ways, making the signature confusing
[INFO] [stdout]     = note: `#[warn(mismatched_lifetime_syntaxes)]` on by default
[INFO] [stdout] help: use `'_` for type paths
[INFO] [stdout]     |
[INFO] [stdout] 283 | pub(crate) fn get_path_from_request(target: &str) -> Option<Cow<'_, str>> {
[INFO] [stdout]     |                                                                 +++
[INFO] [stdout] 
[INFO] [stdout] 
[INFO] [stderr]    Compiling nodejs-resolver v0.1.1 (/opt/rustwide/workdir)
[INFO] [stdout] error[E0432]: unresolved import `nodejs_resolver::test_helper`
[INFO] [stdout]    --> tests/cases.rs:1:22
[INFO] [stdout]     |
[INFO] [stdout]   1 | use nodejs_resolver::test_helper::{p, vec_to_set};
[INFO] [stdout]     |                      ^^^^^^^^^^^ could not find `test_helper` in `nodejs_resolver`
[INFO] [stdout]     |
[INFO] [stdout] note: found an item that was configured out
[INFO] [stdout]    --> src/lib.rs:225:9
[INFO] [stdout]     |
[INFO] [stdout] 224 | #[cfg(debug_assertions)]
[INFO] [stdout]     |       ---------------- the item is gated here
[INFO] [stdout] 225 | pub mod test_helper {
[INFO] [stdout]     |         ^^^^^^^^^^^
[INFO] [stdout] 
[INFO] [stdout] 
[INFO] [stdout] error[E0432]: unresolved import `crate::test_helper`
[INFO] [stdout]    --> src/map.rs:429:9
[INFO] [stdout]     |
[INFO] [stdout] 429 |     use crate::test_helper;
[INFO] [stdout]     |         ^^^^^^^-----------
[INFO] [stdout]     |                |
[INFO] [stdout]     |                no `test_helper` in the root
[INFO] [stdout]     |
[INFO] [stdout] note: found an item that was configured out
[INFO] [stdout]    --> src/lib.rs:225:9
[INFO] [stdout]     |
[INFO] [stdout] 224 | #[cfg(debug_assertions)]
[INFO] [stdout]     |       ---------------- the item is gated here
[INFO] [stdout] 225 | pub mod test_helper {
[INFO] [stdout]     |         ^^^^^^^^^^^
[INFO] [stdout] 
[INFO] [stdout] 
[INFO] [stdout] error[E0432]: unresolved import `crate::test_helper`
[INFO] [stdout]     --> src/map.rs:2147:9
[INFO] [stdout]      |
[INFO] [stdout] 2147 |     use crate::test_helper;
[INFO] [stdout]      |         ^^^^^^^-----------
[INFO] [stdout]      |                |
[INFO] [stdout]      |                no `test_helper` in the root
[INFO] [stdout]      |
[INFO] [stdout] note: found an item that was configured out
[INFO] [stdout]     --> src/lib.rs:225:9
[INFO] [stdout]      |
[INFO] [stdout]  224 | #[cfg(debug_assertions)]
[INFO] [stdout]      |       ---------------- the item is gated here
[INFO] [stdout]  225 | pub mod test_helper {
[INFO] [stdout]      |         ^^^^^^^^^^^
[INFO] [stdout] 
[INFO] [stdout] 
[INFO] [stdout] error[E0433]: cannot find `test_helper` in `super`
[INFO] [stdout]    --> src/entry.rs:199:28
[INFO] [stdout]     |
[INFO] [stdout] 199 |     let case_path = super::test_helper::p(vec!["full", "a"]);
[INFO] [stdout]     |                            ^^^^^^^^^^^ could not find `test_helper` in the crate root
[INFO] [stdout]     |
[INFO] [stdout] note: found an item that was configured out
[INFO] [stdout]    --> src/lib.rs:225:9
[INFO] [stdout]     |
[INFO] [stdout] 224 | #[cfg(debug_assertions)]
[INFO] [stdout]     |       ---------------- the item is gated here
[INFO] [stdout] 225 | pub mod test_helper {
[INFO] [stdout]     |         ^^^^^^^^^^^
[INFO] [stdout] 
[INFO] [stdout] 
[INFO] [stdout] For more information about this error, try `rustc --explain E0432`.
[INFO] [stdout] 
[INFO] [stderr] error: could not compile `nodejs-resolver` (test "cases") due to 1 previous error
[INFO] [stderr] warning: build failed, waiting for other jobs to finish...
[INFO] [stdout] Some errors have detailed explanations: E0432, E0433.
[INFO] [stdout] 
[INFO] [stdout] For more information about an error, try `rustc --explain E0432`.
[INFO] [stdout] 
[INFO] [stderr] error: could not compile `nodejs-resolver` (lib test) due to 3 previous errors
[INFO] running `Command { std: "docker" "inspect" "74252f00bb7fb97f74ae1a5968d1e98fd02064647c56a3c15e1f80bcf404f07e", kill_on_drop: false }`
[INFO] running `Command { std: "docker" "rm" "-f" "74252f00bb7fb97f74ae1a5968d1e98fd02064647c56a3c15e1f80bcf404f07e", kill_on_drop: false }`
[INFO] [stdout] 74252f00bb7fb97f74ae1a5968d1e98fd02064647c56a3c15e1f80bcf404f07e
