[INFO] fetching crate node-bindgen 6.1.0...
[INFO] testing node-bindgen-6.1.0 against 1.100.0-beta.1+cargoflags=--release for beta-release-1.100-2
[INFO] extracting crate node-bindgen 6.1.0 into /workspace/builds/worker-4-tc2/source
[INFO] started tweaking crates.io crate node-bindgen 6.1.0
[INFO] finished tweaking crates.io crate node-bindgen 6.1.0
[INFO] tweaked toml for crates.io crate node-bindgen 6.1.0 written to /workspace/builds/worker-4-tc2/source/Cargo.toml
[INFO] validating manifest of crates.io crate node-bindgen 6.1.0 on toolchain 1.100.0-beta.1
[INFO] running `Command { std: CARGO_HOME="/workspace/cargo-home" RUSTUP_HOME="/workspace/rustup-home" "/workspace/cargo-home/bin/cargo" "+1.100.0-beta.1" "metadata" "--manifest-path" "Cargo.toml" "--no-deps", kill_on_drop: false }`
[INFO] running `Command { std: CARGO_HOME="/workspace/cargo-home" RUSTUP_HOME="/workspace/rustup-home" "/workspace/cargo-home/bin/cargo" "+1.100.0-beta.1" "generate-lockfile" "--manifest-path" "Cargo.toml", kill_on_drop: false }`
[INFO] [stderr]     Updating crates.io index
[INFO] [stderr]      Locking 125 packages to highest compatible versions
[INFO] running `Command { std: CARGO_HOME="/workspace/cargo-home" RUSTUP_HOME="/workspace/rustup-home" "/workspace/cargo-home/bin/cargo" "+1.100.0-beta.1" "fetch" "--manifest-path" "Cargo.toml", kill_on_drop: false }`
[INFO] running `Command { std: "docker" "create" "-v" "/var/lib/crater-agent-workspace/builds/worker-4-tc2/source:/opt/rustwide/workdir:ro,Z" "-v" "/var/lib/crater-agent-workspace/builds/worker-4-tc2/target:/opt/rustwide/target:rw,Z" "-v" "/var/lib/crater-agent-workspace/cargo-home:/opt/rustwide/cargo-home:ro,Z" "-v" "/var/lib/crater-agent-workspace/rustup-home:/opt/rustwide/rustup-home:ro,Z" "-m" "1610612736" "--network" "none" "ghcr.io/rust-lang/crates-build-env/linux@sha256:77db811e55d90add9212f6832c23229e3de5f1c1f9905e8cb07319ea15df73ac" "sleep" "infinity", kill_on_drop: false }`
[INFO] [stdout] a71db9ddaca336738abb534da0870f3d3806bb42e153dc15ee6eac35e97bc3ec
[INFO] running `Command { std: "docker" "start" "a71db9ddaca336738abb534da0870f3d3806bb42e153dc15ee6eac35e97bc3ec", kill_on_drop: false }`
[INFO] running `Command { std: "docker" "inspect" "a71db9ddaca336738abb534da0870f3d3806bb42e153dc15ee6eac35e97bc3ec", kill_on_drop: false }`
[INFO] running `Command { std: "docker" "exec" "-e" "SOURCE_DIR=/opt/rustwide/workdir" "-e" "CARGO_HOME=/opt/rustwide/cargo-home" "-e" "RUSTUP_HOME=/opt/rustwide/rustup-home" "-e" "CARGO_TARGET_DIR=/opt/rustwide/target" "-w" "/opt/rustwide/workdir" "--user" "0:0" "a71db9ddaca336738abb534da0870f3d3806bb42e153dc15ee6eac35e97bc3ec" "/opt/rustwide/cargo-home/bin/cargo" "+1.100.0-beta.1" "metadata" "--no-deps" "--format-version=1", kill_on_drop: false }`
[INFO] running `Command { std: "docker" "inspect" "a71db9ddaca336738abb534da0870f3d3806bb42e153dc15ee6eac35e97bc3ec", kill_on_drop: false }`
[INFO] running `Command { std: "docker" "exec" "-e" "SOURCE_DIR=/opt/rustwide/workdir" "-e" "CARGO_HOME=/opt/rustwide/cargo-home" "-e" "RUSTUP_HOME=/opt/rustwide/rustup-home" "-e" "CARGO_TARGET_DIR=/opt/rustwide/target" "-e" "CARGO_INCREMENTAL=0" "-e" "RUST_BACKTRACE=full" "-e" "RUSTFLAGS=--cap-lints=warn" "-e" "RUSTDOCFLAGS=--cap-lints=warn" "-w" "/opt/rustwide/workdir" "--user" "0:0" "a71db9ddaca336738abb534da0870f3d3806bb42e153dc15ee6eac35e97bc3ec" "/opt/rustwide/cargo-home/bin/cargo" "+1.100.0-beta.1" "build" "--frozen" "--message-format=json" "--release", kill_on_drop: false }`
[INFO] [stderr]    Compiling futures-io v0.3.34
[INFO] [stderr]    Compiling rustix v1.1.5
[INFO] [stderr]    Compiling linux-raw-sys v0.12.1
[INFO] [stderr]    Compiling value-bag v1.14.1
[INFO] [stderr]    Compiling syn v1.0.109
[INFO] [stderr]    Compiling event-listener v5.4.2
[INFO] [stderr]    Compiling async-io v2.6.0
[INFO] [stderr]    Compiling async-task v4.7.1
[INFO] [stderr]    Compiling num-traits v0.2.19
[INFO] [stderr]    Compiling regex-syntax v0.8.11
[INFO] [stderr]    Compiling memchr v2.8.3
[INFO] [stderr]    Compiling event-listener v2.5.3
[INFO] [stderr]    Compiling thiserror v2.0.21
[INFO] [stderr]    Compiling concurrent-queue v2.5.0
[INFO] [stderr]    Compiling syn v2.0.119
[INFO] [stderr]    Compiling futures-lite v2.6.1
[INFO] [stderr]    Compiling piper v0.2.5
[INFO] [stderr]    Compiling log v0.4.34
[INFO] [stderr]    Compiling async-channel v1.9.0
[INFO] [stderr]    Compiling thiserror-impl v2.0.21
[INFO] [stderr]    Compiling event-listener-strategy v0.5.4
[INFO] [stderr]    Compiling smallvec v1.16.3
[INFO] [stderr]    Compiling pin-utils v0.1.1
[INFO] [stderr]    Compiling inventory v0.1.11
[INFO] [stderr]    Compiling async-channel v2.5.0
[INFO] [stderr]    Compiling async-lock v3.4.2
[INFO] [stderr]    Compiling lazy_static v1.5.1
[INFO] [stderr]    Compiling nj-sys v4.0.0
[INFO] [stderr]    Compiling aho-corasick v1.1.5
[INFO] [stderr]    Compiling tracing-log v0.2.0
[INFO] [stderr]    Compiling kv-log-macro v1.0.7
[INFO] [stderr]    Compiling async-executor v1.14.0
[INFO] [stderr]    Compiling blocking v1.7.0
[INFO] [stderr]    Compiling num-integer v0.1.47
[INFO] [stderr]    Compiling num-bigint v0.4.8
[INFO] [stderr]    Compiling regex-automata v0.4.18
[INFO] [stderr]    Compiling tracing-attributes v0.1.31
[INFO] [stderr]    Compiling ctor v0.2.9
[INFO] [stderr]    Compiling matchers v0.2.0
[INFO] [stderr]    Compiling regex v1.13.1
[INFO] [stderr]    Compiling inventory-impl v0.1.11
[INFO] [stderr]    Compiling ctor v0.1.26
[INFO] [stderr]    Compiling tracing v0.1.44
[INFO] [stderr]    Compiling Inflector v0.11.4
[INFO] [stderr]    Compiling tracing-subscriber v0.3.23
[INFO] [stderr]    Compiling nj-derive v3.4.3
[INFO] [stderr]    Compiling polling v3.11.0
[INFO] [stderr]    Compiling async-global-executor v2.4.1
[INFO] [stderr]    Compiling async-std v1.13.2
[INFO] [stderr]    Compiling fluvio-future v0.7.2
[INFO] [stderr]    Compiling nj-core v6.1.0
[INFO] [stderr]    Compiling node-bindgen v6.1.0 (/opt/rustwide/workdir)
[INFO] [stderr]     Finished `release` profile [optimized] target(s) in 9.70s
[INFO] running `Command { std: "docker" "inspect" "a71db9ddaca336738abb534da0870f3d3806bb42e153dc15ee6eac35e97bc3ec", kill_on_drop: false }`
[INFO] running `Command { std: "docker" "exec" "-e" "SOURCE_DIR=/opt/rustwide/workdir" "-e" "CARGO_HOME=/opt/rustwide/cargo-home" "-e" "RUSTUP_HOME=/opt/rustwide/rustup-home" "-e" "CARGO_TARGET_DIR=/opt/rustwide/target" "-e" "CARGO_INCREMENTAL=0" "-e" "RUST_BACKTRACE=full" "-e" "RUSTFLAGS=--cap-lints=warn" "-e" "RUSTDOCFLAGS=--cap-lints=warn" "-w" "/opt/rustwide/workdir" "--user" "0:0" "a71db9ddaca336738abb534da0870f3d3806bb42e153dc15ee6eac35e97bc3ec" "/opt/rustwide/cargo-home/bin/cargo" "+1.100.0-beta.1" "test" "--frozen" "--no-run" "--message-format=json" "--release", kill_on_drop: false }`
[INFO] [stderr]    Compiling node-bindgen v6.1.0 (/opt/rustwide/workdir)
[INFO] [stdout] error: linking with `cc` failed: exit status: 1
[INFO] [stdout]   |
[INFO] [stdout]   = note:  "cc" "-m64" "/opt/rustwide/target/release/build/node-bindgen/3fa0052ab7bf664f/out/rustcT7znEo/symbols.o" "<2 object files omitted>" "-Wl,--as-needed" "-Wl,-Bstatic" "<sysroot>/lib/rustlib/x86_64-unknown-linux-gnu/lib/{libtest-*,libgetopts-*,librustc_std_workspace_std-*}.rlib" "/opt/rustwide/target/release/build/nj-core/446b9692fa09784b/out/libnj_core-446b9692fa09784b.rlib" "/opt/rustwide/target/release/build/pin-utils/f342f8c373128f05/out/libpin_utils-f342f8c373128f05.rlib" "/opt/rustwide/target/release/build/num-bigint/89a21818d3f0d0a8/out/libnum_bigint-89a21818d3f0d0a8.rlib" "/opt/rustwide/target/release/build/num-integer/31a9b6053971dca3/out/libnum_integer-31a9b6053971dca3.rlib" "/opt/rustwide/target/release/build/num-traits/51d4000f8725f0a1/out/libnum_traits-51d4000f8725f0a1.rlib" "/opt/rustwide/target/release/build/inventory/45b310df1fdea530/out/libinventory-45b310df1fdea530.rlib" "/opt/rustwide/target/release/build/fluvio-future/e2ba6b79f226a393/out/libfluvio_future-e2ba6b79f226a393.rlib" "/opt/rustwide/target/release/build/tracing-subscriber/7182edf53bda3278/out/libtracing_subscriber-7182edf53bda3278.rlib" "/opt/rustwide/target/release/build/smallvec/c6e2966b1f10a4c6/out/libsmallvec-c6e2966b1f10a4c6.rlib" "/opt/rustwide/target/release/build/sharded-slab/8170cdfde95d965d/out/libsharded_slab-8170cdfde95d965d.rlib" "/opt/rustwide/target/release/build/lazy_static/149e86038c126fb0/out/liblazy_static-149e86038c126fb0.rlib" "/opt/rustwide/target/release/build/matchers/a56870570d183cfa/out/libmatchers-a56870570d183cfa.rlib" "/opt/rustwide/target/release/build/regex-automata/26721cd9401c6f0c/out/libregex_automata-26721cd9401c6f0c.rlib" "/opt/rustwide/target/release/build/regex-syntax/5510b2d5eacb7225/out/libregex_syntax-5510b2d5eacb7225.rlib" "/opt/rustwide/target/release/build/nu-ansi-term/2394e1a75082de7a/out/libnu_ansi_term-2394e1a75082de7a.rlib" "/opt/rustwide/target/release/build/thread_local/69c01e4686d93bc8/out/libthread_local-69c01e4686d93bc8.rlib" "/opt/rustwide/target/release/build/tracing-log/9bb191bcf32cd59f/out/libtracing_log-9bb191bcf32cd59f.rlib" "/opt/rustwide/target/release/build/async-std/7827dd3031cad714/out/libasync_std-7827dd3031cad714.rlib" "/opt/rustwide/target/release/build/memchr/b836402bd6c4c7f1/out/libmemchr-b836402bd6c4c7f1.rlib" "/opt/rustwide/target/release/build/async-global-executor/1766280222cdb42c/out/libasync_global_executor-1766280222cdb42c.rlib" "/opt/rustwide/target/release/build/blocking/5d6e741b7cbbe4c4/out/libblocking-5d6e741b7cbbe4c4.rlib" "/opt/rustwide/target/release/build/piper/d1fae33d41e50f33/out/libpiper-d1fae33d41e50f33.rlib" "/opt/rustwide/target/release/build/atomic-waker/3c8bacd3de7778a7/out/libatomic_waker-3c8bacd3de7778a7.rlib" "/opt/rustwide/target/release/build/async-channel/3fa9694ba2d51091/out/libasync_channel-3fa9694ba2d51091.rlib" "/opt/rustwide/target/release/build/async-executor/a180f4065b7fed7d/out/libasync_executor-a180f4065b7fed7d.rlib" "/opt/rustwide/target/release/build/async-task/97b8396d1b2d70b3/out/libasync_task-97b8396d1b2d70b3.rlib" "/opt/rustwide/target/release/build/async-io/831585f62eeb8eca/out/libasync_io-831585f62eeb8eca.rlib" "/opt/rustwide/target/release/build/slab/fc33110460bc6c9a/out/libslab-fc33110460bc6c9a.rlib" "/opt/rustwide/target/release/build/polling/da59d958bbd7d5ad/out/libpolling-da59d958bbd7d5ad.rlib" "/opt/rustwide/target/release/build/cfg-if/aebc73b2fc35ea49/out/libcfg_if-aebc73b2fc35ea49.rlib" "/opt/rustwide/target/release/build/rustix/254ac5b6f4fff5ed/out/librustix-254ac5b6f4fff5ed.rlib" "/opt/rustwide/target/release/build/bitflags/76ed6ab22427693a/out/libbitflags-76ed6ab22427693a.rlib" "/opt/rustwide/target/release/build/linux-raw-sys/1121bf0bc69a7f21/out/liblinux_raw_sys-1121bf0bc69a7f21.rlib" "/opt/rustwide/target/release/build/async-channel/fa922a2eff0a5f86/out/libasync_channel-fa922a2eff0a5f86.rlib" "/opt/rustwide/target/release/build/event-listener/aaad992b874e431c/out/libevent_listener-aaad992b874e431c.rlib" "/opt/rustwide/target/release/build/concurrent-queue/5619c043bb0aebe2/out/libconcurrent_queue-5619c043bb0aebe2.rlib" "/opt/rustwide/target/release/build/crossbeam-utils/8cf2abe19b635897/out/libcrossbeam_utils-8cf2abe19b635897.rlib" "/opt/rustwide/target/release/build/async-lock/4b3cd6d0a8ce1728/out/libasync_lock-4b3cd6d0a8ce1728.rlib" "/opt/rustwide/target/release/build/event-listener-strategy/4a7af99e498d4e88/out/libevent_listener_strategy-4a7af99e498d4e88.rlib" "/opt/rustwide/target/release/build/event-listener/e8f2e317931e4149/out/libevent_listener-e8f2e317931e4149.rlib" "/opt/rustwide/target/release/build/kv-log-macro/7036f65c196df049/out/libkv_log_macro-7036f65c196df049.rlib" "/opt/rustwide/target/release/build/log/80fd8ab8fd279f6f/out/liblog-80fd8ab8fd279f6f.rlib" "/opt/rustwide/target/release/build/value-bag/518c419c10c05bf5/out/libvalue_bag-518c419c10c05bf5.rlib" "/opt/rustwide/target/release/build/futures-lite/6f78a4a585aacd95/out/libfutures_lite-6f78a4a585aacd95.rlib" "/opt/rustwide/target/release/build/futures-io/5da9dd92be75ebe3/out/libfutures_io-5da9dd92be75ebe3.rlib" "/opt/rustwide/target/release/build/futures-core/000e9c1bb1a1e1f4/out/libfutures_core-000e9c1bb1a1e1f4.rlib" "/opt/rustwide/target/release/build/parking/6ebeb6866bc50345/out/libparking-6ebeb6866bc50345.rlib" "/opt/rustwide/target/release/build/fastrand/b4ab186633b9c108/out/libfastrand-b4ab186633b9c108.rlib" "/opt/rustwide/target/release/build/nj-sys/d12b4f274c80b2ac/out/libnj_sys-d12b4f274c80b2ac.rlib" "/opt/rustwide/target/release/build/tracing/ed69a3726753b833/out/libtracing-ed69a3726753b833.rlib" "/opt/rustwide/target/release/build/pin-project-lite/9a89bb36c0c56875/out/libpin_project_lite-9a89bb36c0c56875.rlib" "/opt/rustwide/target/release/build/tracing-core/ce4c42e00c102e36/out/libtracing_core-ce4c42e00c102e36.rlib" "/opt/rustwide/target/release/build/once_cell/a92ce0590bdd2571/out/libonce_cell-a92ce0590bdd2571.rlib" "<sysroot>/lib/rustlib/x86_64-unknown-linux-gnu/lib/{libstd-*,libpanic_unwind-*,libobject-*,libmemchr-*,libaddr2line-*,libgimli-*,libcfg_if-*,librustc_demangle-*,libstd_detect-*,libhashbrown-*,librustc_std_workspace_alloc-*,libminiz_oxide-*,libadler2-*,libunwind-*,liblibc-*,librustc_std_workspace_core-*,liballoc-*,libcore-*,libcompiler_builtins-*}.rlib" "-Wl,-Bdynamic" "-lgcc_s" "-lutil" "-lrt" "-lpthread" "-lm" "-ldl" "-lc" "-L" "/opt/rustwide/target/release/build/node-bindgen/3fa0052ab7bf664f/out/rustcT7znEo/raw-dylibs" "-B<sysroot>/lib/rustlib/x86_64-unknown-linux-gnu/bin/gcc-ld" "-fuse-ld=lld" "-Wl,--eh-frame-hdr" "-Wl,-z,noexecstack" "-L" "<sysroot>/lib/rustlib/x86_64-unknown-linux-gnu/lib" "-o" "/opt/rustwide/target/release/build/node-bindgen/3fa0052ab7bf664f/out/node_bindgen-3fa0052ab7bf664f" "-Wl,--gc-sections" "-pie" "-Wl,-z,relro,-z,now" "-Wl,-O1" "-Wl,--strip-debug" "-nodefaultlibs"
[INFO] [stdout]   = note: some arguments are omitted. use `--verbose` to show all linker arguments
[INFO] [stdout]   = note: rust-lld: error: undefined symbol: napi_module_register
[INFO] [stdout]           >>> referenced by nj_core.13d96486977fd01c-cgu.1
[INFO] [stdout]           >>>               nj_core-446b9692fa09784b.nj_core.13d96486977fd01c-cgu.1.rcgu.o:(nj_core::module::init_module___rust_ctor___ctor::init_module___rust_ctor___ctor) in archive /opt/rustwide/target/release/build/nj-core/446b9692fa09784b/out/libnj_core-446b9692fa09784b.rlib
[INFO] [stdout]           
[INFO] [stdout]           rust-lld: error: undefined symbol: napi_define_properties
[INFO] [stdout]           >>> referenced by nj_core.13d96486977fd01c-cgu.0
[INFO] [stdout]           >>>               nj_core-446b9692fa09784b.nj_core.13d96486977fd01c-cgu.0.rcgu.o:(<nj_core::basic::JsExports>::define_property) in archive /opt/rustwide/target/release/build/nj-core/446b9692fa09784b/out/libnj_core-446b9692fa09784b.rlib
[INFO] [stdout]           collect2: error: ld returned 1 exit status
[INFO] [stdout]           
[INFO] [stdout] 
[INFO] [stdout] 
[INFO] [stderr] error: could not compile `node-bindgen` (lib test) due to 1 previous error
[INFO] running `Command { std: "docker" "inspect" "a71db9ddaca336738abb534da0870f3d3806bb42e153dc15ee6eac35e97bc3ec", kill_on_drop: false }`
[INFO] running `Command { std: "docker" "rm" "-f" "a71db9ddaca336738abb534da0870f3d3806bb42e153dc15ee6eac35e97bc3ec", kill_on_drop: false }`
[INFO] [stdout] a71db9ddaca336738abb534da0870f3d3806bb42e153dc15ee6eac35e97bc3ec
