[INFO] fetching crate noble-grandpa 2.0.0...
[INFO] testing noble-grandpa-2.0.0 against 1.99.0-beta.8+cargoflags=--release for beta-release-1.100-2
[INFO] extracting crate noble-grandpa 2.0.0 into /workspace/builds/worker-6-tc1/source
[INFO] started tweaking crates.io crate noble-grandpa 2.0.0
[INFO] finished tweaking crates.io crate noble-grandpa 2.0.0
[INFO] tweaked toml for crates.io crate noble-grandpa 2.0.0 written to /workspace/builds/worker-6-tc1/source/Cargo.toml
[INFO] validating manifest of crates.io crate noble-grandpa 2.0.0 on toolchain 1.99.0-beta.8
[INFO] running `Command { std: CARGO_HOME="/workspace/cargo-home" RUSTUP_HOME="/workspace/rustup-home" "/workspace/cargo-home/bin/cargo" "+1.99.0-beta.8" "metadata" "--manifest-path" "Cargo.toml" "--no-deps", kill_on_drop: false }`
[INFO] running `Command { std: CARGO_HOME="/workspace/cargo-home" RUSTUP_HOME="/workspace/rustup-home" "/workspace/cargo-home/bin/cargo" "+1.99.0-beta.8" "generate-lockfile" "--manifest-path" "Cargo.toml", kill_on_drop: false }`
[INFO] [stderr]     Updating crates.io index
[INFO] [stderr]      Locking 284 packages to highest compatible versions
[INFO] [stderr]       Adding zeroize v1.3.0 (available: v1.9.1)
[INFO] running `Command { std: CARGO_HOME="/workspace/cargo-home" RUSTUP_HOME="/workspace/rustup-home" "/workspace/cargo-home/bin/cargo" "+1.99.0-beta.8" "fetch" "--manifest-path" "Cargo.toml", kill_on_drop: false }`
[INFO] [stderr]  Downloading crates ...
[INFO] [stderr]   Downloaded tp-staking v2.0.2
[INFO] [stderr]   Downloaded tetsy-primitive-types v0.9.1
[INFO] [stderr]   Downloaded tp-runtime v2.1.2
[INFO] [stderr]   Downloaded tetsy-util-mem-derive v0.1.1
[INFO] [stderr]   Downloaded tetsy-util-mem v0.9.1
[INFO] [stderr]   Downloaded dyn-clonable-impl v0.9.2
[INFO] [stderr]   Downloaded tetsy-memory-db v0.26.0
[INFO] [stderr]   Downloaded paste v0.1.18
[INFO] [stderr]   Downloaded twasmi-validation v0.3.0
[INFO] [stderr]   Downloaded tp-state-machine v2.1.2
[INFO] [stderr]   Downloaded paste-impl v0.1.18
[INFO] [stderr]   Downloaded tp-api-proc-macro v2.1.2
[INFO] [stderr]   Downloaded tet-io v2.1.2
[INFO] [stderr]   Downloaded tp-trie v2.1.2
[INFO] [stderr]   Downloaded panic-handler v2.1.2
[INFO] [stderr]   Downloaded tp-runtime-interface-proc-macro v2.1.2
[INFO] [stderr]   Downloaded dyn-clonable v0.9.2
[INFO] [stderr]   Downloaded tp-keyring v2.0.2
[INFO] [stderr]   Downloaded strum v0.16.0
[INFO] [stderr]   Downloaded tetsy-hash256-std-hasher v0.15.3
[INFO] [stderr]   Downloaded environ v1.1.3
[INFO] [stderr]   Downloaded radium v0.6.2
[INFO] [stderr]   Downloaded tetcore-wasm-interface v2.1.2
[INFO] [stderr]   Downloaded secrecy v0.7.0
[INFO] [stderr]   Downloaded tetsy-hash-db v0.15.3
[INFO] [stderr]   Downloaded strum_macros v0.16.0
[INFO] [stderr]   Downloaded tet-application-crypto v2.1.2
[INFO] [stderr]   Downloaded tp-session v2.0.2
[INFO] [stderr]   Downloaded tetsy-impl-codec v0.5.1
[INFO] [stderr]   Downloaded twasmi v0.6.2
[INFO] [stderr]   Downloaded tracing-log v0.1.4
[INFO] [stderr]   Downloaded tetcore-storage v2.1.2
[INFO] [stderr]   Downloaded tp-version v2.1.2
[INFO] [stderr]   Downloaded tp-finality-grandpa v2.0.2
[INFO] [stderr]   Downloaded uint-crate v0.9.1
[INFO] [stderr]   Downloaded tetcore-bip39 v0.4.2
[INFO] [stderr]   Downloaded tp-keystore v2.1.2
[INFO] [stderr]   Downloaded tp-api v2.1.2
[INFO] [stderr]   Downloaded tetsy-fixed-hash v0.7.1
[INFO] [stderr]   Downloaded merlin v2.0.1
[INFO] [stderr]   Downloaded tetcore-std v2.1.2
[INFO] [stderr]   Downloaded tetcore-tracing v2.1.2
[INFO] [stderr]   Downloaded externalities v2.1.2
[INFO] [stderr]   Downloaded debug-derive v2.1.2
[INFO] [stderr]   Downloaded tetsy-scale-codec-derive v2.0.1
[INFO] [stderr]   Downloaded tp-runtime-interface v2.1.2
[INFO] [stderr]   Downloaded tetsy-trie-root v0.16.1
[INFO] [stderr]   Downloaded memory_units v0.3.0
[INFO] [stderr]   Downloaded arithmetic v2.1.2
[INFO] [stderr]   Downloaded fabric-support-procedural-tools-derive v2.0.1
[INFO] [stderr]   Downloaded noble-authorship v2.0.1
[INFO] [stderr]   Downloaded tp-keystore v0.8.1
[INFO] [stderr]   Downloaded externalities v0.8.2
[INFO] [stderr]   Downloaded noble-offences v2.0.1
[INFO] [stderr]   Downloaded noble-timestamp v2.0.0
[INFO] [stderr]   Downloaded tp-inherents v2.1.2
[INFO] [stderr]   Downloaded nalgebra-macros v0.1.0
[INFO] [stderr]   Downloaded tp-npos-elections-compact v2.0.2
[INFO] [stderr]   Downloaded wasm-timer v0.2.5
[INFO] [stderr]   Downloaded fabric-support-procedural-tools v2.0.1
[INFO] [stderr]   Downloaded tetsy-scale-codec v2.0.1
[INFO] [stderr]   Downloaded tetsy-trie-db v0.22.3
[INFO] [stderr]   Downloaded tp-timestamp v2.1.2
[INFO] [stderr]   Downloaded fabric-metadata v12.0.0
[INFO] [stderr]   Downloaded impl-trait-for-tuples v0.1.3
[INFO] [stderr]   Downloaded tp-authorship v2.1.2
[INFO] [stderr]   Downloaded fabric-system v2.0.0
[INFO] [stderr]   Downloaded noble-staking-reward-curve v2.0.0
[INFO] [stderr]   Downloaded linregress v0.4.4
[INFO] [stderr]   Downloaded tetsy-impl-serde v0.3.2
[INFO] [stderr]   Downloaded noble-balances v2.0.1
[INFO] [stderr]   Downloaded noble-session v2.0.0
[INFO] [stderr]   Downloaded tet-core v2.1.2
[INFO] [stderr]   Downloaded fabric-benchmarking v2.0.0
[INFO] [stderr]   Downloaded tetsy-wasm v0.41.0
[INFO] [stderr]   Downloaded simba v0.5.1
[INFO] [stderr]   Downloaded tp-npos-elections v2.0.2
[INFO] [stderr]   Downloaded fabric-support-procedural v2.0.1
[INFO] [stderr]   Downloaded ahash v0.4.8
[INFO] [stderr]   Downloaded tp-state-machine v0.8.2
[INFO] [stderr]   Downloaded fabric-support v2.0.0
[INFO] [stderr]   Downloaded noble-staking v2.0.0
[INFO] [stderr]   Downloaded tetsy-finality-grandpa v0.13.0
[INFO] [stderr]   Downloaded bitvec v0.20.4
[INFO] [stderr]   Downloaded statrs v0.15.0
[INFO] [stderr]   Downloaded nalgebra v0.27.1
[INFO] [stderr]   Downloaded schnorrkel v0.9.1
[INFO] running `Command { std: "docker" "create" "-v" "/var/lib/crater-agent-workspace/builds/worker-6-tc1/source:/opt/rustwide/workdir:ro,Z" "-v" "/var/lib/crater-agent-workspace/builds/worker-6-tc1/target:/opt/rustwide/target:rw,Z" "-v" "/var/lib/crater-agent-workspace/cargo-home:/opt/rustwide/cargo-home:ro,Z" "-v" "/var/lib/crater-agent-workspace/rustup-home:/opt/rustwide/rustup-home:ro,Z" "-m" "1610612736" "--network" "none" "ghcr.io/rust-lang/crates-build-env/linux@sha256:77db811e55d90add9212f6832c23229e3de5f1c1f9905e8cb07319ea15df73ac" "sleep" "infinity", kill_on_drop: false }`
[INFO] [stdout] 1bed7a8a13be4aeed15bf05abd5d99392a1ee10cde0320534ecea823aa7cd535
[INFO] running `Command { std: "docker" "start" "1bed7a8a13be4aeed15bf05abd5d99392a1ee10cde0320534ecea823aa7cd535", kill_on_drop: false }`
[INFO] running `Command { std: "docker" "inspect" "1bed7a8a13be4aeed15bf05abd5d99392a1ee10cde0320534ecea823aa7cd535", kill_on_drop: false }`
[INFO] running `Command { std: "docker" "exec" "-e" "SOURCE_DIR=/opt/rustwide/workdir" "-e" "CARGO_HOME=/opt/rustwide/cargo-home" "-e" "RUSTUP_HOME=/opt/rustwide/rustup-home" "-e" "CARGO_TARGET_DIR=/opt/rustwide/target" "-w" "/opt/rustwide/workdir" "--user" "0:0" "1bed7a8a13be4aeed15bf05abd5d99392a1ee10cde0320534ecea823aa7cd535" "/opt/rustwide/cargo-home/bin/cargo" "+1.99.0-beta.8" "metadata" "--no-deps" "--format-version=1", kill_on_drop: false }`
[INFO] running `Command { std: "docker" "inspect" "1bed7a8a13be4aeed15bf05abd5d99392a1ee10cde0320534ecea823aa7cd535", kill_on_drop: false }`
[INFO] running `Command { std: "docker" "exec" "-e" "SOURCE_DIR=/opt/rustwide/workdir" "-e" "CARGO_HOME=/opt/rustwide/cargo-home" "-e" "RUSTUP_HOME=/opt/rustwide/rustup-home" "-e" "CARGO_TARGET_DIR=/opt/rustwide/target" "-e" "CARGO_INCREMENTAL=0" "-e" "RUST_BACKTRACE=full" "-e" "RUSTFLAGS=--cap-lints=warn" "-e" "RUSTDOCFLAGS=--cap-lints=warn" "-w" "/opt/rustwide/workdir" "--user" "0:0" "1bed7a8a13be4aeed15bf05abd5d99392a1ee10cde0320534ecea823aa7cd535" "/opt/rustwide/cargo-home/bin/cargo" "+1.99.0-beta.8" "build" "--frozen" "--message-format=json" "--release", kill_on_drop: false }`
[INFO] [stderr]    Compiling radium v0.6.2
[INFO] [stderr]    Compiling byteorder v1.5.0
[INFO] [stderr]    Compiling arrayvec v0.5.2
[INFO] [stderr]    Compiling serde v1.0.229
[INFO] [stderr]    Compiling wyz v0.2.0
[INFO] [stderr]    Compiling funty v1.1.0
[INFO] [stderr]    Compiling getrandom v0.1.16
[INFO] [stderr]    Compiling tap v1.0.1
[INFO] [stderr]    Compiling byte-slice-cast v1.2.3
[INFO] [stderr]    Compiling syn v2.0.119
[INFO] [stderr]    Compiling getrandom v0.2.17
[INFO] [stderr]    Compiling generic-array v0.12.4
[INFO] [stderr]    Compiling crunchy v0.2.4
[INFO] [stderr]    Compiling subtle v2.6.1
[INFO] [stderr]    Compiling parking_lot_core v0.8.6
[INFO] [stderr]    Compiling tetcore-std v2.1.2
[INFO] [stderr]    Compiling arrayvec v0.4.12
[INFO] [stderr]    Compiling instant v0.1.13
[INFO] [stderr]    Compiling rand_core v0.6.4
[INFO] [stderr]    Compiling rustc-hex v2.1.0
[INFO] [stderr]    Compiling ref-cast v1.0.27
[INFO] [stderr]    Compiling num-bigint v0.2.6
[INFO] [stderr]    Compiling debug-derive v2.1.2
[INFO] [stderr]    Compiling ref-cast-impl v1.0.27
[INFO] [stderr]    Compiling num-rational v0.2.4
[INFO] [stderr]    Compiling digest v0.8.1
[INFO] [stderr]    Compiling rand_core v0.5.1
[INFO] [stderr]    Compiling crypto-mac v0.7.0
[INFO] [stderr]    Compiling rand_chacha v0.3.1
[INFO] [stderr]    Compiling futures-util v0.3.34
[INFO] [stderr]    Compiling uint-crate v0.9.1
[INFO] [stderr]    Compiling block-buffer v0.7.3
[INFO] [stderr]    Compiling regex v1.13.1
[INFO] [stderr]    Compiling bitvec v0.20.4
[INFO] [stderr]    Compiling rand_chacha v0.2.2
[INFO] [stderr]    Compiling rand_pcg v0.2.1
[INFO] [stderr]    Compiling parking_lot v0.11.2
[INFO] [stderr]    Compiling lazy_static v1.5.1
[INFO] [stderr]    Compiling ahash v0.4.8
[INFO] [stderr]    Compiling tetsy-wasm v0.41.0
[INFO] [stderr]    Compiling toml v0.5.11
[INFO] [stderr]    Compiling rand v0.8.8
[INFO] [stderr]    Compiling chrono v0.4.45
[INFO] [stderr]    Compiling rand v0.7.3
[INFO] [stderr]    Compiling tetsy-impl-serde v0.3.2
[INFO] [stderr]    Compiling impl-serde v0.3.2
[INFO] [stderr]    Compiling Inflector v0.11.4
[INFO] [stderr]    Compiling tracing-serde v0.1.3
[INFO] [stderr]    Compiling hashbrown v0.9.1
[INFO] [stderr]    Compiling synstructure v0.12.6
[INFO] [stderr]    Compiling sha2 v0.8.2
[INFO] [stderr]    Compiling matchers v0.0.1
[INFO] [stderr]    Compiling hmac v0.7.1
[INFO] [stderr]    Compiling tracing-log v0.1.4
[INFO] [stderr]    Compiling sharded-slab v0.1.7
[INFO] [stderr]    Compiling tetsy-fixed-hash v0.7.1
[INFO] [stderr]    Compiling tracing v0.1.44
[INFO] [stderr]    Compiling crypto-mac v0.8.0
[INFO] [stderr]    Compiling proc-macro-crate v0.1.5
[INFO] [stderr]    Compiling thread_local v1.1.10
[INFO] [stderr]    Compiling tetsy-hash-db v0.15.3
[INFO] [stderr]    Compiling environ v1.1.3
[INFO] [stderr]    Compiling memory_units v0.3.0
[INFO] [stderr]    Compiling tetsy-util-mem v0.9.1
[INFO] [stderr]    Compiling downcast-rs v1.2.1
[INFO] [stderr]    Compiling tetsy-util-mem-derive v0.1.1
[INFO] [stderr]    Compiling tiny-keccak v2.0.2
[INFO] [stderr]    Compiling hmac v0.8.1
[INFO] [stderr]    Compiling pbkdf2 v0.4.0
[INFO] [stderr]    Compiling hmac-drbg v0.2.0
[INFO] [stderr]    Compiling twasmi-validation v0.3.0
[INFO] [stderr]    Compiling pbkdf2 v0.3.0
[INFO] [stderr]    Compiling libsecp256k1 v0.3.5
[INFO] [stderr]    Compiling twox-hash v1.6.3
[INFO] [stderr]    Compiling tetsy-scale-codec-derive v2.0.1
[INFO] [stderr]    Compiling tp-runtime-interface-proc-macro v2.1.2
[INFO] [stderr]    Compiling tetsy-hash256-std-hasher v0.15.3
[INFO] [stderr]    Compiling base58 v0.1.0
[INFO] [stderr]    Compiling backtrace v0.3.76
[INFO] [stderr]    Compiling blake2-rfc v0.2.18
[INFO] [stderr]    Compiling tracing-subscriber v0.2.25
[INFO] [stderr]    Compiling twasmi v0.6.2
[INFO] [stderr]    Compiling tetsy-trie-root v0.16.1
[INFO] [stderr]    Compiling tetsy-trie-db v0.22.3
[INFO] [stderr]    Compiling convert_case v0.4.0
[INFO] [stderr]    Compiling panic-handler v2.1.2
[INFO] [stderr]    Compiling paste-impl v0.1.18
[INFO] [stderr]    Compiling integer-sqrt v0.1.5
[INFO] [stderr]    Compiling nodrop v0.1.14
[INFO] [stderr]    Compiling constant_time_eq v0.1.5
[INFO] [stderr]    Compiling fabric-support-procedural-tools-derive v2.0.1
[INFO] [stderr]    Compiling matrixmultiply v0.3.11
[INFO] [stderr]    Compiling tetsy-scale-codec v2.0.1
[INFO] [stderr]    Compiling paste v0.1.18
[INFO] [stderr]    Compiling approx v0.5.1
[INFO] [stderr]    Compiling num-complex v0.4.6
[INFO] [stderr]    Compiling fabric-support-procedural-tools v2.0.1
[INFO] [stdout] error[E0603]: module `group` is private
[INFO] [stdout]    --> /opt/rustwide/cargo-home/registry/src/index.crates.io-1949cf8c6b5b557f/fabric-support-procedural-tools-2.0.1/src/syn_ext.rs:47:53
[INFO] [stdout]     |
[INFO] [stdout]  47 |                 let syn::group::$name { token, content } = syn::group::$parse(input)?;
[INFO] [stdout]     |                                                                 ^^^^^ private module
[INFO] [stdout] ...
[INFO] [stdout]  71 | groups_impl!(Braces, Brace, Brace, parse_braces);
[INFO] [stdout]     | ------------------------------------------------
[INFO] [stdout]     | |                                  |
[INFO] [stdout]     | |                                  function `parse_braces` is not publicly re-exported
[INFO] [stdout]     | in this macro invocation
[INFO] [stdout]     |
[INFO] [stdout] note: the module `group` is defined here
[INFO] [stdout]    --> /opt/rustwide/cargo-home/registry/src/index.crates.io-1949cf8c6b5b557f/syn-1.0.109/src/lib.rs:308:1
[INFO] [stdout]     |
[INFO] [stdout] 308 | mod group;
[INFO] [stdout]     | ^^^^^^^^^
[INFO] [stdout]     = note: this error originates in the macro `groups_impl` (in Nightly builds, run with -Z macro-backtrace for more info)
[INFO] [stdout] 
[INFO] [stdout] 
[INFO] [stdout] error[E0603]: module `group` is private
[INFO] [stdout]    --> /opt/rustwide/cargo-home/registry/src/index.crates.io-1949cf8c6b5b557f/fabric-support-procedural-tools-2.0.1/src/syn_ext.rs:47:14
[INFO] [stdout]     |
[INFO] [stdout]  47 |                 let syn::group::$name { token, content } = syn::group::$parse(input)?;
[INFO] [stdout]     |                          ^^^^^ private module
[INFO] [stdout] ...
[INFO] [stdout]  71 | groups_impl!(Braces, Brace, Brace, parse_braces);
[INFO] [stdout]     | ------------------------------------------------
[INFO] [stdout]     | |            |
[INFO] [stdout]     | |            struct `Braces` is not publicly re-exported
[INFO] [stdout]     | in this macro invocation
[INFO] [stdout]     |
[INFO] [stdout] note: the module `group` is defined here
[INFO] [stdout]    --> /opt/rustwide/cargo-home/registry/src/index.crates.io-1949cf8c6b5b557f/syn-1.0.109/src/lib.rs:308:1
[INFO] [stdout]     |
[INFO] [stdout] 308 | mod group;
[INFO] [stdout]     | ^^^^^^^^^
[INFO] [stdout]     = note: this error originates in the macro `groups_impl` (in Nightly builds, run with -Z macro-backtrace for more info)
[INFO] [stdout] 
[INFO] [stdout] 
[INFO] [stdout] error[E0603]: module `group` is private
[INFO] [stdout]    --> /opt/rustwide/cargo-home/registry/src/index.crates.io-1949cf8c6b5b557f/fabric-support-procedural-tools-2.0.1/src/syn_ext.rs:47:53
[INFO] [stdout]     |
[INFO] [stdout]  47 |                 let syn::group::$name { token, content } = syn::group::$parse(input)?;
[INFO] [stdout]     |                                                                 ^^^^^ private module
[INFO] [stdout] ...
[INFO] [stdout]  72 | groups_impl!(Brackets, Bracket, Bracket, parse_brackets);
[INFO] [stdout]     | --------------------------------------------------------
[INFO] [stdout]     | |                                        |
[INFO] [stdout]     | |                                        function `parse_brackets` is not publicly re-exported
[INFO] [stdout]     | in this macro invocation
[INFO] [stdout]     |
[INFO] [stdout] note: the module `group` is defined here
[INFO] [stdout]    --> /opt/rustwide/cargo-home/registry/src/index.crates.io-1949cf8c6b5b557f/syn-1.0.109/src/lib.rs:308:1
[INFO] [stdout]     |
[INFO] [stdout] 308 | mod group;
[INFO] [stdout]     | ^^^^^^^^^
[INFO] [stdout]     = note: this error originates in the macro `groups_impl` (in Nightly builds, run with -Z macro-backtrace for more info)
[INFO] [stdout] 
[INFO] [stdout] 
[INFO] [stdout] error[E0603]: module `group` is private
[INFO] [stdout]    --> /opt/rustwide/cargo-home/registry/src/index.crates.io-1949cf8c6b5b557f/fabric-support-procedural-tools-2.0.1/src/syn_ext.rs:47:14
[INFO] [stdout]     |
[INFO] [stdout]  47 |                 let syn::group::$name { token, content } = syn::group::$parse(input)?;
[INFO] [stdout]     |                          ^^^^^ private module
[INFO] [stdout] ...
[INFO] [stdout]  72 | groups_impl!(Brackets, Bracket, Bracket, parse_brackets);
[INFO] [stdout]     | --------------------------------------------------------
[INFO] [stdout]     | |            |
[INFO] [stdout]     | |            struct `Brackets` is not publicly re-exported
[INFO] [stdout]     | in this macro invocation
[INFO] [stdout]     |
[INFO] [stdout] note: the module `group` is defined here
[INFO] [stdout]    --> /opt/rustwide/cargo-home/registry/src/index.crates.io-1949cf8c6b5b557f/syn-1.0.109/src/lib.rs:308:1
[INFO] [stdout]     |
[INFO] [stdout] 308 | mod group;
[INFO] [stdout]     | ^^^^^^^^^
[INFO] [stdout]     = note: this error originates in the macro `groups_impl` (in Nightly builds, run with -Z macro-backtrace for more info)
[INFO] [stdout] 
[INFO] [stdout] 
[INFO] [stdout] error[E0603]: module `group` is private
[INFO] [stdout]    --> /opt/rustwide/cargo-home/registry/src/index.crates.io-1949cf8c6b5b557f/fabric-support-procedural-tools-2.0.1/src/syn_ext.rs:47:53
[INFO] [stdout]     |
[INFO] [stdout]  47 |                 let syn::group::$name { token, content } = syn::group::$parse(input)?;
[INFO] [stdout]     |                                                                 ^^^^^ private module
[INFO] [stdout] ...
[INFO] [stdout]  73 | groups_impl!(Parens, Paren, Parenthesis, parse_parens);
[INFO] [stdout]     | ------------------------------------------------------
[INFO] [stdout]     | |                                        |
[INFO] [stdout]     | |                                        function `parse_parens` is not publicly re-exported
[INFO] [stdout]     | in this macro invocation
[INFO] [stdout]     |
[INFO] [stdout] note: the module `group` is defined here
[INFO] [stdout]    --> /opt/rustwide/cargo-home/registry/src/index.crates.io-1949cf8c6b5b557f/syn-1.0.109/src/lib.rs:308:1
[INFO] [stdout]     |
[INFO] [stdout] 308 | mod group;
[INFO] [stdout]     | ^^^^^^^^^
[INFO] [stdout]     = note: this error originates in the macro `groups_impl` (in Nightly builds, run with -Z macro-backtrace for more info)
[INFO] [stdout] 
[INFO] [stdout] 
[INFO] [stdout] error[E0603]: module `group` is private
[INFO] [stdout]    --> /opt/rustwide/cargo-home/registry/src/index.crates.io-1949cf8c6b5b557f/fabric-support-procedural-tools-2.0.1/src/syn_ext.rs:47:14
[INFO] [stdout]     |
[INFO] [stdout]  47 |                 let syn::group::$name { token, content } = syn::group::$parse(input)?;
[INFO] [stdout]     |                          ^^^^^ private module
[INFO] [stdout] ...
[INFO] [stdout]  73 | groups_impl!(Parens, Paren, Parenthesis, parse_parens);
[INFO] [stdout]     | ------------------------------------------------------
[INFO] [stdout]     | |            |
[INFO] [stdout]     | |            struct `Parens` is not publicly re-exported
[INFO] [stdout]     | in this macro invocation
[INFO] [stdout]     |
[INFO] [stdout] note: the module `group` is defined here
[INFO] [stdout]    --> /opt/rustwide/cargo-home/registry/src/index.crates.io-1949cf8c6b5b557f/syn-1.0.109/src/lib.rs:308:1
[INFO] [stdout]     |
[INFO] [stdout] 308 | mod group;
[INFO] [stdout]     | ^^^^^^^^^
[INFO] [stdout]     = note: this error originates in the macro `groups_impl` (in Nightly builds, run with -Z macro-backtrace for more info)
[INFO] [stdout] 
[INFO] [stdout] 
[INFO] [stdout] For more information about this error, try `rustc --explain E0603`.
[INFO] [stdout] 
[INFO] [stderr] error: could not compile `fabric-support-procedural-tools` (lib) due to 6 previous errors
[INFO] [stderr] warning: build failed, waiting for other jobs to finish...
[INFO] [stderr] error: could not compile `syn` (lib)
[INFO] [stderr] 
[INFO] [stderr] Caused by:
[INFO] [stderr]   process didn't exit successfully: `/opt/rustwide/rustup-home/toolchains/1.99.0-beta.8-x86_64-unknown-linux-gnu/bin/rustc --crate-name syn --edition=2021 /opt/rustwide/cargo-home/registry/src/index.crates.io-1949cf8c6b5b557f/syn-2.0.119/src/lib.rs --error-format=json --json=diagnostic-rendered-ansi,artifacts,future-incompat --crate-type lib --emit=dep-info,metadata,link -C embed-bitcode=no -C debug-assertions=off --cfg 'feature="clone-impls"' --cfg 'feature="default"' --cfg 'feature="derive"' --cfg 'feature="extra-traits"' --cfg 'feature="fold"' --cfg 'feature="full"' --cfg 'feature="parsing"' --cfg 'feature="printing"' --cfg 'feature="proc-macro"' --cfg 'feature="visit"' --check-cfg 'cfg(docsrs,test)' --check-cfg 'cfg(feature, values("clone-impls", "default", "derive", "extra-traits", "fold", "full", "parsing", "printing", "proc-macro", "test", "visit", "visit-mut"))' -C metadata=6d29140860911e1f -C extra-filename=-cb421c26c2839a09 --out-dir /opt/rustwide/target/release/deps -C strip=debuginfo -L dependency=/opt/rustwide/target/release/deps --extern proc_macro2=/opt/rustwide/target/release/deps/libproc_macro2-bfa7a6aafdfba675.rmeta --extern quote=/opt/rustwide/target/release/deps/libquote-44c84b9315bcd971.rmeta --extern unicode_ident=/opt/rustwide/target/release/deps/libunicode_ident-2ee003426a225cef.rmeta --cap-lints allow --cap-lints=warn` (signal: 9, SIGKILL: kill)
[INFO] [stderr] error: could not compile `futures-util` (lib)
[INFO] [stderr] 
[INFO] [stderr] Caused by:
[INFO] [stderr]   process didn't exit successfully: `/opt/rustwide/rustup-home/toolchains/1.99.0-beta.8-x86_64-unknown-linux-gnu/bin/rustc --crate-name futures_util --edition=2018 /opt/rustwide/cargo-home/registry/src/index.crates.io-1949cf8c6b5b557f/futures-util-0.3.34/src/lib.rs --error-format=json --json=diagnostic-rendered-ansi,artifacts,future-incompat --crate-type lib --emit=dep-info,metadata,link -C opt-level=3 -C embed-bitcode=no --cfg 'feature="alloc"' --cfg 'feature="async-await"' --cfg 'feature="async-await-macro"' --cfg 'feature="channel"' --cfg 'feature="futures-channel"' --cfg 'feature="futures-io"' --cfg 'feature="futures-macro"' --cfg 'feature="futures-sink"' --cfg 'feature="io"' --cfg 'feature="memchr"' --cfg 'feature="sink"' --cfg 'feature="slab"' --cfg 'feature="std"' --check-cfg 'cfg(docsrs,test)' --check-cfg 'cfg(feature, values("alloc", "async-await", "async-await-macro", "bilock", "cfg-target-has-atomic", "channel", "compat", "default", "futures-channel", "futures-io", "futures-macro", "futures-sink", "futures_01", "io", "io-compat", "libc", "memchr", "portable-atomic", "portable-atomic-alloc", "portable-atomic-util", "portable_atomic_crate", "sink", "slab", "spin", "std", "tokio-io", "unstable", "write-all-vectored"))' -C metadata=eb671aa2b89becd4 -C extra-filename=-b664b31cdb2bc1a6 --out-dir /opt/rustwide/target/release/deps -C strip=debuginfo -L dependency=/opt/rustwide/target/release/deps --extern futures_channel=/opt/rustwide/target/release/deps/libfutures_channel-059bd0fd340831c9.rmeta --extern futures_core=/opt/rustwide/target/release/deps/libfutures_core-1c22a6a780afd6db.rmeta --extern futures_io=/opt/rustwide/target/release/deps/libfutures_io-140f40c122dc4703.rmeta --extern futures_macro=/opt/rustwide/target/release/deps/libfutures_macro-e6150284851ab80e.so --extern futures_sink=/opt/rustwide/target/release/deps/libfutures_sink-b39e1b7504f50ff0.rmeta --extern futures_task=/opt/rustwide/target/release/deps/libfutures_task-5c5534087cfa7016.rmeta --extern memchr=/opt/rustwide/target/release/deps/libmemchr-b836402bd6c4c7f1.rmeta --extern pin_project_lite=/opt/rustwide/target/release/deps/libpin_project_lite-9a89bb36c0c56875.rmeta --extern slab=/opt/rustwide/target/release/deps/libslab-19b8bc1074c00c3a.rmeta --cap-lints allow --cap-lints=warn` (signal: 9, SIGKILL: kill)
[INFO] [stderr] error: could not compile `libsecp256k1` (lib)
[INFO] [stderr] 
[INFO] [stderr] Caused by:
[INFO] [stderr]   process didn't exit successfully: `/opt/rustwide/rustup-home/toolchains/1.99.0-beta.8-x86_64-unknown-linux-gnu/bin/rustc --crate-name secp256k1 --edition=2018 /opt/rustwide/cargo-home/registry/src/index.crates.io-1949cf8c6b5b557f/libsecp256k1-0.3.5/src/lib.rs --error-format=json --json=diagnostic-rendered-ansi,artifacts,future-incompat --crate-type lib --emit=dep-info,metadata,link -C opt-level=3 -C embed-bitcode=no --cfg 'feature="default"' --cfg 'feature="hmac"' --cfg 'feature="hmac-drbg"' --cfg 'feature="sha2"' --cfg 'feature="std"' --cfg 'feature="typenum"' --check-cfg 'cfg(docsrs,test)' --check-cfg 'cfg(feature, values("default", "hmac", "hmac-drbg", "sha2", "std", "typenum"))' -C metadata=9117adaddbdc587b -C extra-filename=-53118b3cfbf42582 --out-dir /opt/rustwide/target/release/deps -C strip=debuginfo -L dependency=/opt/rustwide/target/release/deps --extern arrayref=/opt/rustwide/target/release/deps/libarrayref-b29b114356c49262.rmeta --extern crunchy=/opt/rustwide/target/release/deps/libcrunchy-d54cc3692e5ffedd.rmeta --extern digest=/opt/rustwide/target/release/deps/libdigest-90568d00a3b1da02.rmeta --extern hmac_drbg=/opt/rustwide/target/release/deps/libhmac_drbg-0854c555e89fc406.rmeta --extern rand=/opt/rustwide/target/release/deps/librand-3ba77d35ddc52a3f.rmeta --extern sha2=/opt/rustwide/target/release/deps/libsha2-cecc324613a248c1.rmeta --extern subtle=/opt/rustwide/target/release/deps/libsubtle-22e824d84966d8b4.rmeta --extern typenum=/opt/rustwide/target/release/deps/libtypenum-1642bab676d94b56.rmeta --cap-lints allow --cap-lints=warn` (signal: 9, SIGKILL: kill)
[INFO] running `Command { std: "docker" "inspect" "1bed7a8a13be4aeed15bf05abd5d99392a1ee10cde0320534ecea823aa7cd535", kill_on_drop: false }`
[INFO] running `Command { std: "docker" "rm" "-f" "1bed7a8a13be4aeed15bf05abd5d99392a1ee10cde0320534ecea823aa7cd535", kill_on_drop: false }`
[INFO] [stdout] 1bed7a8a13be4aeed15bf05abd5d99392a1ee10cde0320534ecea823aa7cd535
