[INFO] fetching crate nmp-nip02 1.0.0-rc.1...
[INFO] testing nmp-nip02-1.0.0-rc.1 against 1.99.0-beta.8+cargoflags=--release for beta-release-1.100-2
[INFO] extracting crate nmp-nip02 1.0.0-rc.1 into /workspace/builds/worker-2-tc1/source
[INFO] started tweaking crates.io crate nmp-nip02 1.0.0-rc.1
[INFO] removed 0 missing tests
[INFO] finished tweaking crates.io crate nmp-nip02 1.0.0-rc.1
[INFO] tweaked toml for crates.io crate nmp-nip02 1.0.0-rc.1 written to /workspace/builds/worker-2-tc1/source/Cargo.toml
[INFO] validating manifest of crates.io crate nmp-nip02 1.0.0-rc.1 on toolchain 1.99.0-beta.8
[INFO] running `Command { std: CARGO_HOME="/workspace/cargo-home" RUSTUP_HOME="/workspace/rustup-home" "/workspace/cargo-home/bin/cargo" "+1.99.0-beta.8" "metadata" "--manifest-path" "Cargo.toml" "--no-deps", kill_on_drop: false }`
[INFO] crate crates.io crate nmp-nip02 1.0.0-rc.1 already has a lockfile, it will not be regenerated
[INFO] running `Command { std: CARGO_HOME="/workspace/cargo-home" RUSTUP_HOME="/workspace/rustup-home" "/workspace/cargo-home/bin/cargo" "+1.99.0-beta.8" "fetch" "--manifest-path" "Cargo.toml", kill_on_drop: false }`
[INFO] [stderr]     Updating crates.io index
[INFO] [stderr]  Downloading crates ...
[INFO] [stderr]   Downloaded trellis-core v0.2.1
[INFO] [stderr]   Downloaded secp256k1 v0.29.1
[INFO] [stderr]   Downloaded bitcoin-io v0.1.101
[INFO] [stderr]   Downloaded nmp-relay-url v1.0.0-rc.1
[INFO] [stderr]   Downloaded nmp-ownership v1.0.0-rc.1
[INFO] [stderr]   Downloaded nmp-nip42-types v1.0.0-rc.1
[INFO] [stderr]   Downloaded bitcoin-internals v0.5.0
[INFO] [stderr]   Downloaded hex-conservative v0.2.2
[INFO] [stderr]   Downloaded hex-conservative v0.3.2
[INFO] [stderr]   Downloaded nmp-kinds v1.0.0-rc.1
[INFO] [stderr]   Downloaded bitcoin-consensus-encoding v1.0.0
[INFO] [stderr]   Downloaded nmp-nip09 v1.0.0-rc.1
[INFO] [stderr]   Downloaded arrayvec v0.7.7
[INFO] [stderr]   Downloaded nmp-nip25 v1.0.0-rc.1
[INFO] [stderr]   Downloaded nmp-signer-iface v1.0.0-rc.1
[INFO] [stderr]   Downloaded bitcoin_hashes v0.14.101
[INFO] [stderr]   Downloaded nmp-nostr-id v1.0.0-rc.1
[INFO] [stderr]   Downloaded nostr v0.44.4
[INFO] [stderr]   Downloaded nmp-planner v1.0.0-rc.1
[INFO] [stderr]   Downloaded nmp-network v1.0.0-rc.1
[INFO] [stderr]   Downloaded bip39 v2.2.2
[INFO] [stderr]   Downloaded nmp-store v1.0.0-rc.1
[INFO] [stderr]   Downloaded nmp-core v1.0.0-rc.1
[INFO] running `Command { std: "docker" "create" "-v" "/var/lib/crater-agent-workspace/builds/worker-2-tc1/source:/opt/rustwide/workdir:ro,Z" "-v" "/var/lib/crater-agent-workspace/builds/worker-2-tc1/target:/opt/rustwide/target:rw,Z" "-v" "/var/lib/crater-agent-workspace/cargo-home:/opt/rustwide/cargo-home:ro,Z" "-v" "/var/lib/crater-agent-workspace/rustup-home:/opt/rustwide/rustup-home:ro,Z" "-m" "1610612736" "--network" "none" "ghcr.io/rust-lang/crates-build-env/linux@sha256:77db811e55d90add9212f6832c23229e3de5f1c1f9905e8cb07319ea15df73ac" "sleep" "infinity", kill_on_drop: false }`
[INFO] [stdout] 012f74184ec6c9e8bb8606cc6842591736a760a882794ecaecdb43ad58e23a1d
[INFO] running `Command { std: "docker" "start" "012f74184ec6c9e8bb8606cc6842591736a760a882794ecaecdb43ad58e23a1d", kill_on_drop: false }`
[INFO] running `Command { std: "docker" "inspect" "012f74184ec6c9e8bb8606cc6842591736a760a882794ecaecdb43ad58e23a1d", kill_on_drop: false }`
[INFO] running `Command { std: "docker" "exec" "-e" "SOURCE_DIR=/opt/rustwide/workdir" "-e" "CARGO_HOME=/opt/rustwide/cargo-home" "-e" "RUSTUP_HOME=/opt/rustwide/rustup-home" "-e" "CARGO_TARGET_DIR=/opt/rustwide/target" "-w" "/opt/rustwide/workdir" "--user" "0:0" "012f74184ec6c9e8bb8606cc6842591736a760a882794ecaecdb43ad58e23a1d" "/opt/rustwide/cargo-home/bin/cargo" "+1.99.0-beta.8" "metadata" "--no-deps" "--format-version=1", kill_on_drop: false }`
[INFO] running `Command { std: "docker" "inspect" "012f74184ec6c9e8bb8606cc6842591736a760a882794ecaecdb43ad58e23a1d", kill_on_drop: false }`
[INFO] running `Command { std: "docker" "exec" "-e" "SOURCE_DIR=/opt/rustwide/workdir" "-e" "CARGO_HOME=/opt/rustwide/cargo-home" "-e" "RUSTUP_HOME=/opt/rustwide/rustup-home" "-e" "CARGO_TARGET_DIR=/opt/rustwide/target" "-e" "CARGO_INCREMENTAL=0" "-e" "RUST_BACKTRACE=full" "-e" "RUSTFLAGS=--cap-lints=warn" "-e" "RUSTDOCFLAGS=--cap-lints=warn" "-w" "/opt/rustwide/workdir" "--user" "0:0" "012f74184ec6c9e8bb8606cc6842591736a760a882794ecaecdb43ad58e23a1d" "/opt/rustwide/cargo-home/bin/cargo" "+1.99.0-beta.8" "build" "--frozen" "--message-format=json" "--release", kill_on_drop: false }`
[INFO] [stderr]    Compiling syn v2.0.118
[INFO] [stderr]    Compiling libc v0.2.186
[INFO] [stderr]    Compiling zerocopy v0.8.52
[INFO] [stderr]    Compiling serde_json v1.0.150
[INFO] [stderr]    Compiling nmp-ownership v1.0.0-rc.1
[INFO] [stderr]    Compiling memchr v2.8.2
[INFO] [stderr]    Compiling bitcoin-io v0.1.101
[INFO] [stderr]    Compiling cc v1.2.65
[INFO] [stderr]    Compiling percent-encoding v2.3.2
[INFO] [stderr]    Compiling arrayvec v0.7.7
[INFO] [stderr]    Compiling bech32 v0.11.1
[INFO] [stderr]    Compiling block-padding v0.3.3
[INFO] [stderr]    Compiling num-traits v0.2.19
[INFO] [stderr]    Compiling hex v0.4.3
[INFO] [stderr]    Compiling base64 v0.22.1
[INFO] [stderr]    Compiling tinyvec v1.11.0
[INFO] [stderr]    Compiling inout v0.1.4
[INFO] [stderr]    Compiling form_urlencoded v1.2.2
[INFO] [stderr]    Compiling flatbuffers v25.12.19
[INFO] [stderr]    Compiling cipher v0.4.4
[INFO] [stderr]    Compiling web-time v1.1.0
[INFO] [stderr]    Compiling nmp-relay-url v1.0.0-rc.1
[INFO] [stderr]    Compiling hex-conservative v0.2.2
[INFO] [stderr]    Compiling nmp-kinds v1.0.0-rc.1
[INFO] [stderr]    Compiling bitflags v2.13.0
[INFO] [stderr]    Compiling trellis-core v0.2.1
[INFO] [stderr]    Compiling chacha20 v0.9.1
[INFO] [stderr]    Compiling unicode-normalization v0.1.25
[INFO] [stderr]    Compiling secp256k1-sys v0.10.1
[INFO] [stderr]    Compiling chrono v0.4.45
[INFO] [stderr]    Compiling getrandom v0.2.17
[INFO] [stderr]    Compiling rand_core v0.6.4
[INFO] [stderr]    Compiling ppv-lite86 v0.2.21
[INFO] [stderr]    Compiling rand_chacha v0.3.1
[INFO] [stderr]    Compiling synstructure v0.13.2
[INFO] [stderr]    Compiling rand v0.8.6
[INFO] [stderr]    Compiling zerofrom-derive v0.1.7
[INFO] [stderr]    Compiling yoke-derive v0.8.2
[INFO] [stderr]    Compiling zerovec-derive v0.11.3
[INFO] [stderr]    Compiling displaydoc v0.2.6
[INFO] [stderr]    Compiling serde_derive v1.0.228
[INFO] [stderr]    Compiling tracing-attributes v0.1.31
[INFO] [stderr]    Compiling zeroize_derive v1.5.0
[INFO] [stderr]    Compiling zeroize v1.9.0
[INFO] [stderr]    Compiling zerofrom v0.1.8
[INFO] [stderr]    Compiling yoke v0.8.3
[INFO] [stderr]    Compiling tracing v0.1.44
[INFO] [stderr]    Compiling zerotrie v0.2.4
[INFO] [stderr]    Compiling zerovec v0.11.6
[INFO] [stderr]    Compiling tinystr v0.8.3
[INFO] [stderr]    Compiling potential_utf v0.1.5
[INFO] [stderr]    Compiling icu_collections v2.2.0
[INFO] [stderr]    Compiling icu_locale_core v2.2.0
[INFO] [stderr]    Compiling serde v1.0.228
[INFO] [stderr]    Compiling bitcoin_hashes v0.14.101
[INFO] [stderr]    Compiling nmp-nip42-types v1.0.0-rc.1
[INFO] [stderr]    Compiling nmp-planner v1.0.0-rc.1
[INFO] [stderr]    Compiling nmp-signer-iface v1.0.0-rc.1
[INFO] [stderr]    Compiling nmp-network v1.0.0-rc.1
[INFO] [stderr]    Compiling secp256k1 v0.29.1
[INFO] [stderr]    Compiling icu_provider v2.2.0
[INFO] [stderr]    Compiling icu_normalizer v2.2.0
[INFO] [stderr]    Compiling icu_properties v2.2.0
[INFO] [stderr]    Compiling idna_adapter v1.2.2
[INFO] [stderr]    Compiling idna v1.1.0
[INFO] [stderr]    Compiling url v2.5.8
[INFO] [stderr]    Compiling nostr v0.44.4
[INFO] [stderr]    Compiling nmp-store v1.0.0-rc.1
[INFO] [stderr]    Compiling nmp-nostr-id v1.0.0-rc.1
[INFO] [stderr]    Compiling nmp-core v1.0.0-rc.1
[INFO] [stderr]    Compiling nmp-nip09 v1.0.0-rc.1
[INFO] [stderr]    Compiling nmp-nip25 v1.0.0-rc.1
[INFO] [stderr]    Compiling nmp-nip02 v1.0.0-rc.1 (/opt/rustwide/workdir)
[INFO] [stderr]     Finished `release` profile [optimized] target(s) in 2m 11s
[INFO] running `Command { std: "docker" "inspect" "012f74184ec6c9e8bb8606cc6842591736a760a882794ecaecdb43ad58e23a1d", kill_on_drop: false }`
[INFO] running `Command { std: "docker" "exec" "-e" "SOURCE_DIR=/opt/rustwide/workdir" "-e" "CARGO_HOME=/opt/rustwide/cargo-home" "-e" "RUSTUP_HOME=/opt/rustwide/rustup-home" "-e" "CARGO_TARGET_DIR=/opt/rustwide/target" "-e" "CARGO_INCREMENTAL=0" "-e" "RUST_BACKTRACE=full" "-e" "RUSTFLAGS=--cap-lints=warn" "-e" "RUSTDOCFLAGS=--cap-lints=warn" "-w" "/opt/rustwide/workdir" "--user" "0:0" "012f74184ec6c9e8bb8606cc6842591736a760a882794ecaecdb43ad58e23a1d" "/opt/rustwide/cargo-home/bin/cargo" "+1.99.0-beta.8" "test" "--frozen" "--no-run" "--message-format=json" "--release", kill_on_drop: false }`
[INFO] [stderr]    Compiling nmp-nip02 v1.0.0-rc.1 (/opt/rustwide/workdir)
[INFO] [stdout] error[E0432]: unresolved import `nmp_native_runtime`
[INFO] [stdout]   --> tests/dispatch_integration.rs:14:5
[INFO] [stdout]    |
[INFO] [stdout] 14 | use nmp_native_runtime::NmpApp;
[INFO] [stdout]    |     ^^^^^^^^^^^^^^^^^^ use of unresolved module or unlinked crate `nmp_native_runtime`
[INFO] [stdout]    |
[INFO] [stdout]    = help: if you wanted to use a crate named `nmp_native_runtime`, use `cargo add nmp_native_runtime` to add it to your `Cargo.toml`
[INFO] [stdout] 
[INFO] [stdout] 
[INFO] [stdout] error[E0432]: unresolved import `nmp_native_runtime`
[INFO] [stdout]   --> tests/local_publish_follow_set.rs:39:5
[INFO] [stdout]    |
[INFO] [stdout] 39 | use nmp_native_runtime::NmpApp;
[INFO] [stdout]    |     ^^^^^^^^^^^^^^^^^^ use of unresolved module or unlinked crate `nmp_native_runtime`
[INFO] [stdout]    |
[INFO] [stdout]    = help: if you wanted to use a crate named `nmp_native_runtime`, use `cargo add nmp_native_runtime` to add it to your `Cargo.toml`
[INFO] [stdout] 
[INFO] [stdout] 
[INFO] [stdout] error[E0432]: unresolved import `nmp_core::__ffi_internal`
[INFO] [stdout]    --> tests/dispatch_integration.rs:161:19
[INFO] [stdout]     |
[INFO] [stdout] 161 |     use nmp_core::__ffi_internal::ActionRegistry;
[INFO] [stdout]     |                   ^^^^^^^^^^^^^^ could not find `__ffi_internal` in `nmp_core`
[INFO] [stdout]     |
[INFO] [stdout] note: found an item that was configured out
[INFO] [stdout]    --> /opt/rustwide/cargo-home/registry/src/index.crates.io-1949cf8c6b5b557f/nmp-core-1.0.0-rc.1/src/lib.rs:382:9
[INFO] [stdout]     |
[INFO] [stdout] 380 | #[cfg(feature = "native")]
[INFO] [stdout]     |       ------------------ the item is gated behind the `native` feature
[INFO] [stdout] 381 | #[doc(hidden)]
[INFO] [stdout] 382 | pub mod __ffi_internal {
[INFO] [stdout]     |         ^^^^^^^^^^^^^^
[INFO] [stdout] 
[INFO] [stdout] 
[INFO] [stdout] error[E0432]: unresolved import `nmp_core::__ffi_internal`
[INFO] [stdout]    --> tests/dispatch_integration.rs:282:19
[INFO] [stdout]     |
[INFO] [stdout] 282 |     use nmp_core::__ffi_internal::ActionRegistry;
[INFO] [stdout]     |                   ^^^^^^^^^^^^^^ could not find `__ffi_internal` in `nmp_core`
[INFO] [stdout]     |
[INFO] [stdout] note: found an item that was configured out
[INFO] [stdout]    --> /opt/rustwide/cargo-home/registry/src/index.crates.io-1949cf8c6b5b557f/nmp-core-1.0.0-rc.1/src/lib.rs:382:9
[INFO] [stdout]     |
[INFO] [stdout] 380 | #[cfg(feature = "native")]
[INFO] [stdout]     |       ------------------ the item is gated behind the `native` feature
[INFO] [stdout] 381 | #[doc(hidden)]
[INFO] [stdout] 382 | pub mod __ffi_internal {
[INFO] [stdout]     |         ^^^^^^^^^^^^^^
[INFO] [stdout] 
[INFO] [stdout] 
[INFO] [stdout] error[E0432]: unresolved import `nmp_core::__ffi_internal`
[INFO] [stdout]    --> tests/dispatch_integration.rs:310:19
[INFO] [stdout]     |
[INFO] [stdout] 310 |     use nmp_core::__ffi_internal::ActionRegistry;
[INFO] [stdout]     |                   ^^^^^^^^^^^^^^ could not find `__ffi_internal` in `nmp_core`
[INFO] [stdout]     |
[INFO] [stdout] note: found an item that was configured out
[INFO] [stdout]    --> /opt/rustwide/cargo-home/registry/src/index.crates.io-1949cf8c6b5b557f/nmp-core-1.0.0-rc.1/src/lib.rs:382:9
[INFO] [stdout]     |
[INFO] [stdout] 380 | #[cfg(feature = "native")]
[INFO] [stdout]     |       ------------------ the item is gated behind the `native` feature
[INFO] [stdout] 381 | #[doc(hidden)]
[INFO] [stdout] 382 | pub mod __ffi_internal {
[INFO] [stdout]     |         ^^^^^^^^^^^^^^
[INFO] [stdout] 
[INFO] [stdout] 
[INFO] [stdout] error[E0433]: cannot find `__ffi_internal` in `nmp_core`
[INFO] [stdout]    --> tests/dispatch_integration.rs:49:52
[INFO] [stdout]     |
[INFO] [stdout]  49 | fn register_nip02_actions(registry: &mut nmp_core::__ffi_internal::ActionRegistry) {
[INFO] [stdout]     |                                                    ^^^^^^^^^^^^^^ could not find `__ffi_internal` in `nmp_core`
[INFO] [stdout]     |
[INFO] [stdout] note: found an item that was configured out
[INFO] [stdout]    --> /opt/rustwide/cargo-home/registry/src/index.crates.io-1949cf8c6b5b557f/nmp-core-1.0.0-rc.1/src/lib.rs:382:9
[INFO] [stdout]     |
[INFO] [stdout] 380 | #[cfg(feature = "native")]
[INFO] [stdout]     |       ------------------ the item is gated behind the `native` feature
[INFO] [stdout] 381 | #[doc(hidden)]
[INFO] [stdout] 382 | pub mod __ffi_internal {
[INFO] [stdout]     |         ^^^^^^^^^^^^^^
[INFO] [stdout] 
[INFO] [stdout] 
[INFO] [stdout] error[E0433]: cannot find `__ffi_internal` in `nmp_core`
[INFO] [stdout]    --> tests/dispatch_integration.rs:57:53
[INFO] [stdout]     |
[INFO] [stdout]  57 | fn register_social_actions(registry: &mut nmp_core::__ffi_internal::ActionRegistry) {
[INFO] [stdout]     |                                                     ^^^^^^^^^^^^^^ could not find `__ffi_internal` in `nmp_core`
[INFO] [stdout]     |
[INFO] [stdout] note: found an item that was configured out
[INFO] [stdout]    --> /opt/rustwide/cargo-home/registry/src/index.crates.io-1949cf8c6b5b557f/nmp-core-1.0.0-rc.1/src/lib.rs:382:9
[INFO] [stdout]     |
[INFO] [stdout] 380 | #[cfg(feature = "native")]
[INFO] [stdout]     |       ------------------ the item is gated behind the `native` feature
[INFO] [stdout] 381 | #[doc(hidden)]
[INFO] [stdout] 382 | pub mod __ffi_internal {
[INFO] [stdout]     |         ^^^^^^^^^^^^^^
[INFO] [stdout] 
[INFO] [stdout] 
[INFO] [stdout] error[E0433]: cannot find module or crate `nmp_substrate` in this scope
[INFO] [stdout]    --> tests/local_publish_follow_set.rs:125:43
[INFO] [stdout]     |
[INFO] [stdout] 125 |         nmp_substrate::install(&mut *app, nmp_substrate::SubstrateConfig::default());
[INFO] [stdout]     |                                           ^^^^^^^^^^^^^ use of unresolved module or unlinked crate `nmp_substrate`
[INFO] [stdout]     |
[INFO] [stdout]     = help: if you wanted to use a crate named `nmp_substrate`, use `cargo add nmp_substrate` to add it to your `Cargo.toml`
[INFO] [stdout] 
[INFO] [stdout] 
[INFO] [stdout] error[E0433]: cannot find `MonotonicSecondClock` in `nmp_core`
[INFO] [stdout]    --> tests/local_publish_follow_set.rs:174:36
[INFO] [stdout]     |
[INFO] [stdout] 174 |     let clock = Arc::new(nmp_core::MonotonicSecondClock::new(
[INFO] [stdout]     |                                    ^^^^^^^^^^^^^^^^^^^^ could not find `MonotonicSecondClock` in `nmp_core`
[INFO] [stdout]     |
[INFO] [stdout] note: found an item that was configured out
[INFO] [stdout]    --> /opt/rustwide/cargo-home/registry/src/index.crates.io-1949cf8c6b5b557f/nmp-core-1.0.0-rc.1/src/lib.rs:211:17
[INFO] [stdout]     |
[INFO] [stdout] 210 | #[cfg(any(test, feature = "test-support"))]
[INFO] [stdout]     |          -------------------------------- the item is gated here
[INFO] [stdout] 211 | pub use kernel::MonotonicSecondClock;
[INFO] [stdout]     |                 ^^^^^^^^^^^^^^^^^^^^
[INFO] [stdout] 
[INFO] [stdout] 
[INFO] [stdout] error[E0433]: cannot find module or crate `nmp_native_runtime` in this scope
[INFO] [stdout]   --> tests/dispatch_integration.rs:41:19
[INFO] [stdout]    |
[INFO] [stdout] 41 |     let outcome = nmp_native_runtime::dispatch_action_bytes_typed(unsafe { &*app }, &envelope);
[INFO] [stdout]    |                   ^^^^^^^^^^^^^^^^^^ use of unresolved module or unlinked crate `nmp_native_runtime`
[INFO] [stdout]    |
[INFO] [stdout]    = help: if you wanted to use a crate named `nmp_native_runtime`, use `cargo add nmp_native_runtime` to add it to your `Cargo.toml`
[INFO] [stdout] 
[INFO] [stdout] 
[INFO] [stdout] error[E0433]: cannot find module or crate `nmp_native_runtime` in this scope
[INFO] [stdout]   --> tests/local_publish_follow_set.rs:81:19
[INFO] [stdout]    |
[INFO] [stdout] 81 |     let outcome = nmp_native_runtime::dispatch_action_bytes_typed(unsafe { &*app }, &envelope);
[INFO] [stdout]    |                   ^^^^^^^^^^^^^^^^^^ use of unresolved module or unlinked crate `nmp_native_runtime`
[INFO] [stdout]    |
[INFO] [stdout]    = help: if you wanted to use a crate named `nmp_native_runtime`, use `cargo add nmp_native_runtime` to add it to your `Cargo.toml`
[INFO] [stdout] 
[INFO] [stdout] 
[INFO] [stdout] error[E0433]: cannot find module or crate `nmp_native_runtime` in this scope
[INFO] [stdout]   --> tests/dispatch_integration.rs:71:38
[INFO] [stdout]    |
[INFO] [stdout] 71 |     let app = Box::into_raw(Box::new(nmp_native_runtime::new_app()));
[INFO] [stdout]    |                                      ^^^^^^^^^^^^^^^^^^ use of unresolved module or unlinked crate `nmp_native_runtime`
[INFO] [stdout]    |
[INFO] [stdout]    = help: if you wanted to use a crate named `nmp_native_runtime`, use `cargo add nmp_native_runtime` to add it to your `Cargo.toml`
[INFO] [stdout] 
[INFO] [stdout] 
[INFO] [stdout] error[E0433]: cannot find module or crate `nmp_native_runtime` in this scope
[INFO] [stdout]    --> tests/local_publish_follow_set.rs:120:38
[INFO] [stdout]     |
[INFO] [stdout] 120 |     let app = Box::into_raw(Box::new(nmp_native_runtime::new_app()));
[INFO] [stdout]     |                                      ^^^^^^^^^^^^^^^^^^ use of unresolved module or unlinked crate `nmp_native_runtime`
[INFO] [stdout]     |
[INFO] [stdout]     = help: if you wanted to use a crate named `nmp_native_runtime`, use `cargo add nmp_native_runtime` to add it to your `Cargo.toml`
[INFO] [stdout] 
[INFO] [stdout] 
[INFO] [stdout] error[E0433]: cannot find module or crate `nmp_substrate` in this scope
[INFO] [stdout]    --> tests/local_publish_follow_set.rs:125:9
[INFO] [stdout]     |
[INFO] [stdout] 125 |         nmp_substrate::install(&mut *app, nmp_substrate::SubstrateConfig::default());
[INFO] [stdout]     |         ^^^^^^^^^^^^^ use of unresolved module or unlinked crate `nmp_substrate`
[INFO] [stdout]     |
[INFO] [stdout]     = help: if you wanted to use a crate named `nmp_substrate`, use `cargo add nmp_substrate` to add it to your `Cargo.toml`
[INFO] [stdout] 
[INFO] [stdout] 
[INFO] [stdout] error[E0433]: cannot find module or crate `nmp_native_runtime` in this scope
[INFO] [stdout]    --> tests/dispatch_integration.rs:363:38
[INFO] [stdout]     |
[INFO] [stdout] 363 |     let app = Box::into_raw(Box::new(nmp_native_runtime::new_app()));
[INFO] [stdout]     |                                      ^^^^^^^^^^^^^^^^^^ use of unresolved module or unlinked crate `nmp_native_runtime`
[INFO] [stdout]     |
[INFO] [stdout]     = help: if you wanted to use a crate named `nmp_native_runtime`, use `cargo add nmp_native_runtime` to add it to your `Cargo.toml`
[INFO] [stdout] 
[INFO] [stdout] 
[INFO] [stdout] Some errors have detailed explanations: E0432, E0433.
[INFO] [stdout] 
[INFO] [stderr] error: could not compile `nmp-nip02` (test "local_publish_follow_set") due to 6 previous errors
[INFO] [stdout] For more information about an error, try `rustc --explain E0432`.
[INFO] [stdout] 
[INFO] [stderr] warning: build failed, waiting for other jobs to finish...
[INFO] [stdout] Some errors have detailed explanations: E0432, E0433.
[INFO] [stdout] 
[INFO] [stdout] For more information about an error, try `rustc --explain E0432`.
[INFO] [stdout] 
[INFO] [stderr] error: could not compile `nmp-nip02` (test "dispatch_integration") due to 9 previous errors
[INFO] [stdout] error[E0599]: no associated function or constant named `from_raw_unchecked` found for struct `VerifiedEvent` in the current scope
[INFO] [stdout]    --> src/latest_kind3.rs:171:28
[INFO] [stdout]     |
[INFO] [stdout] 171 |             VerifiedEvent::from_raw_unchecked(raw),
[INFO] [stdout]     |                            ^^^^^^^^^^^^^^^^^^ associated function or constant not found in `VerifiedEvent`
[INFO] [stdout]     |
[INFO] [stdout] note: if you're trying to build a new `VerifiedEvent`, consider using `VerifiedEvent::try_from_raw` which returns `Result<VerifiedEvent, VerifyError>`
[INFO] [stdout]    --> /opt/rustwide/cargo-home/registry/src/index.crates.io-1949cf8c6b5b557f/nmp-store-1.0.0-rc.1/src/types/events.rs:164:5
[INFO] [stdout]     |
[INFO] [stdout] 164 |     pub fn try_from_raw(raw: RawEvent) -> Result<Self, VerifyError> {
[INFO] [stdout]     |     ^^^^^^^^^^^^^^^^^^^^^^^^^^^^^^^^^^^^^^^^^^^^^^^^^^^^^^^^^^^^^^^
[INFO] [stdout] 
[INFO] [stdout] 
[INFO] [stdout] For more information about this error, try `rustc --explain E0599`.
[INFO] [stdout] 
[INFO] [stderr] error: could not compile `nmp-nip02` (lib test) due to 1 previous error
[INFO] running `Command { std: "docker" "inspect" "012f74184ec6c9e8bb8606cc6842591736a760a882794ecaecdb43ad58e23a1d", kill_on_drop: false }`
[INFO] running `Command { std: "docker" "rm" "-f" "012f74184ec6c9e8bb8606cc6842591736a760a882794ecaecdb43ad58e23a1d", kill_on_drop: false }`
[INFO] [stdout] 012f74184ec6c9e8bb8606cc6842591736a760a882794ecaecdb43ad58e23a1d
