[INFO] fetching crate njord 0.5.0...
[INFO] building njord-0.5.0 against 1.100.0-beta.1+cargoflags=--release for beta-release-1.100-2
[INFO] extracting crate njord 0.5.0 into /workspace/builds/worker-6-tc2/source
[INFO] started tweaking crates.io crate njord 0.5.0
[INFO] removed 0 missing tests
[INFO] finished tweaking crates.io crate njord 0.5.0
[INFO] tweaked toml for crates.io crate njord 0.5.0 written to /workspace/builds/worker-6-tc2/source/Cargo.toml
[INFO] validating manifest of crates.io crate njord 0.5.0 on toolchain 1.100.0-beta.1
[INFO] running `Command { std: CARGO_HOME="/workspace/cargo-home" RUSTUP_HOME="/workspace/rustup-home" "/workspace/cargo-home/bin/cargo" "+1.100.0-beta.1" "metadata" "--manifest-path" "Cargo.toml" "--no-deps", kill_on_drop: false }`
[INFO] running `Command { std: CARGO_HOME="/workspace/cargo-home" RUSTUP_HOME="/workspace/rustup-home" "/workspace/cargo-home/bin/cargo" "+1.100.0-beta.1" "generate-lockfile" "--manifest-path" "Cargo.toml", kill_on_drop: false }`
[INFO] [stderr]     Blocking waiting for file lock on package cache
[INFO] [stderr]     Updating crates.io index
[INFO] [stderr]      Locking 285 packages to highest compatible versions
[INFO] [stderr]       Adding generic-array v0.14.7 (available: v0.14.9)
[INFO] [stderr]       Adding mysql v25.0.1 (available: v28.0.4)
[INFO] [stderr]       Adding rusqlite v0.32.1 (available: v0.40.2)
[INFO] [stderr]       Adding tiberius v0.12.3 (available: v0.13.0)
[INFO] running `Command { std: CARGO_HOME="/workspace/cargo-home" RUSTUP_HOME="/workspace/rustup-home" "/workspace/cargo-home/bin/cargo" "+1.100.0-beta.1" "fetch" "--manifest-path" "Cargo.toml", kill_on_drop: false }`
[INFO] running `Command { std: "docker" "create" "-v" "/var/lib/crater-agent-workspace/builds/worker-6-tc2/source:/opt/rustwide/workdir:ro,Z" "-v" "/var/lib/crater-agent-workspace/builds/worker-6-tc2/target:/opt/rustwide/target:rw,Z" "-v" "/var/lib/crater-agent-workspace/cargo-home:/opt/rustwide/cargo-home:ro,Z" "-v" "/var/lib/crater-agent-workspace/rustup-home:/opt/rustwide/rustup-home:ro,Z" "-m" "1610612736" "--network" "none" "ghcr.io/rust-lang/crates-build-env/linux@sha256:77db811e55d90add9212f6832c23229e3de5f1c1f9905e8cb07319ea15df73ac" "sleep" "infinity", kill_on_drop: false }`
[INFO] [stdout] 2439c90fe8c2d94b3511da2148b4522dbfc1d92e792862e609d4f26a1cb31938
[INFO] running `Command { std: "docker" "start" "2439c90fe8c2d94b3511da2148b4522dbfc1d92e792862e609d4f26a1cb31938", kill_on_drop: false }`
[INFO] running `Command { std: "docker" "inspect" "2439c90fe8c2d94b3511da2148b4522dbfc1d92e792862e609d4f26a1cb31938", kill_on_drop: false }`
[INFO] running `Command { std: "docker" "exec" "-e" "SOURCE_DIR=/opt/rustwide/workdir" "-e" "CARGO_HOME=/opt/rustwide/cargo-home" "-e" "RUSTUP_HOME=/opt/rustwide/rustup-home" "-e" "CARGO_TARGET_DIR=/opt/rustwide/target" "-w" "/opt/rustwide/workdir" "--user" "0:0" "2439c90fe8c2d94b3511da2148b4522dbfc1d92e792862e609d4f26a1cb31938" "/opt/rustwide/cargo-home/bin/cargo" "+1.100.0-beta.1" "metadata" "--no-deps" "--format-version=1", kill_on_drop: false }`
[INFO] running `Command { std: "docker" "inspect" "2439c90fe8c2d94b3511da2148b4522dbfc1d92e792862e609d4f26a1cb31938", kill_on_drop: false }`
[INFO] running `Command { std: "docker" "exec" "-e" "SOURCE_DIR=/opt/rustwide/workdir" "-e" "CARGO_HOME=/opt/rustwide/cargo-home" "-e" "RUSTUP_HOME=/opt/rustwide/rustup-home" "-e" "CARGO_TARGET_DIR=/opt/rustwide/target" "-e" "CARGO_INCREMENTAL=0" "-e" "RUST_BACKTRACE=full" "-e" "RUSTFLAGS=--cap-lints=warn" "-e" "RUSTDOCFLAGS=--cap-lints=warn" "-w" "/opt/rustwide/workdir" "--user" "0:0" "2439c90fe8c2d94b3511da2148b4522dbfc1d92e792862e609d4f26a1cb31938" "/opt/rustwide/cargo-home/bin/cargo" "+1.100.0-beta.1" "build" "--frozen" "--message-format=json" "--release", kill_on_drop: false }`
[INFO] [stderr]    Compiling zerocopy v0.8.63
[INFO] [stderr]    Compiling find-msvc-tools v0.1.14
[INFO] [stderr]    Compiling shlex v2.0.1
[INFO] [stderr]    Compiling once_cell v1.21.4
[INFO] [stderr]    Compiling pkg-config v0.3.34
[INFO] [stderr]    Compiling serde_core v1.0.229
[INFO] [stderr]    Compiling serde v1.0.229
[INFO] [stderr]    Compiling fallible-streaming-iterator v0.1.9
[INFO] [stderr]    Compiling smallvec v1.16.3
[INFO] [stderr]    Compiling fallible-iterator v0.3.0
[INFO] [stderr]    Compiling bitflags v2.13.2
[INFO] [stderr]    Compiling ahash v0.8.12
[INFO] [stderr]    Compiling log v0.4.34
[INFO] [stderr]    Compiling syn v2.0.119
[INFO] [stderr]    Compiling cc v1.8.0
[INFO] [stderr]    Compiling libsqlite3-sys v0.30.1
[INFO] [stderr]    Compiling njord_derive v0.5.0
[INFO] [stderr]    Compiling hashbrown v0.14.5
[INFO] [stderr]    Compiling hashlink v0.9.1
[INFO] [stderr]    Compiling rusqlite v0.32.1
[INFO] [stderr]    Compiling njord v0.5.0 (/opt/rustwide/workdir)
[INFO] [stdout] warning: unused import: `info`
[INFO] [stdout]   --> src/sqlite/delete.rs:42:18
[INFO] [stdout]    |
[INFO] [stdout] 42 | use log::{debug, info};
[INFO] [stdout]    |                  ^^^^
[INFO] [stdout]    |
[INFO] [stdout]    = note: `#[warn(unused_imports)]` (part of `#[warn(unused)]`) on by default
[INFO] [stdout] 
[INFO] [stdout] 
[INFO] [stdout] warning: unused import: `info`
[INFO] [stdout]   --> src/sqlite/update.rs:42:18
[INFO] [stdout]    |
[INFO] [stdout] 42 | use log::{debug, info};
[INFO] [stdout]    |                  ^^^^
[INFO] [stdout] 
[INFO] [stdout] 
[INFO] [stderr]     Finished `release` profile [optimized] target(s) in 1m 21s
[INFO] running `Command { std: "docker" "inspect" "2439c90fe8c2d94b3511da2148b4522dbfc1d92e792862e609d4f26a1cb31938", kill_on_drop: false }`
[INFO] running `Command { std: "docker" "exec" "-e" "SOURCE_DIR=/opt/rustwide/workdir" "-e" "CARGO_HOME=/opt/rustwide/cargo-home" "-e" "RUSTUP_HOME=/opt/rustwide/rustup-home" "-e" "CARGO_TARGET_DIR=/opt/rustwide/target" "-e" "CARGO_INCREMENTAL=0" "-e" "RUST_BACKTRACE=full" "-e" "RUSTFLAGS=--cap-lints=warn" "-e" "RUSTDOCFLAGS=--cap-lints=warn" "-w" "/opt/rustwide/workdir" "--user" "0:0" "2439c90fe8c2d94b3511da2148b4522dbfc1d92e792862e609d4f26a1cb31938" "/opt/rustwide/cargo-home/bin/cargo" "+1.100.0-beta.1" "test" "--frozen" "--no-run" "--message-format=json" "--release", kill_on_drop: false }`
[INFO] [stderr]    Compiling njord v0.5.0 (/opt/rustwide/workdir)
[INFO] [stdout] warning: unused import: `info`
[INFO] [stdout]   --> src/sqlite/delete.rs:42:18
[INFO] [stdout]    |
[INFO] [stdout] 42 | use log::{debug, info};
[INFO] [stdout]    |                  ^^^^
[INFO] [stdout]    |
[INFO] [stdout]    = note: `#[warn(unused_imports)]` (part of `#[warn(unused)]`) on by default
[INFO] [stdout] 
[INFO] [stdout] 
[INFO] [stdout] warning: unused import: `info`
[INFO] [stdout]   --> src/sqlite/update.rs:42:18
[INFO] [stdout]    |
[INFO] [stdout] 42 | use log::{debug, info};
[INFO] [stdout]    |                  ^^^^
[INFO] [stdout] 
[INFO] [stdout] 
[INFO] [stdout] error[E0432]: unresolved import `njord::mssql`
[INFO] [stdout]   --> tests/mssql/delete_test.rs:4:5
[INFO] [stdout]    |
[INFO] [stdout]  4 | use njord::mssql;
[INFO] [stdout]    |     ^^^^^^^-----
[INFO] [stdout]    |            |
[INFO] [stdout]    |            no `mssql` in the root
[INFO] [stdout]    |
[INFO] [stdout] note: found an item that was configured out
[INFO] [stdout]   --> src/lib.rs:47:9
[INFO] [stdout]    |
[INFO] [stdout] 46 | #[cfg(feature = "mssql")]
[INFO] [stdout]    |       ----------------- the item is gated behind the `mssql` feature
[INFO] [stdout] 47 | pub mod mssql;
[INFO] [stdout]    |         ^^^^^
[INFO] [stdout] 
[INFO] [stdout] 
[INFO] [stdout] error[E0432]: unresolved import `njord::mssql`
[INFO] [stdout]   --> tests/mssql/insert_test.rs:3:5
[INFO] [stdout]    |
[INFO] [stdout]  3 | use njord::mssql;
[INFO] [stdout]    |     ^^^^^^^-----
[INFO] [stdout]    |            |
[INFO] [stdout]    |            no `mssql` in the root
[INFO] [stdout]    |
[INFO] [stdout] note: found an item that was configured out
[INFO] [stdout]   --> src/lib.rs:47:9
[INFO] [stdout]    |
[INFO] [stdout] 46 | #[cfg(feature = "mssql")]
[INFO] [stdout]    |       ----------------- the item is gated behind the `mssql` feature
[INFO] [stdout] 47 | pub mod mssql;
[INFO] [stdout]    |         ^^^^^
[INFO] [stdout] 
[INFO] [stdout] 
[INFO] [stdout] error[E0432]: unresolved import `njord::mssql`
[INFO] [stdout]   --> tests/mssql/open_test.rs:1:5
[INFO] [stdout]    |
[INFO] [stdout]  1 | use njord::mssql;
[INFO] [stdout]    |     ^^^^^^^-----
[INFO] [stdout]    |            |
[INFO] [stdout]    |            no `mssql` in the root
[INFO] [stdout]    |
[INFO] [stdout] note: found an item that was configured out
[INFO] [stdout]   --> src/lib.rs:47:9
[INFO] [stdout]    |
[INFO] [stdout] 46 | #[cfg(feature = "mssql")]
[INFO] [stdout]    |       ----------------- the item is gated behind the `mssql` feature
[INFO] [stdout] 47 | pub mod mssql;
[INFO] [stdout]    |         ^^^^^
[INFO] [stdout] 
[INFO] [stdout] 
[INFO] [stdout] error[E0432]: unresolved import `njord::mssql`
[INFO] [stdout]   --> tests/mssql/select_joins_test.rs:3:5
[INFO] [stdout]    |
[INFO] [stdout]  3 | use njord::mssql;
[INFO] [stdout]    |     ^^^^^^^-----
[INFO] [stdout]    |            |
[INFO] [stdout]    |            no `mssql` in the root
[INFO] [stdout]    |
[INFO] [stdout] note: found an item that was configured out
[INFO] [stdout]   --> src/lib.rs:47:9
[INFO] [stdout]    |
[INFO] [stdout] 46 | #[cfg(feature = "mssql")]
[INFO] [stdout]    |       ----------------- the item is gated behind the `mssql` feature
[INFO] [stdout] 47 | pub mod mssql;
[INFO] [stdout]    |         ^^^^^
[INFO] [stdout] 
[INFO] [stdout] 
[INFO] [stdout] error[E0432]: unresolved import `njord::mariadb`
[INFO] [stdout]   --> tests/mariadb/delete_test.rs:5:5
[INFO] [stdout]    |
[INFO] [stdout]  5 | use njord::mariadb;
[INFO] [stdout]    |     ^^^^^^^-------
[INFO] [stdout]    |            |
[INFO] [stdout]    |            no `mariadb` in the root
[INFO] [stdout]    |
[INFO] [stdout] note: found an item that was configured out
[INFO] [stdout]   --> src/lib.rs:50:9
[INFO] [stdout]    |
[INFO] [stdout] 49 | #[cfg(feature = "mariadb")]
[INFO] [stdout]    |       ------------------- the item is gated behind the `mariadb` feature
[INFO] [stdout] 50 | pub mod mariadb;
[INFO] [stdout]    |         ^^^^^^^
[INFO] [stdout] 
[INFO] [stdout] 
[INFO] [stdout] error[E0432]: unresolved import `njord::mssql`
[INFO] [stdout]   --> tests/mssql/select_test.rs:3:5
[INFO] [stdout]    |
[INFO] [stdout]  3 | use njord::mssql;
[INFO] [stdout]    |     ^^^^^^^-----
[INFO] [stdout]    |            |
[INFO] [stdout]    |            no `mssql` in the root
[INFO] [stdout]    |
[INFO] [stdout] note: found an item that was configured out
[INFO] [stdout]   --> src/lib.rs:47:9
[INFO] [stdout]    |
[INFO] [stdout] 46 | #[cfg(feature = "mssql")]
[INFO] [stdout]    |       ----------------- the item is gated behind the `mssql` feature
[INFO] [stdout] 47 | pub mod mssql;
[INFO] [stdout]    |         ^^^^^
[INFO] [stdout] 
[INFO] [stdout] 
[INFO] [stdout] error[E0432]: unresolved import `njord::mssql`
[INFO] [stdout]   --> tests/mssql/update_test.rs:4:5
[INFO] [stdout]    |
[INFO] [stdout]  4 | use njord::mssql;
[INFO] [stdout]    |     ^^^^^^^-----
[INFO] [stdout]    |            |
[INFO] [stdout]    |            no `mssql` in the root
[INFO] [stdout]    |
[INFO] [stdout] note: found an item that was configured out
[INFO] [stdout]   --> src/lib.rs:47:9
[INFO] [stdout]    |
[INFO] [stdout] 46 | #[cfg(feature = "mssql")]
[INFO] [stdout]    |       ----------------- the item is gated behind the `mssql` feature
[INFO] [stdout] 47 | pub mod mssql;
[INFO] [stdout]    |         ^^^^^
[INFO] [stdout] 
[INFO] [stdout] 
[INFO] [stdout] error[E0433]: cannot find module or crate `tokio` in this scope
[INFO] [stdout]  --> tests/mssql/delete_test.rs:7:3
[INFO] [stdout]   |
[INFO] [stdout] 7 | #[tokio::test]
[INFO] [stdout]   |   ^^^^^ use of unresolved module or unlinked crate `tokio`
[INFO] [stdout] 
[INFO] [stdout] 
[INFO] [stdout] error[E0433]: cannot find module or crate `tokio` in this scope
[INFO] [stdout]  --> tests/mssql/insert_test.rs:6:3
[INFO] [stdout]   |
[INFO] [stdout] 6 | #[tokio::test]
[INFO] [stdout]   |   ^^^^^ use of unresolved module or unlinked crate `tokio`
[INFO] [stdout] 
[INFO] [stdout] 
[INFO] [stdout] error[E0433]: cannot find module or crate `tokio` in this scope
[INFO] [stdout]   --> tests/mssql/insert_test.rs:30:3
[INFO] [stdout]    |
[INFO] [stdout] 30 | #[tokio::test]
[INFO] [stdout]    |   ^^^^^ use of unresolved module or unlinked crate `tokio`
[INFO] [stdout] 
[INFO] [stdout] 
[INFO] [stdout] error[E0433]: cannot find module or crate `tokio` in this scope
[INFO] [stdout]  --> tests/mssql/open_test.rs:3:3
[INFO] [stdout]   |
[INFO] [stdout] 3 | #[tokio::test]
[INFO] [stdout]   |   ^^^^^ use of unresolved module or unlinked crate `tokio`
[INFO] [stdout] 
[INFO] [stdout] 
[INFO] [stdout] error[E0433]: cannot find module or crate `tokio` in this scope
[INFO] [stdout]   --> tests/mssql/select_joins_test.rs:37:3
[INFO] [stdout]    |
[INFO] [stdout] 37 | #[tokio::test]
[INFO] [stdout]    |   ^^^^^ use of unresolved module or unlinked crate `tokio`
[INFO] [stdout] 
[INFO] [stdout] 
[INFO] [stdout] error[E0433]: cannot find module or crate `tokio` in this scope
[INFO] [stdout]    --> tests/mssql/select_joins_test.rs:116:3
[INFO] [stdout]     |
[INFO] [stdout] 116 | #[tokio::test]
[INFO] [stdout]     |   ^^^^^ use of unresolved module or unlinked crate `tokio`
[INFO] [stdout] 
[INFO] [stdout] 
[INFO] [stdout] error[E0433]: cannot find module or crate `tokio` in this scope
[INFO] [stdout]   --> tests/mssql/select_test.rs:30:3
[INFO] [stdout]    |
[INFO] [stdout] 30 | #[tokio::test]
[INFO] [stdout]    |   ^^^^^ use of unresolved module or unlinked crate `tokio`
[INFO] [stdout] 
[INFO] [stdout] 
[INFO] [stdout] error[E0433]: cannot find module or crate `tokio` in this scope
[INFO] [stdout]   --> tests/mssql/select_test.rs:38:3
[INFO] [stdout]    |
[INFO] [stdout] 38 | #[tokio::test]
[INFO] [stdout]    |   ^^^^^ use of unresolved module or unlinked crate `tokio`
[INFO] [stdout] 
[INFO] [stdout] 
[INFO] [stdout] error[E0433]: cannot find module or crate `tokio` in this scope
[INFO] [stdout]   --> tests/mssql/select_test.rs:62:3
[INFO] [stdout]    |
[INFO] [stdout] 62 | #[tokio::test]
[INFO] [stdout]    |   ^^^^^ use of unresolved module or unlinked crate `tokio`
[INFO] [stdout] 
[INFO] [stdout] 
[INFO] [stdout] error[E0433]: cannot find module or crate `tokio` in this scope
[INFO] [stdout]    --> tests/mssql/select_test.rs:101:3
[INFO] [stdout]     |
[INFO] [stdout] 101 | #[tokio::test]
[INFO] [stdout]     |   ^^^^^ use of unresolved module or unlinked crate `tokio`
[INFO] [stdout] 
[INFO] [stdout] 
[INFO] [stdout] error[E0433]: cannot find module or crate `tokio` in this scope
[INFO] [stdout]    --> tests/mssql/select_test.rs:131:3
[INFO] [stdout]     |
[INFO] [stdout] 131 | #[tokio::test]
[INFO] [stdout]     |   ^^^^^ use of unresolved module or unlinked crate `tokio`
[INFO] [stdout] 
[INFO] [stdout] 
[INFO] [stdout] error[E0433]: cannot find module or crate `tokio` in this scope
[INFO] [stdout]    --> tests/mssql/select_test.rs:190:3
[INFO] [stdout]     |
[INFO] [stdout] 190 | #[tokio::test]
[INFO] [stdout]     |   ^^^^^ use of unresolved module or unlinked crate `tokio`
[INFO] [stdout] 
[INFO] [stdout] 
[INFO] [stdout] error[E0433]: cannot find module or crate `tokio` in this scope
[INFO] [stdout]    --> tests/mssql/select_test.rs:263:3
[INFO] [stdout]     |
[INFO] [stdout] 263 | #[tokio::test]
[INFO] [stdout]     |   ^^^^^ use of unresolved module or unlinked crate `tokio`
[INFO] [stdout] 
[INFO] [stdout] 
[INFO] [stdout] error[E0433]: cannot find module or crate `tokio` in this scope
[INFO] [stdout]    --> tests/mssql/select_test.rs:329:3
[INFO] [stdout]     |
[INFO] [stdout] 329 | #[tokio::test]
[INFO] [stdout]     |   ^^^^^ use of unresolved module or unlinked crate `tokio`
[INFO] [stdout] 
[INFO] [stdout] 
[INFO] [stdout] error[E0433]: cannot find module or crate `tokio` in this scope
[INFO] [stdout]    --> tests/mssql/select_test.rs:391:3
[INFO] [stdout]     |
[INFO] [stdout] 391 | #[tokio::test]
[INFO] [stdout]     |   ^^^^^ use of unresolved module or unlinked crate `tokio`
[INFO] [stdout] 
[INFO] [stdout] 
[INFO] [stdout] error[E0433]: cannot find module or crate `tokio` in this scope
[INFO] [stdout]    --> tests/mssql/select_test.rs:448:3
[INFO] [stdout]     |
[INFO] [stdout] 448 | #[tokio::test]
[INFO] [stdout]     |   ^^^^^ use of unresolved module or unlinked crate `tokio`
[INFO] [stdout] 
[INFO] [stdout] 
[INFO] [stdout] error[E0433]: cannot find module or crate `tokio` in this scope
[INFO] [stdout]    --> tests/mssql/select_test.rs:620:3
[INFO] [stdout]     |
[INFO] [stdout] 620 | #[tokio::test]
[INFO] [stdout]     |   ^^^^^ use of unresolved module or unlinked crate `tokio`
[INFO] [stdout] 
[INFO] [stdout] 
[INFO] [stdout] error[E0433]: cannot find module or crate `tokio` in this scope
[INFO] [stdout]    --> tests/mssql/select_test.rs:702:3
[INFO] [stdout]     |
[INFO] [stdout] 702 | #[tokio::test]
[INFO] [stdout]     |   ^^^^^ use of unresolved module or unlinked crate `tokio`
[INFO] [stdout] 
[INFO] [stdout] 
[INFO] [stdout] error[E0433]: cannot find module or crate `tokio` in this scope
[INFO] [stdout]    --> tests/mssql/select_test.rs:781:3
[INFO] [stdout]     |
[INFO] [stdout] 781 | #[tokio::test]
[INFO] [stdout]     |   ^^^^^ use of unresolved module or unlinked crate `tokio`
[INFO] [stdout] 
[INFO] [stdout] 
[INFO] [stdout] error[E0433]: cannot find module or crate `tokio` in this scope
[INFO] [stdout]  --> tests/mssql/update_test.rs:7:3
[INFO] [stdout]   |
[INFO] [stdout] 7 | #[tokio::test]
[INFO] [stdout]   |   ^^^^^ use of unresolved module or unlinked crate `tokio`
[INFO] [stdout] 
[INFO] [stdout] 
[INFO] [stdout] error[E0432]: unresolved import `njord::mariadb`
[INFO] [stdout]   --> tests/mariadb/insert_test.rs:3:5
[INFO] [stdout]    |
[INFO] [stdout]  3 | use njord::mariadb;
[INFO] [stdout]    |     ^^^^^^^-------
[INFO] [stdout]    |            |
[INFO] [stdout]    |            no `mariadb` in the root
[INFO] [stdout]    |
[INFO] [stdout] note: found an item that was configured out
[INFO] [stdout]   --> src/lib.rs:50:9
[INFO] [stdout]    |
[INFO] [stdout] 49 | #[cfg(feature = "mariadb")]
[INFO] [stdout]    |       ------------------- the item is gated behind the `mariadb` feature
[INFO] [stdout] 50 | pub mod mariadb;
[INFO] [stdout]    |         ^^^^^^^
[INFO] [stdout] 
[INFO] [stdout] 
[INFO] [stdout] error[E0432]: unresolved import `njord::mariadb`
[INFO] [stdout]   --> tests/mariadb/open_test.rs:1:5
[INFO] [stdout]    |
[INFO] [stdout]  1 | use njord::mariadb;
[INFO] [stdout]    |     ^^^^^^^-------
[INFO] [stdout]    |            |
[INFO] [stdout]    |            no `mariadb` in the root
[INFO] [stdout]    |
[INFO] [stdout] note: found an item that was configured out
[INFO] [stdout]   --> src/lib.rs:50:9
[INFO] [stdout]    |
[INFO] [stdout] 49 | #[cfg(feature = "mariadb")]
[INFO] [stdout]    |       ------------------- the item is gated behind the `mariadb` feature
[INFO] [stdout] 50 | pub mod mariadb;
[INFO] [stdout]    |         ^^^^^^^
[INFO] [stdout] 
[INFO] [stdout] 
[INFO] [stdout] error[E0432]: unresolved import `njord::mariadb`
[INFO] [stdout]   --> tests/mariadb/select_joins_test.rs:3:5
[INFO] [stdout]    |
[INFO] [stdout]  3 | use njord::mariadb;
[INFO] [stdout]    |     ^^^^^^^-------
[INFO] [stdout]    |            |
[INFO] [stdout]    |            no `mariadb` in the root
[INFO] [stdout]    |
[INFO] [stdout] note: found an item that was configured out
[INFO] [stdout]   --> src/lib.rs:50:9
[INFO] [stdout]    |
[INFO] [stdout] 49 | #[cfg(feature = "mariadb")]
[INFO] [stdout]    |       ------------------- the item is gated behind the `mariadb` feature
[INFO] [stdout] 50 | pub mod mariadb;
[INFO] [stdout]    |         ^^^^^^^
[INFO] [stdout] 
[INFO] [stdout] 
[INFO] [stdout] error[E0432]: unresolved import `njord::oracle`
[INFO] [stdout]   --> tests/oracle/delete_test.rs:4:5
[INFO] [stdout]    |
[INFO] [stdout]  4 | use njord::oracle;
[INFO] [stdout]    |     ^^^^^^^------
[INFO] [stdout]    |            |
[INFO] [stdout]    |            no `oracle` in the root
[INFO] [stdout]    |
[INFO] [stdout] note: found an item that was configured out
[INFO] [stdout]   --> src/lib.rs:44:9
[INFO] [stdout]    |
[INFO] [stdout] 43 | #[cfg(feature = "oracle")]
[INFO] [stdout]    |       ------------------ the item is gated behind the `oracle` feature
[INFO] [stdout] 44 | pub mod oracle;
[INFO] [stdout]    |         ^^^^^^
[INFO] [stdout] 
[INFO] [stdout] 
[INFO] [stdout] error[E0432]: unresolved import `njord::mariadb`
[INFO] [stdout]   --> tests/mariadb/select_test.rs:4:12
[INFO] [stdout]    |
[INFO] [stdout]  4 | use njord::mariadb::{self};
[INFO] [stdout]    |            ^^^^^^^ could not find `mariadb` in `njord`
[INFO] [stdout]    |
[INFO] [stdout] note: found an item that was configured out
[INFO] [stdout]   --> src/lib.rs:50:9
[INFO] [stdout]    |
[INFO] [stdout] 49 | #[cfg(feature = "mariadb")]
[INFO] [stdout]    |       ------------------- the item is gated behind the `mariadb` feature
[INFO] [stdout] 50 | pub mod mariadb;
[INFO] [stdout]    |         ^^^^^^^
[INFO] [stdout] 
[INFO] [stdout] 
[INFO] [stdout] error[E0432]: unresolved import `njord::mariadb`
[INFO] [stdout]   --> tests/mariadb/update_test.rs:4:5
[INFO] [stdout]    |
[INFO] [stdout]  4 | use njord::mariadb;
[INFO] [stdout]    |     ^^^^^^^-------
[INFO] [stdout]    |            |
[INFO] [stdout]    |            no `mariadb` in the root
[INFO] [stdout]    |
[INFO] [stdout] note: found an item that was configured out
[INFO] [stdout]   --> src/lib.rs:50:9
[INFO] [stdout]    |
[INFO] [stdout] 49 | #[cfg(feature = "mariadb")]
[INFO] [stdout]    |       ------------------- the item is gated behind the `mariadb` feature
[INFO] [stdout] 50 | pub mod mariadb;
[INFO] [stdout]    |         ^^^^^^^
[INFO] [stdout] 
[INFO] [stdout] 
[INFO] [stdout] error[E0432]: unresolved import `njord::oracle`
[INFO] [stdout]   --> tests/oracle/insert_test.rs:3:5
[INFO] [stdout]    |
[INFO] [stdout]  3 | use njord::oracle;
[INFO] [stdout]    |     ^^^^^^^------
[INFO] [stdout]    |            |
[INFO] [stdout]    |            no `oracle` in the root
[INFO] [stdout]    |
[INFO] [stdout] note: found an item that was configured out
[INFO] [stdout]   --> src/lib.rs:44:9
[INFO] [stdout]    |
[INFO] [stdout] 43 | #[cfg(feature = "oracle")]
[INFO] [stdout]    |       ------------------ the item is gated behind the `oracle` feature
[INFO] [stdout] 44 | pub mod oracle;
[INFO] [stdout]    |         ^^^^^^
[INFO] [stdout] 
[INFO] [stdout] 
[INFO] [stdout] error[E0432]: unresolved import `njord::oracle`
[INFO] [stdout]   --> tests/oracle/open_test.rs:1:5
[INFO] [stdout]    |
[INFO] [stdout]  1 | use njord::oracle;
[INFO] [stdout]    |     ^^^^^^^------
[INFO] [stdout]    |            |
[INFO] [stdout]    |            no `oracle` in the root
[INFO] [stdout]    |
[INFO] [stdout] note: found an item that was configured out
[INFO] [stdout]   --> src/lib.rs:44:9
[INFO] [stdout]    |
[INFO] [stdout] 43 | #[cfg(feature = "oracle")]
[INFO] [stdout]    |       ------------------ the item is gated behind the `oracle` feature
[INFO] [stdout] 44 | pub mod oracle;
[INFO] [stdout]    |         ^^^^^^
[INFO] [stdout] 
[INFO] [stdout] 
[INFO] [stdout] error[E0432]: unresolved import `njord::oracle`
[INFO] [stdout]   --> tests/oracle/select_joins_test.rs:4:5
[INFO] [stdout]    |
[INFO] [stdout]  4 | use njord::oracle;
[INFO] [stdout]    |     ^^^^^^^------
[INFO] [stdout]    |            |
[INFO] [stdout]    |            no `oracle` in the root
[INFO] [stdout]    |
[INFO] [stdout] note: found an item that was configured out
[INFO] [stdout]   --> src/lib.rs:44:9
[INFO] [stdout]    |
[INFO] [stdout] 43 | #[cfg(feature = "oracle")]
[INFO] [stdout]    |       ------------------ the item is gated behind the `oracle` feature
[INFO] [stdout] 44 | pub mod oracle;
[INFO] [stdout]    |         ^^^^^^
[INFO] [stdout] 
[INFO] [stdout] 
[INFO] [stdout] error[E0432]: unresolved import `mysql`
[INFO] [stdout]  --> tests/mariadb/delete_test.rs:2:7
[INFO] [stdout]   |
[INFO] [stdout] 2 | use ::mysql::PooledConn;
[INFO] [stdout]   |       ^^^^^ could not find `mysql` in the list of imported crates
[INFO] [stdout] 
[INFO] [stdout] 
[INFO] [stdout] error[E0432]: unresolved import `mysql`
[INFO] [stdout]  --> tests/mariadb/select_test.rs:1:7
[INFO] [stdout]   |
[INFO] [stdout] 1 | use ::mysql::PooledConn;
[INFO] [stdout]   |       ^^^^^ could not find `mysql` in the list of imported crates
[INFO] [stdout] 
[INFO] [stdout] 
[INFO] [stdout] error[E0432]: unresolved import `njord::oracle`
[INFO] [stdout]   --> tests/oracle/select_test.rs:4:12
[INFO] [stdout]    |
[INFO] [stdout]  4 | use njord::oracle::{self};
[INFO] [stdout]    |            ^^^^^^ could not find `oracle` in `njord`
[INFO] [stdout]    |
[INFO] [stdout] note: found an item that was configured out
[INFO] [stdout]   --> src/lib.rs:44:9
[INFO] [stdout]    |
[INFO] [stdout] 43 | #[cfg(feature = "oracle")]
[INFO] [stdout]    |       ------------------ the item is gated behind the `oracle` feature
[INFO] [stdout] 44 | pub mod oracle;
[INFO] [stdout]    |         ^^^^^^
[INFO] [stdout] 
[INFO] [stdout] 
[INFO] [stdout] error[E0432]: unresolved import `njord::oracle`
[INFO] [stdout]   --> tests/oracle/update_test.rs:4:5
[INFO] [stdout]    |
[INFO] [stdout]  4 | use njord::oracle;
[INFO] [stdout]    |     ^^^^^^^------
[INFO] [stdout]    |            |
[INFO] [stdout]    |            no `oracle` in the root
[INFO] [stdout]    |
[INFO] [stdout] note: found an item that was configured out
[INFO] [stdout]   --> src/lib.rs:44:9
[INFO] [stdout]    |
[INFO] [stdout] 43 | #[cfg(feature = "oracle")]
[INFO] [stdout]    |       ------------------ the item is gated behind the `oracle` feature
[INFO] [stdout] 44 | pub mod oracle;
[INFO] [stdout]    |         ^^^^^^
[INFO] [stdout] 
[INFO] [stdout] 
[INFO] [stdout] error[E0432]: unresolved import `oracle`
[INFO] [stdout]  --> tests/oracle/select_joins_test.rs:1:7
[INFO] [stdout]   |
[INFO] [stdout] 1 | use ::oracle::Connection;
[INFO] [stdout]   |       ^^^^^^ could not find `oracle` in the list of imported crates
[INFO] [stdout] 
[INFO] [stdout] 
[INFO] [stdout] error[E0432]: unresolved import `oracle`
[INFO] [stdout]  --> tests/oracle/select_test.rs:1:7
[INFO] [stdout]   |
[INFO] [stdout] 1 | use ::oracle::Connection;
[INFO] [stdout]   |       ^^^^^^ could not find `oracle` in the list of imported crates
[INFO] [stdout] 
[INFO] [stdout] 
[INFO] [stdout] warning: unused import: `info`
[INFO] [stdout]   --> src/sqlite/delete.rs:42:18
[INFO] [stdout]    |
[INFO] [stdout] 42 | use log::{debug, info};
[INFO] [stdout]    |                  ^^^^
[INFO] [stdout]    |
[INFO] [stdout]    = note: `#[warn(unused_imports)]` (part of `#[warn(unused)]`) on by default
[INFO] [stdout] 
[INFO] [stdout] 
[INFO] [stdout] warning: unused import: `info`
[INFO] [stdout]   --> src/sqlite/update.rs:42:18
[INFO] [stdout]    |
[INFO] [stdout] 42 | use log::{debug, info};
[INFO] [stdout]    |                  ^^^^
[INFO] [stdout] 
[INFO] [stdout] 
[INFO] [stdout] error[E0432]: unresolved import `njord::mysql`
[INFO] [stdout]   --> tests/mysql/delete_test.rs:5:5
[INFO] [stdout]    |
[INFO] [stdout]  5 | use njord::mysql;
[INFO] [stdout]    |     ^^^^^^^-----
[INFO] [stdout]    |            |
[INFO] [stdout]    |            no `mysql` in the root
[INFO] [stdout]    |
[INFO] [stdout] note: found an item that was configured out
[INFO] [stdout]   --> src/lib.rs:41:9
[INFO] [stdout]    |
[INFO] [stdout] 40 | #[cfg(feature = "mysql")]
[INFO] [stdout]    |       ----------------- the item is gated behind the `mysql` feature
[INFO] [stdout] 41 | pub mod mysql;
[INFO] [stdout]    |         ^^^^^
[INFO] [stdout] 
[INFO] [stdout] 
[INFO] [stdout] error[E0432]: unresolved import `njord::mysql`
[INFO] [stdout]   --> tests/mysql/insert_test.rs:3:5
[INFO] [stdout]    |
[INFO] [stdout]  3 | use njord::mysql;
[INFO] [stdout]    |     ^^^^^^^-----
[INFO] [stdout]    |            |
[INFO] [stdout]    |            no `mysql` in the root
[INFO] [stdout]    |
[INFO] [stdout] note: found an item that was configured out
[INFO] [stdout]   --> src/lib.rs:41:9
[INFO] [stdout]    |
[INFO] [stdout] 40 | #[cfg(feature = "mysql")]
[INFO] [stdout]    |       ----------------- the item is gated behind the `mysql` feature
[INFO] [stdout] 41 | pub mod mysql;
[INFO] [stdout]    |         ^^^^^
[INFO] [stdout] 
[INFO] [stdout] 
[INFO] [stdout] error[E0432]: unresolved import `njord::mysql`
[INFO] [stdout]   --> tests/mysql/open_test.rs:1:5
[INFO] [stdout]    |
[INFO] [stdout]  1 | use njord::mysql;
[INFO] [stdout]    |     ^^^^^^^-----
[INFO] [stdout]    |            |
[INFO] [stdout]    |            no `mysql` in the root
[INFO] [stdout]    |
[INFO] [stdout] note: found an item that was configured out
[INFO] [stdout]   --> src/lib.rs:41:9
[INFO] [stdout]    |
[INFO] [stdout] 40 | #[cfg(feature = "mysql")]
[INFO] [stdout]    |       ----------------- the item is gated behind the `mysql` feature
[INFO] [stdout] 41 | pub mod mysql;
[INFO] [stdout]    |         ^^^^^
[INFO] [stdout] 
[INFO] [stdout] 
[INFO] [stdout] error[E0432]: unresolved import `njord::mysql`
[INFO] [stdout]   --> tests/mysql/select_joins_test.rs:3:5
[INFO] [stdout]    |
[INFO] [stdout]  3 | use njord::mysql;
[INFO] [stdout]    |     ^^^^^^^-----
[INFO] [stdout]    |            |
[INFO] [stdout]    |            no `mysql` in the root
[INFO] [stdout]    |
[INFO] [stdout] note: found an item that was configured out
[INFO] [stdout]   --> src/lib.rs:41:9
[INFO] [stdout]    |
[INFO] [stdout] 40 | #[cfg(feature = "mysql")]
[INFO] [stdout]    |       ----------------- the item is gated behind the `mysql` feature
[INFO] [stdout] 41 | pub mod mysql;
[INFO] [stdout]    |         ^^^^^
[INFO] [stdout] 
[INFO] [stdout] 
[INFO] [stdout] error[E0432]: unresolved import `njord::mysql`
[INFO] [stdout]   --> tests/mysql/select_test.rs:4:12
[INFO] [stdout]    |
[INFO] [stdout]  4 | use njord::mysql::{self};
[INFO] [stdout]    |            ^^^^^ could not find `mysql` in `njord`
[INFO] [stdout]    |
[INFO] [stdout] note: found an item that was configured out
[INFO] [stdout]   --> src/lib.rs:41:9
[INFO] [stdout]    |
[INFO] [stdout] 40 | #[cfg(feature = "mysql")]
[INFO] [stdout]    |       ----------------- the item is gated behind the `mysql` feature
[INFO] [stdout] 41 | pub mod mysql;
[INFO] [stdout]    |         ^^^^^
[INFO] [stdout] 
[INFO] [stdout] 
[INFO] [stdout] error[E0432]: unresolved import `njord::mysql`
[INFO] [stdout]   --> tests/mysql/update_test.rs:4:5
[INFO] [stdout]    |
[INFO] [stdout]  4 | use njord::mysql;
[INFO] [stdout]    |     ^^^^^^^-----
[INFO] [stdout]    |            |
[INFO] [stdout]    |            no `mysql` in the root
[INFO] [stdout]    |
[INFO] [stdout] note: found an item that was configured out
[INFO] [stdout]   --> src/lib.rs:41:9
[INFO] [stdout]    |
[INFO] [stdout] 40 | #[cfg(feature = "mysql")]
[INFO] [stdout]    |       ----------------- the item is gated behind the `mysql` feature
[INFO] [stdout] 41 | pub mod mysql;
[INFO] [stdout]    |         ^^^^^
[INFO] [stdout] 
[INFO] [stdout] 
[INFO] [stdout] error[E0432]: unresolved import `mysql`
[INFO] [stdout]  --> tests/mysql/delete_test.rs:2:7
[INFO] [stdout]   |
[INFO] [stdout] 2 | use ::mysql::PooledConn;
[INFO] [stdout]   |       ^^^^^ could not find `mysql` in the list of imported crates
[INFO] [stdout] 
[INFO] [stdout] 
[INFO] [stdout] error[E0432]: unresolved import `mysql`
[INFO] [stdout]  --> tests/mysql/select_test.rs:1:7
[INFO] [stdout]   |
[INFO] [stdout] 1 | use ::mysql::PooledConn;
[INFO] [stdout]   |       ^^^^^ could not find `mysql` in the list of imported crates
[INFO] [stdout] 
[INFO] [stdout] 
[INFO] [stdout] Some errors have detailed explanations: E0432, E0433.
[INFO] [stdout] 
[INFO] [stdout] For more information about an error, try `rustc --explain E0432`.
[INFO] [stdout] 
[INFO] [stderr] error: could not compile `njord` (test "mssql_tests") due to 26 previous errors
[INFO] [stderr] warning: build failed, waiting for other jobs to finish...
[INFO] [stdout] For more information about this error, try `rustc --explain E0432`.
[INFO] [stdout] 
[INFO] [stdout] For more information about this error, try `rustc --explain E0432`.
[INFO] [stdout] 
[INFO] [stderr] error: could not compile `njord` (test "mariadb_tests") due to 8 previous errors
[INFO] [stderr] error: could not compile `njord` (test "oracle_tests") due to 8 previous errors
[INFO] [stdout] For more information about this error, try `rustc --explain E0432`.
[INFO] [stdout] 
[INFO] [stderr] error: could not compile `njord` (test "mysql_tests") due to 8 previous errors
[INFO] running `Command { std: "docker" "inspect" "2439c90fe8c2d94b3511da2148b4522dbfc1d92e792862e609d4f26a1cb31938", kill_on_drop: false }`
[INFO] running `Command { std: "docker" "rm" "-f" "2439c90fe8c2d94b3511da2148b4522dbfc1d92e792862e609d4f26a1cb31938", kill_on_drop: false }`
[INFO] [stdout] 2439c90fe8c2d94b3511da2148b4522dbfc1d92e792862e609d4f26a1cb31938
