[INFO] fetching crate nitrokey 0.9.0...
[INFO] testing nitrokey-0.9.0 against 1.100.0-beta.1+cargoflags=--release for beta-release-1.100-2
[INFO] extracting crate nitrokey 0.9.0 into /workspace/builds/worker-2-tc2/source
[INFO] started tweaking crates.io crate nitrokey 0.9.0
[INFO] finished tweaking crates.io crate nitrokey 0.9.0
[INFO] tweaked toml for crates.io crate nitrokey 0.9.0 written to /workspace/builds/worker-2-tc2/source/Cargo.toml
[INFO] validating manifest of crates.io crate nitrokey 0.9.0 on toolchain 1.100.0-beta.1
[INFO] running `Command { std: CARGO_HOME="/workspace/cargo-home" RUSTUP_HOME="/workspace/rustup-home" "/workspace/cargo-home/bin/cargo" "+1.100.0-beta.1" "metadata" "--manifest-path" "Cargo.toml" "--no-deps", kill_on_drop: false }`
[INFO] crate crates.io crate nitrokey 0.9.0 already has a lockfile, it will not be regenerated
[INFO] running `Command { std: CARGO_HOME="/workspace/cargo-home" RUSTUP_HOME="/workspace/rustup-home" "/workspace/cargo-home/bin/cargo" "+1.100.0-beta.1" "fetch" "--manifest-path" "Cargo.toml", kill_on_drop: false }`
[INFO] running `Command { std: "docker" "create" "-v" "/var/lib/crater-agent-workspace/builds/worker-2-tc2/source:/opt/rustwide/workdir:ro,Z" "-v" "/var/lib/crater-agent-workspace/builds/worker-2-tc2/target:/opt/rustwide/target:rw,Z" "-v" "/var/lib/crater-agent-workspace/cargo-home:/opt/rustwide/cargo-home:ro,Z" "-v" "/var/lib/crater-agent-workspace/rustup-home:/opt/rustwide/rustup-home:ro,Z" "-m" "1610612736" "--network" "none" "ghcr.io/rust-lang/crates-build-env/linux@sha256:77db811e55d90add9212f6832c23229e3de5f1c1f9905e8cb07319ea15df73ac" "sleep" "infinity", kill_on_drop: false }`
[INFO] [stdout] 718faa4d8e2ea16fa8b5272e1db5c740ac096bd1b02caf6458be3123d53978a2
[INFO] running `Command { std: "docker" "start" "718faa4d8e2ea16fa8b5272e1db5c740ac096bd1b02caf6458be3123d53978a2", kill_on_drop: false }`
[INFO] running `Command { std: "docker" "inspect" "718faa4d8e2ea16fa8b5272e1db5c740ac096bd1b02caf6458be3123d53978a2", kill_on_drop: false }`
[INFO] running `Command { std: "docker" "exec" "-e" "SOURCE_DIR=/opt/rustwide/workdir" "-e" "CARGO_HOME=/opt/rustwide/cargo-home" "-e" "RUSTUP_HOME=/opt/rustwide/rustup-home" "-e" "CARGO_TARGET_DIR=/opt/rustwide/target" "-w" "/opt/rustwide/workdir" "--user" "0:0" "718faa4d8e2ea16fa8b5272e1db5c740ac096bd1b02caf6458be3123d53978a2" "/opt/rustwide/cargo-home/bin/cargo" "+1.100.0-beta.1" "metadata" "--no-deps" "--format-version=1", kill_on_drop: false }`
[INFO] running `Command { std: "docker" "inspect" "718faa4d8e2ea16fa8b5272e1db5c740ac096bd1b02caf6458be3123d53978a2", kill_on_drop: false }`
[INFO] running `Command { std: "docker" "exec" "-e" "SOURCE_DIR=/opt/rustwide/workdir" "-e" "CARGO_HOME=/opt/rustwide/cargo-home" "-e" "RUSTUP_HOME=/opt/rustwide/rustup-home" "-e" "CARGO_TARGET_DIR=/opt/rustwide/target" "-e" "CARGO_INCREMENTAL=0" "-e" "RUST_BACKTRACE=full" "-e" "RUSTFLAGS=--cap-lints=warn" "-e" "RUSTDOCFLAGS=--cap-lints=warn" "-w" "/opt/rustwide/workdir" "--user" "0:0" "718faa4d8e2ea16fa8b5272e1db5c740ac096bd1b02caf6458be3123d53978a2" "/opt/rustwide/cargo-home/bin/cargo" "+1.100.0-beta.1" "build" "--frozen" "--message-format=json" "--release", kill_on_drop: false }`
[INFO] [stderr]    Compiling libc v0.2.77
[INFO] [stderr]    Compiling cc v1.0.60
[INFO] [stderr]    Compiling getrandom v0.1.15
[INFO] [stderr]    Compiling nitrokey-sys v3.6.0
[INFO] [stderr]    Compiling rand_core v0.5.1
[INFO] [stderr]    Compiling nitrokey v0.9.0 (/opt/rustwide/workdir)
[INFO] [stderr]     Finished `release` profile [optimized] target(s) in 1m 44s
[INFO] running `Command { std: "docker" "inspect" "718faa4d8e2ea16fa8b5272e1db5c740ac096bd1b02caf6458be3123d53978a2", kill_on_drop: false }`
[INFO] running `Command { std: "docker" "exec" "-e" "SOURCE_DIR=/opt/rustwide/workdir" "-e" "CARGO_HOME=/opt/rustwide/cargo-home" "-e" "RUSTUP_HOME=/opt/rustwide/rustup-home" "-e" "CARGO_TARGET_DIR=/opt/rustwide/target" "-e" "CARGO_INCREMENTAL=0" "-e" "RUST_BACKTRACE=full" "-e" "RUSTFLAGS=--cap-lints=warn" "-e" "RUSTDOCFLAGS=--cap-lints=warn" "-w" "/opt/rustwide/workdir" "--user" "0:0" "718faa4d8e2ea16fa8b5272e1db5c740ac096bd1b02caf6458be3123d53978a2" "/opt/rustwide/cargo-home/bin/cargo" "+1.100.0-beta.1" "test" "--frozen" "--no-run" "--message-format=json" "--release", kill_on_drop: false }`
[INFO] [stderr]    Compiling proc-macro2 v1.0.23
[INFO] [stderr]    Compiling unicode-xid v0.2.1
[INFO] [stderr]    Compiling syn v1.0.42
[INFO] [stderr]    Compiling nitrokey-test-state v0.1.0
[INFO] [stderr]    Compiling quote v1.0.7
[INFO] [stderr]    Compiling nitrokey-test v0.3.2
[INFO] [stderr]    Compiling nitrokey v0.9.0 (/opt/rustwide/workdir)
[INFO] [stdout] error: linking with `cc` failed: exit status: 1
[INFO] [stdout]   |
[INFO] [stdout]   = note:  "cc" "-m64" "/opt/rustwide/target/release/build/nitrokey/d03f40bda8b2569e/out/rustcxYlSqE/symbols.o" "<2 object files omitted>" "-Wl,--as-needed" "-Wl,-Bstatic" "/opt/rustwide/target/release/build/nitrokey/ec234aaac1a310a6/out/libnitrokey-ec234aaac1a310a6.rlib" "/opt/rustwide/target/release/build/nitrokey-sys/aad235e08941e242/out/libnitrokey_sys-aad235e08941e242.rlib" "/opt/rustwide/target/release/build/rand_core/b2f8b5ecb8727142/out/librand_core-b2f8b5ecb8727142.rlib" "/opt/rustwide/target/release/build/getrandom/b356227bd8fb2bb2/out/libgetrandom-b356227bd8fb2bb2.rlib" "/opt/rustwide/target/release/build/cfg-if/6ffcd2bb3ed34b7c/out/libcfg_if-6ffcd2bb3ed34b7c.rlib" "/opt/rustwide/target/release/build/libc/9cc82cee8309183c/out/liblibc-9cc82cee8309183c.rlib" "/opt/rustwide/target/release/build/lazy_static/480433dca0d17907/out/liblazy_static-480433dca0d17907.rlib" "<sysroot>/lib/rustlib/x86_64-unknown-linux-gnu/lib/{libtest-*,libgetopts-*,librustc_std_workspace_std-*,libstd-*,libpanic_unwind-*,libobject-*,libmemchr-*,libaddr2line-*,libgimli-*,libcfg_if-*,librustc_demangle-*,libstd_detect-*,libhashbrown-*,librustc_std_workspace_alloc-*,libminiz_oxide-*,libadler2-*,libunwind-*,liblibc-*,librustc_std_workspace_core-*,liballoc-*,libcore-*,libcompiler_builtins-*}.rlib" "-Wl,-Bdynamic" "-lstdc++" "-lhidapi-libusb" "-lutil" "-ldl" "-lutil" "-lgcc_s" "-lutil" "-lrt" "-lpthread" "-lm" "-ldl" "-lc" "-L" "/opt/rustwide/target/release/build/nitrokey/d03f40bda8b2569e/out/rustcxYlSqE/raw-dylibs" "-B<sysroot>/lib/rustlib/x86_64-unknown-linux-gnu/bin/gcc-ld" "-fuse-ld=lld" "-Wl,--eh-frame-hdr" "-Wl,-z,noexecstack" "-L" "/opt/rustwide/target/release/build/nitrokey-sys/5f35ef77346e2cd8/out" "-L" "<sysroot>/lib/rustlib/x86_64-unknown-linux-gnu/lib" "-o" "/opt/rustwide/target/release/build/nitrokey/d03f40bda8b2569e/out/lib-d03f40bda8b2569e" "-Wl,--gc-sections" "-pie" "-Wl,-z,relro,-z,now" "-Wl,-O1" "-Wl,--strip-debug" "-nodefaultlibs"
[INFO] [stdout]   = note: some arguments are omitted. use `--verbose` to show all linker arguments
[INFO] [stdout]   = note: rust-lld: error: unable to find library -lhidapi-libusb
[INFO] [stdout]           collect2: error: ld returned 1 exit status
[INFO] [stdout]           
[INFO] [stdout] 
[INFO] [stdout] 
[INFO] [stderr] error: could not compile `nitrokey` (test "lib") due to 1 previous error
[INFO] [stderr] warning: build failed, waiting for other jobs to finish...
[INFO] [stdout] error: linking with `cc` failed: exit status: 1
[INFO] [stdout]   |
[INFO] [stdout]   = note:  "cc" "-m64" "/opt/rustwide/target/release/build/nitrokey/f35f1e42dc6e06b7/out/rustcQcKtl0/symbols.o" "<2 object files omitted>" "-Wl,--as-needed" "-Wl,-Bstatic" "/opt/rustwide/target/release/build/nitrokey/ec234aaac1a310a6/out/libnitrokey-ec234aaac1a310a6.rlib" "/opt/rustwide/target/release/build/nitrokey-sys/aad235e08941e242/out/libnitrokey_sys-aad235e08941e242.rlib" "/opt/rustwide/target/release/build/rand_core/b2f8b5ecb8727142/out/librand_core-b2f8b5ecb8727142.rlib" "/opt/rustwide/target/release/build/getrandom/b356227bd8fb2bb2/out/libgetrandom-b356227bd8fb2bb2.rlib" "/opt/rustwide/target/release/build/cfg-if/6ffcd2bb3ed34b7c/out/libcfg_if-6ffcd2bb3ed34b7c.rlib" "/opt/rustwide/target/release/build/libc/9cc82cee8309183c/out/liblibc-9cc82cee8309183c.rlib" "/opt/rustwide/target/release/build/lazy_static/480433dca0d17907/out/liblazy_static-480433dca0d17907.rlib" "<sysroot>/lib/rustlib/x86_64-unknown-linux-gnu/lib/{libstd-*,libpanic_unwind-*,libobject-*,libmemchr-*,libaddr2line-*,libgimli-*,libcfg_if-*,librustc_demangle-*,libstd_detect-*,libhashbrown-*,librustc_std_workspace_alloc-*,libminiz_oxide-*,libadler2-*,libunwind-*,liblibc-*,librustc_std_workspace_core-*,liballoc-*,libcore-*,libcompiler_builtins-*}.rlib" "-Wl,-Bdynamic" "-lstdc++" "-lhidapi-libusb" "-lutil" "-ldl" "-lutil" "-lgcc_s" "-lutil" "-lrt" "-lpthread" "-lm" "-ldl" "-lc" "-L" "/opt/rustwide/target/release/build/nitrokey/f35f1e42dc6e06b7/out/rustcQcKtl0/raw-dylibs" "-B<sysroot>/lib/rustlib/x86_64-unknown-linux-gnu/bin/gcc-ld" "-fuse-ld=lld" "-Wl,--eh-frame-hdr" "-Wl,-z,noexecstack" "-L" "/opt/rustwide/target/release/build/nitrokey-sys/5f35ef77346e2cd8/out" "-L" "<sysroot>/lib/rustlib/x86_64-unknown-linux-gnu/lib" "-o" "/opt/rustwide/target/release/build/nitrokey/f35f1e42dc6e06b7/out/otp" "-Wl,--gc-sections" "-pie" "-Wl,-z,relro,-z,now" "-Wl,-O1" "-Wl,--strip-debug" "-nodefaultlibs"
[INFO] [stdout]   = note: some arguments are omitted. use `--verbose` to show all linker arguments
[INFO] [stdout]   = note: rust-lld: error: unable to find library -lhidapi-libusb
[INFO] [stdout]           collect2: error: ld returned 1 exit status
[INFO] [stdout]           
[INFO] [stdout] 
[INFO] [stdout] 
[INFO] [stderr] error: could not compile `nitrokey` (example "otp") due to 1 previous error
[INFO] [stdout] warning: use of deprecated associated function `core::num::<impl u32>::max_value`: replaced by the `MAX` associated constant on this type
[INFO] [stdout]    --> tests/otp.rs:158:34
[INFO] [stdout]     |
[INFO] [stdout] 158 |         let is_u64 = time > u32::max_value() as u64;
[INFO] [stdout]     |                                  ^^^^^^^^^
[INFO] [stdout]     |
[INFO] [stdout]     = note: `#[warn(deprecated)]` on by default
[INFO] [stdout] 
[INFO] [stdout] 
[INFO] [stdout] error: linking with `cc` failed: exit status: 1
[INFO] [stdout]   |
[INFO] [stdout]   = note:  "cc" "-m64" "/opt/rustwide/target/release/build/nitrokey/d46b94117bd73757/out/rustcbaSKXg/symbols.o" "<2 object files omitted>" "-Wl,--as-needed" "-Wl,-Bstatic" "/opt/rustwide/target/release/build/nitrokey/ec234aaac1a310a6/out/libnitrokey-ec234aaac1a310a6.rlib" "/opt/rustwide/target/release/build/nitrokey-sys/aad235e08941e242/out/libnitrokey_sys-aad235e08941e242.rlib" "/opt/rustwide/target/release/build/rand_core/b2f8b5ecb8727142/out/librand_core-b2f8b5ecb8727142.rlib" "/opt/rustwide/target/release/build/getrandom/b356227bd8fb2bb2/out/libgetrandom-b356227bd8fb2bb2.rlib" "/opt/rustwide/target/release/build/cfg-if/6ffcd2bb3ed34b7c/out/libcfg_if-6ffcd2bb3ed34b7c.rlib" "/opt/rustwide/target/release/build/libc/9cc82cee8309183c/out/liblibc-9cc82cee8309183c.rlib" "/opt/rustwide/target/release/build/lazy_static/480433dca0d17907/out/liblazy_static-480433dca0d17907.rlib" "<sysroot>/lib/rustlib/x86_64-unknown-linux-gnu/lib/{libstd-*,libpanic_unwind-*,libobject-*,libmemchr-*,libaddr2line-*,libgimli-*,libcfg_if-*,librustc_demangle-*,libstd_detect-*,libhashbrown-*,librustc_std_workspace_alloc-*,libminiz_oxide-*,libadler2-*,libunwind-*,liblibc-*,librustc_std_workspace_core-*,liballoc-*,libcore-*,libcompiler_builtins-*}.rlib" "-Wl,-Bdynamic" "-lstdc++" "-lhidapi-libusb" "-lutil" "-ldl" "-lutil" "-lgcc_s" "-lutil" "-lrt" "-lpthread" "-lm" "-ldl" "-lc" "-L" "/opt/rustwide/target/release/build/nitrokey/d46b94117bd73757/out/rustcbaSKXg/raw-dylibs" "-B<sysroot>/lib/rustlib/x86_64-unknown-linux-gnu/bin/gcc-ld" "-fuse-ld=lld" "-Wl,--eh-frame-hdr" "-Wl,-z,noexecstack" "-L" "/opt/rustwide/target/release/build/nitrokey-sys/5f35ef77346e2cd8/out" "-L" "<sysroot>/lib/rustlib/x86_64-unknown-linux-gnu/lib" "-o" "/opt/rustwide/target/release/build/nitrokey/d46b94117bd73757/out/list_devices" "-Wl,--gc-sections" "-pie" "-Wl,-z,relro,-z,now" "-Wl,-O1" "-Wl,--strip-debug" "-nodefaultlibs"
[INFO] [stdout]   = note: some arguments are omitted. use `--verbose` to show all linker arguments
[INFO] [stdout]   = note: rust-lld: error: unable to find library -lhidapi-libusb
[INFO] [stdout]           collect2: error: ld returned 1 exit status
[INFO] [stdout]           
[INFO] [stdout] 
[INFO] [stdout] 
[INFO] [stderr] error: could not compile `nitrokey` (example "list-devices") due to 1 previous error
[INFO] [stdout] warning: calls to `std::mem::drop` with a value that implements `Copy` does nothing
[INFO] [stdout]    --> tests/pws.rs:121:5
[INFO] [stdout]     |
[INFO] [stdout] 121 |     drop(slot);
[INFO] [stdout]     |     ^^^^^----^
[INFO] [stdout]     |          |
[INFO] [stdout]     |          argument has type `PasswordSlot<'_, '_, '_>`
[INFO] [stdout]     |
[INFO] [stdout]     = note: `#[warn(dropping_copy_types)]` on by default
[INFO] [stdout] help: use `let _ = ...` to ignore the expression or result
[INFO] [stdout]     |
[INFO] [stdout] 121 -     drop(slot);
[INFO] [stdout] 121 +     let _ = slot;
[INFO] [stdout]     |
[INFO] [stdout] 
[INFO] [stdout] 
[INFO] [stdout] warning: calls to `std::mem::drop` with a value that implements `Copy` does nothing
[INFO] [stdout]    --> tests/pws.rs:130:5
[INFO] [stdout]     |
[INFO] [stdout] 130 |     drop(slot);
[INFO] [stdout]     |     ^^^^^----^
[INFO] [stdout]     |          |
[INFO] [stdout]     |          argument has type `PasswordSlot<'_, '_, '_>`
[INFO] [stdout]     |
[INFO] [stdout] help: use `let _ = ...` to ignore the expression or result
[INFO] [stdout]     |
[INFO] [stdout] 130 -     drop(slot);
[INFO] [stdout] 130 +     let _ = slot;
[INFO] [stdout]     |
[INFO] [stdout] 
[INFO] [stdout] 
[INFO] [stdout] warning: calls to `std::mem::drop` with a value that implements `Copy` does nothing
[INFO] [stdout]    --> tests/pws.rs:141:5
[INFO] [stdout]     |
[INFO] [stdout] 141 |     drop(slot);
[INFO] [stdout]     |     ^^^^^----^
[INFO] [stdout]     |          |
[INFO] [stdout]     |          argument has type `PasswordSlot<'_, '_, '_>`
[INFO] [stdout]     |
[INFO] [stdout] help: use `let _ = ...` to ignore the expression or result
[INFO] [stdout]     |
[INFO] [stdout] 141 -     drop(slot);
[INFO] [stdout] 141 +     let _ = slot;
[INFO] [stdout]     |
[INFO] [stdout] 
[INFO] [stdout] 
[INFO] [stdout] error: linking with `cc` failed: exit status: 1
[INFO] [stdout]   |
[INFO] [stdout]   = note:  "cc" "-m64" "/opt/rustwide/target/release/build/nitrokey/aa26b9ff78b6e71a/out/rustce01mL0/symbols.o" "<2 object files omitted>" "-Wl,--as-needed" "-Wl,-Bstatic" "/opt/rustwide/target/release/build/nitrokey-sys/aad235e08941e242/out/libnitrokey_sys-aad235e08941e242.rlib" "<sysroot>/lib/rustlib/x86_64-unknown-linux-gnu/lib/{libtest-*,libgetopts-*,librustc_std_workspace_std-*}.rlib" "/opt/rustwide/target/release/build/rand_core/b2f8b5ecb8727142/out/librand_core-b2f8b5ecb8727142.rlib" "/opt/rustwide/target/release/build/getrandom/b356227bd8fb2bb2/out/libgetrandom-b356227bd8fb2bb2.rlib" "/opt/rustwide/target/release/build/cfg-if/6ffcd2bb3ed34b7c/out/libcfg_if-6ffcd2bb3ed34b7c.rlib" "/opt/rustwide/target/release/build/libc/9cc82cee8309183c/out/liblibc-9cc82cee8309183c.rlib" "/opt/rustwide/target/release/build/lazy_static/480433dca0d17907/out/liblazy_static-480433dca0d17907.rlib" "<sysroot>/lib/rustlib/x86_64-unknown-linux-gnu/lib/{libstd-*,libpanic_unwind-*,libobject-*,libmemchr-*,libaddr2line-*,libgimli-*,libcfg_if-*,librustc_demangle-*,libstd_detect-*,libhashbrown-*,librustc_std_workspace_alloc-*,libminiz_oxide-*,libadler2-*,libunwind-*,liblibc-*,librustc_std_workspace_core-*,liballoc-*,libcore-*,libcompiler_builtins-*}.rlib" "-Wl,-Bdynamic" "-lstdc++" "-lhidapi-libusb" "-lutil" "-ldl" "-lutil" "-lgcc_s" "-lutil" "-lrt" "-lpthread" "-lm" "-ldl" "-lc" "-L" "/opt/rustwide/target/release/build/nitrokey/aa26b9ff78b6e71a/out/rustce01mL0/raw-dylibs" "-B<sysroot>/lib/rustlib/x86_64-unknown-linux-gnu/bin/gcc-ld" "-fuse-ld=lld" "-Wl,--eh-frame-hdr" "-Wl,-z,noexecstack" "-L" "/opt/rustwide/target/release/build/nitrokey-sys/5f35ef77346e2cd8/out" "-L" "<sysroot>/lib/rustlib/x86_64-unknown-linux-gnu/lib" "-o" "/opt/rustwide/target/release/build/nitrokey/aa26b9ff78b6e71a/out/nitrokey-aa26b9ff78b6e71a" "-Wl,--gc-sections" "-pie" "-Wl,-z,relro,-z,now" "-Wl,-O1" "-Wl,--strip-debug" "-nodefaultlibs"
[INFO] [stdout]   = note: some arguments are omitted. use `--verbose` to show all linker arguments
[INFO] [stdout]   = note: rust-lld: error: unable to find library -lhidapi-libusb
[INFO] [stdout]           collect2: error: ld returned 1 exit status
[INFO] [stdout]           
[INFO] [stdout] 
[INFO] [stdout] 
[INFO] [stderr] error: could not compile `nitrokey` (lib test) due to 1 previous error
[INFO] [stdout] error: linking with `cc` failed: exit status: 1
[INFO] [stdout]   |
[INFO] [stdout]   = note:  "cc" "-m64" "/opt/rustwide/target/release/build/nitrokey/6f07842b15c92a4a/out/rustc86OH5b/symbols.o" "<3 object files omitted>" "-Wl,--as-needed" "-Wl,-Bstatic" "/opt/rustwide/target/release/build/nitrokey-test-state/bedac90e3bc61f75/out/libnitrokey_test_state-bedac90e3bc61f75.rlib" "<sysroot>/lib/rustlib/x86_64-unknown-linux-gnu/lib/{libtest-*,libgetopts-*,librustc_std_workspace_std-*}.rlib" "/opt/rustwide/target/release/build/nitrokey/ec234aaac1a310a6/out/libnitrokey-ec234aaac1a310a6.rlib" "/opt/rustwide/target/release/build/nitrokey-sys/aad235e08941e242/out/libnitrokey_sys-aad235e08941e242.rlib" "/opt/rustwide/target/release/build/rand_core/b2f8b5ecb8727142/out/librand_core-b2f8b5ecb8727142.rlib" "/opt/rustwide/target/release/build/getrandom/b356227bd8fb2bb2/out/libgetrandom-b356227bd8fb2bb2.rlib" "/opt/rustwide/target/release/build/cfg-if/6ffcd2bb3ed34b7c/out/libcfg_if-6ffcd2bb3ed34b7c.rlib" "/opt/rustwide/target/release/build/lazy_static/480433dca0d17907/out/liblazy_static-480433dca0d17907.rlib" "/opt/rustwide/target/release/build/libc/9cc82cee8309183c/out/liblibc-9cc82cee8309183c.rlib" "<sysroot>/lib/rustlib/x86_64-unknown-linux-gnu/lib/{libstd-*,libpanic_unwind-*,libobject-*,libmemchr-*,libaddr2line-*,libgimli-*,libcfg_if-*,librustc_demangle-*,libstd_detect-*,libhashbrown-*,librustc_std_workspace_alloc-*,libminiz_oxide-*,libadler2-*,libunwind-*,liblibc-*,librustc_std_workspace_core-*,liballoc-*,libcore-*,libcompiler_builtins-*}.rlib" "-Wl,-Bdynamic" "-lstdc++" "-lhidapi-libusb" "-lutil" "-ldl" "-lutil" "-lgcc_s" "-lutil" "-lrt" "-lpthread" "-lm" "-ldl" "-lc" "-L" "/opt/rustwide/target/release/build/nitrokey/6f07842b15c92a4a/out/rustc86OH5b/raw-dylibs" "-B<sysroot>/lib/rustlib/x86_64-unknown-linux-gnu/bin/gcc-ld" "-fuse-ld=lld" "-Wl,--eh-frame-hdr" "-Wl,-z,noexecstack" "-L" "/opt/rustwide/target/release/build/nitrokey-sys/5f35ef77346e2cd8/out" "-L" "<sysroot>/lib/rustlib/x86_64-unknown-linux-gnu/lib" "-o" "/opt/rustwide/target/release/build/nitrokey/6f07842b15c92a4a/out/pws-6f07842b15c92a4a" "-Wl,--gc-sections" "-pie" "-Wl,-z,relro,-z,now" "-Wl,-O1" "-Wl,--strip-debug" "-nodefaultlibs"
[INFO] [stdout]   = note: some arguments are omitted. use `--verbose` to show all linker arguments
[INFO] [stdout]   = note: rust-lld: error: unable to find library -lhidapi-libusb
[INFO] [stdout]           collect2: error: ld returned 1 exit status
[INFO] [stdout]           
[INFO] [stdout] 
[INFO] [stdout] 
[INFO] [stderr] error: could not compile `nitrokey` (test "pws") due to 1 previous error; 3 warnings emitted
[INFO] [stdout] error: linking with `cc` failed: exit status: 1
[INFO] [stdout]   |
[INFO] [stdout]   = note:  "cc" "-m64" "/opt/rustwide/target/release/build/nitrokey/792e1a83d340ce3d/out/rustc6izfks/symbols.o" "<3 object files omitted>" "-Wl,--as-needed" "-Wl,-Bstatic" "/opt/rustwide/target/release/build/nitrokey-test-state/bedac90e3bc61f75/out/libnitrokey_test_state-bedac90e3bc61f75.rlib" "<sysroot>/lib/rustlib/x86_64-unknown-linux-gnu/lib/{libtest-*,libgetopts-*,librustc_std_workspace_std-*}.rlib" "/opt/rustwide/target/release/build/nitrokey/ec234aaac1a310a6/out/libnitrokey-ec234aaac1a310a6.rlib" "/opt/rustwide/target/release/build/nitrokey-sys/aad235e08941e242/out/libnitrokey_sys-aad235e08941e242.rlib" "/opt/rustwide/target/release/build/rand_core/b2f8b5ecb8727142/out/librand_core-b2f8b5ecb8727142.rlib" "/opt/rustwide/target/release/build/getrandom/b356227bd8fb2bb2/out/libgetrandom-b356227bd8fb2bb2.rlib" "/opt/rustwide/target/release/build/cfg-if/6ffcd2bb3ed34b7c/out/libcfg_if-6ffcd2bb3ed34b7c.rlib" "/opt/rustwide/target/release/build/libc/9cc82cee8309183c/out/liblibc-9cc82cee8309183c.rlib" "/opt/rustwide/target/release/build/lazy_static/480433dca0d17907/out/liblazy_static-480433dca0d17907.rlib" "<sysroot>/lib/rustlib/x86_64-unknown-linux-gnu/lib/{libstd-*,libpanic_unwind-*,libobject-*,libmemchr-*,libaddr2line-*,libgimli-*,libcfg_if-*,librustc_demangle-*,libstd_detect-*,libhashbrown-*,librustc_std_workspace_alloc-*,libminiz_oxide-*,libadler2-*,libunwind-*,liblibc-*,librustc_std_workspace_core-*,liballoc-*,libcore-*,libcompiler_builtins-*}.rlib" "-Wl,-Bdynamic" "-lstdc++" "-lhidapi-libusb" "-lutil" "-ldl" "-lutil" "-lgcc_s" "-lutil" "-lrt" "-lpthread" "-lm" "-ldl" "-lc" "-L" "/opt/rustwide/target/release/build/nitrokey/792e1a83d340ce3d/out/rustc6izfks/raw-dylibs" "-B<sysroot>/lib/rustlib/x86_64-unknown-linux-gnu/bin/gcc-ld" "-fuse-ld=lld" "-Wl,--eh-frame-hdr" "-Wl,-z,noexecstack" "-L" "/opt/rustwide/target/release/build/nitrokey-sys/5f35ef77346e2cd8/out" "-L" "<sysroot>/lib/rustlib/x86_64-unknown-linux-gnu/lib" "-o" "/opt/rustwide/target/release/build/nitrokey/792e1a83d340ce3d/out/otp-792e1a83d340ce3d" "-Wl,--gc-sections" "-pie" "-Wl,-z,relro,-z,now" "-Wl,-O1" "-Wl,--strip-debug" "-nodefaultlibs"
[INFO] [stdout]   = note: some arguments are omitted. use `--verbose` to show all linker arguments
[INFO] [stdout]   = note: rust-lld: error: unable to find library -lhidapi-libusb
[INFO] [stdout]           collect2: error: ld returned 1 exit status
[INFO] [stdout]           
[INFO] [stdout] 
[INFO] [stdout] 
[INFO] [stderr] error: could not compile `nitrokey` (test "otp") due to 1 previous error; 1 warning emitted
[INFO] [stdout] error: linking with `cc` failed: exit status: 1
[INFO] [stdout]   |
[INFO] [stdout]   = note:  "cc" "-m64" "/opt/rustwide/target/release/build/nitrokey/579e42e86820455f/out/rustcVFK28q/symbols.o" "<3 object files omitted>" "-Wl,--as-needed" "-Wl,-Bstatic" "/opt/rustwide/target/release/build/nitrokey-test-state/bedac90e3bc61f75/out/libnitrokey_test_state-bedac90e3bc61f75.rlib" "<sysroot>/lib/rustlib/x86_64-unknown-linux-gnu/lib/{libtest-*,libgetopts-*,librustc_std_workspace_std-*}.rlib" "/opt/rustwide/target/release/build/nitrokey/ec234aaac1a310a6/out/libnitrokey-ec234aaac1a310a6.rlib" "/opt/rustwide/target/release/build/nitrokey-sys/aad235e08941e242/out/libnitrokey_sys-aad235e08941e242.rlib" "/opt/rustwide/target/release/build/rand_core/b2f8b5ecb8727142/out/librand_core-b2f8b5ecb8727142.rlib" "/opt/rustwide/target/release/build/getrandom/b356227bd8fb2bb2/out/libgetrandom-b356227bd8fb2bb2.rlib" "/opt/rustwide/target/release/build/cfg-if/6ffcd2bb3ed34b7c/out/libcfg_if-6ffcd2bb3ed34b7c.rlib" "/opt/rustwide/target/release/build/libc/9cc82cee8309183c/out/liblibc-9cc82cee8309183c.rlib" "/opt/rustwide/target/release/build/lazy_static/480433dca0d17907/out/liblazy_static-480433dca0d17907.rlib" "<sysroot>/lib/rustlib/x86_64-unknown-linux-gnu/lib/{libstd-*,libpanic_unwind-*,libobject-*,libmemchr-*,libaddr2line-*,libgimli-*,libcfg_if-*,librustc_demangle-*,libstd_detect-*,libhashbrown-*,librustc_std_workspace_alloc-*,libminiz_oxide-*,libadler2-*,libunwind-*,liblibc-*,librustc_std_workspace_core-*,liballoc-*,libcore-*,libcompiler_builtins-*}.rlib" "-Wl,-Bdynamic" "-lstdc++" "-lhidapi-libusb" "-lutil" "-ldl" "-lutil" "-lgcc_s" "-lutil" "-lrt" "-lpthread" "-lm" "-ldl" "-lc" "-L" "/opt/rustwide/target/release/build/nitrokey/579e42e86820455f/out/rustcVFK28q/raw-dylibs" "-B<sysroot>/lib/rustlib/x86_64-unknown-linux-gnu/bin/gcc-ld" "-fuse-ld=lld" "-Wl,--eh-frame-hdr" "-Wl,-z,noexecstack" "-L" "/opt/rustwide/target/release/build/nitrokey-sys/5f35ef77346e2cd8/out" "-L" "<sysroot>/lib/rustlib/x86_64-unknown-linux-gnu/lib" "-o" "/opt/rustwide/target/release/build/nitrokey/579e42e86820455f/out/device-579e42e86820455f" "-Wl,--gc-sections" "-pie" "-Wl,-z,relro,-z,now" "-Wl,-O1" "-Wl,--strip-debug" "-nodefaultlibs"
[INFO] [stdout]   = note: some arguments are omitted. use `--verbose` to show all linker arguments
[INFO] [stdout]   = note: rust-lld: error: unable to find library -lhidapi-libusb
[INFO] [stdout]           collect2: error: ld returned 1 exit status
[INFO] [stdout]           
[INFO] [stdout] 
[INFO] [stdout] 
[INFO] [stderr] error: could not compile `nitrokey` (test "device") due to 1 previous error
[INFO] running `Command { std: "docker" "inspect" "718faa4d8e2ea16fa8b5272e1db5c740ac096bd1b02caf6458be3123d53978a2", kill_on_drop: false }`
[INFO] running `Command { std: "docker" "rm" "-f" "718faa4d8e2ea16fa8b5272e1db5c740ac096bd1b02caf6458be3123d53978a2", kill_on_drop: false }`
[INFO] [stdout] 718faa4d8e2ea16fa8b5272e1db5c740ac096bd1b02caf6458be3123d53978a2
