[INFO] fetching crate nimiq-vrf 2.2.0...
[INFO] testing nimiq-vrf-2.2.0 against 1.99.0-beta.8+cargoflags=--release for beta-release-1.100-2
[INFO] extracting crate nimiq-vrf 2.2.0 into /workspace/builds/worker-2-tc1/source
[INFO] started tweaking crates.io crate nimiq-vrf 2.2.0
[INFO] finished tweaking crates.io crate nimiq-vrf 2.2.0
[INFO] tweaked toml for crates.io crate nimiq-vrf 2.2.0 written to /workspace/builds/worker-2-tc1/source/Cargo.toml
[INFO] validating manifest of crates.io crate nimiq-vrf 2.2.0 on toolchain 1.99.0-beta.8
[INFO] running `Command { std: CARGO_HOME="/workspace/cargo-home" RUSTUP_HOME="/workspace/rustup-home" "/workspace/cargo-home/bin/cargo" "+1.99.0-beta.8" "metadata" "--manifest-path" "Cargo.toml" "--no-deps", kill_on_drop: false }`
[INFO] crate crates.io crate nimiq-vrf 2.2.0 already has a lockfile, it will not be regenerated
[INFO] running `Command { std: CARGO_HOME="/workspace/cargo-home" RUSTUP_HOME="/workspace/rustup-home" "/workspace/cargo-home/bin/cargo" "+1.99.0-beta.8" "fetch" "--manifest-path" "Cargo.toml", kill_on_drop: false }`
[INFO] [stderr]     Updating crates.io index
[INFO] [stderr]  Downloading crates ...
[INFO] [stderr]   Downloaded nimiq-serde v2.2.0
[INFO] [stderr]   Downloaded nimiq-macros v2.2.0
[INFO] [stderr]   Downloaded nimiq-serde-derive v2.2.0
[INFO] [stderr]   Downloaded nimiq-keys v2.2.0
[INFO] [stderr]   Downloaded postcard-bytes v0.1.0
[INFO] [stderr]   Downloaded nimiq-database-value-derive v2.2.0
[INFO] [stderr]   Downloaded safe-regex v0.3.0
[INFO] [stderr]   Downloaded blake2b_simd v1.0.3
[INFO] [stderr]   Downloaded safe-regex-macro v0.3.0
[INFO] [stderr]   Downloaded rand_core_compat v0.1.1
[INFO] [stderr]   Downloaded nimiq-database-value v2.2.0
[INFO] [stderr]   Downloaded blake2-rfc v0.2.18
[INFO] [stderr]   Downloaded nimiq-hash v2.2.0
[INFO] [stderr]   Downloaded safe-regex-compiler v0.3.0
[INFO] [stderr]   Downloaded nimiq-collections v2.2.0
[INFO] [stderr]   Downloaded nimiq-hash_derive v2.2.0
[INFO] [stderr]   Downloaded build-data v0.3.3
[INFO] [stderr]   Downloaded rust-argon2 v3.0.0
[INFO] [stderr]   Downloaded nimiq-mmr v2.2.0
[INFO] [stderr]   Downloaded safe-quote v1.0.40
[INFO] [stderr]   Downloaded ed25519-zebra v4.2.0
[INFO] [stderr]   Downloaded nimiq-utils v2.2.0
[INFO] [stderr]   Downloaded safe-proc-macro2 v1.0.95
[INFO] running `Command { std: "docker" "create" "-v" "/var/lib/crater-agent-workspace/builds/worker-2-tc1/source:/opt/rustwide/workdir:ro,Z" "-v" "/var/lib/crater-agent-workspace/builds/worker-2-tc1/target:/opt/rustwide/target:rw,Z" "-v" "/var/lib/crater-agent-workspace/cargo-home:/opt/rustwide/cargo-home:ro,Z" "-v" "/var/lib/crater-agent-workspace/rustup-home:/opt/rustwide/rustup-home:ro,Z" "-m" "1610612736" "--network" "none" "ghcr.io/rust-lang/crates-build-env/linux@sha256:77db811e55d90add9212f6832c23229e3de5f1c1f9905e8cb07319ea15df73ac" "sleep" "infinity", kill_on_drop: false }`
[INFO] [stdout] 6713a5f94e6fe7afbedb8a4478013ff003d2ef5f9d140d112ebe3c183ceaa03d
[INFO] running `Command { std: "docker" "start" "6713a5f94e6fe7afbedb8a4478013ff003d2ef5f9d140d112ebe3c183ceaa03d", kill_on_drop: false }`
[INFO] running `Command { std: "docker" "inspect" "6713a5f94e6fe7afbedb8a4478013ff003d2ef5f9d140d112ebe3c183ceaa03d", kill_on_drop: false }`
[INFO] running `Command { std: "docker" "exec" "-e" "SOURCE_DIR=/opt/rustwide/workdir" "-e" "CARGO_HOME=/opt/rustwide/cargo-home" "-e" "RUSTUP_HOME=/opt/rustwide/rustup-home" "-e" "CARGO_TARGET_DIR=/opt/rustwide/target" "-w" "/opt/rustwide/workdir" "--user" "0:0" "6713a5f94e6fe7afbedb8a4478013ff003d2ef5f9d140d112ebe3c183ceaa03d" "/opt/rustwide/cargo-home/bin/cargo" "+1.99.0-beta.8" "metadata" "--no-deps" "--format-version=1", kill_on_drop: false }`
[INFO] running `Command { std: "docker" "inspect" "6713a5f94e6fe7afbedb8a4478013ff003d2ef5f9d140d112ebe3c183ceaa03d", kill_on_drop: false }`
[INFO] running `Command { std: "docker" "exec" "-e" "SOURCE_DIR=/opt/rustwide/workdir" "-e" "CARGO_HOME=/opt/rustwide/cargo-home" "-e" "RUSTUP_HOME=/opt/rustwide/rustup-home" "-e" "CARGO_TARGET_DIR=/opt/rustwide/target" "-e" "CARGO_INCREMENTAL=0" "-e" "RUST_BACKTRACE=full" "-e" "RUSTFLAGS=--cap-lints=warn" "-e" "RUSTDOCFLAGS=--cap-lints=warn" "-w" "/opt/rustwide/workdir" "--user" "0:0" "6713a5f94e6fe7afbedb8a4478013ff003d2ef5f9d140d112ebe3c183ceaa03d" "/opt/rustwide/cargo-home/bin/cargo" "+1.99.0-beta.8" "build" "--frozen" "--message-format=json" "--release", kill_on_drop: false }`
[INFO] [stderr]    Compiling proc-macro2 v1.0.107
[INFO] [stderr]    Compiling subtle v2.6.1
[INFO] [stderr]    Compiling libc v0.2.184
[INFO] [stderr]    Compiling const-oid v0.9.6
[INFO] [stderr]    Compiling serde v1.0.229
[INFO] [stderr]    Compiling safe-proc-macro2 v1.0.95
[INFO] [stderr]    Compiling thiserror v2.0.20
[INFO] [stderr]    Compiling base64ct v1.8.0
[INFO] [stderr]    Compiling generic-array v0.14.7
[INFO] [stderr]    Compiling semver v1.0.27
[INFO] [stderr]    Compiling rand_core v0.10.1
[INFO] [stderr]    Compiling num-traits v0.2.19
[INFO] [stderr]    Compiling arrayvec v0.4.12
[INFO] [stderr]    Compiling base16ct v0.2.0
[INFO] [stderr]    Compiling digest v0.11.3
[INFO] [stderr]    Compiling nodrop v0.1.14
[INFO] [stderr]    Compiling getrandom v0.4.3
[INFO] [stderr]    Compiling blake2b_simd v1.0.3
[INFO] [stderr]    Compiling rustc_version v0.4.1
[INFO] [stderr]    Compiling constant_time_eq v0.4.2
[INFO] [stderr]    Compiling constant_time_eq v0.1.5
[INFO] [stderr]    Compiling smallvec v1.15.1
[INFO] [stderr]    Compiling pem-rfc7468 v0.7.0
[INFO] [stderr]    Compiling blake2-rfc v0.2.18
[INFO] [stderr]    Compiling sha2 v0.11.0
[INFO] [stderr]    Compiling chacha20 v0.10.0
[INFO] [stderr]    Compiling nimiq-database-value v2.2.0
[INFO] [stderr]    Compiling nimiq-mmr v2.2.0
[INFO] [stderr]    Compiling hashbrown v0.16.0
[INFO] [stderr]    Compiling instant v0.1.13
[INFO] [stderr]    Compiling quote v1.0.47
[INFO] [stderr]    Compiling curve25519-dalek v4.1.3
[INFO] [stderr]    Compiling curve25519-dalek v5.0.0
[INFO] [stderr]    Compiling itertools v0.15.0
[INFO] [stderr]    Compiling syn v2.0.119
[INFO] [stderr]    Compiling syn v3.0.5
[INFO] [stderr]    Compiling safe-quote v1.0.40
[INFO] [stderr]    Compiling safe-regex-compiler v0.3.0
[INFO] [stderr]    Compiling rust-argon2 v3.0.0
[INFO] [stderr]    Compiling chrono v0.4.42
[INFO] [stderr]    Compiling safe-regex-macro v0.3.0
[INFO] [stderr]    Compiling safe-regex v0.3.0
[INFO] [stderr]    Compiling num-integer v0.1.46
[INFO] [stderr]    Compiling num-bigint v0.5.1
[INFO] [stderr]    Compiling getrandom v0.2.16
[INFO] [stderr]    Compiling parking_lot_core v0.9.12
[INFO] [stderr]    Compiling rand_core v0.6.4
[INFO] [stderr]    Compiling parking_lot v0.12.5
[INFO] [stderr]    Compiling rand v0.10.2
[INFO] [stderr]    Compiling ff v0.13.1
[INFO] [stderr]    Compiling rand_core_compat v0.1.1
[INFO] [stderr]    Compiling group v0.13.0
[INFO] [stderr]    Compiling build-data v0.3.3
[INFO] [stderr]    Compiling nimiq-utils v2.2.0
[INFO] [stderr]    Compiling darling_core v0.24.1
[INFO] [stderr]    Compiling zeroize_derive v1.5.0
[INFO] [stderr]    Compiling curve25519-dalek-derive v0.1.1
[INFO] [stderr]    Compiling pin-project-internal v1.1.13
[INFO] [stderr]    Compiling tracing-attributes v0.1.31
[INFO] [stderr]    Compiling serde_derive v1.0.229
[INFO] [stderr]    Compiling thiserror-impl v2.0.20
[INFO] [stderr]    Compiling nimiq-database-value-derive v2.2.0
[INFO] [stderr]    Compiling nimiq-hash_derive v2.2.0
[INFO] [stderr]    Compiling zeroize v1.9.0
[INFO] [stderr]    Compiling der v0.7.10
[INFO] [stderr]    Compiling pin-project v1.1.13
[INFO] [stderr]    Compiling tracing v0.1.44
[INFO] [stderr]    Compiling block-buffer v0.10.4
[INFO] [stderr]    Compiling crypto-common v0.1.7
[INFO] [stderr]    Compiling crypto-bigint v0.5.5
[INFO] [stderr]    Compiling digest v0.10.7
[INFO] [stderr]    Compiling cobs v0.3.0
[INFO] [stderr]    Compiling signature v2.2.0
[INFO] [stderr]    Compiling hmac v0.12.1
[INFO] [stderr]    Compiling sha2 v0.10.9
[INFO] [stderr]    Compiling darling_macro v0.24.1
[INFO] [stderr]    Compiling rfc6979 v0.4.0
[INFO] [stderr]    Compiling spki v0.7.3
[INFO] [stderr]    Compiling darling v0.24.1
[INFO] [stderr]    Compiling nimiq-serde-derive v2.2.0
[INFO] [stderr]    Compiling pkcs8 v0.10.2
[INFO] [stderr]    Compiling sec1 v0.7.3
[INFO] [stderr]    Compiling elliptic-curve v0.13.8
[INFO] [stderr]    Compiling ecdsa v0.16.9
[INFO] [stderr]    Compiling primeorder v0.13.6
[INFO] [stderr]    Compiling p256 v0.13.2
[INFO] [stderr]    Compiling postcard-bytes v0.1.0
[INFO] [stderr]    Compiling ed25519 v2.2.3
[INFO] [stderr]    Compiling ed25519-zebra v4.2.0
[INFO] [stderr]    Compiling nimiq-serde v2.2.0
[INFO] [stderr]    Compiling nimiq-macros v2.2.0
[INFO] [stderr]    Compiling nimiq-collections v2.2.0
[INFO] [stderr]    Compiling nimiq-hash v2.2.0
[INFO] [stderr]    Compiling nimiq-keys v2.2.0
[INFO] [stderr]    Compiling nimiq-vrf v2.2.0 (/opt/rustwide/workdir)
[INFO] [stderr]     Finished `release` profile [optimized] target(s) in 25.58s
[INFO] running `Command { std: "docker" "inspect" "6713a5f94e6fe7afbedb8a4478013ff003d2ef5f9d140d112ebe3c183ceaa03d", kill_on_drop: false }`
[INFO] running `Command { std: "docker" "exec" "-e" "SOURCE_DIR=/opt/rustwide/workdir" "-e" "CARGO_HOME=/opt/rustwide/cargo-home" "-e" "RUSTUP_HOME=/opt/rustwide/rustup-home" "-e" "CARGO_TARGET_DIR=/opt/rustwide/target" "-e" "CARGO_INCREMENTAL=0" "-e" "RUST_BACKTRACE=full" "-e" "RUSTFLAGS=--cap-lints=warn" "-e" "RUSTDOCFLAGS=--cap-lints=warn" "-w" "/opt/rustwide/workdir" "--user" "0:0" "6713a5f94e6fe7afbedb8a4478013ff003d2ef5f9d140d112ebe3c183ceaa03d" "/opt/rustwide/cargo-home/bin/cargo" "+1.99.0-beta.8" "test" "--frozen" "--no-run" "--message-format=json" "--release", kill_on_drop: false }`
[INFO] [stderr]    Compiling nimiq-vrf v2.2.0 (/opt/rustwide/workdir)
[INFO] [stdout] error[E0432]: unresolved import `nimiq_test_log`
[INFO] [stdout]    --> src/vrf.rs:427:9
[INFO] [stdout]     |
[INFO] [stdout] 427 |     use nimiq_test_log::test;
[INFO] [stdout]     |         ^^^^^^^^^^^^^^ use of unresolved module or unlinked crate `nimiq_test_log`
[INFO] [stdout]     |
[INFO] [stdout]     = help: if you wanted to use a crate named `nimiq_test_log`, use `cargo add nimiq_test_log` to add it to your `Cargo.toml`
[INFO] [stdout] 
[INFO] [stdout] 
[INFO] [stdout] error[E0433]: cannot find module or crate `curve25519_dalek_4x` in this scope
[INFO] [stdout]    --> src/vrf.rs:440:13
[INFO] [stdout]     |
[INFO] [stdout] 440 |         use curve25519_dalek_4x::edwards::EdwardsPoint as EdwardsPoint4x;
[INFO] [stdout]     |             ^^^^^^^^^^^^^^^^^^^ use of unresolved module or unlinked crate `curve25519_dalek_4x`
[INFO] [stdout]     |
[INFO] [stdout] help: there is a crate or module with a similar name
[INFO] [stdout]     |
[INFO] [stdout] 440 -         use curve25519_dalek_4x::edwards::EdwardsPoint as EdwardsPoint4x;
[INFO] [stdout] 440 +         use curve25519_dalek::edwards::EdwardsPoint as EdwardsPoint4x;
[INFO] [stdout]     |
[INFO] [stdout] 
[INFO] [stdout] 
[INFO] [stdout] error[E0432]: unresolved import `nimiq_test_utils`
[INFO] [stdout]    --> src/vrf.rs:428:9
[INFO] [stdout]     |
[INFO] [stdout] 428 |     use nimiq_test_utils::test_rng;
[INFO] [stdout]     |         ^^^^^^^^^^^^^^^^ use of unresolved module or unlinked crate `nimiq_test_utils`
[INFO] [stdout]     |
[INFO] [stdout]     = help: if you wanted to use a crate named `nimiq_test_utils`, use `cargo add nimiq_test_utils` to add it to your `Cargo.toml`
[INFO] [stdout] 
[INFO] [stdout] 
[INFO] [stdout] error[E0432]: unresolved import `sha2_0_10`
[INFO] [stdout]    --> src/vrf.rs:442:13
[INFO] [stdout]     |
[INFO] [stdout] 442 |         use sha2_0_10::Sha512 as Sha512_4x;
[INFO] [stdout]     |             ^^^^^^^^^ use of unresolved module or unlinked crate `sha2_0_10`
[INFO] [stdout]     |
[INFO] [stdout]     = help: if you wanted to use a crate named `sha2_0_10`, use `cargo add sha2_0_10` to add it to your `Cargo.toml`
[INFO] [stdout] 
[INFO] [stdout] 
[INFO] [stdout] Some errors have detailed explanations: E0432, E0433.
[INFO] [stdout] 
[INFO] [stdout] For more information about an error, try `rustc --explain E0432`.
[INFO] [stdout] 
[INFO] [stderr] error: could not compile `nimiq-vrf` (lib test) due to 4 previous errors
[INFO] running `Command { std: "docker" "inspect" "6713a5f94e6fe7afbedb8a4478013ff003d2ef5f9d140d112ebe3c183ceaa03d", kill_on_drop: false }`
[INFO] running `Command { std: "docker" "rm" "-f" "6713a5f94e6fe7afbedb8a4478013ff003d2ef5f9d140d112ebe3c183ceaa03d", kill_on_drop: false }`
[INFO] [stdout] 6713a5f94e6fe7afbedb8a4478013ff003d2ef5f9d140d112ebe3c183ceaa03d
