[INFO] fetching crate nimiq-keys 2.2.0...
[INFO] testing nimiq-keys-2.2.0 against 1.99.0-beta.8+cargoflags=--release for beta-release-1.100-2
[INFO] extracting crate nimiq-keys 2.2.0 into /workspace/builds/worker-0-tc1/source
[INFO] started tweaking crates.io crate nimiq-keys 2.2.0
[INFO] removed 0 missing tests
[INFO] finished tweaking crates.io crate nimiq-keys 2.2.0
[INFO] tweaked toml for crates.io crate nimiq-keys 2.2.0 written to /workspace/builds/worker-0-tc1/source/Cargo.toml
[INFO] validating manifest of crates.io crate nimiq-keys 2.2.0 on toolchain 1.99.0-beta.8
[INFO] running `Command { std: CARGO_HOME="/workspace/cargo-home" RUSTUP_HOME="/workspace/rustup-home" "/workspace/cargo-home/bin/cargo" "+1.99.0-beta.8" "metadata" "--manifest-path" "Cargo.toml" "--no-deps", kill_on_drop: false }`
[INFO] crate crates.io crate nimiq-keys 2.2.0 already has a lockfile, it will not be regenerated
[INFO] running `Command { std: CARGO_HOME="/workspace/cargo-home" RUSTUP_HOME="/workspace/rustup-home" "/workspace/cargo-home/bin/cargo" "+1.99.0-beta.8" "fetch" "--manifest-path" "Cargo.toml", kill_on_drop: false }`
[INFO] [stderr]     Updating crates.io index
[INFO] [stderr]  Downloading crates ...
[INFO] [stderr]   Downloaded rand_core_compat v0.1.1
[INFO] [stderr]   Downloaded nimiq-serde v2.2.0
[INFO] [stderr]   Downloaded nimiq-utils v2.2.0
[INFO] [stderr]   Downloaded postcard-bytes v0.1.0
[INFO] [stderr]   Downloaded nimiq-serde-derive v2.2.0
[INFO] [stderr]   Downloaded blake2-rfc v0.2.18
[INFO] [stderr]   Downloaded nimiq-database-value-derive v2.2.0
[INFO] [stderr]   Downloaded nimiq-database-value v2.2.0
[INFO] [stderr]   Downloaded nimiq-macros v2.2.0
[INFO] [stderr]   Downloaded nimiq-hash v2.2.0
[INFO] [stderr]   Downloaded safe-regex v0.3.0
[INFO] [stderr]   Downloaded build-data v0.3.3
[INFO] [stderr]   Downloaded safe-proc-macro2 v1.0.95
[INFO] [stderr]   Downloaded safe-regex-macro v0.3.0
[INFO] [stderr]   Downloaded nimiq-hash_derive v2.2.0
[INFO] [stderr]   Downloaded ed25519-zebra v4.2.0
[INFO] [stderr]   Downloaded nimiq-collections v2.2.0
[INFO] [stderr]   Downloaded nimiq-mmr v2.2.0
[INFO] [stderr]   Downloaded safe-regex-compiler v0.3.0
[INFO] [stderr]   Downloaded safe-quote v1.0.40
[INFO] running `Command { std: "docker" "create" "-v" "/var/lib/crater-agent-workspace/builds/worker-0-tc1/source:/opt/rustwide/workdir:ro,Z" "-v" "/var/lib/crater-agent-workspace/builds/worker-0-tc1/target:/opt/rustwide/target:rw,Z" "-v" "/var/lib/crater-agent-workspace/cargo-home:/opt/rustwide/cargo-home:ro,Z" "-v" "/var/lib/crater-agent-workspace/rustup-home:/opt/rustwide/rustup-home:ro,Z" "-m" "1610612736" "--network" "none" "ghcr.io/rust-lang/crates-build-env/linux@sha256:77db811e55d90add9212f6832c23229e3de5f1c1f9905e8cb07319ea15df73ac" "sleep" "infinity", kill_on_drop: false }`
[INFO] [stdout] 8bf06a665164ef4deaa8ce29152619e95551b59f08c00d5b54d34bffdeb31ac6
[INFO] running `Command { std: "docker" "start" "8bf06a665164ef4deaa8ce29152619e95551b59f08c00d5b54d34bffdeb31ac6", kill_on_drop: false }`
[INFO] running `Command { std: "docker" "inspect" "8bf06a665164ef4deaa8ce29152619e95551b59f08c00d5b54d34bffdeb31ac6", kill_on_drop: false }`
[INFO] running `Command { std: "docker" "exec" "-e" "SOURCE_DIR=/opt/rustwide/workdir" "-e" "CARGO_HOME=/opt/rustwide/cargo-home" "-e" "RUSTUP_HOME=/opt/rustwide/rustup-home" "-e" "CARGO_TARGET_DIR=/opt/rustwide/target" "-w" "/opt/rustwide/workdir" "--user" "0:0" "8bf06a665164ef4deaa8ce29152619e95551b59f08c00d5b54d34bffdeb31ac6" "/opt/rustwide/cargo-home/bin/cargo" "+1.99.0-beta.8" "metadata" "--no-deps" "--format-version=1", kill_on_drop: false }`
[INFO] running `Command { std: "docker" "inspect" "8bf06a665164ef4deaa8ce29152619e95551b59f08c00d5b54d34bffdeb31ac6", kill_on_drop: false }`
[INFO] running `Command { std: "docker" "exec" "-e" "SOURCE_DIR=/opt/rustwide/workdir" "-e" "CARGO_HOME=/opt/rustwide/cargo-home" "-e" "RUSTUP_HOME=/opt/rustwide/rustup-home" "-e" "CARGO_TARGET_DIR=/opt/rustwide/target" "-e" "CARGO_INCREMENTAL=0" "-e" "RUST_BACKTRACE=full" "-e" "RUSTFLAGS=--cap-lints=warn" "-e" "RUSTDOCFLAGS=--cap-lints=warn" "-w" "/opt/rustwide/workdir" "--user" "0:0" "8bf06a665164ef4deaa8ce29152619e95551b59f08c00d5b54d34bffdeb31ac6" "/opt/rustwide/cargo-home/bin/cargo" "+1.99.0-beta.8" "build" "--frozen" "--message-format=json" "--release", kill_on_drop: false }`
[INFO] [stderr]    Compiling proc-macro2 v1.0.107
[INFO] [stderr]    Compiling libc v0.2.184
[INFO] [stderr]    Compiling safe-proc-macro2 v1.0.95
[INFO] [stderr]    Compiling base64ct v1.8.0
[INFO] [stderr]    Compiling hybrid-array v0.4.13
[INFO] [stderr]    Compiling arrayvec v0.4.12
[INFO] [stderr]    Compiling nodrop v0.1.14
[INFO] [stderr]    Compiling num-traits v0.2.19
[INFO] [stderr]    Compiling curve25519-dalek v4.1.3
[INFO] [stderr]    Compiling blake2b_simd v1.0.3
[INFO] [stderr]    Compiling constant_time_eq v0.4.2
[INFO] [stderr]    Compiling constant_time_eq v0.1.5
[INFO] [stderr]    Compiling chacha20 v0.10.0
[INFO] [stderr]    Compiling curve25519-dalek v5.0.0
[INFO] [stderr]    Compiling nimiq-mmr v2.2.0
[INFO] [stderr]    Compiling nimiq-database-value v2.2.0
[INFO] [stderr]    Compiling hashbrown v0.16.0
[INFO] [stderr]    Compiling instant v0.1.13
[INFO] [stderr]    Compiling itertools v0.15.0
[INFO] [stderr]    Compiling pem-rfc7468 v0.7.0
[INFO] [stderr]    Compiling quote v1.0.47
[INFO] [stderr]    Compiling blake2-rfc v0.2.18
[INFO] [stderr]    Compiling rust-argon2 v3.0.0
[INFO] [stderr]    Compiling block-buffer v0.12.1
[INFO] [stderr]    Compiling crypto-common v0.2.2
[INFO] [stderr]    Compiling syn v2.0.119
[INFO] [stderr]    Compiling syn v3.0.5
[INFO] [stderr]    Compiling safe-quote v1.0.40
[INFO] [stderr]    Compiling chrono v0.4.42
[INFO] [stderr]    Compiling safe-regex-compiler v0.3.0
[INFO] [stderr]    Compiling safe-regex-macro v0.3.0
[INFO] [stderr]    Compiling getrandom v0.2.16
[INFO] [stderr]    Compiling getrandom v0.4.3
[INFO] [stderr]    Compiling parking_lot_core v0.9.12
[INFO] [stderr]    Compiling safe-regex v0.3.0
[INFO] [stderr]    Compiling digest v0.11.3
[INFO] [stderr]    Compiling rand_core v0.6.4
[INFO] [stderr]    Compiling rand v0.10.2
[INFO] [stderr]    Compiling build-data v0.3.3
[INFO] [stderr]    Compiling parking_lot v0.12.5
[INFO] [stderr]    Compiling sha2 v0.11.0
[INFO] [stderr]    Compiling ff v0.13.1
[INFO] [stderr]    Compiling rand_core_compat v0.1.1
[INFO] [stderr]    Compiling group v0.13.0
[INFO] [stderr]    Compiling nimiq-utils v2.2.0
[INFO] [stderr]    Compiling darling_core v0.24.1
[INFO] [stderr]    Compiling serde_derive v1.0.229
[INFO] [stderr]    Compiling thiserror-impl v2.0.20
[INFO] [stderr]    Compiling nimiq-database-value-derive v2.2.0
[INFO] [stderr]    Compiling nimiq-hash_derive v2.2.0
[INFO] [stderr]    Compiling zeroize_derive v1.5.0
[INFO] [stderr]    Compiling curve25519-dalek-derive v0.1.1
[INFO] [stderr]    Compiling pin-project-internal v1.1.13
[INFO] [stderr]    Compiling zeroize v1.9.0
[INFO] [stderr]    Compiling generic-array v0.14.7
[INFO] [stderr]    Compiling der v0.7.10
[INFO] [stderr]    Compiling thiserror v2.0.20
[INFO] [stderr]    Compiling pin-project v1.1.13
[INFO] [stderr]    Compiling cobs v0.3.0
[INFO] [stderr]    Compiling block-buffer v0.10.4
[INFO] [stderr]    Compiling crypto-common v0.1.7
[INFO] [stderr]    Compiling crypto-bigint v0.5.5
[INFO] [stderr]    Compiling digest v0.10.7
[INFO] [stderr]    Compiling signature v2.2.0
[INFO] [stderr]    Compiling hmac v0.12.1
[INFO] [stderr]    Compiling sha2 v0.10.9
[INFO] [stderr]    Compiling rfc6979 v0.4.0
[INFO] [stderr]    Compiling spki v0.7.3
[INFO] [stderr]    Compiling pkcs8 v0.10.2
[INFO] [stderr]    Compiling darling_macro v0.24.1
[INFO] [stderr]    Compiling sec1 v0.7.3
[INFO] [stderr]    Compiling darling v0.24.1
[INFO] [stderr]    Compiling nimiq-serde-derive v2.2.0
[INFO] [stderr]    Compiling elliptic-curve v0.13.8
[INFO] [stderr]    Compiling serde v1.0.229
[INFO] [stderr]    Compiling primeorder v0.13.6
[INFO] [stderr]    Compiling ecdsa v0.16.9
[INFO] [stderr]    Compiling postcard-bytes v0.1.0
[INFO] [stderr]    Compiling ed25519 v2.2.3
[INFO] [stderr]    Compiling p256 v0.13.2
[INFO] [stderr]    Compiling ed25519-zebra v4.2.0
[INFO] [stderr]    Compiling nimiq-serde v2.2.0
[INFO] [stderr]    Compiling nimiq-macros v2.2.0
[INFO] [stderr]    Compiling nimiq-collections v2.2.0
[INFO] [stderr]    Compiling nimiq-hash v2.2.0
[INFO] [stderr]    Compiling nimiq-keys v2.2.0 (/opt/rustwide/workdir)
[INFO] [stderr]     Finished `release` profile [optimized] target(s) in 12.08s
[INFO] running `Command { std: "docker" "inspect" "8bf06a665164ef4deaa8ce29152619e95551b59f08c00d5b54d34bffdeb31ac6", kill_on_drop: false }`
[INFO] running `Command { std: "docker" "exec" "-e" "SOURCE_DIR=/opt/rustwide/workdir" "-e" "CARGO_HOME=/opt/rustwide/cargo-home" "-e" "RUSTUP_HOME=/opt/rustwide/rustup-home" "-e" "CARGO_TARGET_DIR=/opt/rustwide/target" "-e" "CARGO_INCREMENTAL=0" "-e" "RUST_BACKTRACE=full" "-e" "RUSTFLAGS=--cap-lints=warn" "-e" "RUSTDOCFLAGS=--cap-lints=warn" "-w" "/opt/rustwide/workdir" "--user" "0:0" "8bf06a665164ef4deaa8ce29152619e95551b59f08c00d5b54d34bffdeb31ac6" "/opt/rustwide/cargo-home/bin/cargo" "+1.99.0-beta.8" "test" "--frozen" "--no-run" "--message-format=json" "--release", kill_on_drop: false }`
[INFO] [stderr]    Compiling nimiq-keys v2.2.0 (/opt/rustwide/workdir)
[INFO] [stdout] error[E0432]: unresolved import `nimiq_test_log`
[INFO] [stdout]   --> src/tagged_signing.rs:25:9
[INFO] [stdout]    |
[INFO] [stdout] 25 |     use nimiq_test_log::test;
[INFO] [stdout]    |         ^^^^^^^^^^^^^^ use of unresolved module or unlinked crate `nimiq_test_log`
[INFO] [stdout]    |
[INFO] [stdout]    = help: if you wanted to use a crate named `nimiq_test_log`, use `cargo add nimiq_test_log` to add it to your `Cargo.toml`
[INFO] [stdout] 
[INFO] [stdout] 
[INFO] [stdout] error[E0432]: unresolved import `nimiq_test_utils`
[INFO] [stdout]   --> src/tagged_signing.rs:26:9
[INFO] [stdout]    |
[INFO] [stdout] 26 |     use nimiq_test_utils::test_rng;
[INFO] [stdout]    |         ^^^^^^^^^^^^^^^^ use of unresolved module or unlinked crate `nimiq_test_utils`
[INFO] [stdout]    |
[INFO] [stdout] help: there is a crate or module with a similar name
[INFO] [stdout]    |
[INFO] [stdout] 26 -     use nimiq_test_utils::test_rng;
[INFO] [stdout] 26 +     use nimiq_utils::test_rng;
[INFO] [stdout]    |
[INFO] [stdout] 
[INFO] [stdout] 
[INFO] [stdout] error[E0432]: unresolved import `nimiq_keys::multisig::address::compute_address`
[INFO] [stdout]   --> tests/multisig.rs:6:40
[INFO] [stdout]    |
[INFO] [stdout]  6 |         address::{combine_public_keys, compute_address},
[INFO] [stdout]    |                                        ^^^^^^^^^^^^^^^ no `compute_address` in `multisig::address`
[INFO] [stdout]    |
[INFO] [stdout] note: found an item that was configured out
[INFO] [stdout]   --> src/multisig/address.rs:30:8
[INFO] [stdout]    |
[INFO] [stdout] 29 | #[cfg(feature = "serde-derive")]
[INFO] [stdout]    |       ------------------------ the item is gated behind the `serde-derive` feature
[INFO] [stdout] 30 | pub fn compute_address(combined_public_keys: &[Ed25519PublicKey]) -> Address {
[INFO] [stdout]    |        ^^^^^^^^^^^^^^^
[INFO] [stdout] 
[INFO] [stdout] 
[INFO] [stdout] error[E0432]: unresolved import `nimiq_keys::multisig::address::compute_address`
[INFO] [stdout]   --> tests/multisig.rs:6:40
[INFO] [stdout]    |
[INFO] [stdout]  6 |         address::{combine_public_keys, compute_address},
[INFO] [stdout]    |                                        ^^^^^^^^^^^^^^^ no `compute_address` in `multisig::address`
[INFO] [stdout]    |
[INFO] [stdout] note: found an item that was configured out
[INFO] [stdout]   --> src/multisig/address.rs:30:8
[INFO] [stdout]    |
[INFO] [stdout] 29 | #[cfg(feature = "serde-derive")]
[INFO] [stdout]    |       ------------------------ the item is gated behind the `serde-derive` feature
[INFO] [stdout] 30 | pub fn compute_address(combined_public_keys: &[Ed25519PublicKey]) -> Address {
[INFO] [stdout]    |        ^^^^^^^^^^^^^^^
[INFO] [stdout] 
[INFO] [stdout] 
[INFO] [stdout] error[E0432]: unresolved import `nimiq_test_log`
[INFO] [stdout]  --> tests/mod.rs:5:5
[INFO] [stdout]   |
[INFO] [stdout] 5 | use nimiq_test_log::test;
[INFO] [stdout]   |     ^^^^^^^^^^^^^^ use of unresolved module or unlinked crate `nimiq_test_log`
[INFO] [stdout]   |
[INFO] [stdout]   = help: if you wanted to use a crate named `nimiq_test_log`, use `cargo add nimiq_test_log` to add it to your `Cargo.toml`
[INFO] [stdout] 
[INFO] [stdout] 
[INFO] [stdout] error[E0432]: unresolved import `nimiq_serde`
[INFO] [stdout]   --> tests/multisig.rs:15:5
[INFO] [stdout]    |
[INFO] [stdout] 15 | use nimiq_serde::{Deserialize, Serialize};
[INFO] [stdout]    |     ^^^^^^^^^^^
[INFO] [stdout]    |
[INFO] [stdout] help: a similar path exists
[INFO] [stdout]    |
[INFO] [stdout] 15 | use nimiq_macros::nimiq_serde::{Deserialize, Serialize};
[INFO] [stdout]    |     ++++++++++++++
[INFO] [stdout] 
[INFO] [stdout] 
[INFO] [stdout] error[E0432]: unresolved import `nimiq_test_utils`
[INFO] [stdout]  --> tests/mod.rs:6:5
[INFO] [stdout]   |
[INFO] [stdout] 6 | use nimiq_test_utils::test_rng;
[INFO] [stdout]   |     ^^^^^^^^^^^^^^^^ use of unresolved module or unlinked crate `nimiq_test_utils`
[INFO] [stdout]   |
[INFO] [stdout] help: there is a crate or module with a similar name
[INFO] [stdout]   |
[INFO] [stdout] 6 - use nimiq_test_utils::test_rng;
[INFO] [stdout] 6 + use nimiq_utils::test_rng;
[INFO] [stdout]   |
[INFO] [stdout] 
[INFO] [stdout] 
[INFO] [stdout] error[E0432]: unresolved import `nimiq_test_log`
[INFO] [stdout]   --> tests/multisig.rs:16:5
[INFO] [stdout]    |
[INFO] [stdout] 16 | use nimiq_test_log::test;
[INFO] [stdout]    |     ^^^^^^^^^^^^^^ use of unresolved module or unlinked crate `nimiq_test_log`
[INFO] [stdout]    |
[INFO] [stdout]    = help: if you wanted to use a crate named `nimiq_test_log`, use `cargo add nimiq_test_log` to add it to your `Cargo.toml`
[INFO] [stdout] 
[INFO] [stdout] 
[INFO] [stdout] error[E0432]: unresolved import `nimiq_serde`
[INFO] [stdout]   --> tests/multisig.rs:15:5
[INFO] [stdout]    |
[INFO] [stdout] 15 | use nimiq_serde::{Deserialize, Serialize};
[INFO] [stdout]    |     ^^^^^^^^^^^
[INFO] [stdout]    |
[INFO] [stdout] help: a similar path exists
[INFO] [stdout]    |
[INFO] [stdout] 15 | use nimiq_macros::nimiq_serde::{Deserialize, Serialize};
[INFO] [stdout]    |     ++++++++++++++
[INFO] [stdout] 
[INFO] [stdout] 
[INFO] [stdout] error[E0432]: unresolved import `nimiq_test_log`
[INFO] [stdout]   --> tests/multisig.rs:16:5
[INFO] [stdout]    |
[INFO] [stdout] 16 | use nimiq_test_log::test;
[INFO] [stdout]    |     ^^^^^^^^^^^^^^ use of unresolved module or unlinked crate `nimiq_test_log`
[INFO] [stdout]    |
[INFO] [stdout]    = help: if you wanted to use a crate named `nimiq_test_log`, use `cargo add nimiq_test_log` to add it to your `Cargo.toml`
[INFO] [stdout] 
[INFO] [stdout] 
[INFO] [stdout] error[E0432]: unresolved import `nimiq_test_utils`
[INFO] [stdout]   --> tests/multisig.rs:17:5
[INFO] [stdout]    |
[INFO] [stdout] 17 | use nimiq_test_utils::test_rng;
[INFO] [stdout]    |     ^^^^^^^^^^^^^^^^ use of unresolved module or unlinked crate `nimiq_test_utils`
[INFO] [stdout]    |
[INFO] [stdout] help: there is a crate or module with a similar name
[INFO] [stdout]    |
[INFO] [stdout] 17 - use nimiq_test_utils::test_rng;
[INFO] [stdout] 17 + use nimiq_utils::test_rng;
[INFO] [stdout]    |
[INFO] [stdout] 
[INFO] [stdout] 
[INFO] [stdout] error[E0432]: unresolved import `nimiq_test_utils`
[INFO] [stdout]   --> tests/multisig.rs:17:5
[INFO] [stdout]    |
[INFO] [stdout] 17 | use nimiq_test_utils::test_rng;
[INFO] [stdout]    |     ^^^^^^^^^^^^^^^^ use of unresolved module or unlinked crate `nimiq_test_utils`
[INFO] [stdout]    |
[INFO] [stdout] help: there is a crate or module with a similar name
[INFO] [stdout]    |
[INFO] [stdout] 17 - use nimiq_test_utils::test_rng;
[INFO] [stdout] 17 + use nimiq_utils::test_rng;
[INFO] [stdout]    |
[INFO] [stdout] 
[INFO] [stdout] 
[INFO] [stdout] error[E0599]: no associated function or constant named `deserialize_from_vec` found for struct `KeyPair` in the current scope
[INFO] [stdout]    --> tests/multisig.rs:228:30
[INFO] [stdout]     |
[INFO] [stdout] 228 |     let keypair_a = KeyPair::deserialize_from_vec(&hex::decode(keypair_a).unwrap()).unwrap();
[INFO] [stdout]     |                              ^^^^^^^^^^^^^^^^^^^^ associated function or constant not found in `KeyPair`
[INFO] [stdout] 
[INFO] [stdout] 
[INFO] [stdout] error[E0599]: no associated function or constant named `deserialize_from_vec` found for struct `KeyPair` in the current scope
[INFO] [stdout]    --> tests/multisig.rs:228:30
[INFO] [stdout]     |
[INFO] [stdout] 228 |     let keypair_a = KeyPair::deserialize_from_vec(&hex::decode(keypair_a).unwrap()).unwrap();
[INFO] [stdout]     |                              ^^^^^^^^^^^^^^^^^^^^ associated function or constant not found in `KeyPair`
[INFO] [stdout] 
[INFO] [stdout] 
[INFO] [stdout] error[E0599]: no associated function or constant named `deserialize_from_vec` found for struct `KeyPair` in the current scope
[INFO] [stdout]    --> tests/multisig.rs:229:30
[INFO] [stdout]     |
[INFO] [stdout] 229 |     let keypair_b = KeyPair::deserialize_from_vec(&hex::decode(keypair_b).unwrap()).unwrap();
[INFO] [stdout]     |                              ^^^^^^^^^^^^^^^^^^^^ associated function or constant not found in `KeyPair`
[INFO] [stdout] 
[INFO] [stdout] 
[INFO] [stdout] error[E0599]: no associated function or constant named `deserialize_from_vec` found for struct `KeyPair` in the current scope
[INFO] [stdout]    --> tests/multisig.rs:229:30
[INFO] [stdout]     |
[INFO] [stdout] 229 |     let keypair_b = KeyPair::deserialize_from_vec(&hex::decode(keypair_b).unwrap()).unwrap();
[INFO] [stdout]     |                              ^^^^^^^^^^^^^^^^^^^^ associated function or constant not found in `KeyPair`
[INFO] [stdout] 
[INFO] [stdout] 
[INFO] [stdout] error[E0599]: no associated function or constant named `deserialize_from_vec` found for struct `KeyPair` in the current scope
[INFO] [stdout]    --> tests/multisig.rs:230:30
[INFO] [stdout]     |
[INFO] [stdout] 230 |     let keypair_c = KeyPair::deserialize_from_vec(&hex::decode(keypair_c).unwrap()).unwrap();
[INFO] [stdout]     |                              ^^^^^^^^^^^^^^^^^^^^ associated function or constant not found in `KeyPair`
[INFO] [stdout] 
[INFO] [stdout] 
[INFO] [stdout] error[E0599]: no associated function or constant named `deserialize_from_vec` found for struct `KeyPair` in the current scope
[INFO] [stdout]    --> tests/multisig.rs:230:30
[INFO] [stdout]     |
[INFO] [stdout] 230 |     let keypair_c = KeyPair::deserialize_from_vec(&hex::decode(keypair_c).unwrap()).unwrap();
[INFO] [stdout]     |                              ^^^^^^^^^^^^^^^^^^^^ associated function or constant not found in `KeyPair`
[INFO] [stdout] 
[INFO] [stdout] 
[INFO] [stdout] error[E0599]: no associated function or constant named `from_bits` found for struct `curve25519_dalek::Scalar` in the current scope
[INFO] [stdout]    --> src/scalar_reduction_equivalence.rs:41:26
[INFO] [stdout]     |
[INFO] [stdout]  41 |     let x_bits = Scalar::from_bits(cb); // historical, unreduced
[INFO] [stdout]     |                          ^^^^^^^^^ associated function or constant not found in `curve25519_dalek::Scalar`
[INFO] [stdout]     |
[INFO] [stdout] note: if you're trying to build a new `curve25519_dalek::Scalar` consider using one of the following associated functions:
[INFO] [stdout]       curve25519_dalek::Scalar::from_bytes_mod_order
[INFO] [stdout]       curve25519_dalek::Scalar::from_bytes_mod_order_wide
[INFO] [stdout]       curve25519_dalek::Scalar::hash_from_bytes
[INFO] [stdout]       curve25519_dalek::Scalar::from_hash
[INFO] [stdout]       and 2 others
[INFO] [stdout]    --> /opt/rustwide/cargo-home/registry/src/index.crates.io-1949cf8c6b5b557f/curve25519-dalek-5.0.0/src/scalar.rs:235:5
[INFO] [stdout]     |
[INFO] [stdout] 235 |       pub fn from_bytes_mod_order(bytes: [u8; 32]) -> Scalar {
[INFO] [stdout]     |       ^^^^^^^^^^^^^^^^^^^^^^^^^^^^^^^^^^^^^^^^^^^^^^^^^^^^^^
[INFO] [stdout] ...
[INFO] [stdout] 248 |       pub fn from_bytes_mod_order_wide(input: &[u8; 64]) -> Scalar {
[INFO] [stdout]     |       ^^^^^^^^^^^^^^^^^^^^^^^^^^^^^^^^^^^^^^^^^^^^^^^^^^^^^^^^^^^^
[INFO] [stdout] ...
[INFO] [stdout] 617 | /     pub fn hash_from_bytes<D>(input: &[u8]) -> Scalar
[INFO] [stdout] 618 | |     where
[INFO] [stdout] 619 | |         D: Digest<OutputSize = U64> + Default,
[INFO] [stdout]     | |______________________________________________^
[INFO] [stdout] ...
[INFO] [stdout] 663 | /     pub fn from_hash<D>(hash: D) -> Scalar
[INFO] [stdout] 664 | |     where
[INFO] [stdout] 665 | |         D: Digest<OutputSize = U64>,
[INFO] [stdout]     | |____________________________________^
[INFO] [stdout] 
[INFO] [stdout] 
[INFO] [stdout] error[E0599]: no associated function or constant named `deserialize_from_vec` found for struct `CommitmentPair` in the current scope
[INFO] [stdout]    --> tests/multisig.rs:235:25
[INFO] [stdout]     |
[INFO] [stdout] 235 |         CommitmentPair::deserialize_from_vec(&hex::decode(commitment_pair_a_1).unwrap()).unwrap();
[INFO] [stdout]     |                         ^^^^^^^^^^^^^^^^^^^^ associated function or constant not found in `CommitmentPair`
[INFO] [stdout]     |
[INFO] [stdout] note: if you're trying to build a new `CommitmentPair`, consider using `CommitmentPair::new` which returns `CommitmentPair`
[INFO] [stdout]    --> src/multisig/commitment.rs:86:5
[INFO] [stdout]     |
[INFO] [stdout]  86 |     pub fn new(random_secret: Nonce, commitment: Commitment) -> Self {
[INFO] [stdout]     |     ^^^^^^^^^^^^^^^^^^^^^^^^^^^^^^^^^^^^^^^^^^^^^^^^^^^^^^^^^^^^^^^^
[INFO] [stdout] 
[INFO] [stdout] 
[INFO] [stdout] error[E0599]: no associated function or constant named `deserialize_from_vec` found for struct `CommitmentPair` in the current scope
[INFO] [stdout]    --> tests/multisig.rs:235:25
[INFO] [stdout]     |
[INFO] [stdout] 235 |         CommitmentPair::deserialize_from_vec(&hex::decode(commitment_pair_a_1).unwrap()).unwrap();
[INFO] [stdout]     |                         ^^^^^^^^^^^^^^^^^^^^ associated function or constant not found in `CommitmentPair`
[INFO] [stdout]     |
[INFO] [stdout] note: if you're trying to build a new `CommitmentPair`, consider using `CommitmentPair::new` which returns `CommitmentPair`
[INFO] [stdout]    --> src/multisig/commitment.rs:86:5
[INFO] [stdout]     |
[INFO] [stdout]  86 |     pub fn new(random_secret: Nonce, commitment: Commitment) -> Self {
[INFO] [stdout]     |     ^^^^^^^^^^^^^^^^^^^^^^^^^^^^^^^^^^^^^^^^^^^^^^^^^^^^^^^^^^^^^^^^
[INFO] [stdout] 
[INFO] [stdout] 
[INFO] [stdout] error[E0599]: no associated function or constant named `deserialize_from_vec` found for struct `CommitmentPair` in the current scope
[INFO] [stdout]    --> tests/multisig.rs:237:25
[INFO] [stdout]     |
[INFO] [stdout] 237 |         CommitmentPair::deserialize_from_vec(&hex::decode(commitment_pair_a_2).unwrap()).unwrap();
[INFO] [stdout]     |                         ^^^^^^^^^^^^^^^^^^^^ associated function or constant not found in `CommitmentPair`
[INFO] [stdout]     |
[INFO] [stdout] note: if you're trying to build a new `CommitmentPair`, consider using `CommitmentPair::new` which returns `CommitmentPair`
[INFO] [stdout]    --> src/multisig/commitment.rs:86:5
[INFO] [stdout]     |
[INFO] [stdout]  86 |     pub fn new(random_secret: Nonce, commitment: Commitment) -> Self {
[INFO] [stdout]     |     ^^^^^^^^^^^^^^^^^^^^^^^^^^^^^^^^^^^^^^^^^^^^^^^^^^^^^^^^^^^^^^^^
[INFO] [stdout] 
[INFO] [stdout] 
[INFO] [stdout] error[E0599]: no associated function or constant named `deserialize_from_vec` found for struct `CommitmentPair` in the current scope
[INFO] [stdout]    --> tests/multisig.rs:237:25
[INFO] [stdout]     |
[INFO] [stdout] 237 |         CommitmentPair::deserialize_from_vec(&hex::decode(commitment_pair_a_2).unwrap()).unwrap();
[INFO] [stdout]     |                         ^^^^^^^^^^^^^^^^^^^^ associated function or constant not found in `CommitmentPair`
[INFO] [stdout]     |
[INFO] [stdout] note: if you're trying to build a new `CommitmentPair`, consider using `CommitmentPair::new` which returns `CommitmentPair`
[INFO] [stdout]    --> src/multisig/commitment.rs:86:5
[INFO] [stdout]     |
[INFO] [stdout]  86 |     pub fn new(random_secret: Nonce, commitment: Commitment) -> Self {
[INFO] [stdout]     |     ^^^^^^^^^^^^^^^^^^^^^^^^^^^^^^^^^^^^^^^^^^^^^^^^^^^^^^^^^^^^^^^^
[INFO] [stdout] 
[INFO] [stdout] 
[INFO] [stdout] error[E0599]: no associated function or constant named `deserialize_from_vec` found for struct `CommitmentPair` in the current scope
[INFO] [stdout]    --> tests/multisig.rs:240:25
[INFO] [stdout]     |
[INFO] [stdout] 240 |         CommitmentPair::deserialize_from_vec(&hex::decode(commitment_pair_b_1).unwrap()).unwrap();
[INFO] [stdout]     |                         ^^^^^^^^^^^^^^^^^^^^ associated function or constant not found in `CommitmentPair`
[INFO] [stdout]     |
[INFO] [stdout] note: if you're trying to build a new `CommitmentPair`, consider using `CommitmentPair::new` which returns `CommitmentPair`
[INFO] [stdout]    --> src/multisig/commitment.rs:86:5
[INFO] [stdout]     |
[INFO] [stdout]  86 |     pub fn new(random_secret: Nonce, commitment: Commitment) -> Self {
[INFO] [stdout]     |     ^^^^^^^^^^^^^^^^^^^^^^^^^^^^^^^^^^^^^^^^^^^^^^^^^^^^^^^^^^^^^^^^
[INFO] [stdout] 
[INFO] [stdout] 
[INFO] [stdout] error[E0599]: no associated function or constant named `deserialize_from_vec` found for struct `CommitmentPair` in the current scope
[INFO] [stdout]    --> tests/multisig.rs:240:25
[INFO] [stdout]     |
[INFO] [stdout] 240 |         CommitmentPair::deserialize_from_vec(&hex::decode(commitment_pair_b_1).unwrap()).unwrap();
[INFO] [stdout]     |                         ^^^^^^^^^^^^^^^^^^^^ associated function or constant not found in `CommitmentPair`
[INFO] [stdout]     |
[INFO] [stdout] note: if you're trying to build a new `CommitmentPair`, consider using `CommitmentPair::new` which returns `CommitmentPair`
[INFO] [stdout]    --> src/multisig/commitment.rs:86:5
[INFO] [stdout]     |
[INFO] [stdout]  86 |     pub fn new(random_secret: Nonce, commitment: Commitment) -> Self {
[INFO] [stdout]     |     ^^^^^^^^^^^^^^^^^^^^^^^^^^^^^^^^^^^^^^^^^^^^^^^^^^^^^^^^^^^^^^^^
[INFO] [stdout] 
[INFO] [stdout] 
[INFO] [stdout] Some errors have detailed explanations: E0432, E0599.
[INFO] [stdout] 
[INFO] [stdout] For more information about an error, try `rustc --explain E0432`.
[INFO] [stdout] 
[INFO] [stderr] error: could not compile `nimiq-keys` (lib test) due to 3 previous errors
[INFO] [stderr] warning: build failed, waiting for other jobs to finish...
[INFO] [stdout] error[E0599]: no associated function or constant named `deserialize_from_vec` found for struct `CommitmentPair` in the current scope
[INFO] [stdout]    --> tests/multisig.rs:242:25
[INFO] [stdout]     |
[INFO] [stdout] 242 |         CommitmentPair::deserialize_from_vec(&hex::decode(commitment_pair_b_2).unwrap()).unwrap();
[INFO] [stdout]     |                         ^^^^^^^^^^^^^^^^^^^^ associated function or constant not found in `CommitmentPair`
[INFO] [stdout]     |
[INFO] [stdout] note: if you're trying to build a new `CommitmentPair`, consider using `CommitmentPair::new` which returns `CommitmentPair`
[INFO] [stdout]    --> src/multisig/commitment.rs:86:5
[INFO] [stdout]     |
[INFO] [stdout]  86 |     pub fn new(random_secret: Nonce, commitment: Commitment) -> Self {
[INFO] [stdout]     |     ^^^^^^^^^^^^^^^^^^^^^^^^^^^^^^^^^^^^^^^^^^^^^^^^^^^^^^^^^^^^^^^^
[INFO] [stdout] 
[INFO] [stdout] 
[INFO] [stdout] error[E0599]: no associated function or constant named `deserialize_from_vec` found for struct `CommitmentPair` in the current scope
[INFO] [stdout]    --> tests/multisig.rs:242:25
[INFO] [stdout]     |
[INFO] [stdout] 242 |         CommitmentPair::deserialize_from_vec(&hex::decode(commitment_pair_b_2).unwrap()).unwrap();
[INFO] [stdout]     |                         ^^^^^^^^^^^^^^^^^^^^ associated function or constant not found in `CommitmentPair`
[INFO] [stdout]     |
[INFO] [stdout] note: if you're trying to build a new `CommitmentPair`, consider using `CommitmentPair::new` which returns `CommitmentPair`
[INFO] [stdout]    --> src/multisig/commitment.rs:86:5
[INFO] [stdout]     |
[INFO] [stdout]  86 |     pub fn new(random_secret: Nonce, commitment: Commitment) -> Self {
[INFO] [stdout]     |     ^^^^^^^^^^^^^^^^^^^^^^^^^^^^^^^^^^^^^^^^^^^^^^^^^^^^^^^^^^^^^^^^
[INFO] [stdout] 
[INFO] [stdout] 
[INFO] [stdout] error[E0599]: no method named `serialize_to_vec` found for struct `Ed25519PublicKey` in the current scope
[INFO] [stdout]    --> tests/multisig.rs:313:70
[INFO] [stdout]     |
[INFO] [stdout] 313 |     proof.extend_from_slice(&commitments_data_a.aggregate_public_key.serialize_to_vec());
[INFO] [stdout]     |                                                                      ^^^^^^^^^^^^^^^^ method not found in `Ed25519PublicKey`
[INFO] [stdout] 
[INFO] [stdout] 
[INFO] [stdout] error[E0277]: the trait bound `Ed25519PublicKey: SerializeContent` is not satisfied
[INFO] [stdout]    --> tests/multisig.rs:315:56
[INFO] [stdout]     |
[INFO] [stdout] 315 |     let merkle_path = MerklePath::new::<Blake2bHasher, Ed25519PublicKey>(
[INFO] [stdout]     |                                                        ^^^^^^^^^^^^^^^^ the trait `SerializeContent` is not implemented for `Ed25519PublicKey`
[INFO] [stdout]     |
[INFO] [stdout]     = help: the following other types implement trait `SerializeContent`:
[INFO] [stdout]               &T
[INFO] [stdout]               (T, U)
[INFO] [stdout]               Address
[INFO] [stdout]               Blake2bHash
[INFO] [stdout]               Blake2sHash
[INFO] [stdout]               Option<T>
[INFO] [stdout]               Sha256Hash
[INFO] [stdout]               Sha512Hash
[INFO] [stdout]             and 6 others
[INFO] [stdout] note: required by a bound in `MerklePath::<H>::new`
[INFO] [stdout]    --> /opt/rustwide/cargo-home/registry/src/index.crates.io-1949cf8c6b5b557f/nimiq-utils-2.2.0/src/merkle/mod.rs:55:42
[INFO] [stdout]     |
[INFO] [stdout]  55 |     pub fn new<D: Hasher<Output = H>, T: SerializeContent>(
[INFO] [stdout]     |                                          ^^^^^^^^^^^^^^^^ required by this bound in `MerklePath::<H>::new`
[INFO] [stdout] 
[INFO] [stdout] 
[INFO] [stdout] error[E0599]: no method named `serialize_to_vec` found for struct `Ed25519PublicKey` in the current scope
[INFO] [stdout]    --> tests/multisig.rs:313:70
[INFO] [stdout]     |
[INFO] [stdout] 313 |     proof.extend_from_slice(&commitments_data_a.aggregate_public_key.serialize_to_vec());
[INFO] [stdout]     |                                                                      ^^^^^^^^^^^^^^^^ method not found in `Ed25519PublicKey`
[INFO] [stdout] 
[INFO] [stdout] 
[INFO] [stdout] error[E0277]: the trait bound `Ed25519PublicKey: SerializeContent` is not satisfied
[INFO] [stdout]    --> tests/multisig.rs:315:56
[INFO] [stdout]     |
[INFO] [stdout] 315 |     let merkle_path = MerklePath::new::<Blake2bHasher, Ed25519PublicKey>(
[INFO] [stdout]     |                                                        ^^^^^^^^^^^^^^^^ the trait `SerializeContent` is not implemented for `Ed25519PublicKey`
[INFO] [stdout]     |
[INFO] [stdout]     = help: the following other types implement trait `SerializeContent`:
[INFO] [stdout]               &T
[INFO] [stdout]               (T, U)
[INFO] [stdout]               Address
[INFO] [stdout]               Blake2bHash
[INFO] [stdout]               Blake2sHash
[INFO] [stdout]               Option<T>
[INFO] [stdout]               Sha256Hash
[INFO] [stdout]               Sha512Hash
[INFO] [stdout]             and 6 others
[INFO] [stdout] note: required by a bound in `MerklePath::<H>::new`
[INFO] [stdout]    --> /opt/rustwide/cargo-home/registry/src/index.crates.io-1949cf8c6b5b557f/nimiq-utils-2.2.0/src/merkle/mod.rs:55:42
[INFO] [stdout]     |
[INFO] [stdout]  55 |     pub fn new<D: Hasher<Output = H>, T: SerializeContent>(
[INFO] [stdout]     |                                          ^^^^^^^^^^^^^^^^ required by this bound in `MerklePath::<H>::new`
[INFO] [stdout] 
[INFO] [stdout] 
[INFO] [stdout] error[E0599]: no method named `serialize_to_vec` found for struct `MerklePath<H>` in the current scope
[INFO] [stdout]    --> tests/multisig.rs:319:42
[INFO] [stdout]     |
[INFO] [stdout] 319 |     proof.extend_from_slice(&merkle_path.serialize_to_vec());
[INFO] [stdout]     |                                          ^^^^^^^^^^^^^^^^
[INFO] [stdout]     |
[INFO] [stdout]    ::: /opt/rustwide/cargo-home/registry/src/index.crates.io-1949cf8c6b5b557f/nimiq-serde-2.2.0/src/lib.rs:282:8
[INFO] [stdout]     |
[INFO] [stdout] 282 |     fn serialize_to_vec(&self) -> Vec<u8> {
[INFO] [stdout]     |        ---------------- the method is available for `MerklePath<Blake2bHash>` here
[INFO] [stdout]     |
[INFO] [stdout]     = help: items from traits can only be used if the trait is in scope
[INFO] [stdout] help: there is a method `serialize_to_writer` with a similar name, but with different arguments
[INFO] [stdout]    --> /opt/rustwide/cargo-home/registry/src/index.crates.io-1949cf8c6b5b557f/nimiq-serde-2.2.0/src/lib.rs:241:5
[INFO] [stdout]     |
[INFO] [stdout] 241 |     fn serialize_to_writer<W: Write>(&self, writer: &mut W) -> io::Result<usize> {
[INFO] [stdout]     |     ^^^^^^^^^^^^^^^^^^^^^^^^^^^^^^^^^^^^^^^^^^^^^^^^^^^^^^^^^^^^^^^^^^^^^^^^^^^^
[INFO] [stdout] help: trait `Serialize` which provides `serialize_to_vec` is implemented but not in scope; perhaps you want to import it
[INFO] [stdout]     |
[INFO] [stdout]   1 + use nimiq_hash::nimiq_serde::Serialize;
[INFO] [stdout]     |
[INFO] [stdout] 
[INFO] [stdout] 
[INFO] [stdout] error[E0599]: no method named `serialize_to_vec` found for struct `MerklePath<H>` in the current scope
[INFO] [stdout]    --> tests/multisig.rs:319:42
[INFO] [stdout]     |
[INFO] [stdout] 319 |     proof.extend_from_slice(&merkle_path.serialize_to_vec());
[INFO] [stdout]     |                                          ^^^^^^^^^^^^^^^^
[INFO] [stdout]     |
[INFO] [stdout]    ::: /opt/rustwide/cargo-home/registry/src/index.crates.io-1949cf8c6b5b557f/nimiq-serde-2.2.0/src/lib.rs:282:8
[INFO] [stdout]     |
[INFO] [stdout] 282 |     fn serialize_to_vec(&self) -> Vec<u8> {
[INFO] [stdout]     |        ---------------- the method is available for `MerklePath<Blake2bHash>` here
[INFO] [stdout]     |
[INFO] [stdout]     = help: items from traits can only be used if the trait is in scope
[INFO] [stdout] help: there is a method `serialize_to_writer` with a similar name, but with different arguments
[INFO] [stdout]    --> /opt/rustwide/cargo-home/registry/src/index.crates.io-1949cf8c6b5b557f/nimiq-serde-2.2.0/src/lib.rs:241:5
[INFO] [stdout]     |
[INFO] [stdout] 241 |     fn serialize_to_writer<W: Write>(&self, writer: &mut W) -> io::Result<usize> {
[INFO] [stdout]     |     ^^^^^^^^^^^^^^^^^^^^^^^^^^^^^^^^^^^^^^^^^^^^^^^^^^^^^^^^^^^^^^^^^^^^^^^^^^^^
[INFO] [stdout] help: trait `Serialize` which provides `serialize_to_vec` is implemented but not in scope; perhaps you want to import it
[INFO] [stdout]     |
[INFO] [stdout]   1 + use nimiq_hash::nimiq_serde::Serialize;
[INFO] [stdout]     |
[INFO] [stdout] 
[INFO] [stdout] 
[INFO] [stdout] Some errors have detailed explanations: E0277, E0432, E0599.
[INFO] [stdout] 
[INFO] [stdout] For more information about an error, try `rustc --explain E0277`.
[INFO] [stdout] 
[INFO] [stdout] Some errors have detailed explanations: E0277, E0432, E0599.
[INFO] [stdout] 
[INFO] [stdout] For more information about an error, try `rustc --explain E0277`.
[INFO] [stdout] 
[INFO] [stderr] error: could not compile `nimiq-keys` (test "multisig") due to 14 previous errors
[INFO] [stderr] error: could not compile `nimiq-keys` (test "mod") due to 16 previous errors
[INFO] running `Command { std: "docker" "inspect" "8bf06a665164ef4deaa8ce29152619e95551b59f08c00d5b54d34bffdeb31ac6", kill_on_drop: false }`
[INFO] running `Command { std: "docker" "rm" "-f" "8bf06a665164ef4deaa8ce29152619e95551b59f08c00d5b54d34bffdeb31ac6", kill_on_drop: false }`
[INFO] [stdout] 8bf06a665164ef4deaa8ce29152619e95551b59f08c00d5b54d34bffdeb31ac6
