[INFO] fetching crate nimiq-hash 2.2.0...
[INFO] testing nimiq-hash-2.2.0 against 1.100.0-beta.1+cargoflags=--release for beta-release-1.100-2
[INFO] extracting crate nimiq-hash 2.2.0 into /workspace/builds/worker-0-tc2/source
[INFO] started tweaking crates.io crate nimiq-hash 2.2.0
[INFO] removed 0 missing tests
[INFO] finished tweaking crates.io crate nimiq-hash 2.2.0
[INFO] tweaked toml for crates.io crate nimiq-hash 2.2.0 written to /workspace/builds/worker-0-tc2/source/Cargo.toml
[INFO] validating manifest of crates.io crate nimiq-hash 2.2.0 on toolchain 1.100.0-beta.1
[INFO] running `Command { std: CARGO_HOME="/workspace/cargo-home" RUSTUP_HOME="/workspace/rustup-home" "/workspace/cargo-home/bin/cargo" "+1.100.0-beta.1" "metadata" "--manifest-path" "Cargo.toml" "--no-deps", kill_on_drop: false }`
[INFO] crate crates.io crate nimiq-hash 2.2.0 already has a lockfile, it will not be regenerated
[INFO] running `Command { std: CARGO_HOME="/workspace/cargo-home" RUSTUP_HOME="/workspace/rustup-home" "/workspace/cargo-home/bin/cargo" "+1.100.0-beta.1" "fetch" "--manifest-path" "Cargo.toml", kill_on_drop: false }`
[INFO] running `Command { std: "docker" "create" "-v" "/var/lib/crater-agent-workspace/builds/worker-0-tc2/source:/opt/rustwide/workdir:ro,Z" "-v" "/var/lib/crater-agent-workspace/builds/worker-0-tc2/target:/opt/rustwide/target:rw,Z" "-v" "/var/lib/crater-agent-workspace/cargo-home:/opt/rustwide/cargo-home:ro,Z" "-v" "/var/lib/crater-agent-workspace/rustup-home:/opt/rustwide/rustup-home:ro,Z" "-m" "1610612736" "--network" "none" "ghcr.io/rust-lang/crates-build-env/linux@sha256:77db811e55d90add9212f6832c23229e3de5f1c1f9905e8cb07319ea15df73ac" "sleep" "infinity", kill_on_drop: false }`
[INFO] [stdout] 72af1cfe817db76991e4e86784a4e6c586ceb198fa681b036982d42e619ddd06
[INFO] running `Command { std: "docker" "start" "72af1cfe817db76991e4e86784a4e6c586ceb198fa681b036982d42e619ddd06", kill_on_drop: false }`
[INFO] running `Command { std: "docker" "inspect" "72af1cfe817db76991e4e86784a4e6c586ceb198fa681b036982d42e619ddd06", kill_on_drop: false }`
[INFO] running `Command { std: "docker" "exec" "-e" "SOURCE_DIR=/opt/rustwide/workdir" "-e" "CARGO_HOME=/opt/rustwide/cargo-home" "-e" "RUSTUP_HOME=/opt/rustwide/rustup-home" "-e" "CARGO_TARGET_DIR=/opt/rustwide/target" "-w" "/opt/rustwide/workdir" "--user" "0:0" "72af1cfe817db76991e4e86784a4e6c586ceb198fa681b036982d42e619ddd06" "/opt/rustwide/cargo-home/bin/cargo" "+1.100.0-beta.1" "metadata" "--no-deps" "--format-version=1", kill_on_drop: false }`
[INFO] running `Command { std: "docker" "inspect" "72af1cfe817db76991e4e86784a4e6c586ceb198fa681b036982d42e619ddd06", kill_on_drop: false }`
[INFO] running `Command { std: "docker" "exec" "-e" "SOURCE_DIR=/opt/rustwide/workdir" "-e" "CARGO_HOME=/opt/rustwide/cargo-home" "-e" "RUSTUP_HOME=/opt/rustwide/rustup-home" "-e" "CARGO_TARGET_DIR=/opt/rustwide/target" "-e" "CARGO_INCREMENTAL=0" "-e" "RUST_BACKTRACE=full" "-e" "RUSTFLAGS=--cap-lints=warn" "-e" "RUSTDOCFLAGS=--cap-lints=warn" "-w" "/opt/rustwide/workdir" "--user" "0:0" "72af1cfe817db76991e4e86784a4e6c586ceb198fa681b036982d42e619ddd06" "/opt/rustwide/cargo-home/bin/cargo" "+1.100.0-beta.1" "build" "--frozen" "--message-format=json" "--release", kill_on_drop: false }`
[INFO] [stderr]    Compiling thiserror v2.0.20
[INFO] [stderr]    Compiling arrayvec v0.4.12
[INFO] [stderr]    Compiling arrayvec v0.7.6
[INFO] [stderr]    Compiling nodrop v0.1.14
[INFO] [stderr]    Compiling proc-macro2 v1.0.107
[INFO] [stderr]    Compiling hybrid-array v0.4.13
[INFO] [stderr]    Compiling constant_time_eq v0.4.2
[INFO] [stderr]    Compiling constant_time_eq v0.1.5
[INFO] [stderr]    Compiling nimiq-mmr v2.2.0
[INFO] [stderr]    Compiling nimiq-database-value v2.2.0
[INFO] [stderr]    Compiling blake2b_simd v1.0.3
[INFO] [stderr]    Compiling blake2-rfc v0.2.18
[INFO] [stderr]    Compiling quote v1.0.47
[INFO] [stderr]    Compiling crypto-common v0.2.2
[INFO] [stderr]    Compiling block-buffer v0.12.1
[INFO] [stderr]    Compiling syn v3.0.5
[INFO] [stderr]    Compiling rust-argon2 v3.0.0
[INFO] [stderr]    Compiling digest v0.11.3
[INFO] [stderr]    Compiling sha2 v0.11.0
[INFO] [stderr]    Compiling darling_core v0.24.1
[INFO] [stderr]    Compiling thiserror-impl v2.0.20
[INFO] [stderr]    Compiling serde_derive v1.0.229
[INFO] [stderr]    Compiling cobs v0.3.0
[INFO] [stderr]    Compiling darling_macro v0.24.1
[INFO] [stderr]    Compiling darling v0.24.1
[INFO] [stderr]    Compiling nimiq-serde-derive v2.2.0
[INFO] [stderr]    Compiling serde v1.0.229
[INFO] [stderr]    Compiling postcard-bytes v0.1.0
[INFO] [stderr]    Compiling nimiq-serde v2.2.0
[INFO] [stderr]    Compiling nimiq-macros v2.2.0
[INFO] [stderr]    Compiling nimiq-hash v2.2.0 (/opt/rustwide/workdir)
[INFO] [stderr]     Finished `release` profile [optimized] target(s) in 6.11s
[INFO] running `Command { std: "docker" "inspect" "72af1cfe817db76991e4e86784a4e6c586ceb198fa681b036982d42e619ddd06", kill_on_drop: false }`
[INFO] running `Command { std: "docker" "exec" "-e" "SOURCE_DIR=/opt/rustwide/workdir" "-e" "CARGO_HOME=/opt/rustwide/cargo-home" "-e" "RUSTUP_HOME=/opt/rustwide/rustup-home" "-e" "CARGO_TARGET_DIR=/opt/rustwide/target" "-e" "CARGO_INCREMENTAL=0" "-e" "RUST_BACKTRACE=full" "-e" "RUSTFLAGS=--cap-lints=warn" "-e" "RUSTDOCFLAGS=--cap-lints=warn" "-w" "/opt/rustwide/workdir" "--user" "0:0" "72af1cfe817db76991e4e86784a4e6c586ceb198fa681b036982d42e619ddd06" "/opt/rustwide/cargo-home/bin/cargo" "+1.100.0-beta.1" "test" "--frozen" "--no-run" "--message-format=json" "--release", kill_on_drop: false }`
[INFO] [stderr]    Compiling nimiq-hash v2.2.0 (/opt/rustwide/workdir)
[INFO] [stdout] error[E0432]: unresolved import `nimiq_test_log`
[INFO] [stdout]  --> tests/pbkdf2.rs:3:5
[INFO] [stdout]   |
[INFO] [stdout] 3 | use nimiq_test_log::test;
[INFO] [stdout]   |     ^^^^^^^^^^^^^^ use of unresolved module or unlinked crate `nimiq_test_log`
[INFO] [stdout]   |
[INFO] [stdout]   = help: if you wanted to use a crate named `nimiq_test_log`, use `cargo add nimiq_test_log` to add it to your `Cargo.toml`
[INFO] [stdout] 
[INFO] [stdout] 
[INFO] [stdout] error[E0432]: unresolved import `nimiq_test_log`
[INFO] [stdout]  --> tests/hmac.rs:3:5
[INFO] [stdout]   |
[INFO] [stdout] 3 | use nimiq_test_log::test;
[INFO] [stdout]   |     ^^^^^^^^^^^^^^ use of unresolved module or unlinked crate `nimiq_test_log`
[INFO] [stdout]   |
[INFO] [stdout]   = help: if you wanted to use a crate named `nimiq_test_log`, use `cargo add nimiq_test_log` to add it to your `Cargo.toml`
[INFO] [stdout] 
[INFO] [stdout] 
[INFO] [stdout] error[E0432]: unresolved import `nimiq_test_log`
[INFO] [stdout]  --> tests/mod.rs:8:5
[INFO] [stdout]   |
[INFO] [stdout] 8 | use nimiq_test_log::test;
[INFO] [stdout]   |     ^^^^^^^^^^^^^^ use of unresolved module or unlinked crate `nimiq_test_log`
[INFO] [stdout]   |
[INFO] [stdout]   = help: if you wanted to use a crate named `nimiq_test_log`, use `cargo add nimiq_test_log` to add it to your `Cargo.toml`
[INFO] [stdout] 
[INFO] [stdout] 
[INFO] [stdout] error[E0432]: unresolved import `nimiq_test_log`
[INFO] [stdout]  --> tests/hmac.rs:3:5
[INFO] [stdout]   |
[INFO] [stdout] 3 | use nimiq_test_log::test;
[INFO] [stdout]   |     ^^^^^^^^^^^^^^ use of unresolved module or unlinked crate `nimiq_test_log`
[INFO] [stdout]   |
[INFO] [stdout]   = help: if you wanted to use a crate named `nimiq_test_log`, use `cargo add nimiq_test_log` to add it to your `Cargo.toml`
[INFO] [stdout] 
[INFO] [stdout] 
[INFO] [stdout] error[E0432]: unresolved import `nimiq_test_log`
[INFO] [stdout]  --> tests/pbkdf2.rs:3:5
[INFO] [stdout]   |
[INFO] [stdout] 3 | use nimiq_test_log::test;
[INFO] [stdout]   |     ^^^^^^^^^^^^^^ use of unresolved module or unlinked crate `nimiq_test_log`
[INFO] [stdout]   |
[INFO] [stdout]   = help: if you wanted to use a crate named `nimiq_test_log`, use `cargo add nimiq_test_log` to add it to your `Cargo.toml`
[INFO] [stdout] 
[INFO] [stdout] 
[INFO] [stdout] For more information about this error, try `rustc --explain E0432`.
[INFO] [stdout] 
[INFO] [stderr] error: could not compile `nimiq-hash` (test "hmac") due to 1 previous error
[INFO] [stderr] warning: build failed, waiting for other jobs to finish...
[INFO] [stdout] For more information about this error, try `rustc --explain E0432`.
[INFO] [stdout] 
[INFO] [stderr] error: could not compile `nimiq-hash` (test "pbkdf2") due to 1 previous error
[INFO] [stdout] For more information about this error, try `rustc --explain E0432`.
[INFO] [stdout] 
[INFO] [stderr] error: could not compile `nimiq-hash` (test "mod") due to 3 previous errors
[INFO] running `Command { std: "docker" "inspect" "72af1cfe817db76991e4e86784a4e6c586ceb198fa681b036982d42e619ddd06", kill_on_drop: false }`
[INFO] running `Command { std: "docker" "rm" "-f" "72af1cfe817db76991e4e86784a4e6c586ceb198fa681b036982d42e619ddd06", kill_on_drop: false }`
[INFO] [stdout] 72af1cfe817db76991e4e86784a4e6c586ceb198fa681b036982d42e619ddd06
