[INFO] fetching crate nimbus-prime-launcher 1.1.0...
[INFO] testing nimbus-prime-launcher-1.1.0 against 1.99.0-beta.8+cargoflags=--release for beta-release-1.100-2
[INFO] extracting crate nimbus-prime-launcher 1.1.0 into /workspace/builds/worker-5-tc1/source
[INFO] started tweaking crates.io crate nimbus-prime-launcher 1.1.0
[INFO] finished tweaking crates.io crate nimbus-prime-launcher 1.1.0
[INFO] tweaked toml for crates.io crate nimbus-prime-launcher 1.1.0 written to /workspace/builds/worker-5-tc1/source/Cargo.toml
[INFO] validating manifest of crates.io crate nimbus-prime-launcher 1.1.0 on toolchain 1.99.0-beta.8
[INFO] running `Command { std: CARGO_HOME="/workspace/cargo-home" RUSTUP_HOME="/workspace/rustup-home" "/workspace/cargo-home/bin/cargo" "+1.99.0-beta.8" "metadata" "--manifest-path" "Cargo.toml" "--no-deps", kill_on_drop: false }`
[INFO] crate crates.io crate nimbus-prime-launcher 1.1.0 already has a lockfile, it will not be regenerated
[INFO] running `Command { std: CARGO_HOME="/workspace/cargo-home" RUSTUP_HOME="/workspace/rustup-home" "/workspace/cargo-home/bin/cargo" "+1.99.0-beta.8" "fetch" "--manifest-path" "Cargo.toml", kill_on_drop: false }`
[INFO] running `Command { std: "docker" "create" "-v" "/var/lib/crater-agent-workspace/builds/worker-5-tc1/source:/opt/rustwide/workdir:ro,Z" "-v" "/var/lib/crater-agent-workspace/builds/worker-5-tc1/target:/opt/rustwide/target:rw,Z" "-v" "/var/lib/crater-agent-workspace/cargo-home:/opt/rustwide/cargo-home:ro,Z" "-v" "/var/lib/crater-agent-workspace/rustup-home:/opt/rustwide/rustup-home:ro,Z" "-m" "1610612736" "--network" "none" "ghcr.io/rust-lang/crates-build-env/linux@sha256:77db811e55d90add9212f6832c23229e3de5f1c1f9905e8cb07319ea15df73ac" "sleep" "infinity", kill_on_drop: false }`
[INFO] [stdout] d25226c3b5c647af50282002835a41c4d0022233ee283cd3d81157f89b0ee8df
[INFO] running `Command { std: "docker" "start" "d25226c3b5c647af50282002835a41c4d0022233ee283cd3d81157f89b0ee8df", kill_on_drop: false }`
[INFO] running `Command { std: "docker" "inspect" "d25226c3b5c647af50282002835a41c4d0022233ee283cd3d81157f89b0ee8df", kill_on_drop: false }`
[INFO] running `Command { std: "docker" "exec" "-e" "SOURCE_DIR=/opt/rustwide/workdir" "-e" "CARGO_HOME=/opt/rustwide/cargo-home" "-e" "RUSTUP_HOME=/opt/rustwide/rustup-home" "-e" "CARGO_TARGET_DIR=/opt/rustwide/target" "-w" "/opt/rustwide/workdir" "--user" "0:0" "d25226c3b5c647af50282002835a41c4d0022233ee283cd3d81157f89b0ee8df" "/opt/rustwide/cargo-home/bin/cargo" "+1.99.0-beta.8" "metadata" "--no-deps" "--format-version=1", kill_on_drop: false }`
[INFO] running `Command { std: "docker" "inspect" "d25226c3b5c647af50282002835a41c4d0022233ee283cd3d81157f89b0ee8df", kill_on_drop: false }`
[INFO] running `Command { std: "docker" "exec" "-e" "SOURCE_DIR=/opt/rustwide/workdir" "-e" "CARGO_HOME=/opt/rustwide/cargo-home" "-e" "RUSTUP_HOME=/opt/rustwide/rustup-home" "-e" "CARGO_TARGET_DIR=/opt/rustwide/target" "-e" "CARGO_INCREMENTAL=0" "-e" "RUST_BACKTRACE=full" "-e" "RUSTFLAGS=--cap-lints=warn" "-e" "RUSTDOCFLAGS=--cap-lints=warn" "-w" "/opt/rustwide/workdir" "--user" "0:0" "d25226c3b5c647af50282002835a41c4d0022233ee283cd3d81157f89b0ee8df" "/opt/rustwide/cargo-home/bin/cargo" "+1.99.0-beta.8" "build" "--frozen" "--message-format=json" "--release", kill_on_drop: false }`
[INFO] [stderr]    Compiling nimbus-prime-launcher v1.1.0 (/opt/rustwide/workdir)
[INFO] [stdout] error[E0433]: cannot find `windows` in `os`
[INFO] [stdout]   --> src/main.rs:15:14
[INFO] [stdout]    |
[INFO] [stdout] 15 | use std::os::windows::process::CommandExt;
[INFO] [stdout]    |              ^^^^^^^ could not find `windows` in `os`
[INFO] [stdout] 
[INFO] [stdout] 
[INFO] [stdout] error[E0433]: cannot find `windows` in `os`
[INFO] [stdout]    --> src/main.rs:150:18
[INFO] [stdout]     |
[INFO] [stdout] 150 |     use std::os::windows::ffi::OsStrExt;
[INFO] [stdout]     |                  ^^^^^^^ could not find `windows` in `os`
[INFO] [stdout] 
[INFO] [stdout] 
[INFO] [stdout] error[E0433]: cannot find `windows` in `os`
[INFO] [stdout]    --> src/main.rs:255:18
[INFO] [stdout]     |
[INFO] [stdout] 255 |     use std::os::windows::ffi::OsStrExt;
[INFO] [stdout]     |                  ^^^^^^^ could not find `windows` in `os`
[INFO] [stdout] 
[INFO] [stdout] 
[INFO] [stdout] error[E0599]: no method named `creation_flags` found for mutable reference `&mut Command` in the current scope
[INFO] [stdout]   --> src/main.rs:83:17
[INFO] [stdout]    |
[INFO] [stdout] 81 | /             cmd.arg("-Dnimbus.home=.")
[INFO] [stdout] 82 | |                .arg("-jar").arg(jar_path)
[INFO] [stdout] 83 | |                .creation_flags(DETACHED_PROCESS | CREATE_NEW_PROCESS_GROUP);
[INFO] [stdout]    | |                -^^^^^^^^^^^^^^ method not found in `&mut Command`
[INFO] [stdout]    | |________________|
[INFO] [stdout]    |
[INFO] [stdout] 
[INFO] [stdout] 
[INFO] [stdout] error[E0599]: no method named `encode_wide` found for reference `&OsStr` in the current scope
[INFO] [stdout]    --> src/main.rs:161:51
[INFO] [stdout]     |
[INFO] [stdout] 161 |     let drive_wide: Vec<u16> = OsStr::new(&drive).encode_wide().chain(std::iter::once(0)).collect();
[INFO] [stdout]     |                                                   ^^^^^^^^^^^ method not found in `&OsStr`
[INFO] [stdout] 
[INFO] [stdout] 
[INFO] [stdout] error[E0599]: no method named `encode_wide` found for reference `&OsStr` in the current scope
[INFO] [stdout]    --> src/main.rs:256:41
[INFO] [stdout]     |
[INFO] [stdout] 256 |     let t: Vec<u16> = OsStr::new(title).encode_wide().chain(std::iter::once(0)).collect();
[INFO] [stdout]     |                                         ^^^^^^^^^^^ method not found in `&OsStr`
[INFO] [stdout] 
[INFO] [stdout] 
[INFO] [stdout] error[E0599]: no method named `encode_wide` found for reference `&OsStr` in the current scope
[INFO] [stdout]    --> src/main.rs:257:39
[INFO] [stdout]     |
[INFO] [stdout] 257 |     let m: Vec<u16> = OsStr::new(msg).encode_wide().chain(std::iter::once(0)).collect();
[INFO] [stdout]     |                                       ^^^^^^^^^^^ method not found in `&OsStr`
[INFO] [stdout] 
[INFO] [stdout] 
[INFO] [stderr] error: could not compile `nimbus-prime-launcher` (bin "nimbus-prime-launcher") due to 7 previous errors
[INFO] [stdout] Some errors have detailed explanations: E0433, E0599.
[INFO] [stdout] 
[INFO] [stdout] For more information about an error, try `rustc --explain E0433`.
[INFO] [stdout] 
[INFO] running `Command { std: "docker" "inspect" "d25226c3b5c647af50282002835a41c4d0022233ee283cd3d81157f89b0ee8df", kill_on_drop: false }`
[INFO] running `Command { std: "docker" "rm" "-f" "d25226c3b5c647af50282002835a41c4d0022233ee283cd3d81157f89b0ee8df", kill_on_drop: false }`
[INFO] [stdout] d25226c3b5c647af50282002835a41c4d0022233ee283cd3d81157f89b0ee8df
