[INFO] fetching crate ngyn-swagger 0.1.0...
[INFO] testing ngyn-swagger-0.1.0 against 1.100.0-beta.1+cargoflags=--release for beta-release-1.100-2
[INFO] extracting crate ngyn-swagger 0.1.0 into /workspace/builds/worker-2-tc2/source
[INFO] started tweaking crates.io crate ngyn-swagger 0.1.0
[INFO] finished tweaking crates.io crate ngyn-swagger 0.1.0
[INFO] tweaked toml for crates.io crate ngyn-swagger 0.1.0 written to /workspace/builds/worker-2-tc2/source/Cargo.toml
[INFO] validating manifest of crates.io crate ngyn-swagger 0.1.0 on toolchain 1.100.0-beta.1
[INFO] running `Command { std: CARGO_HOME="/workspace/cargo-home" RUSTUP_HOME="/workspace/rustup-home" "/workspace/cargo-home/bin/cargo" "+1.100.0-beta.1" "metadata" "--manifest-path" "Cargo.toml" "--no-deps", kill_on_drop: false }`
[INFO] running `Command { std: CARGO_HOME="/workspace/cargo-home" RUSTUP_HOME="/workspace/rustup-home" "/workspace/cargo-home/bin/cargo" "+1.100.0-beta.1" "generate-lockfile" "--manifest-path" "Cargo.toml", kill_on_drop: false }`
[INFO] [stderr]     Updating crates.io index
[INFO] [stderr]      Locking 144 packages to highest compatible versions
[INFO] [stderr]       Adding ngyn v0.4.5 (available: v0.5.4)
[INFO] running `Command { std: CARGO_HOME="/workspace/cargo-home" RUSTUP_HOME="/workspace/rustup-home" "/workspace/cargo-home/bin/cargo" "+1.100.0-beta.1" "fetch" "--manifest-path" "Cargo.toml", kill_on_drop: false }`
[INFO] running `Command { std: "docker" "create" "-v" "/var/lib/crater-agent-workspace/builds/worker-2-tc2/source:/opt/rustwide/workdir:ro,Z" "-v" "/var/lib/crater-agent-workspace/builds/worker-2-tc2/target:/opt/rustwide/target:rw,Z" "-v" "/var/lib/crater-agent-workspace/cargo-home:/opt/rustwide/cargo-home:ro,Z" "-v" "/var/lib/crater-agent-workspace/rustup-home:/opt/rustwide/rustup-home:ro,Z" "-m" "1610612736" "--network" "none" "ghcr.io/rust-lang/crates-build-env/linux@sha256:77db811e55d90add9212f6832c23229e3de5f1c1f9905e8cb07319ea15df73ac" "sleep" "infinity", kill_on_drop: false }`
[INFO] [stdout] 92b2ba7c03971fddc5dde972b42fcb0452c202857249051aad20fe7c735fbdb1
[INFO] running `Command { std: "docker" "start" "92b2ba7c03971fddc5dde972b42fcb0452c202857249051aad20fe7c735fbdb1", kill_on_drop: false }`
[INFO] running `Command { std: "docker" "inspect" "92b2ba7c03971fddc5dde972b42fcb0452c202857249051aad20fe7c735fbdb1", kill_on_drop: false }`
[INFO] running `Command { std: "docker" "exec" "-e" "SOURCE_DIR=/opt/rustwide/workdir" "-e" "CARGO_HOME=/opt/rustwide/cargo-home" "-e" "RUSTUP_HOME=/opt/rustwide/rustup-home" "-e" "CARGO_TARGET_DIR=/opt/rustwide/target" "-w" "/opt/rustwide/workdir" "--user" "0:0" "92b2ba7c03971fddc5dde972b42fcb0452c202857249051aad20fe7c735fbdb1" "/opt/rustwide/cargo-home/bin/cargo" "+1.100.0-beta.1" "metadata" "--no-deps" "--format-version=1", kill_on_drop: false }`
[INFO] running `Command { std: "docker" "inspect" "92b2ba7c03971fddc5dde972b42fcb0452c202857249051aad20fe7c735fbdb1", kill_on_drop: false }`
[INFO] running `Command { std: "docker" "exec" "-e" "SOURCE_DIR=/opt/rustwide/workdir" "-e" "CARGO_HOME=/opt/rustwide/cargo-home" "-e" "RUSTUP_HOME=/opt/rustwide/rustup-home" "-e" "CARGO_TARGET_DIR=/opt/rustwide/target" "-e" "CARGO_INCREMENTAL=0" "-e" "RUST_BACKTRACE=full" "-e" "RUSTFLAGS=--cap-lints=warn" "-e" "RUSTDOCFLAGS=--cap-lints=warn" "-w" "/opt/rustwide/workdir" "--user" "0:0" "92b2ba7c03971fddc5dde972b42fcb0452c202857249051aad20fe7c735fbdb1" "/opt/rustwide/cargo-home/bin/cargo" "+1.100.0-beta.1" "build" "--frozen" "--message-format=json" "--release", kill_on_drop: false }`
[INFO] [stderr]    Compiling stable_deref_trait v1.2.1
[INFO] [stderr]    Compiling litemap v0.8.3
[INFO] [stderr]    Compiling writeable v0.6.4
[INFO] [stderr]    Compiling futures-core v0.3.34
[INFO] [stderr]    Compiling zerofrom v0.1.8
[INFO] [stderr]    Compiling http v1.5.0
[INFO] [stderr]    Compiling icu_properties_data v2.3.0
[INFO] [stderr]    Compiling icu_normalizer_data v2.3.0
[INFO] [stderr]    Compiling parking_lot_core v0.9.12
[INFO] [stderr]    Compiling yoke v0.8.3
[INFO] [stderr]    Compiling concurrent-queue v2.5.0
[INFO] [stderr]    Compiling errno v0.3.14
[INFO] [stderr]    Compiling event-listener v5.4.2
[INFO] [stderr]    Compiling zerovec v0.11.8
[INFO] [stderr]    Compiling zerotrie v0.2.5
[INFO] [stderr]    Compiling signal-hook-registry v1.4.8
[INFO] [stderr]    Compiling rustix v1.1.5
[INFO] [stderr]    Compiling parking_lot v0.12.5
[INFO] [stderr]    Compiling tokio v1.53.3
[INFO] [stderr]    Compiling event-listener-strategy v0.5.4
[INFO] [stderr]    Compiling form_urlencoded v1.2.2
[INFO] [stderr]    Compiling tinystr v0.8.4
[INFO] [stderr]    Compiling potential_utf v0.1.6
[INFO] [stderr]    Compiling serde_json v1.0.154
[INFO] [stderr]    Compiling icu_collections v2.3.0
[INFO] [stderr]    Compiling linux-raw-sys v0.12.1
[INFO] [stderr]    Compiling futures-sink v0.3.34
[INFO] [stderr]    Compiling icu_locale_core v2.3.0
[INFO] [stderr]    Compiling serde v1.0.229
[INFO] [stderr]    Compiling http-body v1.1.0
[INFO] [stderr]    Compiling atomic-waker v1.1.2
[INFO] [stderr]    Compiling http-body-util v0.1.5
[INFO] [stderr]    Compiling slab v0.4.12
[INFO] [stderr]    Compiling async-channel v2.5.0
[INFO] [stderr]    Compiling futures-channel v0.3.34
[INFO] [stderr]    Compiling icu_provider v2.3.1
[INFO] [stderr]    Compiling futures-task v0.3.34
[INFO] [stderr]    Compiling value-bag v1.14.1
[INFO] [stderr]    Compiling futures-util v0.3.34
[INFO] [stderr]    Compiling icu_normalizer v2.3.0
[INFO] [stderr]    Compiling icu_properties v2.3.0
[INFO] [stderr]    Compiling log v0.4.34
[INFO] [stderr]    Compiling blocking v1.7.0
[INFO] [stderr]    Compiling syn v1.0.109
[INFO] [stderr]    Compiling async-executor v1.14.0
[INFO] [stderr]    Compiling idna_adapter v1.2.2
[INFO] [stderr]    Compiling async-lock v3.4.2
[INFO] [stderr]    Compiling idna v1.1.0
[INFO] [stderr]    Compiling ipnet v2.12.2
[INFO] [stderr]    Compiling url v2.5.8
[INFO] [stderr]    Compiling event-listener v2.5.3
[INFO] [stderr]    Compiling tower-layer v0.3.3
[INFO] [stderr]    Compiling base64 v0.23.1
[INFO] [stderr]    Compiling async-channel v1.9.0
[INFO] [stderr]    Compiling ngyn_shared v0.4.5
[INFO] [stderr]    Compiling kv-log-macro v1.0.7
[INFO] [stderr]    Compiling pin-utils v0.1.1
[INFO] [stderr]    Compiling ngyn_macros v0.4.5
[INFO] [stdout] error[E0432]: unresolved import `syn::ItemImpl`
[INFO] [stdout]    --> /opt/rustwide/cargo-home/registry/src/index.crates.io-1949cf8c6b5b557f/ngyn_macros-0.4.5/src/common/check.rs:2:5
[INFO] [stdout]     |
[INFO] [stdout]   2 | use syn::ItemImpl;
[INFO] [stdout]     |     ^^^^^--------
[INFO] [stdout]     |          |
[INFO] [stdout]     |          no `ItemImpl` in the root
[INFO] [stdout]     |
[INFO] [stdout] note: found an item that was configured out
[INFO] [stdout]    --> /opt/rustwide/cargo-home/registry/src/index.crates.io-1949cf8c6b5b557f/syn-2.0.119/src/lib.rs:432:67
[INFO] [stdout]     |
[INFO] [stdout] 427 | #[cfg(feature = "full")]
[INFO] [stdout]     |       ---------------- the item is gated behind the `full` feature
[INFO] [stdout] ...
[INFO] [stdout] 432 |     ItemConst, ItemEnum, ItemExternCrate, ItemFn, ItemForeignMod, ItemImpl, ItemMacro, ItemMod,
[INFO] [stdout]     |                                                                   ^^^^^^^^
[INFO] [stdout] 
[INFO] [stdout] 
[INFO] [stdout] error[E0432]: unresolved import `syn::ItemFn`
[INFO] [stdout]    --> /opt/rustwide/cargo-home/registry/src/index.crates.io-1949cf8c6b5b557f/ngyn_macros-0.4.5/src/common/http_code.rs:3:30
[INFO] [stdout]     |
[INFO] [stdout]   3 | use syn::{parse_macro_input, ItemFn, LitInt};
[INFO] [stdout]     |                              ^^^^^^ no `ItemFn` in the root
[INFO] [stdout]     |
[INFO] [stdout] note: found an item that was configured out
[INFO] [stdout]    --> /opt/rustwide/cargo-home/registry/src/index.crates.io-1949cf8c6b5b557f/syn-2.0.119/src/lib.rs:432:43
[INFO] [stdout]     |
[INFO] [stdout] 427 | #[cfg(feature = "full")]
[INFO] [stdout]     |       ---------------- the item is gated behind the `full` feature
[INFO] [stdout] ...
[INFO] [stdout] 432 |     ItemConst, ItemEnum, ItemExternCrate, ItemFn, ItemForeignMod, ItemImpl, ItemMacro, ItemMod,
[INFO] [stdout]     |                                           ^^^^^^
[INFO] [stdout] 
[INFO] [stdout] 
[INFO] [stdout] error[E0432]: unresolved import `syn::ItemFn`
[INFO] [stdout]    --> /opt/rustwide/cargo-home/registry/src/index.crates.io-1949cf8c6b5b557f/ngyn_macros-0.4.5/src/common/route.rs:2:5
[INFO] [stdout]     |
[INFO] [stdout]   2 | use syn::ItemFn;
[INFO] [stdout]     |     ^^^^^------
[INFO] [stdout]     |          |
[INFO] [stdout]     |          no `ItemFn` in the root
[INFO] [stdout]     |
[INFO] [stdout] note: found an item that was configured out
[INFO] [stdout]    --> /opt/rustwide/cargo-home/registry/src/index.crates.io-1949cf8c6b5b557f/syn-2.0.119/src/lib.rs:432:43
[INFO] [stdout]     |
[INFO] [stdout] 427 | #[cfg(feature = "full")]
[INFO] [stdout]     |       ---------------- the item is gated behind the `full` feature
[INFO] [stdout] ...
[INFO] [stdout] 432 |     ItemConst, ItemEnum, ItemExternCrate, ItemFn, ItemForeignMod, ItemImpl, ItemMacro, ItemMod,
[INFO] [stdout]     |                                           ^^^^^^
[INFO] [stdout] 
[INFO] [stdout] 
[INFO] [stdout] error[E0432]: unresolved imports `syn::ItemImpl`, `syn::Signature`
[INFO] [stdout]    --> /opt/rustwide/cargo-home/registry/src/index.crates.io-1949cf8c6b5b557f/ngyn_macros-0.4.5/src/common/routes.rs:4:11
[INFO] [stdout]     |
[INFO] [stdout]   4 | use syn::{ItemImpl, Signature};
[INFO] [stdout]     |           ^^^^^^^^  ^^^^^^^^^ no `Signature` in the root
[INFO] [stdout]     |           |
[INFO] [stdout]     |           no `ItemImpl` in the root
[INFO] [stdout]     |
[INFO] [stdout] note: found an item that was configured out
[INFO] [stdout]    --> /opt/rustwide/cargo-home/registry/src/index.crates.io-1949cf8c6b5b557f/syn-2.0.119/src/lib.rs:432:67
[INFO] [stdout]     |
[INFO] [stdout] 427 | #[cfg(feature = "full")]
[INFO] [stdout]     |       ---------------- the item is gated behind the `full` feature
[INFO] [stdout] ...
[INFO] [stdout] 432 |     ItemConst, ItemEnum, ItemExternCrate, ItemFn, ItemForeignMod, ItemImpl, ItemMacro, ItemMod,
[INFO] [stdout]     |                                                                   ^^^^^^^^
[INFO] [stdout] note: found an item that was configured out
[INFO] [stdout]    --> /opt/rustwide/cargo-home/registry/src/index.crates.io-1949cf8c6b5b557f/syn-2.0.119/src/lib.rs:434:5
[INFO] [stdout]     |
[INFO] [stdout] 427 | #[cfg(feature = "full")]
[INFO] [stdout]     |       ---------------- the item is gated behind the `full` feature
[INFO] [stdout] ...
[INFO] [stdout] 434 |     Signature, StaticMutability, TraitItem, TraitItemConst, TraitItemFn, TraitItemMacro,
[INFO] [stdout]     |     ^^^^^^^^^
[INFO] [stdout] 
[INFO] [stdout] 
[INFO] [stdout] error[E0433]: cannot find `ImplItem` in `syn`
[INFO] [stdout]    --> /opt/rustwide/cargo-home/registry/src/index.crates.io-1949cf8c6b5b557f/ngyn_macros-0.4.5/src/common/check.rs:24:18
[INFO] [stdout]     |
[INFO] [stdout]  24 |             syn::ImplItem::Fn(mut method) => {
[INFO] [stdout]     |                  ^^^^^^^^ could not find `ImplItem` in `syn`
[INFO] [stdout]     |
[INFO] [stdout] note: found an item that was configured out
[INFO] [stdout]    --> /opt/rustwide/cargo-home/registry/src/index.crates.io-1949cf8c6b5b557f/syn-2.0.119/src/lib.rs:431:5
[INFO] [stdout]     |
[INFO] [stdout] 427 | #[cfg(feature = "full")]
[INFO] [stdout]     |       ---------------- the item is gated behind the `full` feature
[INFO] [stdout] ...
[INFO] [stdout] 431 |     ImplItem, ImplItemConst, ImplItemFn, ImplItemMacro, ImplItemType, ImplRestriction, Item,
[INFO] [stdout]     |     ^^^^^^^^
[INFO] [stdout] 
[INFO] [stdout] 
[INFO] [stdout] error[E0433]: cannot find `ImplItem` in `syn`
[INFO] [stdout]    --> /opt/rustwide/cargo-home/registry/src/index.crates.io-1949cf8c6b5b557f/ngyn_macros-0.4.5/src/common/check.rs:37:22
[INFO] [stdout]     |
[INFO] [stdout]  37 |                 syn::ImplItem::Fn(method)
[INFO] [stdout]     |                      ^^^^^^^^ could not find `ImplItem` in `syn`
[INFO] [stdout]     |
[INFO] [stdout] note: found an item that was configured out
[INFO] [stdout]    --> /opt/rustwide/cargo-home/registry/src/index.crates.io-1949cf8c6b5b557f/syn-2.0.119/src/lib.rs:431:5
[INFO] [stdout]     |
[INFO] [stdout] 427 | #[cfg(feature = "full")]
[INFO] [stdout]     |       ---------------- the item is gated behind the `full` feature
[INFO] [stdout] ...
[INFO] [stdout] 431 |     ImplItem, ImplItemConst, ImplItemFn, ImplItemMacro, ImplItemType, ImplRestriction, Item,
[INFO] [stdout]     |     ^^^^^^^^
[INFO] [stdout] 
[INFO] [stdout] 
[INFO] [stdout] error[E0433]: cannot find `Item` in `syn`
[INFO] [stdout]    --> /opt/rustwide/cargo-home/registry/src/index.crates.io-1949cf8c6b5b557f/ngyn_macros-0.4.5/src/common/check.rs:43:25
[INFO] [stdout]     |
[INFO] [stdout]  43 |     let new_impl = syn::Item::Impl(syn::ItemImpl {
[INFO] [stdout]     |                         ^^^^ could not find `Item` in `syn`
[INFO] [stdout]     |
[INFO] [stdout] note: found an item that was configured out
[INFO] [stdout]    --> /opt/rustwide/cargo-home/registry/src/index.crates.io-1949cf8c6b5b557f/syn-2.0.119/src/lib.rs:431:88
[INFO] [stdout]     |
[INFO] [stdout] 427 | #[cfg(feature = "full")]
[INFO] [stdout]     |       ---------------- the item is gated behind the `full` feature
[INFO] [stdout] ...
[INFO] [stdout] 431 |     ImplItem, ImplItemConst, ImplItemFn, ImplItemMacro, ImplItemType, ImplRestriction, Item,
[INFO] [stdout]     |                                                                                        ^^^^
[INFO] [stdout] 
[INFO] [stdout] 
[INFO] [stdout] error[E0433]: cannot find `ImplItem` in `syn`
[INFO] [stdout]    --> /opt/rustwide/cargo-home/registry/src/index.crates.io-1949cf8c6b5b557f/ngyn_macros-0.4.5/src/common/routes.rs:125:21
[INFO] [stdout]     |
[INFO] [stdout] 125 |         if let syn::ImplItem::Fn(method) = item {
[INFO] [stdout]     |                     ^^^^^^^^ could not find `ImplItem` in `syn`
[INFO] [stdout]     |
[INFO] [stdout] note: found an item that was configured out
[INFO] [stdout]    --> /opt/rustwide/cargo-home/registry/src/index.crates.io-1949cf8c6b5b557f/syn-2.0.119/src/lib.rs:431:5
[INFO] [stdout]     |
[INFO] [stdout] 427 | #[cfg(feature = "full")]
[INFO] [stdout]     |       ---------------- the item is gated behind the `full` feature
[INFO] [stdout] ...
[INFO] [stdout] 431 |     ImplItem, ImplItemConst, ImplItemFn, ImplItemMacro, ImplItemType, ImplRestriction, Item,
[INFO] [stdout]     |     ^^^^^^^^
[INFO] [stdout] 
[INFO] [stdout] 
[INFO] [stdout] error[E0433]: cannot find `FnArg` in `syn`
[INFO] [stdout]    --> /opt/rustwide/cargo-home/registry/src/index.crates.io-1949cf8c6b5b557f/ngyn_macros-0.4.5/src/common/routes.rs:162:41
[INFO] [stdout]     |
[INFO] [stdout] 162 | ...                   if let syn::FnArg::Typed(pat) = input {
[INFO] [stdout]     |                                   ^^^^^ could not find `FnArg` in `syn`
[INFO] [stdout]     |
[INFO] [stdout] note: found an item that was configured out
[INFO] [stdout]    --> /opt/rustwide/cargo-home/registry/src/index.crates.io-1949cf8c6b5b557f/syn-2.0.119/src/lib.rs:430:5
[INFO] [stdout]     |
[INFO] [stdout] 427 | #[cfg(feature = "full")]
[INFO] [stdout]     |       ---------------- the item is gated behind the `full` feature
[INFO] [stdout] ...
[INFO] [stdout] 430 |     FnArg, ForeignItem, ForeignItemFn, ForeignItemMacro, ForeignItemStatic, ForeignItemType,
[INFO] [stdout]     |     ^^^^^
[INFO] [stdout] 
[INFO] [stdout] 
[INFO] [stdout] error[E0433]: cannot find `Item` in `syn`
[INFO] [stdout]    --> /opt/rustwide/cargo-home/registry/src/index.crates.io-1949cf8c6b5b557f/ngyn_macros-0.4.5/src/lib.rs:325:17
[INFO] [stdout]     |
[INFO] [stdout] 325 |         Ok(syn::Item::Fn(input)) => check_fn_macro(args, input),
[INFO] [stdout]     |                 ^^^^ could not find `Item` in `syn`
[INFO] [stdout]     |
[INFO] [stdout] note: found an item that was configured out
[INFO] [stdout]    --> /opt/rustwide/cargo-home/registry/src/index.crates.io-1949cf8c6b5b557f/syn-2.0.119/src/lib.rs:431:88
[INFO] [stdout]     |
[INFO] [stdout] 427 | #[cfg(feature = "full")]
[INFO] [stdout]     |       ---------------- the item is gated behind the `full` feature
[INFO] [stdout] ...
[INFO] [stdout] 431 |     ImplItem, ImplItemConst, ImplItemFn, ImplItemMacro, ImplItemType, ImplRestriction, Item,
[INFO] [stdout]     |                                                                                        ^^^^
[INFO] [stdout] 
[INFO] [stdout] 
[INFO] [stdout] error[E0433]: cannot find `Item` in `syn`
[INFO] [stdout]    --> /opt/rustwide/cargo-home/registry/src/index.crates.io-1949cf8c6b5b557f/ngyn_macros-0.4.5/src/lib.rs:326:17
[INFO] [stdout]     |
[INFO] [stdout] 326 |         Ok(syn::Item::Impl(impl_item)) => check_impl_macro(args, impl_item),
[INFO] [stdout]     |                 ^^^^ could not find `Item` in `syn`
[INFO] [stdout]     |
[INFO] [stdout] note: found an item that was configured out
[INFO] [stdout]    --> /opt/rustwide/cargo-home/registry/src/index.crates.io-1949cf8c6b5b557f/syn-2.0.119/src/lib.rs:431:88
[INFO] [stdout]     |
[INFO] [stdout] 427 | #[cfg(feature = "full")]
[INFO] [stdout]     |       ---------------- the item is gated behind the `full` feature
[INFO] [stdout] ...
[INFO] [stdout] 431 |     ImplItem, ImplItemConst, ImplItemFn, ImplItemMacro, ImplItemType, ImplRestriction, Item,
[INFO] [stdout]     |                                                                                        ^^^^
[INFO] [stdout] 
[INFO] [stdout] 
[INFO] [stdout] error[E0422]: cannot find struct, variant or union type `ItemImpl` in crate `syn`
[INFO] [stdout]    --> /opt/rustwide/cargo-home/registry/src/index.crates.io-1949cf8c6b5b557f/ngyn_macros-0.4.5/src/common/check.rs:43:41
[INFO] [stdout]     |
[INFO] [stdout]  43 |     let new_impl = syn::Item::Impl(syn::ItemImpl {
[INFO] [stdout]     |                                         ^^^^^^^^ not found in `syn`
[INFO] [stdout]     |
[INFO] [stdout] note: found an item that was configured out
[INFO] [stdout]    --> /opt/rustwide/cargo-home/registry/src/index.crates.io-1949cf8c6b5b557f/syn-2.0.119/src/lib.rs:432:67
[INFO] [stdout]     |
[INFO] [stdout] 427 | #[cfg(feature = "full")]
[INFO] [stdout]     |       ---------------- the item is gated behind the `full` feature
[INFO] [stdout] ...
[INFO] [stdout] 432 |     ItemConst, ItemEnum, ItemExternCrate, ItemFn, ItemForeignMod, ItemImpl, ItemMacro, ItemMod,
[INFO] [stdout]     |                                                                   ^^^^^^^^
[INFO] [stdout] 
[INFO] [stdout] 
[INFO] [stdout] error[E0425]: cannot find type `ItemFn` in crate `syn`
[INFO] [stdout]    --> /opt/rustwide/cargo-home/registry/src/index.crates.io-1949cf8c6b5b557f/ngyn_macros-0.4.5/src/common/check.rs:51:62
[INFO] [stdout]     |
[INFO] [stdout]  51 | pub(crate) fn check_fn_macro(_args: TokenStream, input: syn::ItemFn) -> TokenStream {
[INFO] [stdout]     |                                                              ^^^^^^ not found in `syn`
[INFO] [stdout]     |
[INFO] [stdout] note: found an item that was configured out
[INFO] [stdout]    --> /opt/rustwide/cargo-home/registry/src/index.crates.io-1949cf8c6b5b557f/syn-2.0.119/src/lib.rs:432:43
[INFO] [stdout]     |
[INFO] [stdout] 427 | #[cfg(feature = "full")]
[INFO] [stdout]     |       ---------------- the item is gated behind the `full` feature
[INFO] [stdout] ...
[INFO] [stdout] 432 |     ItemConst, ItemEnum, ItemExternCrate, ItemFn, ItemForeignMod, ItemImpl, ItemMacro, ItemMod,
[INFO] [stdout]     |                                           ^^^^^^
[INFO] [stdout] 
[INFO] [stdout] 
[INFO] [stdout] error[E0425]: cannot find type `ItemStruct` in crate `syn`
[INFO] [stdout]    --> /opt/rustwide/cargo-home/registry/src/index.crates.io-1949cf8c6b5b557f/ngyn_macros-0.4.5/src/common/controller.rs:89:47
[INFO] [stdout]     |
[INFO] [stdout]  89 |     } = syn::parse_macro_input!(input as syn::ItemStruct);
[INFO] [stdout]     |                                               ^^^^^^^^^^ not found in `syn`
[INFO] [stdout]     |
[INFO] [stdout] note: found an item that was configured out
[INFO] [stdout]    --> /opt/rustwide/cargo-home/registry/src/index.crates.io-1949cf8c6b5b557f/syn-2.0.119/src/lib.rs:433:17
[INFO] [stdout]     |
[INFO] [stdout] 427 | #[cfg(feature = "full")]
[INFO] [stdout]     |       ---------------- the item is gated behind the `full` feature
[INFO] [stdout] ...
[INFO] [stdout] 433 |     ItemStatic, ItemStruct, ItemTrait, ItemTraitAlias, ItemType, ItemUnion, ItemUse, Receiver,
[INFO] [stdout]     |                 ^^^^^^^^^^
[INFO] [stdout] 
[INFO] [stdout] 
[INFO] [stdout] error[E0422]: cannot find struct, variant or union type `ItemStruct` in crate `syn`
[INFO] [stdout]    --> /opt/rustwide/cargo-home/registry/src/index.crates.io-1949cf8c6b5b557f/ngyn_macros-0.4.5/src/common/controller.rs:81:14
[INFO] [stdout]     |
[INFO] [stdout]  81 |     let syn::ItemStruct {
[INFO] [stdout]     |              ^^^^^^^^^^ not found in `syn`
[INFO] [stdout]     |
[INFO] [stdout] note: found an item that was configured out
[INFO] [stdout]    --> /opt/rustwide/cargo-home/registry/src/index.crates.io-1949cf8c6b5b557f/syn-2.0.119/src/lib.rs:433:17
[INFO] [stdout]     |
[INFO] [stdout] 427 | #[cfg(feature = "full")]
[INFO] [stdout]     |       ---------------- the item is gated behind the `full` feature
[INFO] [stdout] ...
[INFO] [stdout] 433 |     ItemStatic, ItemStruct, ItemTrait, ItemTraitAlias, ItemType, ItemUnion, ItemUse, Receiver,
[INFO] [stdout]     |                 ^^^^^^^^^^
[INFO] [stdout] 
[INFO] [stdout] 
[INFO] [stdout] error[E0425]: cannot find type `ItemStruct` in crate `syn`
[INFO] [stdout]    --> /opt/rustwide/cargo-home/registry/src/index.crates.io-1949cf8c6b5b557f/ngyn_macros-0.4.5/src/common/injectable.rs:48:47
[INFO] [stdout]     |
[INFO] [stdout]  48 |     } = syn::parse_macro_input!(input as syn::ItemStruct);
[INFO] [stdout]     |                                               ^^^^^^^^^^ not found in `syn`
[INFO] [stdout]     |
[INFO] [stdout] note: found an item that was configured out
[INFO] [stdout]    --> /opt/rustwide/cargo-home/registry/src/index.crates.io-1949cf8c6b5b557f/syn-2.0.119/src/lib.rs:433:17
[INFO] [stdout]     |
[INFO] [stdout] 427 | #[cfg(feature = "full")]
[INFO] [stdout]     |       ---------------- the item is gated behind the `full` feature
[INFO] [stdout] ...
[INFO] [stdout] 433 |     ItemStatic, ItemStruct, ItemTrait, ItemTraitAlias, ItemType, ItemUnion, ItemUse, Receiver,
[INFO] [stdout]     |                 ^^^^^^^^^^
[INFO] [stdout] 
[INFO] [stdout] 
[INFO] [stdout] error[E0422]: cannot find struct, variant or union type `ItemStruct` in crate `syn`
[INFO] [stdout]    --> /opt/rustwide/cargo-home/registry/src/index.crates.io-1949cf8c6b5b557f/ngyn_macros-0.4.5/src/common/injectable.rs:40:14
[INFO] [stdout]     |
[INFO] [stdout]  40 |     let syn::ItemStruct {
[INFO] [stdout]     |              ^^^^^^^^^^ not found in `syn`
[INFO] [stdout]     |
[INFO] [stdout] note: found an item that was configured out
[INFO] [stdout]    --> /opt/rustwide/cargo-home/registry/src/index.crates.io-1949cf8c6b5b557f/syn-2.0.119/src/lib.rs:433:17
[INFO] [stdout]     |
[INFO] [stdout] 427 | #[cfg(feature = "full")]
[INFO] [stdout]     |       ---------------- the item is gated behind the `full` feature
[INFO] [stdout] ...
[INFO] [stdout] 433 |     ItemStatic, ItemStruct, ItemTrait, ItemTraitAlias, ItemType, ItemUnion, ItemUse, Receiver,
[INFO] [stdout]     |                 ^^^^^^^^^^
[INFO] [stdout] 
[INFO] [stdout] 
[INFO] [stdout] error[E0425]: cannot find type `ItemStruct` in crate `syn`
[INFO] [stdout]    --> /opt/rustwide/cargo-home/registry/src/index.crates.io-1949cf8c6b5b557f/ngyn_macros-0.4.5/src/common/state.rs:6:47
[INFO] [stdout]     |
[INFO] [stdout]   6 |     } = syn::parse_macro_input!(input as syn::ItemStruct);
[INFO] [stdout]     |                                               ^^^^^^^^^^ not found in `syn`
[INFO] [stdout]     |
[INFO] [stdout] note: found an item that was configured out
[INFO] [stdout]    --> /opt/rustwide/cargo-home/registry/src/index.crates.io-1949cf8c6b5b557f/syn-2.0.119/src/lib.rs:433:17
[INFO] [stdout]     |
[INFO] [stdout] 427 | #[cfg(feature = "full")]
[INFO] [stdout]     |       ---------------- the item is gated behind the `full` feature
[INFO] [stdout] ...
[INFO] [stdout] 433 |     ItemStatic, ItemStruct, ItemTrait, ItemTraitAlias, ItemType, ItemUnion, ItemUse, Receiver,
[INFO] [stdout]     |                 ^^^^^^^^^^
[INFO] [stdout] 
[INFO] [stdout] 
[INFO] [stdout] error[E0422]: cannot find struct, variant or union type `ItemStruct` in crate `syn`
[INFO] [stdout]    --> /opt/rustwide/cargo-home/registry/src/index.crates.io-1949cf8c6b5b557f/ngyn_macros-0.4.5/src/common/state.rs:4:14
[INFO] [stdout]     |
[INFO] [stdout]   4 |     let syn::ItemStruct {
[INFO] [stdout]     |              ^^^^^^^^^^ not found in `syn`
[INFO] [stdout]     |
[INFO] [stdout] note: found an item that was configured out
[INFO] [stdout]    --> /opt/rustwide/cargo-home/registry/src/index.crates.io-1949cf8c6b5b557f/syn-2.0.119/src/lib.rs:433:17
[INFO] [stdout]     |
[INFO] [stdout] 427 | #[cfg(feature = "full")]
[INFO] [stdout]     |       ---------------- the item is gated behind the `full` feature
[INFO] [stdout] ...
[INFO] [stdout] 433 |     ItemStatic, ItemStruct, ItemTrait, ItemTraitAlias, ItemType, ItemUnion, ItemUse, Receiver,
[INFO] [stdout]     |                 ^^^^^^^^^^
[INFO] [stdout] 
[INFO] [stdout] 
[INFO] [stdout] error[E0425]: cannot find type `ItemStruct` in crate `syn`
[INFO] [stdout]    --> /opt/rustwide/cargo-home/registry/src/index.crates.io-1949cf8c6b5b557f/ngyn_macros-0.4.5/src/core/dto.rs:7:47
[INFO] [stdout]     |
[INFO] [stdout]   7 |     } = syn::parse_macro_input!(input as syn::ItemStruct);
[INFO] [stdout]     |                                               ^^^^^^^^^^ not found in `syn`
[INFO] [stdout]     |
[INFO] [stdout] note: found an item that was configured out
[INFO] [stdout]    --> /opt/rustwide/cargo-home/registry/src/index.crates.io-1949cf8c6b5b557f/syn-2.0.119/src/lib.rs:433:17
[INFO] [stdout]     |
[INFO] [stdout] 427 | #[cfg(feature = "full")]
[INFO] [stdout]     |       ---------------- the item is gated behind the `full` feature
[INFO] [stdout] ...
[INFO] [stdout] 433 |     ItemStatic, ItemStruct, ItemTrait, ItemTraitAlias, ItemType, ItemUnion, ItemUse, Receiver,
[INFO] [stdout]     |                 ^^^^^^^^^^
[INFO] [stdout] 
[INFO] [stdout] 
[INFO] [stdout] error[E0422]: cannot find struct, variant or union type `ItemStruct` in crate `syn`
[INFO] [stdout]    --> /opt/rustwide/cargo-home/registry/src/index.crates.io-1949cf8c6b5b557f/ngyn_macros-0.4.5/src/core/dto.rs:5:14
[INFO] [stdout]     |
[INFO] [stdout]   5 |     let syn::ItemStruct {
[INFO] [stdout]     |              ^^^^^^^^^^ not found in `syn`
[INFO] [stdout]     |
[INFO] [stdout] note: found an item that was configured out
[INFO] [stdout]    --> /opt/rustwide/cargo-home/registry/src/index.crates.io-1949cf8c6b5b557f/syn-2.0.119/src/lib.rs:433:17
[INFO] [stdout]     |
[INFO] [stdout] 427 | #[cfg(feature = "full")]
[INFO] [stdout]     |       ---------------- the item is gated behind the `full` feature
[INFO] [stdout] ...
[INFO] [stdout] 433 |     ItemStatic, ItemStruct, ItemTrait, ItemTraitAlias, ItemType, ItemUnion, ItemUse, Receiver,
[INFO] [stdout]     |                 ^^^^^^^^^^
[INFO] [stdout] 
[INFO] [stdout] 
[INFO] [stdout] error[E0425]: cannot find type `ItemStruct` in crate `syn`
[INFO] [stdout]    --> /opt/rustwide/cargo-home/registry/src/index.crates.io-1949cf8c6b5b557f/ngyn_macros-0.4.5/src/core/module.rs:66:47
[INFO] [stdout]     |
[INFO] [stdout]  66 |     } = syn::parse_macro_input!(input as syn::ItemStruct);
[INFO] [stdout]     |                                               ^^^^^^^^^^ not found in `syn`
[INFO] [stdout]     |
[INFO] [stdout] note: found an item that was configured out
[INFO] [stdout]    --> /opt/rustwide/cargo-home/registry/src/index.crates.io-1949cf8c6b5b557f/syn-2.0.119/src/lib.rs:433:17
[INFO] [stdout]     |
[INFO] [stdout] 427 | #[cfg(feature = "full")]
[INFO] [stdout]     |       ---------------- the item is gated behind the `full` feature
[INFO] [stdout] ...
[INFO] [stdout] 433 |     ItemStatic, ItemStruct, ItemTrait, ItemTraitAlias, ItemType, ItemUnion, ItemUse, Receiver,
[INFO] [stdout]     |                 ^^^^^^^^^^
[INFO] [stdout] 
[INFO] [stdout] 
[INFO] [stdout] error[E0422]: cannot find struct, variant or union type `ItemStruct` in crate `syn`
[INFO] [stdout]    --> /opt/rustwide/cargo-home/registry/src/index.crates.io-1949cf8c6b5b557f/ngyn_macros-0.4.5/src/core/module.rs:58:14
[INFO] [stdout]     |
[INFO] [stdout]  58 |     let syn::ItemStruct {
[INFO] [stdout]     |              ^^^^^^^^^^ not found in `syn`
[INFO] [stdout]     |
[INFO] [stdout] note: found an item that was configured out
[INFO] [stdout]    --> /opt/rustwide/cargo-home/registry/src/index.crates.io-1949cf8c6b5b557f/syn-2.0.119/src/lib.rs:433:17
[INFO] [stdout]     |
[INFO] [stdout] 427 | #[cfg(feature = "full")]
[INFO] [stdout]     |       ---------------- the item is gated behind the `full` feature
[INFO] [stdout] ...
[INFO] [stdout] 433 |     ItemStatic, ItemStruct, ItemTrait, ItemTraitAlias, ItemType, ItemUnion, ItemUse, Receiver,
[INFO] [stdout]     |                 ^^^^^^^^^^
[INFO] [stdout] 
[INFO] [stdout] 
[INFO] [stdout] error[E0425]: cannot find type `ItemStruct` in crate `syn`
[INFO] [stdout]    --> /opt/rustwide/cargo-home/registry/src/index.crates.io-1949cf8c6b5b557f/ngyn_macros-0.4.5/src/core/param.rs:10:47
[INFO] [stdout]     |
[INFO] [stdout]  10 |     } = syn::parse_macro_input!(input as syn::ItemStruct);
[INFO] [stdout]     |                                               ^^^^^^^^^^ not found in `syn`
[INFO] [stdout]     |
[INFO] [stdout] note: found an item that was configured out
[INFO] [stdout]    --> /opt/rustwide/cargo-home/registry/src/index.crates.io-1949cf8c6b5b557f/syn-2.0.119/src/lib.rs:433:17
[INFO] [stdout]     |
[INFO] [stdout] 427 | #[cfg(feature = "full")]
[INFO] [stdout]     |       ---------------- the item is gated behind the `full` feature
[INFO] [stdout] ...
[INFO] [stdout] 433 |     ItemStatic, ItemStruct, ItemTrait, ItemTraitAlias, ItemType, ItemUnion, ItemUse, Receiver,
[INFO] [stdout]     |                 ^^^^^^^^^^
[INFO] [stdout] 
[INFO] [stdout] 
[INFO] [stdout] error[E0422]: cannot find struct, variant or union type `ItemStruct` in crate `syn`
[INFO] [stdout]    --> /opt/rustwide/cargo-home/registry/src/index.crates.io-1949cf8c6b5b557f/ngyn_macros-0.4.5/src/core/param.rs:5:14
[INFO] [stdout]     |
[INFO] [stdout]   5 |     let syn::ItemStruct {
[INFO] [stdout]     |              ^^^^^^^^^^ not found in `syn`
[INFO] [stdout]     |
[INFO] [stdout] note: found an item that was configured out
[INFO] [stdout]    --> /opt/rustwide/cargo-home/registry/src/index.crates.io-1949cf8c6b5b557f/syn-2.0.119/src/lib.rs:433:17
[INFO] [stdout]     |
[INFO] [stdout] 427 | #[cfg(feature = "full")]
[INFO] [stdout]     |       ---------------- the item is gated behind the `full` feature
[INFO] [stdout] ...
[INFO] [stdout] 433 |     ItemStatic, ItemStruct, ItemTrait, ItemTraitAlias, ItemType, ItemUnion, ItemUse, Receiver,
[INFO] [stdout]     |                 ^^^^^^^^^^
[INFO] [stdout] 
[INFO] [stdout] 
[INFO] [stdout] error[E0425]: cannot find type `ItemStruct` in crate `syn`
[INFO] [stdout]    --> /opt/rustwide/cargo-home/registry/src/index.crates.io-1949cf8c6b5b557f/ngyn_macros-0.4.5/src/core/query.rs:10:47
[INFO] [stdout]     |
[INFO] [stdout]  10 |     } = syn::parse_macro_input!(input as syn::ItemStruct);
[INFO] [stdout]     |                                               ^^^^^^^^^^ not found in `syn`
[INFO] [stdout]     |
[INFO] [stdout] note: found an item that was configured out
[INFO] [stdout]    --> /opt/rustwide/cargo-home/registry/src/index.crates.io-1949cf8c6b5b557f/syn-2.0.119/src/lib.rs:433:17
[INFO] [stdout]     |
[INFO] [stdout] 427 | #[cfg(feature = "full")]
[INFO] [stdout]     |       ---------------- the item is gated behind the `full` feature
[INFO] [stdout] ...
[INFO] [stdout] 433 |     ItemStatic, ItemStruct, ItemTrait, ItemTraitAlias, ItemType, ItemUnion, ItemUse, Receiver,
[INFO] [stdout]     |                 ^^^^^^^^^^
[INFO] [stdout] 
[INFO] [stdout] 
[INFO] [stdout] error[E0422]: cannot find struct, variant or union type `ItemStruct` in crate `syn`
[INFO] [stdout]    --> /opt/rustwide/cargo-home/registry/src/index.crates.io-1949cf8c6b5b557f/ngyn_macros-0.4.5/src/core/query.rs:5:14
[INFO] [stdout]     |
[INFO] [stdout]   5 |     let syn::ItemStruct {
[INFO] [stdout]     |              ^^^^^^^^^^ not found in `syn`
[INFO] [stdout]     |
[INFO] [stdout] note: found an item that was configured out
[INFO] [stdout]    --> /opt/rustwide/cargo-home/registry/src/index.crates.io-1949cf8c6b5b557f/syn-2.0.119/src/lib.rs:433:17
[INFO] [stdout]     |
[INFO] [stdout] 427 | #[cfg(feature = "full")]
[INFO] [stdout]     |       ---------------- the item is gated behind the `full` feature
[INFO] [stdout] ...
[INFO] [stdout] 433 |     ItemStatic, ItemStruct, ItemTrait, ItemTraitAlias, ItemType, ItemUnion, ItemUse, Receiver,
[INFO] [stdout]     |                 ^^^^^^^^^^
[INFO] [stdout] 
[INFO] [stdout] 
[INFO] [stdout] error[E0425]: cannot find type `Item` in crate `syn`
[INFO] [stdout]    --> /opt/rustwide/cargo-home/registry/src/index.crates.io-1949cf8c6b5b557f/ngyn_macros-0.4.5/src/lib.rs:323:42
[INFO] [stdout]     |
[INFO] [stdout] 323 |     let parsed_input = syn::parse::<syn::Item>(input);
[INFO] [stdout]     |                                          ^^^^ not found in `syn`
[INFO] [stdout]     |
[INFO] [stdout] note: found an item that was configured out
[INFO] [stdout]    --> /opt/rustwide/cargo-home/registry/src/index.crates.io-1949cf8c6b5b557f/syn-2.0.119/src/lib.rs:431:88
[INFO] [stdout]     |
[INFO] [stdout] 427 | #[cfg(feature = "full")]
[INFO] [stdout]     |       ---------------- the item is gated behind the `full` feature
[INFO] [stdout] ...
[INFO] [stdout] 431 |     ImplItem, ImplItemConst, ImplItemFn, ImplItemMacro, ImplItemType, ImplRestriction, Item,
[INFO] [stdout]     |                                                                                        ^^^^
[INFO] [stdout] 
[INFO] [stdout] 
[INFO] [stdout] Some errors have detailed explanations: E0422, E0425, E0432, E0433.
[INFO] [stdout] 
[INFO] [stdout] For more information about an error, try `rustc --explain E0422`.
[INFO] [stdout] 
[INFO] [stderr] error: could not compile `ngyn_macros` (lib) due to 28 previous errors
[INFO] [stderr] warning: build failed, waiting for other jobs to finish...
[INFO] running `Command { std: "docker" "inspect" "92b2ba7c03971fddc5dde972b42fcb0452c202857249051aad20fe7c735fbdb1", kill_on_drop: false }`
[INFO] running `Command { std: "docker" "rm" "-f" "92b2ba7c03971fddc5dde972b42fcb0452c202857249051aad20fe7c735fbdb1", kill_on_drop: false }`
[INFO] [stdout] 92b2ba7c03971fddc5dde972b42fcb0452c202857249051aad20fe7c735fbdb1
