[INFO] fetching crate ng-verifier 0.1.1-alpha.2...
[INFO] testing ng-verifier-0.1.1-alpha.2 against 1.99.0-beta.8+cargoflags=--release for beta-release-1.100-2
[INFO] extracting crate ng-verifier 0.1.1-alpha.2 into /workspace/builds/worker-7-tc1/source
[INFO] started tweaking crates.io crate ng-verifier 0.1.1-alpha.2
[INFO] finished tweaking crates.io crate ng-verifier 0.1.1-alpha.2
[INFO] tweaked toml for crates.io crate ng-verifier 0.1.1-alpha.2 written to /workspace/builds/worker-7-tc1/source/Cargo.toml
[INFO] validating manifest of crates.io crate ng-verifier 0.1.1-alpha.2 on toolchain 1.99.0-beta.8
[INFO] running `Command { std: CARGO_HOME="/workspace/cargo-home" RUSTUP_HOME="/workspace/rustup-home" "/workspace/cargo-home/bin/cargo" "+1.99.0-beta.8" "metadata" "--manifest-path" "Cargo.toml" "--no-deps", kill_on_drop: false }`
[INFO] crate crates.io crate ng-verifier 0.1.1-alpha.2 already has a lockfile, it will not be regenerated
[INFO] running `Command { std: CARGO_HOME="/workspace/cargo-home" RUSTUP_HOME="/workspace/rustup-home" "/workspace/cargo-home/bin/cargo" "+1.99.0-beta.8" "fetch" "--manifest-path" "Cargo.toml", kill_on_drop: false }`
[INFO] [stderr]     Updating crates.io index
[INFO] [stderr]  Downloading crates ...
[INFO] [stderr]   Downloaded smallstr v0.3.0
[INFO] [stderr]   Downloaded thiserror-impl v1.0.58
[INFO] [stderr]   Downloaded serde_bare v0.5.0
[INFO] [stderr]   Downloaded sbbf-rs-safe v0.3.2
[INFO] [stderr]   Downloaded ff v0.6.0
[INFO] [stderr]   Downloaded ff_derive v0.6.0
[INFO] [stderr]   Downloaded slice_as_array v1.1.0
[INFO] [stderr]   Downloaded current_platform v0.2.0
[INFO] [stderr]   Downloaded constant_time_eq v0.2.6
[INFO] [stderr]   Downloaded group v0.6.0
[INFO] [stderr]   Downloaded gloo-timers v0.2.6
[INFO] [stderr]   Downloaded fastrand v2.0.2
[INFO] [stderr]   Downloaded fastrange-rs v0.1.0
[INFO] [stderr]   Downloaded cpufeatures v0.2.8
[INFO] [stderr]   Downloaded hex_fmt v0.3.0
[INFO] [stderr]   Downloaded toml_datetime v0.6.2
[INFO] [stderr]   Downloaded debug_print v1.0.0
[INFO] [stderr]   Downloaded thiserror v1.0.58
[INFO] [stderr]   Downloaded web-time v0.2.0
[INFO] [stderr]   Downloaded sbbf-rs v0.2.8
[INFO] [stderr]   Downloaded rand_xorshift v0.2.0
[INFO] [stderr]   Downloaded crypto_box v0.8.2
[INFO] [stderr]   Downloaded base64-url v2.0.0
[INFO] [stderr]   Downloaded siphasher v0.3.10
[INFO] [stderr]   Downloaded peg-runtime v0.8.2
[INFO] [stderr]   Downloaded oxilangtag v0.1.5
[INFO] [stderr]   Downloaded percent-encoding v2.3.0
[INFO] [stderr]   Downloaded form_urlencoded v1.2.0
[INFO] [stderr]   Downloaded unique_id v0.1.5
[INFO] [stderr]   Downloaded blob-uuid v0.5.0
[INFO] [stderr]   Downloaded unicode-ident v1.0.9
[INFO] [stderr]   Downloaded getrandom v0.2.10
[INFO] [stderr]   Downloaded value-bag v1.9.0
[INFO] [stderr]   Downloaded once_cell v1.18.0
[INFO] [stderr]   Downloaded ng-storage-rocksdb v0.1.1-alpha.2
[INFO] [stderr]   Downloaded os_info v3.8.2
[INFO] [stderr]   Downloaded xsalsa20poly1305 v0.9.1
[INFO] [stderr]   Downloaded peg v0.8.2
[INFO] [stderr]   Downloaded oxiri v0.2.3
[INFO] [stderr]   Downloaded json-event-parser v0.2.0
[INFO] [stderr]   Downloaded wasm-bindgen-futures v0.4.37
[INFO] [stderr]   Downloaded tempfile v3.6.0
[INFO] [stderr]   Downloaded noise-rust-crypto v0.6.2
[INFO] [stderr]   Downloaded ghash v0.5.0
[INFO] [stderr]   Downloaded windows-result v0.1.1
[INFO] [stderr]   Downloaded memalloc v0.1.0
[INFO] [stderr]   Downloaded yrs v0.19.2
[INFO] [stderr]   Downloaded rustversion v1.0.12
[INFO] [stderr]   Downloaded atomic_refcell v0.1.13
[INFO] [stderr]   Downloaded peg-macros v0.8.2
[INFO] [stderr]   Downloaded tracing-attributes v0.1.26
[INFO] [stderr]   Downloaded platforms v3.0.2
[INFO] [stderr]   Downloaded noise-protocol v0.2.0
[INFO] [stderr]   Downloaded polyval v0.6.1
[INFO] [stderr]   Downloaded system-configuration v0.6.0
[INFO] [stderr]   Downloaded netlink-sys v0.8.5
[INFO] [stderr]   Downloaded paste v1.0.12
[INFO] [stderr]   Downloaded parking v2.1.0
[INFO] [stderr]   Downloaded atomic-waker v1.1.1
[INFO] [stderr]   Downloaded async-channel v1.8.0
[INFO] [stderr]   Downloaded async-global-executor v2.3.1
[INFO] [stderr]   Downloaded smol_str v0.2.1
[INFO] [stderr]   Downloaded prettyplease v0.2.9
[INFO] [stderr]   Downloaded ng_threshold_crypto v0.4.0
[INFO] [stderr]   Downloaded uuid v1.3.4
[INFO] [stderr]   Downloaded netdev v0.26.0
[INFO] [stderr]   Downloaded windows-core v0.54.0
[INFO] [stderr]   Downloaded anyhow v1.0.71
[INFO] [stderr]   Downloaded blocking v1.3.1
[INFO] [stderr]   Downloaded js-sys v0.3.64
[INFO] [stderr]   Downloaded openssl-sys v0.9.90
[INFO] [stderr]   Downloaded url v2.4.0
[INFO] [stderr]   Downloaded schannel v0.1.22
[INFO] [stderr]   Downloaded tracing-core v0.1.31
[INFO] [stderr]   Downloaded async-process v1.7.0
[INFO] [stderr]   Downloaded signal-hook v0.3.15
[INFO] [stderr]   Downloaded async-task v4.4.0
[INFO] [stderr]   Downloaded async-lock v2.7.0
[INFO] [stderr]   Downloaded async-executor v1.5.1
[INFO] [stderr]   Downloaded bumpalo v3.13.0
[INFO] [stderr]   Downloaded toml_edit v0.19.10
[INFO] [stderr]   Downloaded x25519-dalek v1.1.1
[INFO] [stderr]   Downloaded base64 v0.21.2
[INFO] [stderr]   Downloaded mio v0.8.8
[INFO] [stderr]   Downloaded netlink-packet-route v0.17.0
[INFO] [stderr]   Downloaded concurrent-queue v2.2.0
[INFO] [stderr]   Downloaded unicode-segmentation v1.10.1
[INFO] [stderr]   Downloaded ng-repo v0.1.1-alpha.2
[INFO] [stderr]   Downloaded winnow v0.4.7
[INFO] [stderr]   Downloaded ng-net v0.1.1-alpha.2
[INFO] [stderr]   Downloaded blake3 v1.4.0
[INFO] [stderr]   Downloaded reqwest v0.11.18
[INFO] [stderr]   Downloaded h2 v0.3.19
[INFO] [stderr]   Downloaded async-std v1.12.0
[INFO] [stderr]   Downloaded regex v1.8.4
[INFO] [stderr]   Downloaded openssl v0.10.55
[INFO] [stderr]   Downloaded idna v0.4.0
[INFO] [stderr]   Downloaded automerge v0.5.11
[INFO] [stderr]   Downloaded ng-oxigraph v0.4.0-alpha.8-ngalpha
[INFO] [stderr]   Downloaded regex-syntax v0.7.2
[INFO] [stderr]   Downloaded rustix v0.37.20
[INFO] [stderr]   Downloaded pairing v0.16.0
[INFO] [stderr]   Downloaded curve25519-dalek v3.2.0
[INFO] [stderr]   Downloaded tokio v1.28.2
[INFO] [stderr]   Downloaded web-sys v0.3.64
[INFO] [stderr]   Downloaded libz-sys v1.1.12
[INFO] [stderr]   Downloaded openssl-src v111.26.0+1.1.1u
[INFO] [stderr]   Downloaded windows v0.54.0
[INFO] [stderr]   Downloaded ng-rocksdb v0.21.0-ngpreview.7
[INFO] running `Command { std: "docker" "create" "-v" "/var/lib/crater-agent-workspace/builds/worker-7-tc1/source:/opt/rustwide/workdir:ro,Z" "-v" "/var/lib/crater-agent-workspace/builds/worker-7-tc1/target:/opt/rustwide/target:rw,Z" "-v" "/var/lib/crater-agent-workspace/cargo-home:/opt/rustwide/cargo-home:ro,Z" "-v" "/var/lib/crater-agent-workspace/rustup-home:/opt/rustwide/rustup-home:ro,Z" "-m" "1610612736" "--network" "none" "ghcr.io/rust-lang/crates-build-env/linux@sha256:77db811e55d90add9212f6832c23229e3de5f1c1f9905e8cb07319ea15df73ac" "sleep" "infinity", kill_on_drop: false }`
[INFO] [stdout] 72f2fefcdf539983a7cfdc132eeaa4c8840afa4f8b2f9fabc4117390b49345b8
[INFO] running `Command { std: "docker" "start" "72f2fefcdf539983a7cfdc132eeaa4c8840afa4f8b2f9fabc4117390b49345b8", kill_on_drop: false }`
[INFO] running `Command { std: "docker" "inspect" "72f2fefcdf539983a7cfdc132eeaa4c8840afa4f8b2f9fabc4117390b49345b8", kill_on_drop: false }`
[INFO] running `Command { std: "docker" "exec" "-e" "SOURCE_DIR=/opt/rustwide/workdir" "-e" "CARGO_HOME=/opt/rustwide/cargo-home" "-e" "RUSTUP_HOME=/opt/rustwide/rustup-home" "-e" "CARGO_TARGET_DIR=/opt/rustwide/target" "-w" "/opt/rustwide/workdir" "--user" "0:0" "72f2fefcdf539983a7cfdc132eeaa4c8840afa4f8b2f9fabc4117390b49345b8" "/opt/rustwide/cargo-home/bin/cargo" "+1.99.0-beta.8" "metadata" "--no-deps" "--format-version=1", kill_on_drop: false }`
[INFO] running `Command { std: "docker" "inspect" "72f2fefcdf539983a7cfdc132eeaa4c8840afa4f8b2f9fabc4117390b49345b8", kill_on_drop: false }`
[INFO] running `Command { std: "docker" "exec" "-e" "SOURCE_DIR=/opt/rustwide/workdir" "-e" "CARGO_HOME=/opt/rustwide/cargo-home" "-e" "RUSTUP_HOME=/opt/rustwide/rustup-home" "-e" "CARGO_TARGET_DIR=/opt/rustwide/target" "-e" "CARGO_INCREMENTAL=0" "-e" "RUST_BACKTRACE=full" "-e" "RUSTFLAGS=--cap-lints=warn" "-e" "RUSTDOCFLAGS=--cap-lints=warn" "-w" "/opt/rustwide/workdir" "--user" "0:0" "72f2fefcdf539983a7cfdc132eeaa4c8840afa4f8b2f9fabc4117390b49345b8" "/opt/rustwide/cargo-home/bin/cargo" "+1.99.0-beta.8" "build" "--frozen" "--message-format=json" "--release", kill_on_drop: false }`
[INFO] [stderr]    Compiling libc v0.2.155
[INFO] [stderr]    Compiling unicode-ident v1.0.9
[INFO] [stderr]    Compiling memchr v2.5.0
[INFO] [stderr]    Compiling subtle v2.5.0
[INFO] [stderr]    Compiling pin-project-lite v0.2.9
[INFO] [stderr]    Compiling cpufeatures v0.2.8
[INFO] [stderr]    Compiling futures-core v0.3.28
[INFO] [stderr]    Compiling serde v1.0.202
[INFO] [stderr]    Compiling once_cell v1.18.0
[INFO] [stderr]    Compiling value-bag v1.9.0
[INFO] [stderr]    Compiling pkg-config v0.3.27
[INFO] [stderr]    Compiling generic-array v0.14.7
[INFO] [stderr]    Compiling slab v0.4.8
[INFO] [stderr]    Compiling futures-io v0.3.28
[INFO] [stderr]    Compiling indexmap v1.9.3
[INFO] [stderr]    Compiling byteorder v1.4.3
[INFO] [stderr]    Compiling itoa v1.0.6
[INFO] [stderr]    Compiling num-traits v0.2.15
[INFO] [stderr]    Compiling proc-macro2 v1.0.93
[INFO] [stderr]    Compiling futures-channel v0.3.28
[INFO] [stderr]    Compiling futures-task v0.3.28
[INFO] [stderr]    Compiling log v0.4.22
[INFO] [stderr]    Compiling futures-sink v0.3.28
[INFO] [stderr]    Compiling num-integer v0.1.45
[INFO] [stderr]    Compiling futures-util v0.3.28
[INFO] [stderr]    Compiling clang-sys v1.6.1
[INFO] [stderr]    Compiling num-bigint v0.2.6
[INFO] [stderr]    Compiling crossbeam-utils v0.8.16
[INFO] [stderr]    Compiling prettyplease v0.2.9
[INFO] [stderr]    Compiling bytes v1.4.0
[INFO] [stderr]    Compiling wasm-bindgen-shared v0.2.100
[INFO] [stderr]    Compiling openssl v0.10.55
[INFO] [stderr]    Compiling tokio v1.28.2
[INFO] [stderr]    Compiling event-listener v2.5.3
[INFO] [stderr]    Compiling quote v1.0.36
[INFO] [stderr]    Compiling regex-syntax v0.7.2
[INFO] [stderr]    Compiling bindgen v0.65.1
[INFO] [stderr]    Compiling aho-corasick v1.0.2
[INFO] [stderr]    Compiling nom v7.1.3
[INFO] [stderr]    Compiling thiserror v1.0.58
[INFO] [stderr]    Compiling syn v2.0.98
[INFO] [stderr]    Compiling syn v1.0.109
[INFO] [stderr]    Compiling semver v1.0.17
[INFO] [stderr]    Compiling inout v0.1.3
[INFO] [stderr]    Compiling block-buffer v0.10.4
[INFO] [stderr]    Compiling digest v0.9.0
[INFO] [stderr]    Compiling tracing-core v0.1.31
[INFO] [stderr]    Compiling concurrent-queue v2.2.0
[INFO] [stderr]    Compiling toml_datetime v0.6.2
[INFO] [stderr]    Compiling winnow v0.4.7
[INFO] [stderr]    Compiling parking v2.1.0
[INFO] [stderr]    Compiling ryu v1.0.13
[INFO] [stderr]    Compiling crunchy v0.2.2
[INFO] [stderr]    Compiling bitflags v1.3.2
[INFO] [stderr]    Compiling waker-fn v1.1.0
[INFO] [stderr]    Compiling io-lifetimes v1.0.11
[INFO] [stderr]    Compiling bumpalo v3.13.0
[INFO] [stderr]    Compiling platforms v3.0.2
[INFO] [stderr]    Compiling fastrand v1.9.0
[INFO] [stderr]    Compiling async-lock v2.7.0
[INFO] [stderr]    Compiling getrandom v0.2.10
[INFO] [stderr]    Compiling getrandom v0.1.16
[INFO] [stderr]    Compiling socket2 v0.4.9
[INFO] [stderr]    Compiling mio v0.8.8
[INFO] [stderr]    Compiling rand_core v0.6.4
[INFO] [stderr]    Compiling rand_core v0.5.1
[INFO] [stderr]    Compiling crypto-common v0.1.6
[INFO] [stderr]    Compiling jobserver v0.1.26
[INFO] [stderr]    Compiling futures-lite v1.13.0
[INFO] [stderr]    Compiling polling v2.8.0
[INFO] [stderr]    Compiling digest v0.10.7
[INFO] [stderr]    Compiling universal-hash v0.5.1
[INFO] [stderr]    Compiling cc v1.0.79
[INFO] [stderr]    Compiling rand_chacha v0.2.2
[INFO] [stderr]    Compiling aead v0.5.2
[INFO] [stderr]    Compiling poly1305 v0.8.0
[INFO] [stderr]    Compiling rand_xorshift v0.2.0
[INFO] [stderr]    Compiling arrayvec v0.7.4
[INFO] [stderr]    Compiling tiny-keccak v2.0.2
[INFO] [stderr]    Compiling rand v0.7.3
[INFO] [stderr]    Compiling rustversion v1.0.12
[INFO] [stderr]    Compiling rustix v0.37.20
[INFO] [stderr]    Compiling toml_edit v0.19.10
[INFO] [stderr]    Compiling tinyvec v1.6.0
[INFO] [stderr]    Compiling http v0.2.9
[INFO] [stderr]    Compiling cexpr v0.6.0
[INFO] [stderr]    Compiling openssl-src v111.26.0+1.1.1u
[INFO] [stderr]    Compiling blake2 v0.10.6
[INFO] [stderr]    Compiling rustc_version v0.4.0
[INFO] [stderr]    Compiling blake3 v1.4.0
[INFO] [stderr]    Compiling openssl-sys v0.9.90
[INFO] [stderr]    Compiling block-buffer v0.9.0
[INFO] [stderr]    Compiling async-io v1.13.0
[INFO] [stderr]    Compiling base64 v0.21.2
[INFO] [stderr]    Compiling linux-raw-sys v0.3.8
[INFO] [stderr]    Compiling fastrange-rs v0.1.0
[INFO] [stderr]    Compiling native-tls v0.2.11
[INFO] [stderr]    Compiling regex v1.8.4
[INFO] [stderr]    Compiling signature v1.6.4
[INFO] [stderr]    Compiling wasm-bindgen v0.2.100
[INFO] [stderr]    Compiling current_platform v0.2.0
[INFO] [stderr]    Compiling powerfmt v0.2.0
[INFO] [stderr]    Compiling ed25519 v1.5.3
[INFO] [stderr]    Compiling sbbf-rs v0.2.8
[INFO] [stderr]    Compiling deranged v0.4.0
[INFO] [stderr]    Compiling curve25519-dalek v4.1.2
[INFO] [stderr]    Compiling sha2 v0.9.9
[INFO] [stderr]    Compiling proc-macro-crate v1.3.1
[INFO] [stderr]    Compiling arrayref v0.3.7
[INFO] [stderr]    Compiling try-lock v0.2.4
[INFO] [stderr]    Compiling percent-encoding v2.3.0
[INFO] [stderr]    Compiling async-task v4.4.0
[INFO] [stderr]    Compiling num_threads v0.1.7
[INFO] [stderr]    Compiling constant_time_eq v0.2.6
[INFO] [stderr]    Compiling time-core v0.1.4
[INFO] [stderr]    Compiling openssl-probe v0.1.5
[INFO] [stderr]    Compiling hex_fmt v0.3.0
[INFO] [stderr]    Compiling signal-hook v0.3.15
[INFO] [stderr]    Compiling num-conv v0.1.0
[INFO] [stderr]    Compiling form_urlencoded v1.2.0
[INFO] [stderr]    Compiling want v0.3.1
[INFO] [stderr]    Compiling sbbf-rs-safe v0.3.2
[INFO] [stderr]    Compiling http-body v0.4.5
[INFO] [stderr]    Compiling base64-url v2.0.0
[INFO] [stderr]    Compiling unicode-normalization v0.1.22
[INFO] [stderr]    Compiling time v0.3.41
[INFO] [stderr]    Compiling wasm-bindgen-backend v0.2.100
[INFO] [stderr]    Compiling sha2 v0.10.8
[INFO] [stderr]    Compiling polyval v0.6.1
[INFO] [stderr]    Compiling signal-hook-registry v1.4.1
[INFO] [stderr]    Compiling async-channel v1.8.0
[INFO] [stderr]    Compiling async-process v1.7.0
[INFO] [stderr]    Compiling crc32fast v1.3.2
[INFO] [stderr]    Compiling unicode-bidi v0.3.13
[INFO] [stderr]    Compiling httpdate v1.0.2
[INFO] [stderr]    Compiling debug_print v1.0.0
[INFO] [stderr]    Compiling atomic-waker v1.1.1
[INFO] [stderr]    Compiling slice_as_array v1.1.0
[INFO] [stderr]    Compiling web-time v0.2.0
[INFO] [stderr]    Compiling blocking v1.3.1
[INFO] [stderr]    Compiling idna v0.4.0
[INFO] [stderr]    Compiling ghash v0.5.0
[INFO] [stderr]    Compiling async-executor v1.5.1
[INFO] [stderr]    Compiling bitmaps v2.1.0
[INFO] [stderr]    Compiling ff_derive v0.6.0
[INFO] [stderr]    Compiling num_enum_derive v0.5.11
[INFO] [stderr]    Compiling wasm-bindgen-macro-support v0.2.100
[INFO] [stderr]    Compiling im v15.1.0
[INFO] [stderr]    Compiling async-trait v0.1.68
[INFO] [stderr]    Compiling ff v0.6.0
[INFO] [stderr]    Compiling base64 v0.13.1
[INFO] [stderr]    Compiling num_enum v0.5.11
[INFO] [stderr]    Compiling group v0.6.0
[INFO] [stderr]    Compiling peg-runtime v0.8.2
[INFO] [stderr]    Compiling either v1.8.1
[INFO] [stderr]    Compiling zeroize_derive v1.4.2
[INFO] [stderr]    Compiling serde_derive v1.0.202
[INFO] [stderr]    Compiling futures-macro v0.3.28
[INFO] [stderr]    Compiling openssl-macros v0.1.1
[INFO] [stderr]    Compiling tracing-attributes v0.1.26
[INFO] [stderr]    Compiling thiserror-impl v1.0.58
[INFO] [stderr]    Compiling zeroize v1.7.0
[INFO] [stderr]    Compiling cipher v0.4.4
[INFO] [stderr]    Compiling curve25519-dalek v3.2.0
[INFO] [stderr]    Compiling chacha20 v0.9.1
[INFO] [stderr]    Compiling salsa20 v0.10.2
[INFO] [stderr]    Compiling xsalsa20poly1305 v0.9.1
[INFO] [stderr]    Compiling wasm-bindgen-macro v0.2.100
[INFO] [stderr]    Compiling pairing v0.16.0
[INFO] [stderr]    Compiling curve25519-dalek-derive v0.1.1
[INFO] [stderr]    Compiling chacha20poly1305 v0.10.1
[INFO] [stderr]    Compiling ctr v0.9.2
[INFO] [stderr]    Compiling aes v0.8.3
[INFO] [stderr]    Compiling tracing v0.1.37
[INFO] [stderr]    Compiling peg-macros v0.8.2
[INFO] [stderr]    Compiling x25519-dalek v1.1.1
[INFO] [stderr]    Compiling tokio-util v0.7.8
[INFO] [stderr]    Compiling crypto_box v0.8.2
[INFO] [stderr]    Compiling aes-gcm v0.10.3
[INFO] [stderr]    Compiling async-global-executor v2.3.1
[INFO] [stderr]    Compiling x25519-dalek v2.0.1
[INFO] [stderr]    Compiling miniz_oxide v0.7.1
[INFO] [stderr]    Compiling sized-chunks v0.6.5
[INFO] [stderr]    Compiling url v2.4.0
[INFO] [stderr]    Compiling async-attributes v1.1.2
[INFO] [stderr]    Compiling noise-protocol v0.2.0
[INFO] [stderr]    Compiling rand_chacha v0.3.1
[INFO] [stderr]    Compiling rand_xoshiro v0.6.0
[INFO] [stderr]    Compiling kv-log-macro v1.0.7
[INFO] [stderr]    Compiling futures-executor v0.3.28
[INFO] [stderr]    Compiling h2 v0.3.19
[INFO] [stderr]    Compiling encoding_rs v0.8.32
[INFO] [stderr]    Compiling futures v0.3.28
[INFO] [stderr]    Compiling ng-oxigraph v0.4.0-alpha.8-ngalpha
[INFO] [stderr]    Compiling smallvec v1.13.2
[INFO] [stderr]    Compiling ipnet v2.7.2
[INFO] [stderr]    Compiling ng-storage-rocksdb v0.1.1-alpha.2
[INFO] [stderr]    Compiling async-std v1.12.0
[INFO] [stderr]    Compiling smallstr v0.3.0
[INFO] [stderr]    Compiling peg v0.8.2
[INFO] [stderr]    Compiling rand v0.8.5
[INFO] [stderr]    Compiling flate2 v1.0.26
[INFO] [stderr]    Compiling ng-rocksdb v0.21.0-ngpreview.7
[INFO] [stderr]    Compiling noise-rust-crypto v0.6.2
[INFO] [stderr]    Compiling itertools v0.12.1
[INFO] [stderr]    Compiling async-recursion v1.1.1
[INFO] [stderr]    Compiling sha1 v0.10.5
[INFO] [stderr]    Compiling md-5 v0.10.6
[INFO] [stderr]    Compiling netdev v0.26.0
[INFO] [stderr]    Compiling quick-xml v0.31.0
[INFO] [stderr]    Compiling fxhash v0.2.1
[INFO] [stderr]    Compiling ng-verifier v0.1.1-alpha.2 (/opt/rustwide/workdir)
[INFO] [stderr]    Compiling atomic_refcell v0.1.13
[INFO] [stderr]    Compiling arc-swap v1.7.1
[INFO] [stderr]    Compiling oxiri v0.2.3
[INFO] [stderr]    Compiling siphasher v0.3.10
[INFO] [stderr]    Compiling json-event-parser v0.2.0
[INFO] [stderr]    Compiling oxilangtag v0.1.5
[INFO] [stderr]    Compiling leb128 v0.2.5
[INFO] [stderr]    Compiling serde_json v1.0.117
[INFO] [stderr]    Compiling serde_bare v0.5.0
[INFO] [stderr]    Compiling uuid v1.3.4
[INFO] [stderr]    Compiling ng_threshold_crypto v0.4.0
[INFO] [stderr]    Compiling serde_bytes v0.11.9
[INFO] [stderr]    Compiling os_info v3.8.2
[INFO] [stderr]    Compiling ed25519-dalek v1.0.1
[INFO] [stderr]    Compiling blob-uuid v0.5.0
[INFO] [stderr]    Compiling serde_urlencoded v0.7.1
[INFO] [stderr]    Compiling unique_id v0.1.5
[INFO] [stderr]    Compiling smol_str v0.2.1
[INFO] [stderr]    Compiling unicode-segmentation v1.10.1
[INFO] [stderr]    Compiling fastrand v2.0.2
[INFO] [stderr]    Compiling hyper v0.14.26
[INFO] [stderr]    Compiling automerge v0.5.11
[INFO] [stderr]    Compiling yrs v0.19.2
[INFO] [stderr]    Compiling ng-repo v0.1.1-alpha.2
[INFO] [stderr] error: could not compile `h2` (lib)
[INFO] [stderr] 
[INFO] [stderr] Caused by:
[INFO] [stderr]   process didn't exit successfully: `/opt/rustwide/rustup-home/toolchains/1.99.0-beta.8-x86_64-unknown-linux-gnu/bin/rustc --crate-name h2 --edition=2018 /opt/rustwide/cargo-home/registry/src/index.crates.io-1949cf8c6b5b557f/h2-0.3.19/src/lib.rs --error-format=json --json=diagnostic-rendered-ansi,artifacts,future-incompat --crate-type lib --emit=dep-info,metadata,link -C opt-level=3 -C embed-bitcode=no --check-cfg 'cfg(docsrs,test)' --check-cfg 'cfg(feature, values("stream", "unstable"))' -C metadata=086a0ab5d18d016a -C extra-filename=-16c2351e4ec96212 --out-dir /opt/rustwide/target/release/deps -C strip=debuginfo -L dependency=/opt/rustwide/target/release/deps --extern bytes=/opt/rustwide/target/release/deps/libbytes-93521cdfacd306c8.rmeta --extern fnv=/opt/rustwide/target/release/deps/libfnv-98df728fc8020158.rmeta --extern futures_core=/opt/rustwide/target/release/deps/libfutures_core-4558e194a006af22.rmeta --extern futures_sink=/opt/rustwide/target/release/deps/libfutures_sink-90f6dfc8fef3b7be.rmeta --extern futures_util=/opt/rustwide/target/release/deps/libfutures_util-04695542e6fb34ec.rmeta --extern http=/opt/rustwide/target/release/deps/libhttp-8b0771f1d1b29241.rmeta --extern indexmap=/opt/rustwide/target/release/deps/libindexmap-3ee8bb142e55e0b3.rmeta --extern slab=/opt/rustwide/target/release/deps/libslab-927a2e78068c9f0f.rmeta --extern tokio=/opt/rustwide/target/release/deps/libtokio-9d675703fad79ad2.rmeta --extern tokio_util=/opt/rustwide/target/release/deps/libtokio_util-706a610ac09a1820.rmeta --extern tracing=/opt/rustwide/target/release/deps/libtracing-c93f750bccb49dc5.rmeta --cap-lints allow --cap-lints=warn` (signal: 9, SIGKILL: kill)
[INFO] [stderr] warning: build failed, waiting for other jobs to finish...
[INFO] [stderr] error: could not compile `async-std` (lib)
[INFO] [stderr] 
[INFO] [stderr] Caused by:
[INFO] [stderr]   process didn't exit successfully: `/opt/rustwide/rustup-home/toolchains/1.99.0-beta.8-x86_64-unknown-linux-gnu/bin/rustc --crate-name async_std --edition=2018 /opt/rustwide/cargo-home/registry/src/index.crates.io-1949cf8c6b5b557f/async-std-1.12.0/src/lib.rs --error-format=json --json=diagnostic-rendered-ansi,artifacts,future-incompat --crate-type lib --emit=dep-info,metadata,link -C opt-level=3 -C embed-bitcode=no --cfg 'feature="alloc"' --cfg 'feature="async-attributes"' --cfg 'feature="async-channel"' --cfg 'feature="async-global-executor"' --cfg 'feature="async-io"' --cfg 'feature="async-lock"' --cfg 'feature="async-process"' --cfg 'feature="attributes"' --cfg 'feature="crossbeam-utils"' --cfg 'feature="default"' --cfg 'feature="futures-channel"' --cfg 'feature="futures-core"' --cfg 'feature="futures-io"' --cfg 'feature="futures-lite"' --cfg 'feature="gloo-timers"' --cfg 'feature="kv-log-macro"' --cfg 'feature="log"' --cfg 'feature="memchr"' --cfg 'feature="once_cell"' --cfg 'feature="pin-project-lite"' --cfg 'feature="pin-utils"' --cfg 'feature="slab"' --cfg 'feature="std"' --cfg 'feature="unstable"' --cfg 'feature="wasm-bindgen-futures"' --check-cfg 'cfg(docsrs,test)' --check-cfg 'cfg(feature, values("alloc", "async-attributes", "async-channel", "async-global-executor", "async-io", "async-lock", "async-process", "attributes", "crossbeam-utils", "default", "docs", "futures-channel", "futures-core", "futures-io", "futures-lite", "gloo-timers", "kv-log-macro", "log", "memchr", "once_cell", "pin-project-lite", "pin-utils", "slab", "std", "surf", "tokio02", "tokio03", "tokio1", "unstable", "wasm-bindgen-futures"))' -C metadata=f93d24132a029906 -C extra-filename=-932665e6861680d8 --out-dir /opt/rustwide/target/release/deps -C strip=debuginfo -L dependency=/opt/rustwide/target/release/deps --extern async_attributes=/opt/rustwide/target/release/deps/libasync_attributes-9641c88c3a1eaacf.so --extern async_channel=/opt/rustwide/target/release/deps/libasync_channel-6b1ad6eaf0b48905.rmeta --extern async_global_executor=/opt/rustwide/target/release/deps/libasync_global_executor-fc3a5128174cf3a3.rmeta --extern async_io=/opt/rustwide/target/release/deps/libasync_io-b4cde6a679aa9ec0.rmeta --extern async_lock=/opt/rustwide/target/release/deps/libasync_lock-a6699689047bd2b4.rmeta --extern async_process=/opt/rustwide/target/release/deps/libasync_process-00d87f3265afa554.rmeta --extern crossbeam_utils=/opt/rustwide/target/release/deps/libcrossbeam_utils-68d11ad3e7270e5a.rmeta --extern futures_core=/opt/rustwide/target/release/deps/libfutures_core-4558e194a006af22.rmeta --extern futures_io=/opt/rustwide/target/release/deps/libfutures_io-81a75efbf06a6cb8.rmeta --extern futures_lite=/opt/rustwide/target/release/deps/libfutures_lite-19d286a920e87ddf.rmeta --extern kv_log_macro=/opt/rustwide/target/release/deps/libkv_log_macro-c39b8ef06de0b7af.rmeta --extern log=/opt/rustwide/target/release/deps/liblog-e988e3245fc66bfb.rmeta --extern memchr=/opt/rustwide/target/release/deps/libmemchr-4c2333bb57774a0f.rmeta --extern once_cell=/opt/rustwide/target/release/deps/libonce_cell-fea566fa5e4a55ed.rmeta --extern pin_project_lite=/opt/rustwide/target/release/deps/libpin_project_lite-5d685072b05426e1.rmeta --extern pin_utils=/opt/rustwide/target/release/deps/libpin_utils-bd5b26767cd4a338.rmeta --extern slab=/opt/rustwide/target/release/deps/libslab-927a2e78068c9f0f.rmeta --cap-lints allow --cap-lints=warn` (signal: 9, SIGKILL: kill)
[INFO] [stderr] error: could not compile `hyper` (lib)
[INFO] [stderr] 
[INFO] [stderr] Caused by:
[INFO] [stderr]   process didn't exit successfully: `/opt/rustwide/rustup-home/toolchains/1.99.0-beta.8-x86_64-unknown-linux-gnu/bin/rustc --crate-name hyper --edition=2018 /opt/rustwide/cargo-home/registry/src/index.crates.io-1949cf8c6b5b557f/hyper-0.14.26/src/lib.rs --error-format=json --json=diagnostic-rendered-ansi,artifacts,future-incompat --crate-type lib --emit=dep-info,metadata,link -C opt-level=3 -C embed-bitcode=no --cfg 'feature="client"' --cfg 'feature="h2"' --cfg 'feature="http1"' --cfg 'feature="http2"' --cfg 'feature="runtime"' --cfg 'feature="socket2"' --cfg 'feature="tcp"' --check-cfg 'cfg(docsrs,test)' --check-cfg 'cfg(feature, values("__internal_happy_eyeballs_tests", "backports", "client", "default", "deprecated", "ffi", "full", "h2", "http1", "http2", "libc", "nightly", "runtime", "server", "socket2", "stream", "tcp"))' -C metadata=973d286308ba207e -C extra-filename=-f0e0f2361506460c --out-dir /opt/rustwide/target/release/deps -C strip=debuginfo -L dependency=/opt/rustwide/target/release/deps --extern bytes=/opt/rustwide/target/release/deps/libbytes-93521cdfacd306c8.rmeta --extern futures_channel=/opt/rustwide/target/release/deps/libfutures_channel-075836548c809f3d.rmeta --extern futures_core=/opt/rustwide/target/release/deps/libfutures_core-4558e194a006af22.rmeta --extern futures_util=/opt/rustwide/target/release/deps/libfutures_util-04695542e6fb34ec.rmeta --extern h2=/opt/rustwide/target/release/deps/libh2-16c2351e4ec96212.rmeta --extern http=/opt/rustwide/target/release/deps/libhttp-8b0771f1d1b29241.rmeta --extern http_body=/opt/rustwide/target/release/deps/libhttp_body-a8a104d0e8665546.rmeta --extern httparse=/opt/rustwide/target/release/deps/libhttparse-c2e04f50a9e64851.rmeta --extern httpdate=/opt/rustwide/target/release/deps/libhttpdate-71b3a5e96884dd57.rmeta --extern itoa=/opt/rustwide/target/release/deps/libitoa-47ad8c24b23cbf7a.rmeta --extern pin_project_lite=/opt/rustwide/target/release/deps/libpin_project_lite-5d685072b05426e1.rmeta --extern socket2=/opt/rustwide/target/release/deps/libsocket2-cc443373ae1705e9.rmeta --extern tokio=/opt/rustwide/target/release/deps/libtokio-9d675703fad79ad2.rmeta --extern tower_service=/opt/rustwide/target/release/deps/libtower_service-f93402de58cc0708.rmeta --extern tracing=/opt/rustwide/target/release/deps/libtracing-c93f750bccb49dc5.rmeta --extern want=/opt/rustwide/target/release/deps/libwant-ad6c649d97f59c92.rmeta --cap-lints allow --cap-lints=warn` (signal: 9, SIGKILL: kill)
[INFO] [stderr] error: could not compile `automerge` (lib)
[INFO] [stderr] 
[INFO] [stderr] Caused by:
[INFO] [stderr]   process didn't exit successfully: `/opt/rustwide/rustup-home/toolchains/1.99.0-beta.8-x86_64-unknown-linux-gnu/bin/rustc --crate-name automerge --edition=2021 /opt/rustwide/cargo-home/registry/src/index.crates.io-1949cf8c6b5b557f/automerge-0.5.11/src/lib.rs --error-format=json --json=diagnostic-rendered-ansi,artifacts,future-incompat --crate-type lib --emit=dep-info,metadata,link -C opt-level=3 -C embed-bitcode=no --check-cfg 'cfg(docsrs,test)' --check-cfg 'cfg(feature, values("dot", "js-sys", "optree-visualisation", "rand", "utf8-indexing", "wasm", "wasm-bindgen", "web-sys"))' -C metadata=1ff9260721eca297 -C extra-filename=-9e32a9c8f5d5164f --out-dir /opt/rustwide/target/release/deps -C strip=debuginfo -L dependency=/opt/rustwide/target/release/deps --extern flate2=/opt/rustwide/target/release/deps/libflate2-8353cd4520c6ede7.rmeta --extern fxhash=/opt/rustwide/target/release/deps/libfxhash-9052d5edc0ff7d21.rmeta --extern hex=/opt/rustwide/target/release/deps/libhex-ffa975566df5dac7.rmeta --extern im=/opt/rustwide/target/release/deps/libim-b2a44269ec50d522.rmeta --extern itertools=/opt/rustwide/target/release/deps/libitertools-1e9e287b5a0061af.rmeta --extern leb128=/opt/rustwide/target/release/deps/libleb128-12c4a3015a60d889.rmeta --extern serde=/opt/rustwide/target/release/deps/libserde-e71f65f57cde24e6.rmeta --extern sha2=/opt/rustwide/target/release/deps/libsha2-af662e91c727b14e.rmeta --extern smol_str=/opt/rustwide/target/release/deps/libsmol_str-1b810dd7d5aad863.rmeta --extern thiserror=/opt/rustwide/target/release/deps/libthiserror-bc8d531ef2125903.rmeta --extern tinyvec=/opt/rustwide/target/release/deps/libtinyvec-c3a4aaaa62849237.rmeta --extern tracing=/opt/rustwide/target/release/deps/libtracing-c93f750bccb49dc5.rmeta --extern unicode_segmentation=/opt/rustwide/target/release/deps/libunicode_segmentation-3addd0739fb94d01.rmeta --extern uuid=/opt/rustwide/target/release/deps/libuuid-bf7e499220f73ab7.rmeta --cap-lints allow --cap-lints=warn` (signal: 9, SIGKILL: kill)
[INFO] [stderr] error: could not compile `yrs` (lib)
[INFO] [stderr] 
[INFO] [stderr] Caused by:
[INFO] [stderr]   process didn't exit successfully: `/opt/rustwide/rustup-home/toolchains/1.99.0-beta.8-x86_64-unknown-linux-gnu/bin/rustc --crate-name yrs --edition=2018 /opt/rustwide/cargo-home/registry/src/index.crates.io-1949cf8c6b5b557f/yrs-0.19.2/src/lib.rs --error-format=json --json=diagnostic-rendered-ansi,artifacts,future-incompat --crate-type lib --emit=dep-info,metadata,link -C opt-level=3 -C embed-bitcode=no --check-cfg 'cfg(docsrs,test)' --check-cfg 'cfg(feature, values("sync", "weak"))' -C metadata=7a2ad9ab7c4380e5 -C extra-filename=-3d0c568333604c0f --out-dir /opt/rustwide/target/release/deps -C strip=debuginfo -L dependency=/opt/rustwide/target/release/deps --extern arc_swap=/opt/rustwide/target/release/deps/libarc_swap-c1a422dff4c5235c.rmeta --extern atomic_refcell=/opt/rustwide/target/release/deps/libatomic_refcell-e96fdf0b4ffe2673.rmeta --extern fastrand=/opt/rustwide/target/release/deps/libfastrand-909f8d6c166e6951.rmeta --extern serde=/opt/rustwide/target/release/deps/libserde-e71f65f57cde24e6.rmeta --extern serde_json=/opt/rustwide/target/release/deps/libserde_json-075bd215e7ff7e29.rmeta --extern smallstr=/opt/rustwide/target/release/deps/libsmallstr-ca4f849698450a88.rmeta --extern smallvec=/opt/rustwide/target/release/deps/libsmallvec-17899f6dc3722c82.rmeta --extern thiserror=/opt/rustwide/target/release/deps/libthiserror-bc8d531ef2125903.rmeta --cap-lints allow --cap-lints=warn` (signal: 9, SIGKILL: kill)
[INFO] [stderr] error: could not compile `ng-repo` (lib)
[INFO] [stderr] 
[INFO] [stderr] Caused by:
[INFO] [stderr]   process didn't exit successfully: `/opt/rustwide/rustup-home/toolchains/1.99.0-beta.8-x86_64-unknown-linux-gnu/bin/rustc --crate-name ng_repo --edition=2021 /opt/rustwide/cargo-home/registry/src/index.crates.io-1949cf8c6b5b557f/ng-repo-0.1.1-alpha.2/src/lib.rs --error-format=json --json=diagnostic-rendered-ansi,artifacts,future-incompat --crate-type lib --emit=dep-info,metadata,link -C opt-level=3 -C embed-bitcode=no --cfg 'feature="testing"' --check-cfg 'cfg(docsrs,test)' --check-cfg 'cfg(feature, values("server_log_output", "testing"))' -C metadata=46a343f9fd6c57d3 -C extra-filename=-8b66b7933ff8d9ed --out-dir /opt/rustwide/target/release/deps -C strip=debuginfo -L dependency=/opt/rustwide/target/release/deps --extern base64_url=/opt/rustwide/target/release/deps/libbase64_url-9cd60ffafbecc7dc.rmeta --extern blake3=/opt/rustwide/target/release/deps/libblake3-f0b429666292f13c.rmeta --extern chacha20=/opt/rustwide/target/release/deps/libchacha20-621e054e22d4146a.rmeta --extern crypto_box=/opt/rustwide/target/release/deps/libcrypto_box-bab9b6252a5f7b16.rmeta --extern current_platform=/opt/rustwide/target/release/deps/libcurrent_platform-90d291eda219316f.rmeta --extern curve25519_dalek=/opt/rustwide/target/release/deps/libcurve25519_dalek-4c82c14318bad72b.rmeta --extern debug_print=/opt/rustwide/target/release/deps/libdebug_print-d225df5fcea3fbe1.rmeta --extern ed25519_dalek=/opt/rustwide/target/release/deps/libed25519_dalek-3218c339f4808e0a.rmeta --extern futures=/opt/rustwide/target/release/deps/libfutures-085ab35454aa99bf.rmeta --extern getrandom=/opt/rustwide/target/release/deps/libgetrandom-2fb0dfeeaea1f520.rmeta --extern lazy_static=/opt/rustwide/target/release/deps/liblazy_static-480433dca0d17907.rmeta --extern log=/opt/rustwide/target/release/deps/liblog-e988e3245fc66bfb.rmeta --extern ng_threshold_crypto=/opt/rustwide/target/release/deps/libng_threshold_crypto-b57b90570604710d.rmeta --extern num_enum=/opt/rustwide/target/release/deps/libnum_enum-7e726a73491ec923.rmeta --extern once_cell=/opt/rustwide/target/release/deps/libonce_cell-fea566fa5e4a55ed.rmeta --extern os_info=/opt/rustwide/target/release/deps/libos_info-ec08eac3d519fa47.rmeta --extern rand=/opt/rustwide/target/release/deps/librand-98a28bdc922eade7.rmeta --extern sbbf_rs_safe=/opt/rustwide/target/release/deps/libsbbf_rs_safe-560b551bed12e9fd.rmeta --extern serde=/opt/rustwide/target/release/deps/libserde-e71f65f57cde24e6.rmeta --extern serde_bare=/opt/rustwide/target/release/deps/libserde_bare-91ed7db14fe9d943.rmeta --extern serde_bytes=/opt/rustwide/target/release/deps/libserde_bytes-63459d4770b7f302.rmeta --extern serde_json=/opt/rustwide/target/release/deps/libserde_json-075bd215e7ff7e29.rmeta --extern slice_as_array=/opt/rustwide/target/release/deps/libslice_as_array-7e694440b4d0038b.rmeta --extern time=/opt/rustwide/target/release/deps/libtime-9f46124c5bd3f413.rmeta --extern wasm_bindgen=/opt/rustwide/target/release/deps/libwasm_bindgen-f716e5320c641817.rmeta --extern web_time=/opt/rustwide/target/release/deps/libweb_time-6bc06e0428ec9fe9.rmeta --extern zeroize=/opt/rustwide/target/release/deps/libzeroize-1a00ca9ab9f9600a.rmeta --cap-lints allow --cap-lints=warn -L native=/opt/rustwide/target/release/build/blake3-bcbd82462b1cd427/out -L native=/opt/rustwide/target/release/build/blake3-bcbd82462b1cd427/out` (signal: 9, SIGKILL: kill)
[INFO] [stderr] warning: ng-rocksdb@0.21.0-ngpreview.7: c++: fatal error: Killed signal terminated program cc1plus
[INFO] [stderr] warning: ng-rocksdb@0.21.0-ngpreview.7: compilation terminated.
[INFO] [stderr] warning: ng-rocksdb@0.21.0-ngpreview.7: c++: fatal error: Killed signal terminated program cc1plus
[INFO] [stderr] warning: ng-rocksdb@0.21.0-ngpreview.7: compilation terminated.
[INFO] [stderr] warning: ng-rocksdb@0.21.0-ngpreview.7: c++: fatal error: Killed signal terminated program cc1plus
[INFO] [stderr] warning: ng-rocksdb@0.21.0-ngpreview.7: compilation terminated.
[INFO] [stderr] warning: ng-rocksdb@0.21.0-ngpreview.7: c++: fatal error: Killed signal terminated program cc1plus
[INFO] [stderr] warning: ng-rocksdb@0.21.0-ngpreview.7: compilation terminated.
[INFO] [stderr] warning: ng-rocksdb@0.21.0-ngpreview.7: c++: fatal error: Killed signal terminated program cc1plus
[INFO] [stderr] warning: ng-rocksdb@0.21.0-ngpreview.7: compilation terminated.
[INFO] [stderr] warning: ng-rocksdb@0.21.0-ngpreview.7: c++: fatal error: Killed signal terminated program cc1plus
[INFO] [stderr] warning: ng-rocksdb@0.21.0-ngpreview.7: compilation terminated.
[INFO] [stderr] warning: ng-rocksdb@0.21.0-ngpreview.7: c++: fatal error: Killed signal terminated program cc1plus
[INFO] [stderr] warning: ng-rocksdb@0.21.0-ngpreview.7: compilation terminated.
[INFO] [stderr] error: failed to run custom build command for `ng-rocksdb v0.21.0-ngpreview.7`
[INFO] [stderr] note: To improve backtraces for build dependencies, set the CARGO_PROFILE_RELEASE_BUILD_OVERRIDE_DEBUG=true environment variable to enable debug information generation.
[INFO] [stderr] 
[INFO] [stderr] Caused by:
[INFO] [stderr]   process didn't exit successfully: `/opt/rustwide/target/release/build/ng-rocksdb-afee5d1edab4e2ef/build-script-build` (exit status: 1)
[INFO] [stderr]   --- stdout
[INFO] [stderr]   cargo:rerun-if-env-changed=ROCKSDB_COMPILE
[INFO] [stderr]   cargo:rerun-if-env-changed=ROCKSDB_LIB_DIR
[INFO] [stderr]   cargo:rerun-if-env-changed=ROCKSDB_STATIC
[INFO] [stderr]   cargo:rerun-if-changed=librocksdb-sys/
[INFO] [stderr]   cargo:rustc-link-arg=-lpthread
[INFO] [stderr]   cargo:rustc-link-arg=-lrt
[INFO] [stderr]   cargo:rustc-link-arg=-ldl
[INFO] [stderr]   TARGET = Some("x86_64-unknown-linux-gnu")
[INFO] [stderr]   OPT_LEVEL = Some("3")
[INFO] [stderr]   HOST = Some("x86_64-unknown-linux-gnu")
[INFO] [stderr]   cargo:rerun-if-env-changed=CXX_x86_64-unknown-linux-gnu
[INFO] [stderr]   CXX_x86_64-unknown-linux-gnu = None
[INFO] [stderr]   cargo:rerun-if-env-changed=CXX_x86_64_unknown_linux_gnu
[INFO] [stderr]   CXX_x86_64_unknown_linux_gnu = None
[INFO] [stderr]   cargo:rerun-if-env-changed=HOST_CXX
[INFO] [stderr]   HOST_CXX = None
[INFO] [stderr]   cargo:rerun-if-env-changed=CXX
[INFO] [stderr]   CXX = None
[INFO] [stderr]   cargo:rerun-if-env-changed=CXXFLAGS_x86_64-unknown-linux-gnu
[INFO] [stderr]   CXXFLAGS_x86_64-unknown-linux-gnu = None
[INFO] [stderr]   cargo:rerun-if-env-changed=CXXFLAGS_x86_64_unknown_linux_gnu
[INFO] [stderr]   CXXFLAGS_x86_64_unknown_linux_gnu = None
[INFO] [stderr]   cargo:rerun-if-env-changed=HOST_CXXFLAGS
[INFO] [stderr]   HOST_CXXFLAGS = None
[INFO] [stderr]   cargo:rerun-if-env-changed=CXXFLAGS
[INFO] [stderr]   CXXFLAGS = None
[INFO] [stderr]   cargo:rerun-if-env-changed=CRATE_CC_NO_DEFAULTS
[INFO] [stderr]   CRATE_CC_NO_DEFAULTS = None
[INFO] [stderr]   DEBUG = Some("false")
[INFO] [stderr]   CARGO_CFG_TARGET_FEATURE = Some("fxsr,sse,sse2")
[INFO] [stderr]   cargo:rerun-if-env-changed=CXX_x86_64-unknown-linux-gnu
[INFO] [stderr]   CXX_x86_64-unknown-linux-gnu = None
[INFO] [stderr]   cargo:rerun-if-env-changed=CXX_x86_64_unknown_linux_gnu
[INFO] [stderr]   CXX_x86_64_unknown_linux_gnu = None
[INFO] [stderr]   cargo:rerun-if-env-changed=HOST_CXX
[INFO] [stderr]   HOST_CXX = None
[INFO] [stderr]   cargo:rerun-if-env-changed=CXX
[INFO] [stderr]   CXX = None
[INFO] [stderr]   cargo:rerun-if-env-changed=CXXFLAGS_x86_64-unknown-linux-gnu
[INFO] [stderr]   CXXFLAGS_x86_64-unknown-linux-gnu = None
[INFO] [stderr]   cargo:rerun-if-env-changed=CXXFLAGS_x86_64_unknown_linux_gnu
[INFO] [stderr]   CXXFLAGS_x86_64_unknown_linux_gnu = None
[INFO] [stderr]   cargo:rerun-if-env-changed=HOST_CXXFLAGS
[INFO] [stderr]   HOST_CXXFLAGS = None
[INFO] [stderr]   cargo:rerun-if-env-changed=CXXFLAGS
[INFO] [stderr]   CXXFLAGS = None
[INFO] [stderr]   cargo:rerun-if-env-changed=CRATE_CC_NO_DEFAULTS
[INFO] [stderr]   CRATE_CC_NO_DEFAULTS = None
[INFO] [stderr]   CARGO_CFG_TARGET_FEATURE = Some("fxsr,sse,sse2")
[INFO] [stderr]   cargo:rerun-if-env-changed=CXX_x86_64-unknown-linux-gnu
[INFO] [stderr]   CXX_x86_64-unknown-linux-gnu = None
[INFO] [stderr]   cargo:rerun-if-env-changed=CXX_x86_64_unknown_linux_gnu
[INFO] [stderr]   CXX_x86_64_unknown_linux_gnu = None
[INFO] [stderr]   cargo:rerun-if-env-changed=HOST_CXX
[INFO] [stderr]   HOST_CXX = None
[INFO] [stderr]   cargo:rerun-if-env-changed=CXX
[INFO] [stderr]   CXX = None
[INFO] [stderr]   cargo:rerun-if-env-changed=CXXFLAGS_x86_64-unknown-linux-gnu
[INFO] [stderr]   CXXFLAGS_x86_64-unknown-linux-gnu = None
[INFO] [stderr]   cargo:rerun-if-env-changed=CXXFLAGS_x86_64_unknown_linux_gnu
[INFO] [stderr]   CXXFLAGS_x86_64_unknown_linux_gnu = None
[INFO] [stderr]   cargo:rerun-if-env-changed=HOST_CXXFLAGS
[INFO] [stderr]   HOST_CXXFLAGS = None
[INFO] [stderr]   cargo:rerun-if-env-changed=CXXFLAGS
[INFO] [stderr]   CXXFLAGS = None
[INFO] [stderr]   cargo:rerun-if-env-changed=CRATE_CC_NO_DEFAULTS
[INFO] [stderr]   CRATE_CC_NO_DEFAULTS = None
[INFO] [stderr]   CARGO_CFG_TARGET_FEATURE = Some("fxsr,sse,sse2")
[INFO] [stderr]   running: "c++" "-O3" "-ffunction-sections" "-fdata-sections" "-fPIC" "-m64" "-I" "librocksdb-sys/rocksdb/include/" "-I" "librocksdb-sys/rocksdb/" "-I" "librocksdb-sys/rocksdb/third-party/gtest-1.8.1/fused-src/" "-I" "librocksdb-sys" "-I" "librocksdb-sys/rocksdb/plugin/openssl/include" "-Wall" "-Wextra" "-march=haswell" "-fno-builtin-memcmp" "-std=c++17" "-Wsign-compare" "-Wshadow" "-Wno-unused-parameter" "-Wno-unused-variable" "-Woverloaded-virtual" "-Wnon-virtual-dtor" "-Wno-missing-field-initializers" "-Wno-strict-aliasing" "-Wno-invalid-offsetof" "-std=c++17" "-DNDEBUG=1" "-DOS_LINUX" "-DROCKSDB_PLATFORM_POSIX" "-DROCKSDB_LIB_IO_POSIX" "-DROCKSDB_FALLOCATE_PRESENT" "-DROCKSDB_MALLOC_USABLE_SIZE" "-DROCKSDB_PTHREAD_ADAPTIVE_MUTEX" "-DROCKSDB_RANGESYNC_PRESENT" "-DROCKSDB_SCHED_GETCPU_PRESENT" "-DROCKSDB_AUXV_GETAUXVAL_PRESENT" "-DHAVE_UINT128_EXTENSION" "-DHAVE_ALIGNED_NEW" "-DROCKSDB_SUPPORT_THREAD_LOCAL" "-o" "/opt/rustwide/target/release/build/ng-rocksdb-d4b29e5578fdfa6b/out/librocksdb-sys/rocksdb/cache/cache.o" "-c" "librocksdb-sys/rocksdb/cache/cache.cc"
[INFO] [stderr]   running: "c++" "-O3" "-ffunction-sections" "-fdata-sections" "-fPIC" "-m64" "-I" "librocksdb-sys/rocksdb/include/" "-I" "librocksdb-sys/rocksdb/" "-I" "librocksdb-sys/rocksdb/third-party/gtest-1.8.1/fused-src/" "-I" "librocksdb-sys" "-I" "librocksdb-sys/rocksdb/plugin/openssl/include" "-Wall" "-Wextra" "-march=haswell" "-fno-builtin-memcmp" "-std=c++17" "-Wsign-compare" "-Wshadow" "-Wno-unused-parameter" "-Wno-unused-variable" "-Woverloaded-virtual" "-Wnon-virtual-dtor" "-Wno-missing-field-initializers" "-Wno-strict-aliasing" "-Wno-invalid-offsetof" "-std=c++17" "-DNDEBUG=1" "-DOS_LINUX" "-DROCKSDB_PLATFORM_POSIX" "-DROCKSDB_LIB_IO_POSIX" "-DROCKSDB_FALLOCATE_PRESENT" "-DROCKSDB_MALLOC_USABLE_SIZE" "-DROCKSDB_PTHREAD_ADAPTIVE_MUTEX" "-DROCKSDB_RANGESYNC_PRESENT" "-DROCKSDB_SCHED_GETCPU_PRESENT" "-DROCKSDB_AUXV_GETAUXVAL_PRESENT" "-DHAVE_UINT128_EXTENSION" "-DHAVE_ALIGNED_NEW" "-DROCKSDB_SUPPORT_THREAD_LOCAL" "-o" "/opt/rustwide/target/release/build/ng-rocksdb-d4b29e5578fdfa6b/out/librocksdb-sys/rocksdb/cache/cache_entry_roles.o" "-c" "librocksdb-sys/rocksdb/cache/cache_entry_roles.cc"
[INFO] [stderr]   running: "c++" "-O3" "-ffunction-sections" "-fdata-sections" "-fPIC" "-m64" "-I" "librocksdb-sys/rocksdb/include/" "-I" "librocksdb-sys/rocksdb/" "-I" "librocksdb-sys/rocksdb/third-party/gtest-1.8.1/fused-src/" "-I" "librocksdb-sys" "-I" "librocksdb-sys/rocksdb/plugin/openssl/include" "-Wall" "-Wextra" "-march=haswell" "-fno-builtin-memcmp" "-std=c++17" "-Wsign-compare" "-Wshadow" "-Wno-unused-parameter" "-Wno-unused-variable" "-Woverloaded-virtual" "-Wnon-virtual-dtor" "-Wno-missing-field-initializers" "-Wno-strict-aliasing" "-Wno-invalid-offsetof" "-std=c++17" "-DNDEBUG=1" "-DOS_LINUX" "-DROCKSDB_PLATFORM_POSIX" "-DROCKSDB_LIB_IO_POSIX" "-DROCKSDB_FALLOCATE_PRESENT" "-DROCKSDB_MALLOC_USABLE_SIZE" "-DROCKSDB_PTHREAD_ADAPTIVE_MUTEX" "-DROCKSDB_RANGESYNC_PRESENT" "-DROCKSDB_SCHED_GETCPU_PRESENT" "-DROCKSDB_AUXV_GETAUXVAL_PRESENT" "-DHAVE_UINT128_EXTENSION" "-DHAVE_ALIGNED_NEW" "-DROCKSDB_SUPPORT_THREAD_LOCAL" "-o" "/opt/rustwide/target/release/build/ng-rocksdb-d4b29e5578fdfa6b/out/librocksdb-sys/rocksdb/cache/cache_key.o" "-c" "librocksdb-sys/rocksdb/cache/cache_key.cc"
[INFO] [stderr]   running: "c++" "-O3" "-ffunction-sections" "-fdata-sections" "-fPIC" "-m64" "-I" "librocksdb-sys/rocksdb/include/" "-I" "librocksdb-sys/rocksdb/" "-I" "librocksdb-sys/rocksdb/third-party/gtest-1.8.1/fused-src/" "-I" "librocksdb-sys" "-I" "librocksdb-sys/rocksdb/plugin/openssl/include" "-Wall" "-Wextra" "-march=haswell" "-fno-builtin-memcmp" "-std=c++17" "-Wsign-compare" "-Wshadow" "-Wno-unused-parameter" "-Wno-unused-variable" "-Woverloaded-virtual" "-Wnon-virtual-dtor" "-Wno-missing-field-initializers" "-Wno-strict-aliasing" "-Wno-invalid-offsetof" "-std=c++17" "-DNDEBUG=1" "-DOS_LINUX" "-DROCKSDB_PLATFORM_POSIX" "-DROCKSDB_LIB_IO_POSIX" "-DROCKSDB_FALLOCATE_PRESENT" "-DROCKSDB_MALLOC_USABLE_SIZE" "-DROCKSDB_PTHREAD_ADAPTIVE_MUTEX" "-DROCKSDB_RANGESYNC_PRESENT" "-DROCKSDB_SCHED_GETCPU_PRESENT" "-DROCKSDB_AUXV_GETAUXVAL_PRESENT" "-DHAVE_UINT128_EXTENSION" "-DHAVE_ALIGNED_NEW" "-DROCKSDB_SUPPORT_THREAD_LOCAL" "-o" "/opt/rustwide/target/release/build/ng-rocksdb-d4b29e5578fdfa6b/out/librocksdb-sys/rocksdb/cache/cache_helpers.o" "-c" "librocksdb-sys/rocksdb/cache/cache_helpers.cc"
[INFO] [stderr]   exit status: 0
[INFO] [stderr]   running: "c++" "-O3" "-ffunction-sections" "-fdata-sections" "-fPIC" "-m64" "-I" "librocksdb-sys/rocksdb/include/" "-I" "librocksdb-sys/rocksdb/" "-I" "librocksdb-sys/rocksdb/third-party/gtest-1.8.1/fused-src/" "-I" "librocksdb-sys" "-I" "librocksdb-sys/rocksdb/plugin/openssl/include" "-Wall" "-Wextra" "-march=haswell" "-fno-builtin-memcmp" "-std=c++17" "-Wsign-compare" "-Wshadow" "-Wno-unused-parameter" "-Wno-unused-variable" "-Woverloaded-virtual" "-Wnon-virtual-dtor" "-Wno-missing-field-initializers" "-Wno-strict-aliasing" "-Wno-invalid-offsetof" "-std=c++17" "-DNDEBUG=1" "-DOS_LINUX" "-DROCKSDB_PLATFORM_POSIX" "-DROCKSDB_LIB_IO_POSIX" "-DROCKSDB_FALLOCATE_PRESENT" "-DROCKSDB_MALLOC_USABLE_SIZE" "-DROCKSDB_PTHREAD_ADAPTIVE_MUTEX" "-DROCKSDB_RANGESYNC_PRESENT" "-DROCKSDB_SCHED_GETCPU_PRESENT" "-DROCKSDB_AUXV_GETAUXVAL_PRESENT" "-DHAVE_UINT128_EXTENSION" "-DHAVE_ALIGNED_NEW" "-DROCKSDB_SUPPORT_THREAD_LOCAL" "-o" "/opt/rustwide/target/release/build/ng-rocksdb-d4b29e5578fdfa6b/out/librocksdb-sys/rocksdb/cache/cache_reservation_manager.o" "-c" "librocksdb-sys/rocksdb/cache/cache_reservation_manager.cc"
[INFO] [stderr]   exit status: 0
[INFO] [stderr]   running: "c++" "-O3" "-ffunction-sections" "-fdata-sections" "-fPIC" "-m64" "-I" "librocksdb-sys/rocksdb/include/" "-I" "librocksdb-sys/rocksdb/" "-I" "librocksdb-sys/rocksdb/third-party/gtest-1.8.1/fused-src/" "-I" "librocksdb-sys" "-I" "librocksdb-sys/rocksdb/plugin/openssl/include" "-Wall" "-Wextra" "-march=haswell" "-fno-builtin-memcmp" "-std=c++17" "-Wsign-compare" "-Wshadow" "-Wno-unused-parameter" "-Wno-unused-variable" "-Woverloaded-virtual" "-Wnon-virtual-dtor" "-Wno-missing-field-initializers" "-Wno-strict-aliasing" "-Wno-invalid-offsetof" "-std=c++17" "-DNDEBUG=1" "-DOS_LINUX" "-DROCKSDB_PLATFORM_POSIX" "-DROCKSDB_LIB_IO_POSIX" "-DROCKSDB_FALLOCATE_PRESENT" "-DROCKSDB_MALLOC_USABLE_SIZE" "-DROCKSDB_PTHREAD_ADAPTIVE_MUTEX" "-DROCKSDB_RANGESYNC_PRESENT" "-DROCKSDB_SCHED_GETCPU_PRESENT" "-DROCKSDB_AUXV_GETAUXVAL_PRESENT" "-DHAVE_UINT128_EXTENSION" "-DHAVE_ALIGNED_NEW" "-DROCKSDB_SUPPORT_THREAD_LOCAL" "-o" "/opt/rustwide/target/release/build/ng-rocksdb-d4b29e5578fdfa6b/out/librocksdb-sys/rocksdb/cache/charged_cache.o" "-c" "librocksdb-sys/rocksdb/cache/charged_cache.cc"
[INFO] [stderr]   running: "c++" "-O3" "-ffunction-sections" "-fdata-sections" "-fPIC" "-m64" "-I" "librocksdb-sys/rocksdb/include/" "-I" "librocksdb-sys/rocksdb/" "-I" "librocksdb-sys/rocksdb/third-party/gtest-1.8.1/fused-src/" "-I" "librocksdb-sys" "-I" "librocksdb-sys/rocksdb/plugin/openssl/include" "-Wall" "-Wextra" "-march=haswell" "-fno-builtin-memcmp" "-std=c++17" "-Wsign-compare" "-Wshadow" "-Wno-unused-parameter" "-Wno-unused-variable" "-Woverloaded-virtual" "-Wnon-virtual-dtor" "-Wno-missing-field-initializers" "-Wno-strict-aliasing" "-Wno-invalid-offsetof" "-std=c++17" "-DNDEBUG=1" "-DOS_LINUX" "-DROCKSDB_PLATFORM_POSIX" "-DROCKSDB_LIB_IO_POSIX" "-DROCKSDB_FALLOCATE_PRESENT" "-DROCKSDB_MALLOC_USABLE_SIZE" "-DROCKSDB_PTHREAD_ADAPTIVE_MUTEX" "-DROCKSDB_RANGESYNC_PRESENT" "-DROCKSDB_SCHED_GETCPU_PRESENT" "-DROCKSDB_AUXV_GETAUXVAL_PRESENT" "-DHAVE_UINT128_EXTENSION" "-DHAVE_ALIGNED_NEW" "-DROCKSDB_SUPPORT_THREAD_LOCAL" "-o" "/opt/rustwide/target/release/build/ng-rocksdb-d4b29e5578fdfa6b/out/librocksdb-sys/rocksdb/cache/clock_cache.o" "-c" "librocksdb-sys/rocksdb/cache/clock_cache.cc"
[INFO] [stderr]   exit status: 0
[INFO] [stderr]   running: "c++" "-O3" "-ffunction-sections" "-fdata-sections" "-fPIC" "-m64" "-I" "librocksdb-sys/rocksdb/include/" "-I" "librocksdb-sys/rocksdb/" "-I" "librocksdb-sys/rocksdb/third-party/gtest-1.8.1/fused-src/" "-I" "librocksdb-sys" "-I" "librocksdb-sys/rocksdb/plugin/openssl/include" "-Wall" "-Wextra" "-march=haswell" "-fno-builtin-memcmp" "-std=c++17" "-Wsign-compare" "-Wshadow" "-Wno-unused-parameter" "-Wno-unused-variable" "-Woverloaded-virtual" "-Wnon-virtual-dtor" "-Wno-missing-field-initializers" "-Wno-strict-aliasing" "-Wno-invalid-offsetof" "-std=c++17" "-DNDEBUG=1" "-DOS_LINUX" "-DROCKSDB_PLATFORM_POSIX" "-DROCKSDB_LIB_IO_POSIX" "-DROCKSDB_FALLOCATE_PRESENT" "-DROCKSDB_MALLOC_USABLE_SIZE" "-DROCKSDB_PTHREAD_ADAPTIVE_MUTEX" "-DROCKSDB_RANGESYNC_PRESENT" "-DROCKSDB_SCHED_GETCPU_PRESENT" "-DROCKSDB_AUXV_GETAUXVAL_PRESENT" "-DHAVE_UINT128_EXTENSION" "-DHAVE_ALIGNED_NEW" "-DROCKSDB_SUPPORT_THREAD_LOCAL" "-o" "/opt/rustwide/target/release/build/ng-rocksdb-d4b29e5578fdfa6b/out/librocksdb-sys/rocksdb/cache/lru_cache.o" "-c" "librocksdb-sys/rocksdb/cache/lru_cache.cc"
[INFO] [stderr]   exit status: 0
[INFO] [stderr]   running: "c++" "-O3" "-ffunction-sections" "-fdata-sections" "-fPIC" "-m64" "-I" "librocksdb-sys/rocksdb/include/" "-I" "librocksdb-sys/rocksdb/" "-I" "librocksdb-sys/rocksdb/third-party/gtest-1.8.1/fused-src/" "-I" "librocksdb-sys" "-I" "librocksdb-sys/rocksdb/plugin/openssl/include" "-Wall" "-Wextra" "-march=haswell" "-fno-builtin-memcmp" "-std=c++17" "-Wsign-compare" "-Wshadow" "-Wno-unused-parameter" "-Wno-unused-variable" "-Woverloaded-virtual" "-Wnon-virtual-dtor" "-Wno-missing-field-initializers" "-Wno-strict-aliasing" "-Wno-invalid-offsetof" "-std=c++17" "-DNDEBUG=1" "-DOS_LINUX" "-DROCKSDB_PLATFORM_POSIX" "-DROCKSDB_LIB_IO_POSIX" "-DROCKSDB_FALLOCATE_PRESENT" "-DROCKSDB_MALLOC_USABLE_SIZE" "-DROCKSDB_PTHREAD_ADAPTIVE_MUTEX" "-DROCKSDB_RANGESYNC_PRESENT" "-DROCKSDB_SCHED_GETCPU_PRESENT" "-DROCKSDB_AUXV_GETAUXVAL_PRESENT" "-DHAVE_UINT128_EXTENSION" "-DHAVE_ALIGNED_NEW" "-DROCKSDB_SUPPORT_THREAD_LOCAL" "-o" "/opt/rustwide/target/release/build/ng-rocksdb-d4b29e5578fdfa6b/out/librocksdb-sys/rocksdb/cache/compressed_secondary_cache.o" "-c" "librocksdb-sys/rocksdb/cache/compressed_secondary_cache.cc"
[INFO] [stderr]   running: "c++" "-O3" "-ffunction-sections" "-fdata-sections" "-fPIC" "-m64" "-I" "librocksdb-sys/rocksdb/include/" "-I" "librocksdb-sys/rocksdb/" "-I" "librocksdb-sys/rocksdb/third-party/gtest-1.8.1/fused-src/" "-I" "librocksdb-sys" "-I" "librocksdb-sys/rocksdb/plugin/openssl/include" "-Wall" "-Wextra" "-march=haswell" "-fno-builtin-memcmp" "-std=c++17" "-Wsign-compare" "-Wshadow" "-Wno-unused-parameter" "-Wno-unused-variable" "-Woverloaded-virtual" "-Wnon-virtual-dtor" "-Wno-missing-field-initializers" "-Wno-strict-aliasing" "-Wno-invalid-offsetof" "-std=c++17" "-DNDEBUG=1" "-DOS_LINUX" "-DROCKSDB_PLATFORM_POSIX" "-DROCKSDB_LIB_IO_POSIX" "-DROCKSDB_FALLOCATE_PRESENT" "-DROCKSDB_MALLOC_USABLE_SIZE" "-DROCKSDB_PTHREAD_ADAPTIVE_MUTEX" "-DROCKSDB_RANGESYNC_PRESENT" "-DROCKSDB_SCHED_GETCPU_PRESENT" "-DROCKSDB_AUXV_GETAUXVAL_PRESENT" "-DHAVE_UINT128_EXTENSION" "-DHAVE_ALIGNED_NEW" "-DROCKSDB_SUPPORT_THREAD_LOCAL" "-o" "/opt/rustwide/target/release/build/ng-rocksdb-d4b29e5578fdfa6b/out/librocksdb-sys/rocksdb/cache/secondary_cache.o" "-c" "librocksdb-sys/rocksdb/cache/secondary_cache.cc"
[INFO] [stderr]   running: "c++" "-O3" "-ffunction-sections" "-fdata-sections" "-fPIC" "-m64" "-I" "librocksdb-sys/rocksdb/include/" "-I" "librocksdb-sys/rocksdb/" "-I" "librocksdb-sys/rocksdb/third-party/gtest-1.8.1/fused-src/" "-I" "librocksdb-sys" "-I" "librocksdb-sys/rocksdb/plugin/openssl/include" "-Wall" "-Wextra" "-march=haswell" "-fno-builtin-memcmp" "-std=c++17" "-Wsign-compare" "-Wshadow" "-Wno-unused-parameter" "-Wno-unused-variable" "-Woverloaded-virtual" "-Wnon-virtual-dtor" "-Wno-missing-field-initializers" "-Wno-strict-aliasing" "-Wno-invalid-offsetof" "-std=c++17" "-DNDEBUG=1" "-DOS_LINUX" "-DROCKSDB_PLATFORM_POSIX" "-DROCKSDB_LIB_IO_POSIX" "-DROCKSDB_FALLOCATE_PRESENT" "-DROCKSDB_MALLOC_USABLE_SIZE" "-DROCKSDB_PTHREAD_ADAPTIVE_MUTEX" "-DROCKSDB_RANGESYNC_PRESENT" "-DROCKSDB_SCHED_GETCPU_PRESENT" "-DROCKSDB_AUXV_GETAUXVAL_PRESENT" "-DHAVE_UINT128_EXTENSION" "-DHAVE_ALIGNED_NEW" "-DROCKSDB_SUPPORT_THREAD_LOCAL" "-o" "/opt/rustwide/target/release/build/ng-rocksdb-d4b29e5578fdfa6b/out/librocksdb-sys/rocksdb/cache/secondary_cache_adapter.o" "-c" "librocksdb-sys/rocksdb/cache/secondary_cache_adapter.cc"
[INFO] [stderr]   running: "c++" "-O3" "-ffunction-sections" "-fdata-sections" "-fPIC" "-m64" "-I" "librocksdb-sys/rocksdb/include/" "-I" "librocksdb-sys/rocksdb/" "-I" "librocksdb-sys/rocksdb/third-party/gtest-1.8.1/fused-src/" "-I" "librocksdb-sys" "-I" "librocksdb-sys/rocksdb/plugin/openssl/include" "-Wall" "-Wextra" "-march=haswell" "-fno-builtin-memcmp" "-std=c++17" "-Wsign-compare" "-Wshadow" "-Wno-unused-parameter" "-Wno-unused-variable" "-Woverloaded-virtual" "-Wnon-virtual-dtor" "-Wno-missing-field-initializers" "-Wno-strict-aliasing" "-Wno-invalid-offsetof" "-std=c++17" "-DNDEBUG=1" "-DOS_LINUX" "-DROCKSDB_PLATFORM_POSIX" "-DROCKSDB_LIB_IO_POSIX" "-DROCKSDB_FALLOCATE_PRESENT" "-DROCKSDB_MALLOC_USABLE_SIZE" "-DROCKSDB_PTHREAD_ADAPTIVE_MUTEX" "-DROCKSDB_RANGESYNC_PRESENT" "-DROCKSDB_SCHED_GETCPU_PRESENT" "-DROCKSDB_AUXV_GETAUXVAL_PRESENT" "-DHAVE_UINT128_EXTENSION" "-DHAVE_ALIGNED_NEW" "-DROCKSDB_SUPPORT_THREAD_LOCAL" "-o" "/opt/rustwide/target/release/build/ng-rocksdb-d4b29e5578fdfa6b/out/librocksdb-sys/rocksdb/cache/sharded_cache.o" "-c" "librocksdb-sys/rocksdb/cache/sharded_cache.cc"
[INFO] [stderr]   running: "c++" "-O3" "-ffunction-sections" "-fdata-sections" "-fPIC" "-m64" "-I" "librocksdb-sys/rocksdb/include/" "-I" "librocksdb-sys/rocksdb/" "-I" "librocksdb-sys/rocksdb/third-party/gtest-1.8.1/fused-src/" "-I" "librocksdb-sys" "-I" "librocksdb-sys/rocksdb/plugin/openssl/include" "-Wall" "-Wextra" "-march=haswell" "-fno-builtin-memcmp" "-std=c++17" "-Wsign-compare" "-Wshadow" "-Wno-unused-parameter" "-Wno-unused-variable" "-Woverloaded-virtual" "-Wnon-virtual-dtor" "-Wno-missing-field-initializers" "-Wno-strict-aliasing" "-Wno-invalid-offsetof" "-std=c++17" "-DNDEBUG=1" "-DOS_LINUX" "-DROCKSDB_PLATFORM_POSIX" "-DROCKSDB_LIB_IO_POSIX" "-DROCKSDB_FALLOCATE_PRESENT" "-DROCKSDB_MALLOC_USABLE_SIZE" "-DROCKSDB_PTHREAD_ADAPTIVE_MUTEX" "-DROCKSDB_RANGESYNC_PRESENT" "-DROCKSDB_SCHED_GETCPU_PRESENT" "-DROCKSDB_AUXV_GETAUXVAL_PRESENT" "-DHAVE_UINT128_EXTENSION" "-DHAVE_ALIGNED_NEW" "-DROCKSDB_SUPPORT_THREAD_LOCAL" "-o" "/opt/rustwide/target/release/build/ng-rocksdb-d4b29e5578fdfa6b/out/librocksdb-sys/rocksdb/db/arena_wrapped_db_iter.o" "-c" "librocksdb-sys/rocksdb/db/arena_wrapped_db_iter.cc"
[INFO] [stderr]   running: "c++" "-O3" "-ffunction-sections" "-fdata-sections" "-fPIC" "-m64" "-I" "librocksdb-sys/rocksdb/include/" "-I" "librocksdb-sys/rocksdb/" "-I" "librocksdb-sys/rocksdb/third-party/gtest-1.8.1/fused-src/" "-I" "librocksdb-sys" "-I" "librocksdb-sys/rocksdb/plugin/openssl/include" "-Wall" "-Wextra" "-march=haswell" "-fno-builtin-memcmp" "-std=c++17" "-Wsign-compare" "-Wshadow" "-Wno-unused-parameter" "-Wno-unused-variable" "-Woverloaded-virtual" "-Wnon-virtual-dtor" "-Wno-missing-field-initializers" "-Wno-strict-aliasing" "-Wno-invalid-offsetof" "-std=c++17" "-DNDEBUG=1" "-DOS_LINUX" "-DROCKSDB_PLATFORM_POSIX" "-DROCKSDB_LIB_IO_POSIX" "-DROCKSDB_FALLOCATE_PRESENT" "-DROCKSDB_MALLOC_USABLE_SIZE" "-DROCKSDB_PTHREAD_ADAPTIVE_MUTEX" "-DROCKSDB_RANGESYNC_PRESENT" "-DROCKSDB_SCHED_GETCPU_PRESENT" "-DROCKSDB_AUXV_GETAUXVAL_PRESENT" "-DHAVE_UINT128_EXTENSION" "-DHAVE_ALIGNED_NEW" "-DROCKSDB_SUPPORT_THREAD_LOCAL" "-o" "/opt/rustwide/target/release/build/ng-rocksdb-d4b29e5578fdfa6b/out/librocksdb-sys/rocksdb/db/blob/blob_contents.o" "-c" "librocksdb-sys/rocksdb/db/blob/blob_contents.cc"
[INFO] [stderr]   running: "c++" "-O3" "-ffunction-sections" "-fdata-sections" "-fPIC" "-m64" "-I" "librocksdb-sys/rocksdb/include/" "-I" "librocksdb-sys/rocksdb/" "-I" "librocksdb-sys/rocksdb/third-party/gtest-1.8.1/fused-src/" "-I" "librocksdb-sys" "-I" "librocksdb-sys/rocksdb/plugin/openssl/include" "-Wall" "-Wextra" "-march=haswell" "-fno-builtin-memcmp" "-std=c++17" "-Wsign-compare" "-Wshadow" "-Wno-unused-parameter" "-Wno-unused-variable" "-Woverloaded-virtual" "-Wnon-virtual-dtor" "-Wno-missing-field-initializers" "-Wno-strict-aliasing" "-Wno-invalid-offsetof" "-std=c++17" "-DNDEBUG=1" "-DOS_LINUX" "-DROCKSDB_PLATFORM_POSIX" "-DROCKSDB_LIB_IO_POSIX" "-DROCKSDB_FALLOCATE_PRESENT" "-DROCKSDB_MALLOC_USABLE_SIZE" "-DROCKSDB_PTHREAD_ADAPTIVE_MUTEX" "-DROCKSDB_RANGESYNC_PRESENT" "-DROCKSDB_SCHED_GETCPU_PRESENT" "-DROCKSDB_AUXV_GETAUXVAL_PRESENT" "-DHAVE_UINT128_EXTENSION" "-DHAVE_ALIGNED_NEW" "-DROCKSDB_SUPPORT_THREAD_LOCAL" "-o" "/opt/rustwide/target/release/build/ng-rocksdb-d4b29e5578fdfa6b/out/librocksdb-sys/rocksdb/db/blob/blob_fetcher.o" "-c" "librocksdb-sys/rocksdb/db/blob/blob_fetcher.cc"
[INFO] [stderr]   exit status: 0
[INFO] [stderr]   running: "c++" "-O3" "-ffunction-sections" "-fdata-sections" "-fPIC" "-m64" "-I" "librocksdb-sys/rocksdb/include/" "-I" "librocksdb-sys/rocksdb/" "-I" "librocksdb-sys/rocksdb/third-party/gtest-1.8.1/fused-src/" "-I" "librocksdb-sys" "-I" "librocksdb-sys/rocksdb/plugin/openssl/include" "-Wall" "-Wextra" "-march=haswell" "-fno-builtin-memcmp" "-std=c++17" "-Wsign-compare" "-Wshadow" "-Wno-unused-parameter" "-Wno-unused-variable" "-Woverloaded-virtual" "-Wnon-virtual-dtor" "-Wno-missing-field-initializers" "-Wno-strict-aliasing" "-Wno-invalid-offsetof" "-std=c++17" "-DNDEBUG=1" "-DOS_LINUX" "-DROCKSDB_PLATFORM_POSIX" "-DROCKSDB_LIB_IO_POSIX" "-DROCKSDB_FALLOCATE_PRESENT" "-DROCKSDB_MALLOC_USABLE_SIZE" "-DROCKSDB_PTHREAD_ADAPTIVE_MUTEX" "-DROCKSDB_RANGESYNC_PRESENT" "-DROCKSDB_SCHED_GETCPU_PRESENT" "-DROCKSDB_AUXV_GETAUXVAL_PRESENT" "-DHAVE_UINT128_EXTENSION" "-DHAVE_ALIGNED_NEW" "-DROCKSDB_SUPPORT_THREAD_LOCAL" "-o" "/opt/rustwide/target/release/build/ng-rocksdb-d4b29e5578fdfa6b/out/librocksdb-sys/rocksdb/db/blob/blob_file_addition.o" "-c" "librocksdb-sys/rocksdb/db/blob/blob_file_addition.cc"
[INFO] [stderr]   cargo:warning=c++: fatal error: Killed signal terminated program cc1plus
[INFO] [stderr]   cargo:warning=compilation terminated.
[INFO] [stderr]   exit status: 1
[INFO] [stderr]   running: "c++" "-O3" "-ffunction-sections" "-fdata-sections" "-fPIC" "-m64" "-I" "librocksdb-sys/rocksdb/include/" "-I" "librocksdb-sys/rocksdb/" "-I" "librocksdb-sys/rocksdb/third-party/gtest-1.8.1/fused-src/" "-I" "librocksdb-sys" "-I" "librocksdb-sys/rocksdb/plugin/openssl/include" "-Wall" "-Wextra" "-march=haswell" "-fno-builtin-memcmp" "-std=c++17" "-Wsign-compare" "-Wshadow" "-Wno-unused-parameter" "-Wno-unused-variable" "-Woverloaded-virtual" "-Wnon-virtual-dtor" "-Wno-missing-field-initializers" "-Wno-strict-aliasing" "-Wno-invalid-offsetof" "-std=c++17" "-DNDEBUG=1" "-DOS_LINUX" "-DROCKSDB_PLATFORM_POSIX" "-DROCKSDB_LIB_IO_POSIX" "-DROCKSDB_FALLOCATE_PRESENT" "-DROCKSDB_MALLOC_USABLE_SIZE" "-DROCKSDB_PTHREAD_ADAPTIVE_MUTEX" "-DROCKSDB_RANGESYNC_PRESENT" "-DROCKSDB_SCHED_GETCPU_PRESENT" "-DROCKSDB_AUXV_GETAUXVAL_PRESENT" "-DHAVE_UINT128_EXTENSION" "-DHAVE_ALIGNED_NEW" "-DROCKSDB_SUPPORT_THREAD_LOCAL" "-o" "/opt/rustwide/target/release/build/ng-rocksdb-d4b29e5578fdfa6b/out/librocksdb-sys/rocksdb/db/blob/blob_file_builder.o" "-c" "librocksdb-sys/rocksdb/db/blob/blob_file_builder.cc"
[INFO] [stderr]   cargo:warning=c++: fatal error: Killed signal terminated program cc1plus
[INFO] [stderr]   cargo:warning=compilation terminated.
[INFO] [stderr]   exit status: 1
[INFO] [stderr]   exit status: 0
[INFO] [stderr]   exit status: 0
[INFO] [stderr]   exit status: 0
[INFO] [stderr]   cargo:warning=c++: fatal error: Killed signal terminated program cc1plus
[INFO] [stderr]   cargo:warning=compilation terminated.
[INFO] [stderr]   cargo:warning=c++: fatal error: Killed signal terminated program cc1plus
[INFO] [stderr]   cargo:warning=compilation terminated.
[INFO] [stderr]   exit status: 1
[INFO] [stderr]   exit status: 1
[INFO] [stderr]   exit status: 0
[INFO] [stderr]   exit status: 0
[INFO] [stderr]   cargo:warning=c++: fatal error: Killed signal terminated program cc1plus
[INFO] [stderr]   cargo:warning=compilation terminated.
[INFO] [stderr]   exit status: 1
[INFO] [stderr]   cargo:warning=c++: fatal error: Killed signal terminated program cc1plus
[INFO] [stderr]   cargo:warning=compilation terminated.
[INFO] [stderr]   exit status: 1
[INFO] [stderr]   cargo:warning=c++: fatal error: Killed signal terminated program cc1plus
[INFO] [stderr]   cargo:warning=compilation terminated.
[INFO] [stderr]   exit status: 1
[INFO] [stderr] 
[INFO] [stderr]   --- stderr
[INFO] [stderr]   error: 'rustfmt' is not installed for the toolchain '1.99.0-beta.8-x86_64-unknown-linux-gnu'.
[INFO] [stderr]   help: run `rustup component add --toolchain 1.99.0-beta.8-x86_64-unknown-linux-gnu rustfmt` to install it
[INFO] [stderr]   Failed to run rustfmt: Internal rustfmt error (non-fatal, continuing)
[INFO] [stderr] 
[INFO] [stderr] 
[INFO] [stderr]   error occurred: Command "c++" "-O3" "-ffunction-sections" "-fdata-sections" "-fPIC" "-m64" "-I" "librocksdb-sys/rocksdb/include/" "-I" "librocksdb-sys/rocksdb/" "-I" "librocksdb-sys/rocksdb/third-party/gtest-1.8.1/fused-src/" "-I" "librocksdb-sys" "-I" "librocksdb-sys/rocksdb/plugin/openssl/include" "-Wall" "-Wextra" "-march=haswell" "-fno-builtin-memcmp" "-std=c++17" "-Wsign-compare" "-Wshadow" "-Wno-unused-parameter" "-Wno-unused-variable" "-Woverloaded-virtual" "-Wnon-virtual-dtor" "-Wno-missing-field-initializers" "-Wno-strict-aliasing" "-Wno-invalid-offsetof" "-std=c++17" "-DNDEBUG=1" "-DOS_LINUX" "-DROCKSDB_PLATFORM_POSIX" "-DROCKSDB_LIB_IO_POSIX" "-DROCKSDB_FALLOCATE_PRESENT" "-DROCKSDB_MALLOC_USABLE_SIZE" "-DROCKSDB_PTHREAD_ADAPTIVE_MUTEX" "-DROCKSDB_RANGESYNC_PRESENT" "-DROCKSDB_SCHED_GETCPU_PRESENT" "-DROCKSDB_AUXV_GETAUXVAL_PRESENT" "-DHAVE_UINT128_EXTENSION" "-DHAVE_ALIGNED_NEW" "-DROCKSDB_SUPPORT_THREAD_LOCAL" "-o" "/opt/rustwide/target/release/build/ng-rocksdb-d4b29e5578fdfa6b/out/librocksdb-sys/rocksdb/cache/clock_cache.o" "-c" "librocksdb-sys/rocksdb/cache/clock_cache.cc" with args "c++" did not execute successfully (status code exit status: 1).
[INFO] [stderr] 
[INFO] [stderr] 
[INFO] running `Command { std: "docker" "inspect" "72f2fefcdf539983a7cfdc132eeaa4c8840afa4f8b2f9fabc4117390b49345b8", kill_on_drop: false }`
[INFO] running `Command { std: "docker" "rm" "-f" "72f2fefcdf539983a7cfdc132eeaa4c8840afa4f8b2f9fabc4117390b49345b8", kill_on_drop: false }`
[INFO] [stdout] 72f2fefcdf539983a7cfdc132eeaa4c8840afa4f8b2f9fabc4117390b49345b8
