[INFO] fetching crate nfe-parser 1.0.0...
[INFO] testing nfe-parser-1.0.0 against 1.99.0-beta.8+cargoflags=--release for beta-release-1.100-2
[INFO] extracting crate nfe-parser 1.0.0 into /workspace/builds/worker-4-tc1/source
[INFO] removed /workspace/builds/worker-4-tc1/source/rust-toolchain.toml
[INFO] started tweaking crates.io crate nfe-parser 1.0.0
[INFO] removed 0 missing examples
[INFO] finished tweaking crates.io crate nfe-parser 1.0.0
[INFO] tweaked toml for crates.io crate nfe-parser 1.0.0 written to /workspace/builds/worker-4-tc1/source/Cargo.toml
[INFO] validating manifest of crates.io crate nfe-parser 1.0.0 on toolchain 1.99.0-beta.8
[INFO] running `Command { std: CARGO_HOME="/workspace/cargo-home" RUSTUP_HOME="/workspace/rustup-home" "/workspace/cargo-home/bin/cargo" "+1.99.0-beta.8" "metadata" "--manifest-path" "Cargo.toml" "--no-deps", kill_on_drop: false }`
[INFO] crate crates.io crate nfe-parser 1.0.0 already has a lockfile, it will not be regenerated
[INFO] running `Command { std: CARGO_HOME="/workspace/cargo-home" RUSTUP_HOME="/workspace/rustup-home" "/workspace/cargo-home/bin/cargo" "+1.99.0-beta.8" "fetch" "--manifest-path" "Cargo.toml", kill_on_drop: false }`
[INFO] [stderr]     Updating crates.io index
[INFO] [stderr]  Downloading crates ...
[INFO] [stderr]   Downloaded serde_repr v0.1.18
[INFO] [stderr]   Downloaded hermit-abi v0.3.4
[INFO] [stderr]   Downloaded serde v1.0.196
[INFO] [stderr]   Downloaded wasm-bindgen-macro v0.2.90
[INFO] [stderr]   Downloaded wasm-bindgen-futures v0.4.40
[INFO] [stderr]   Downloaded wasm-bindgen-shared v0.2.90
[INFO] [stderr]   Downloaded serde-xml-rs v0.6.0
[INFO] [stderr]   Downloaded thiserror-impl v1.0.56
[INFO] [stderr]   Downloaded wasm-bindgen-macro-support v0.2.90
[INFO] [stderr]   Downloaded wasm-bindgen-backend v0.2.90
[INFO] [stderr]   Downloaded thiserror v1.0.56
[INFO] [stderr]   Downloaded tempfile v3.9.0
[INFO] [stderr]   Downloaded ryu v1.0.16
[INFO] [stderr]   Downloaded xml-rs v0.8.19
[INFO] [stderr]   Downloaded serde_derive v1.0.196
[INFO] [stderr]   Downloaded js-sys v0.3.67
[INFO] [stderr]   Downloaded pkg-config v0.3.29
[INFO] [stderr]   Downloaded serde_json v1.0.113
[INFO] [stderr]   Downloaded openssl-sys v0.9.99
[INFO] [stderr]   Downloaded wasm-bindgen v0.2.90
[INFO] [stderr]   Downloaded indexmap v2.2.2
[INFO] [stderr]   Downloaded openssl v0.10.63
[INFO] [stderr]   Downloaded quick-xml v0.23.1
[INFO] [stderr]   Downloaded semver v1.0.21
[INFO] [stderr]   Downloaded tokio v1.35.1
[INFO] [stderr]   Downloaded web-sys v0.3.67
[INFO] [stderr]   Downloaded chrono v0.4.33
[INFO] [stderr]   Downloaded iana-time-zone v0.1.59
[INFO] running `Command { std: "docker" "create" "-v" "/var/lib/crater-agent-workspace/builds/worker-4-tc1/source:/opt/rustwide/workdir:ro,Z" "-v" "/var/lib/crater-agent-workspace/builds/worker-4-tc1/target:/opt/rustwide/target:rw,Z" "-v" "/var/lib/crater-agent-workspace/cargo-home:/opt/rustwide/cargo-home:ro,Z" "-v" "/var/lib/crater-agent-workspace/rustup-home:/opt/rustwide/rustup-home:ro,Z" "-m" "1610612736" "--network" "none" "ghcr.io/rust-lang/crates-build-env/linux@sha256:77db811e55d90add9212f6832c23229e3de5f1c1f9905e8cb07319ea15df73ac" "sleep" "infinity", kill_on_drop: false }`
[INFO] [stdout] 908b158111abe25a7479ee22df94f55e64c5a290b3e9234951da67c46fba08f6
[INFO] running `Command { std: "docker" "start" "908b158111abe25a7479ee22df94f55e64c5a290b3e9234951da67c46fba08f6", kill_on_drop: false }`
[INFO] running `Command { std: "docker" "inspect" "908b158111abe25a7479ee22df94f55e64c5a290b3e9234951da67c46fba08f6", kill_on_drop: false }`
[INFO] running `Command { std: "docker" "exec" "-e" "SOURCE_DIR=/opt/rustwide/workdir" "-e" "CARGO_HOME=/opt/rustwide/cargo-home" "-e" "RUSTUP_HOME=/opt/rustwide/rustup-home" "-e" "CARGO_TARGET_DIR=/opt/rustwide/target" "-w" "/opt/rustwide/workdir" "--user" "0:0" "908b158111abe25a7479ee22df94f55e64c5a290b3e9234951da67c46fba08f6" "/opt/rustwide/cargo-home/bin/cargo" "+1.99.0-beta.8" "metadata" "--no-deps" "--format-version=1", kill_on_drop: false }`
[INFO] running `Command { std: "docker" "inspect" "908b158111abe25a7479ee22df94f55e64c5a290b3e9234951da67c46fba08f6", kill_on_drop: false }`
[INFO] running `Command { std: "docker" "exec" "-e" "SOURCE_DIR=/opt/rustwide/workdir" "-e" "CARGO_HOME=/opt/rustwide/cargo-home" "-e" "RUSTUP_HOME=/opt/rustwide/rustup-home" "-e" "CARGO_TARGET_DIR=/opt/rustwide/target" "-e" "CARGO_INCREMENTAL=0" "-e" "RUST_BACKTRACE=full" "-e" "RUSTFLAGS=--cap-lints=warn" "-e" "RUSTDOCFLAGS=--cap-lints=warn" "-w" "/opt/rustwide/workdir" "--user" "0:0" "908b158111abe25a7479ee22df94f55e64c5a290b3e9234951da67c46fba08f6" "/opt/rustwide/cargo-home/bin/cargo" "+1.99.0-beta.8" "build" "--frozen" "--message-format=json" "--release", kill_on_drop: false }`
[INFO] [stderr]    Compiling proc-macro2 v1.0.78
[INFO] [stderr]    Compiling autocfg v1.1.0
[INFO] [stderr]    Compiling libc v0.2.182
[INFO] [stderr]    Compiling once_cell v1.19.0
[INFO] [stderr]    Compiling pkg-config v0.3.29
[INFO] [stderr]    Compiling parking_lot_core v0.9.9
[INFO] [stderr]    Compiling pin-project-lite v0.2.13
[INFO] [stderr]    Compiling bytes v1.5.0
[INFO] [stderr]    Compiling smallvec v1.13.1
[INFO] [stderr]    Compiling itoa v1.0.10
[INFO] [stderr]    Compiling serde v1.0.196
[INFO] [stderr]    Compiling futures-core v0.3.30
[INFO] [stderr]    Compiling openssl v0.10.63
[INFO] [stderr]    Compiling num_cpus v1.16.0
[INFO] [stderr]    Compiling socket2 v0.5.5
[INFO] [stderr]    Compiling mio v0.8.10
[INFO] [stderr]    Compiling signal-hook-registry v1.4.1
[INFO] [stderr]    Compiling futures-task v0.3.30
[INFO] [stderr]    Compiling tracing-core v0.1.32
[INFO] [stderr]    Compiling futures-sink v0.3.30
[INFO] [stderr]    Compiling native-tls v0.2.11
[INFO] [stderr]    Compiling httparse v1.8.0
[INFO] [stderr]    Compiling log v0.4.20
[INFO] [stderr]    Compiling hashbrown v0.14.3
[INFO] [stderr]    Compiling tinyvec v1.6.0
[INFO] [stderr]    Compiling lock_api v0.4.11
[INFO] [stderr]    Compiling slab v0.4.9
[INFO] [stderr]    Compiling futures-util v0.3.30
[INFO] [stderr]    Compiling openssl-probe v0.1.5
[INFO] [stderr]    Compiling http v0.2.11
[INFO] [stderr]    Compiling tracing v0.1.40
[INFO] [stderr]    Compiling parking_lot v0.12.1
[INFO] [stderr]    Compiling quote v1.0.35
[INFO] [stderr]    Compiling futures-channel v0.3.30
[INFO] [stderr]    Compiling num-traits v0.2.17
[INFO] [stderr]    Compiling thiserror v1.0.56
[INFO] [stderr]    Compiling tower-service v0.3.2
[INFO] [stderr]    Compiling ryu v1.0.16
[INFO] [stderr]    Compiling unicode-bidi v0.3.15
[INFO] [stderr]    Compiling syn v1.0.109
[INFO] [stderr]    Compiling syn v2.0.48
[INFO] [stderr]    Compiling indexmap v2.2.2
[INFO] [stderr]    Compiling serde_json v1.0.113
[INFO] [stderr]    Compiling encoding_rs v0.8.33
[INFO] [stderr]    Compiling ipnet v2.9.0
[INFO] [stderr]    Compiling xml-rs v0.8.19
[INFO] [stderr]    Compiling cc v1.0.83
[INFO] [stderr]    Compiling convert_case v0.4.0
[INFO] [stderr]    Compiling memchr v2.7.1
[INFO] [stderr]    Compiling http-body v0.4.6
[INFO] [stderr]    Compiling iana-time-zone v0.1.59
[INFO] [stderr]    Compiling sha1 v0.10.6
[INFO] [stderr]    Compiling unicode-normalization v0.1.22
[INFO] [stderr]    Compiling openssl-sys v0.9.99
[INFO] [stderr]    Compiling idna v0.5.0
[INFO] [stderr]    Compiling url v2.5.0
[INFO] [stderr]    Compiling derive_more v0.99.17
[INFO] [stderr]    Compiling tokio-macros v2.2.0
[INFO] [stderr]    Compiling serde_derive v1.0.196
[INFO] [stderr]    Compiling openssl-macros v0.1.1
[INFO] [stderr]    Compiling thiserror-impl v1.0.56
[INFO] [stderr]    Compiling serde_repr v0.1.18
[INFO] [stderr]    Compiling tokio v1.35.1
[INFO] [stderr]    Compiling tokio-util v0.7.10
[INFO] [stderr]    Compiling tokio-native-tls v0.3.1
[INFO] [stderr]    Compiling serde_urlencoded v0.7.1
[INFO] [stderr]    Compiling serde-xml-rs v0.6.0
[INFO] [stderr]    Compiling chrono v0.4.33
[INFO] [stderr]    Compiling quick-xml v0.23.1
[INFO] [stderr]    Compiling h2 v0.3.24
[INFO] [stderr]    Compiling hyper v0.14.28
[INFO] [stderr]    Compiling hyper-tls v0.5.0
[INFO] [stderr]    Compiling reqwest v0.11.24
[INFO] [stderr]    Compiling nfe-parser v1.0.0 (/opt/rustwide/workdir)
[INFO] [stdout] warning: function `mask_sensitive_data` is never used
[INFO] [stdout]   --> src/main.rs:62:4
[INFO] [stdout]    |
[INFO] [stdout] 62 | fn mask_sensitive_data(data: &mut String, mask_start: &str, mask_len: usize) {
[INFO] [stdout]    |    ^^^^^^^^^^^^^^^^^^^
[INFO] [stdout]    |
[INFO] [stdout]    = note: `#[warn(dead_code)]` (part of `#[warn(unused)]`) on by default
[INFO] [stdout] 
[INFO] [stdout] 
[INFO] [stderr]     Finished `release` profile [optimized] target(s) in 31.35s
[INFO] running `Command { std: "docker" "inspect" "908b158111abe25a7479ee22df94f55e64c5a290b3e9234951da67c46fba08f6", kill_on_drop: false }`
[INFO] running `Command { std: "docker" "exec" "-e" "SOURCE_DIR=/opt/rustwide/workdir" "-e" "CARGO_HOME=/opt/rustwide/cargo-home" "-e" "RUSTUP_HOME=/opt/rustwide/rustup-home" "-e" "CARGO_TARGET_DIR=/opt/rustwide/target" "-e" "CARGO_INCREMENTAL=0" "-e" "RUST_BACKTRACE=full" "-e" "RUSTFLAGS=--cap-lints=warn" "-e" "RUSTDOCFLAGS=--cap-lints=warn" "-w" "/opt/rustwide/workdir" "--user" "0:0" "908b158111abe25a7479ee22df94f55e64c5a290b3e9234951da67c46fba08f6" "/opt/rustwide/cargo-home/bin/cargo" "+1.99.0-beta.8" "test" "--frozen" "--no-run" "--message-format=json" "--release", kill_on_drop: false }`
[INFO] [stderr]    Compiling nfe-parser v1.0.0 (/opt/rustwide/workdir)
[INFO] [stdout] error[E0432]: unresolved import `nfe`
[INFO] [stdout]  --> examples/test_parse.rs:1:5
[INFO] [stdout]   |
[INFO] [stdout] 1 | use nfe::Nfe;
[INFO] [stdout]   |     ^^^ use of unresolved module or unlinked crate `nfe`
[INFO] [stdout]   |
[INFO] [stdout]   = help: if you wanted to use a crate named `nfe`, use `cargo add nfe` to add it to your `Cargo.toml`
[INFO] [stdout] 
[INFO] [stdout] 
[INFO] [stdout] error[E0432]: unresolved import `nfe`
[INFO] [stdout]  --> examples/test_ide.rs:1:5
[INFO] [stdout]   |
[INFO] [stdout] 1 | use nfe::Identificacao;
[INFO] [stdout]   |     ^^^ use of unresolved module or unlinked crate `nfe`
[INFO] [stdout]   |
[INFO] [stdout]   = help: if you wanted to use a crate named `nfe`, use `cargo add nfe` to add it to your `Cargo.toml`
[INFO] [stdout] 
[INFO] [stdout] 
[INFO] [stdout] For more information about this error, try `rustc --explain E0432`.
[INFO] [stdout] 
[INFO] [stdout] error[E0432]: unresolved import `nfe`
[INFO] [stdout]  --> examples/test_item.rs:1:5
[INFO] [stdout]   |
[INFO] [stdout] 1 | use nfe::Item;
[INFO] [stdout]   |     ^^^ use of unresolved module or unlinked crate `nfe`
[INFO] [stdout]   |
[INFO] [stdout]   = help: if you wanted to use a crate named `nfe`, use `cargo add nfe` to add it to your `Cargo.toml`
[INFO] [stdout] 
[INFO] [stdout] 
[INFO] [stdout] For more information about this error, try `rustc --explain E0432`.
[INFO] [stdout] 
[INFO] [stderr] error: could not compile `nfe-parser` (example "test_ide") due to 1 previous error
[INFO] [stderr] warning: build failed, waiting for other jobs to finish...
[INFO] [stderr] error: could not compile `nfe-parser` (example "test_parse") due to 1 previous error
[INFO] [stdout] For more information about this error, try `rustc --explain E0432`.
[INFO] [stdout] 
[INFO] [stderr] error: could not compile `nfe-parser` (example "test_item") due to 1 previous error
[INFO] running `Command { std: "docker" "inspect" "908b158111abe25a7479ee22df94f55e64c5a290b3e9234951da67c46fba08f6", kill_on_drop: false }`
[INFO] running `Command { std: "docker" "rm" "-f" "908b158111abe25a7479ee22df94f55e64c5a290b3e9234951da67c46fba08f6", kill_on_drop: false }`
[INFO] [stdout] 908b158111abe25a7479ee22df94f55e64c5a290b3e9234951da67c46fba08f6
