[INFO] fetching crate nfc-oath 0.2.0...
[INFO] testing nfc-oath-0.2.0 against 1.100.0-beta.1+cargoflags=--release for beta-release-1.100-2
[INFO] extracting crate nfc-oath 0.2.0 into /workspace/builds/worker-1-tc2/source
[INFO] started tweaking crates.io crate nfc-oath 0.2.0
[INFO] finished tweaking crates.io crate nfc-oath 0.2.0
[INFO] tweaked toml for crates.io crate nfc-oath 0.2.0 written to /workspace/builds/worker-1-tc2/source/Cargo.toml
[INFO] validating manifest of crates.io crate nfc-oath 0.2.0 on toolchain 1.100.0-beta.1
[INFO] running `Command { std: CARGO_HOME="/workspace/cargo-home" RUSTUP_HOME="/workspace/rustup-home" "/workspace/cargo-home/bin/cargo" "+1.100.0-beta.1" "metadata" "--manifest-path" "Cargo.toml" "--no-deps", kill_on_drop: false }`
[INFO] running `Command { std: CARGO_HOME="/workspace/cargo-home" RUSTUP_HOME="/workspace/rustup-home" "/workspace/cargo-home/bin/cargo" "+1.100.0-beta.1" "generate-lockfile" "--manifest-path" "Cargo.toml", kill_on_drop: false }`
[INFO] [stderr]     Updating crates.io index
[INFO] [stderr]      Locking 15 packages to highest compatible versions
[INFO] [stderr]       Adding env_logger v0.4.3 (available: v0.11.11)
[INFO] [stderr]       Adding log v0.3.9 (available: v0.4.34)
[INFO] [stderr]       Adding nfc v0.1.11 (available: v1.0.0)
[INFO] running `Command { std: CARGO_HOME="/workspace/cargo-home" RUSTUP_HOME="/workspace/rustup-home" "/workspace/cargo-home/bin/cargo" "+1.100.0-beta.1" "fetch" "--manifest-path" "Cargo.toml", kill_on_drop: false }`
[INFO] [stderr] warning: Cargo.toml: `package.edition` is unspecified, defaulting to `2015` while the latest is `2024`
[INFO] [stderr] warning: `package.homepage` is redundant with `package.repository`
[INFO] [stderr]   --> Cargo.toml:21:12
[INFO] [stderr]    |
[INFO] [stderr] 21 | homepage = "https://github.com/evq/rust-nfc-oath"
[INFO] [stderr]    |            ^^^^^^^^^^^^^^^^^^^^^^^^^^^^^^^^^^^^^^
[INFO] [stderr] ...
[INFO] [stderr] 27 | repository = "https://github.com/evq/rust-nfc-oath"
[INFO] [stderr]    |              --------------------------------------
[INFO] [stderr]    |
[INFO] [stderr]    = note: `cargo::redundant_homepage` is set to `warn` by default
[INFO] [stderr] help: consider removing `package.homepage`
[INFO] [stderr] warning: `nfc-oath` (manifest) generated 2 warnings
[INFO] running `Command { std: "docker" "create" "-v" "/var/lib/crater-agent-workspace/builds/worker-1-tc2/source:/opt/rustwide/workdir:ro,Z" "-v" "/var/lib/crater-agent-workspace/builds/worker-1-tc2/target:/opt/rustwide/target:rw,Z" "-v" "/var/lib/crater-agent-workspace/cargo-home:/opt/rustwide/cargo-home:ro,Z" "-v" "/var/lib/crater-agent-workspace/rustup-home:/opt/rustwide/rustup-home:ro,Z" "-m" "1610612736" "--network" "none" "ghcr.io/rust-lang/crates-build-env/linux@sha256:77db811e55d90add9212f6832c23229e3de5f1c1f9905e8cb07319ea15df73ac" "sleep" "infinity", kill_on_drop: false }`
[INFO] [stdout] 01de159ada2a170f38cae589ff6bb064d25d15ed106133af8ad89d01c514d4f8
[INFO] running `Command { std: "docker" "start" "01de159ada2a170f38cae589ff6bb064d25d15ed106133af8ad89d01c514d4f8", kill_on_drop: false }`
[INFO] running `Command { std: "docker" "inspect" "01de159ada2a170f38cae589ff6bb064d25d15ed106133af8ad89d01c514d4f8", kill_on_drop: false }`
[INFO] running `Command { std: "docker" "exec" "-e" "SOURCE_DIR=/opt/rustwide/workdir" "-e" "CARGO_HOME=/opt/rustwide/cargo-home" "-e" "RUSTUP_HOME=/opt/rustwide/rustup-home" "-e" "CARGO_TARGET_DIR=/opt/rustwide/target" "-w" "/opt/rustwide/workdir" "--user" "0:0" "01de159ada2a170f38cae589ff6bb064d25d15ed106133af8ad89d01c514d4f8" "/opt/rustwide/cargo-home/bin/cargo" "+1.100.0-beta.1" "metadata" "--no-deps" "--format-version=1", kill_on_drop: false }`
[INFO] running `Command { std: "docker" "inspect" "01de159ada2a170f38cae589ff6bb064d25d15ed106133af8ad89d01c514d4f8", kill_on_drop: false }`
[INFO] running `Command { std: "docker" "exec" "-e" "SOURCE_DIR=/opt/rustwide/workdir" "-e" "CARGO_HOME=/opt/rustwide/cargo-home" "-e" "RUSTUP_HOME=/opt/rustwide/rustup-home" "-e" "CARGO_TARGET_DIR=/opt/rustwide/target" "-e" "CARGO_INCREMENTAL=0" "-e" "RUST_BACKTRACE=full" "-e" "RUSTFLAGS=--cap-lints=warn" "-e" "RUSTDOCFLAGS=--cap-lints=warn" "-w" "/opt/rustwide/workdir" "--user" "0:0" "01de159ada2a170f38cae589ff6bb064d25d15ed106133af8ad89d01c514d4f8" "/opt/rustwide/cargo-home/bin/cargo" "+1.100.0-beta.1" "build" "--frozen" "--message-format=json" "--release", kill_on_drop: false }`
[INFO] [stderr] warning: Cargo.toml: `package.edition` is unspecified, defaulting to `2015` while the latest is `2024`
[INFO] [stderr] warning: `package.homepage` is redundant with `package.repository`
[INFO] [stderr]   --> Cargo.toml:21:12
[INFO] [stderr]    |
[INFO] [stderr] 21 | homepage = "https://github.com/evq/rust-nfc-oath"
[INFO] [stderr]    |            ^^^^^^^^^^^^^^^^^^^^^^^^^^^^^^^^^^^^^^
[INFO] [stderr] ...
[INFO] [stderr] 27 | repository = "https://github.com/evq/rust-nfc-oath"
[INFO] [stderr]    |              --------------------------------------
[INFO] [stderr]    |
[INFO] [stderr]    = note: `cargo::redundant_homepage` is set to `warn` by default
[INFO] [stderr] help: consider removing `package.homepage`
[INFO] [stderr] warning: `nfc-oath` (manifest) generated 2 warnings
[INFO] [stderr]    Compiling nfc-sys v0.1.5
[INFO] [stderr]    Compiling nfc-oath v0.2.0 (/opt/rustwide/workdir)
[INFO] [stderr]    Compiling log v0.3.9
[INFO] [stderr]    Compiling nfc v0.1.11
[INFO] [stdout] warning: use of deprecated macro `try`: use the `?` operator instead
[INFO] [stdout]    --> src/lib.rs:346:13
[INFO] [stdout]     |
[INFO] [stdout] 346 |             try!(fmt.write_str(&str));
[INFO] [stdout]     |             ^^^
[INFO] [stdout]     |
[INFO] [stdout]     = note: `#[warn(deprecated)]` on by default
[INFO] [stdout] 
[INFO] [stdout] 
[INFO] [stdout] warning: use of deprecated function `std::mem::uninitialized`: use `mem::MaybeUninit` instead
[INFO] [stdout]    --> src/lib.rs:415:52
[INFO] [stdout]     |
[INFO] [stdout] 415 |             let mut target: ffi::nfc_target = mem::uninitialized();
[INFO] [stdout]     |                                                    ^^^^^^^^^^^^^
[INFO] [stdout] 
[INFO] [stdout] 
[INFO] [stdout] warning: the type `Struct_Unnamed16` does not permit being left uninitialized
[INFO] [stdout]    --> src/lib.rs:415:47
[INFO] [stdout]     |
[INFO] [stdout] 415 |             let mut target: ffi::nfc_target = mem::uninitialized();
[INFO] [stdout]     |                                               ^^^^^^^^^^^^^^^^^^^^
[INFO] [stdout]     |                                               |
[INFO] [stdout]     |                                               this code causes undefined behavior when executed
[INFO] [stdout]     |                                               help: use `MaybeUninit<T>` instead, and only call `assume_init` after initialization is done
[INFO] [stdout]     |
[INFO] [stdout]     = note: integers must be initialized
[INFO] [stdout]     = note: `#[warn(invalid_value)]` on by default
[INFO] [stdout] 
[INFO] [stdout] 
[INFO] [stderr]     Finished `release` profile [optimized] target(s) in 1.19s
[INFO] running `Command { std: "docker" "inspect" "01de159ada2a170f38cae589ff6bb064d25d15ed106133af8ad89d01c514d4f8", kill_on_drop: false }`
[INFO] running `Command { std: "docker" "exec" "-e" "SOURCE_DIR=/opt/rustwide/workdir" "-e" "CARGO_HOME=/opt/rustwide/cargo-home" "-e" "RUSTUP_HOME=/opt/rustwide/rustup-home" "-e" "CARGO_TARGET_DIR=/opt/rustwide/target" "-e" "CARGO_INCREMENTAL=0" "-e" "RUST_BACKTRACE=full" "-e" "RUSTFLAGS=--cap-lints=warn" "-e" "RUSTDOCFLAGS=--cap-lints=warn" "-w" "/opt/rustwide/workdir" "--user" "0:0" "01de159ada2a170f38cae589ff6bb064d25d15ed106133af8ad89d01c514d4f8" "/opt/rustwide/cargo-home/bin/cargo" "+1.100.0-beta.1" "test" "--frozen" "--no-run" "--message-format=json" "--release", kill_on_drop: false }`
[INFO] [stderr] warning: Cargo.toml: `package.edition` is unspecified, defaulting to `2015` while the latest is `2024`
[INFO] [stderr] warning: `package.homepage` is redundant with `package.repository`
[INFO] [stderr]   --> Cargo.toml:21:12
[INFO] [stderr]    |
[INFO] [stderr] 21 | homepage = "https://github.com/evq/rust-nfc-oath"
[INFO] [stderr]    |            ^^^^^^^^^^^^^^^^^^^^^^^^^^^^^^^^^^^^^^
[INFO] [stderr] ...
[INFO] [stderr] 27 | repository = "https://github.com/evq/rust-nfc-oath"
[INFO] [stderr]    |              --------------------------------------
[INFO] [stderr]    |
[INFO] [stderr]    = note: `cargo::redundant_homepage` is set to `warn` by default
[INFO] [stderr] help: consider removing `package.homepage`
[INFO] [stderr] warning: `nfc-oath` (manifest) generated 2 warnings
[INFO] [stderr]    Compiling regex v0.2.11
[INFO] [stderr]    Compiling ucd-util v0.1.10
[INFO] [stderr]    Compiling aho-corasick v0.6.10
[INFO] [stderr]    Compiling utf8-ranges v1.0.5
[INFO] [stderr]    Compiling thread_local v0.3.6
[INFO] [stdout] warning: use of deprecated macro `try`: use the `?` operator instead
[INFO] [stdout]    --> src/lib.rs:346:13
[INFO] [stdout]     |
[INFO] [stdout] 346 |             try!(fmt.write_str(&str));
[INFO] [stdout]     |             ^^^
[INFO] [stdout]     |
[INFO] [stdout]     = note: `#[warn(deprecated)]` on by default
[INFO] [stdout] 
[INFO] [stdout] 
[INFO] [stdout] warning: use of deprecated function `std::mem::uninitialized`: use `mem::MaybeUninit` instead
[INFO] [stdout]    --> src/lib.rs:415:52
[INFO] [stdout]     |
[INFO] [stdout] 415 |             let mut target: ffi::nfc_target = mem::uninitialized();
[INFO] [stdout]     |                                                    ^^^^^^^^^^^^^
[INFO] [stdout] 
[INFO] [stdout] 
[INFO] [stdout] warning: the type `Struct_Unnamed16` does not permit being left uninitialized
[INFO] [stdout]    --> src/lib.rs:415:47
[INFO] [stdout]     |
[INFO] [stdout] 415 |             let mut target: ffi::nfc_target = mem::uninitialized();
[INFO] [stdout]     |                                               ^^^^^^^^^^^^^^^^^^^^
[INFO] [stdout]     |                                               |
[INFO] [stdout]     |                                               this code causes undefined behavior when executed
[INFO] [stdout]     |                                               help: use `MaybeUninit<T>` instead, and only call `assume_init` after initialization is done
[INFO] [stdout]     |
[INFO] [stdout]     = note: integers must be initialized
[INFO] [stdout]     = note: `#[warn(invalid_value)]` on by default
[INFO] [stdout] 
[INFO] [stdout] 
[INFO] [stderr]    Compiling regex-syntax v0.5.6
[INFO] [stderr]    Compiling env_logger v0.4.3
[INFO] [stderr]    Compiling nfc-oath v0.2.0 (/opt/rustwide/workdir)
[INFO] [stdout] warning: use of deprecated macro `try`: use the `?` operator instead
[INFO] [stdout]    --> src/lib.rs:346:13
[INFO] [stdout]     |
[INFO] [stdout] 346 |             try!(fmt.write_str(&str));
[INFO] [stdout]     |             ^^^
[INFO] [stdout]     |
[INFO] [stdout]     = note: `#[warn(deprecated)]` on by default
[INFO] [stdout] 
[INFO] [stdout] 
[INFO] [stdout] error: linking with `cc` failed: exit status: 1
[INFO] [stdout]   |
[INFO] [stdout]   = note:  "cc" "-m64" "/opt/rustwide/target/release/build/nfc-oath/8124ccfffadd8e3c/out/rustcMwsu6p/symbols.o" "<2 object files omitted>" "-Wl,--as-needed" "-Wl,-Bstatic" "/opt/rustwide/target/release/build/nfc-oath/2f66eea435b1b601/out/libnfc_oath-2f66eea435b1b601.rlib" "/opt/rustwide/target/release/build/nfc/69aa1a195d7d95a5/out/libnfc-69aa1a195d7d95a5.rlib" "/opt/rustwide/target/release/build/libc/a0a6e54f1566fa83/out/liblibc-a0a6e54f1566fa83.rlib" "/opt/rustwide/target/release/build/byteorder/612182941aaee0f7/out/libbyteorder-612182941aaee0f7.rlib" "/opt/rustwide/target/release/build/env_logger/d40df055698ede83/out/libenv_logger-d40df055698ede83.rlib" "/opt/rustwide/target/release/build/regex/1a104315936358ee/out/libregex-1a104315936358ee.rlib" "/opt/rustwide/target/release/build/utf8-ranges/abd6569283f2c939/out/libutf8_ranges-abd6569283f2c939.rlib" "/opt/rustwide/target/release/build/regex-syntax/6cad0d8b9feadf42/out/libregex_syntax-6cad0d8b9feadf42.rlib" "/opt/rustwide/target/release/build/ucd-util/20f8ce1d584cd5d5/out/libucd_util-20f8ce1d584cd5d5.rlib" "/opt/rustwide/target/release/build/thread_local/e4cd5606ca2f2457/out/libthread_local-e4cd5606ca2f2457.rlib" "/opt/rustwide/target/release/build/lazy_static/149e86038c126fb0/out/liblazy_static-149e86038c126fb0.rlib" "/opt/rustwide/target/release/build/aho-corasick/4c7aebddb659d959/out/libaho_corasick-4c7aebddb659d959.rlib" "/opt/rustwide/target/release/build/memchr/b836402bd6c4c7f1/out/libmemchr-b836402bd6c4c7f1.rlib" "/opt/rustwide/target/release/build/log/1876729f86cf711b/out/liblog-1876729f86cf711b.rlib" "/opt/rustwide/target/release/build/log/d8c2df6ef41c90a5/out/liblog-d8c2df6ef41c90a5.rlib" "<sysroot>/lib/rustlib/x86_64-unknown-linux-gnu/lib/{libstd-*,libpanic_unwind-*,libobject-*,libmemchr-*,libaddr2line-*,libgimli-*,libcfg_if-*,librustc_demangle-*,libstd_detect-*,libhashbrown-*,librustc_std_workspace_alloc-*,libminiz_oxide-*,libadler2-*,libunwind-*,liblibc-*,librustc_std_workspace_core-*,liballoc-*,libcore-*,libcompiler_builtins-*}.rlib" "-Wl,-Bdynamic" "-lnfc" "-lgcc_s" "-lutil" "-lrt" "-lpthread" "-lm" "-ldl" "-lc" "-L" "/opt/rustwide/target/release/build/nfc-oath/8124ccfffadd8e3c/out/rustcMwsu6p/raw-dylibs" "-B<sysroot>/lib/rustlib/x86_64-unknown-linux-gnu/bin/gcc-ld" "-fuse-ld=lld" "-Wl,--eh-frame-hdr" "-Wl,-z,noexecstack" "-L" "<sysroot>/lib/rustlib/x86_64-unknown-linux-gnu/lib" "-o" "/opt/rustwide/target/release/build/nfc-oath/8124ccfffadd8e3c/out/list" "-Wl,--gc-sections" "-pie" "-Wl,-z,relro,-z,now" "-Wl,-O1" "-Wl,--strip-debug" "-nodefaultlibs"
[INFO] [stdout]   = note: some arguments are omitted. use `--verbose` to show all linker arguments
[INFO] [stdout]   = note: rust-lld: error: unable to find library -lnfc
[INFO] [stdout]           collect2: error: ld returned 1 exit status
[INFO] [stdout]           
[INFO] [stdout] 
[INFO] [stdout] 
[INFO] [stderr] error: could not compile `nfc-oath` (example "list") due to 1 previous error
[INFO] [stderr] warning: build failed, waiting for other jobs to finish...
[INFO] [stdout] warning: use of deprecated function `std::mem::uninitialized`: use `mem::MaybeUninit` instead
[INFO] [stdout]    --> src/lib.rs:415:52
[INFO] [stdout]     |
[INFO] [stdout] 415 |             let mut target: ffi::nfc_target = mem::uninitialized();
[INFO] [stdout]     |                                                    ^^^^^^^^^^^^^
[INFO] [stdout] 
[INFO] [stdout] 
[INFO] [stdout] error: linking with `cc` failed: exit status: 1
[INFO] [stdout]   |
[INFO] [stdout]   = note:  "cc" "-m64" "/opt/rustwide/target/release/build/nfc-oath/2ae179bd20c54987/out/rustcrD6i32/symbols.o" "<2 object files omitted>" "-Wl,--as-needed" "-Wl,-Bstatic" "/opt/rustwide/target/release/build/nfc-oath/2f66eea435b1b601/out/libnfc_oath-2f66eea435b1b601.rlib" "/opt/rustwide/target/release/build/nfc/69aa1a195d7d95a5/out/libnfc-69aa1a195d7d95a5.rlib" "/opt/rustwide/target/release/build/libc/a0a6e54f1566fa83/out/liblibc-a0a6e54f1566fa83.rlib" "/opt/rustwide/target/release/build/byteorder/612182941aaee0f7/out/libbyteorder-612182941aaee0f7.rlib" "/opt/rustwide/target/release/build/log/1876729f86cf711b/out/liblog-1876729f86cf711b.rlib" "/opt/rustwide/target/release/build/log/d8c2df6ef41c90a5/out/liblog-d8c2df6ef41c90a5.rlib" "<sysroot>/lib/rustlib/x86_64-unknown-linux-gnu/lib/{libstd-*,libpanic_unwind-*,libobject-*,libmemchr-*,libaddr2line-*,libgimli-*,libcfg_if-*,librustc_demangle-*,libstd_detect-*,libhashbrown-*,librustc_std_workspace_alloc-*,libminiz_oxide-*,libadler2-*,libunwind-*,liblibc-*,librustc_std_workspace_core-*,liballoc-*,libcore-*,libcompiler_builtins-*}.rlib" "-Wl,-Bdynamic" "-lnfc" "-lgcc_s" "-lutil" "-lrt" "-lpthread" "-lm" "-ldl" "-lc" "-L" "/opt/rustwide/target/release/build/nfc-oath/2ae179bd20c54987/out/rustcrD6i32/raw-dylibs" "-B<sysroot>/lib/rustlib/x86_64-unknown-linux-gnu/bin/gcc-ld" "-fuse-ld=lld" "-Wl,--eh-frame-hdr" "-Wl,-z,noexecstack" "-L" "<sysroot>/lib/rustlib/x86_64-unknown-linux-gnu/lib" "-o" "/opt/rustwide/target/release/build/nfc-oath/2ae179bd20c54987/out/calculate" "-Wl,--gc-sections" "-pie" "-Wl,-z,relro,-z,now" "-Wl,-O1" "-Wl,--strip-debug" "-nodefaultlibs"
[INFO] [stdout]   = note: some arguments are omitted. use `--verbose` to show all linker arguments
[INFO] [stdout]   = note: rust-lld: error: unable to find library -lnfc
[INFO] [stdout]           collect2: error: ld returned 1 exit status
[INFO] [stdout]           
[INFO] [stdout] 
[INFO] [stdout] 
[INFO] [stderr] error: could not compile `nfc-oath` (example "calculate") due to 1 previous error
[INFO] [stdout] warning: the type `Struct_Unnamed16` does not permit being left uninitialized
[INFO] [stdout]    --> src/lib.rs:415:47
[INFO] [stdout]     |
[INFO] [stdout] 415 |             let mut target: ffi::nfc_target = mem::uninitialized();
[INFO] [stdout]     |                                               ^^^^^^^^^^^^^^^^^^^^
[INFO] [stdout]     |                                               |
[INFO] [stdout]     |                                               this code causes undefined behavior when executed
[INFO] [stdout]     |                                               help: use `MaybeUninit<T>` instead, and only call `assume_init` after initialization is done
[INFO] [stdout]     |
[INFO] [stdout]     = note: integers must be initialized
[INFO] [stdout]     = note: `#[warn(invalid_value)]` on by default
[INFO] [stdout] 
[INFO] [stdout] 
[INFO] [stdout] error: linking with `cc` failed: exit status: 1
[INFO] [stdout]   |
[INFO] [stdout]   = note:  "cc" "-m64" "/opt/rustwide/target/release/build/nfc-oath/3b33930560c0d8cf/out/rustcrYqnKT/symbols.o" "<3 object files omitted>" "-Wl,--as-needed" "-Wl,-Bstatic" "<sysroot>/lib/rustlib/x86_64-unknown-linux-gnu/lib/{libtest-*,libgetopts-*,librustc_std_workspace_std-*}.rlib" "/opt/rustwide/target/release/build/nfc/69aa1a195d7d95a5/out/libnfc-69aa1a195d7d95a5.rlib" "/opt/rustwide/target/release/build/libc/a0a6e54f1566fa83/out/liblibc-a0a6e54f1566fa83.rlib" "/opt/rustwide/target/release/build/byteorder/612182941aaee0f7/out/libbyteorder-612182941aaee0f7.rlib" "/opt/rustwide/target/release/build/log/1876729f86cf711b/out/liblog-1876729f86cf711b.rlib" "/opt/rustwide/target/release/build/log/d8c2df6ef41c90a5/out/liblog-d8c2df6ef41c90a5.rlib" "<sysroot>/lib/rustlib/x86_64-unknown-linux-gnu/lib/{libstd-*,libpanic_unwind-*,libobject-*,libmemchr-*,libaddr2line-*,libgimli-*,libcfg_if-*,librustc_demangle-*,libstd_detect-*,libhashbrown-*,librustc_std_workspace_alloc-*,libminiz_oxide-*,libadler2-*,libunwind-*,liblibc-*,librustc_std_workspace_core-*,liballoc-*,libcore-*,libcompiler_builtins-*}.rlib" "-Wl,-Bdynamic" "-lnfc" "-lgcc_s" "-lutil" "-lrt" "-lpthread" "-lm" "-ldl" "-lc" "-L" "/opt/rustwide/target/release/build/nfc-oath/3b33930560c0d8cf/out/rustcrYqnKT/raw-dylibs" "-B<sysroot>/lib/rustlib/x86_64-unknown-linux-gnu/bin/gcc-ld" "-fuse-ld=lld" "-Wl,--eh-frame-hdr" "-Wl,-z,noexecstack" "-L" "<sysroot>/lib/rustlib/x86_64-unknown-linux-gnu/lib" "-o" "/opt/rustwide/target/release/build/nfc-oath/3b33930560c0d8cf/out/nfc_oath-3b33930560c0d8cf" "-Wl,--gc-sections" "-pie" "-Wl,-z,relro,-z,now" "-Wl,-O1" "-Wl,--strip-debug" "-nodefaultlibs"
[INFO] [stdout]   = note: some arguments are omitted. use `--verbose` to show all linker arguments
[INFO] [stdout]   = note: rust-lld: error: unable to find library -lnfc
[INFO] [stdout]           collect2: error: ld returned 1 exit status
[INFO] [stdout]           
[INFO] [stdout] 
[INFO] [stdout] 
[INFO] [stderr] error: could not compile `nfc-oath` (lib test) due to 1 previous error; 3 warnings emitted
[INFO] running `Command { std: "docker" "inspect" "01de159ada2a170f38cae589ff6bb064d25d15ed106133af8ad89d01c514d4f8", kill_on_drop: false }`
[INFO] running `Command { std: "docker" "rm" "-f" "01de159ada2a170f38cae589ff6bb064d25d15ed106133af8ad89d01c514d4f8", kill_on_drop: false }`
[INFO] [stdout] 01de159ada2a170f38cae589ff6bb064d25d15ed106133af8ad89d01c514d4f8
