[INFO] fetching crate nexus-raw 0.16.0...
[INFO] testing nexus-raw-0.16.0 against 1.100.0-beta.1+cargoflags=--release for beta-release-1.100-2
[INFO] extracting crate nexus-raw 0.16.0 into /workspace/builds/worker-4-tc2/source
[INFO] started tweaking crates.io crate nexus-raw 0.16.0
[INFO] removed 0 missing tests
[INFO] finished tweaking crates.io crate nexus-raw 0.16.0
[INFO] tweaked toml for crates.io crate nexus-raw 0.16.0 written to /workspace/builds/worker-4-tc2/source/Cargo.toml
[INFO] validating manifest of crates.io crate nexus-raw 0.16.0 on toolchain 1.100.0-beta.1
[INFO] running `Command { std: CARGO_HOME="/workspace/cargo-home" RUSTUP_HOME="/workspace/rustup-home" "/workspace/cargo-home/bin/cargo" "+1.100.0-beta.1" "metadata" "--manifest-path" "Cargo.toml" "--no-deps", kill_on_drop: false }`
[INFO] crate crates.io crate nexus-raw 0.16.0 already has a lockfile, it will not be regenerated
[INFO] running `Command { std: CARGO_HOME="/workspace/cargo-home" RUSTUP_HOME="/workspace/rustup-home" "/workspace/cargo-home/bin/cargo" "+1.100.0-beta.1" "fetch" "--manifest-path" "Cargo.toml", kill_on_drop: false }`
[INFO] [stderr] warning: `package.homepage` is redundant with `package.repository`
[INFO] [stderr]   --> Cargo.toml:52:12
[INFO] [stderr]    |
[INFO] [stderr] 52 | homepage = "https://github.com/Lipen/nexus-raw"
[INFO] [stderr]    |            ^^^^^^^^^^^^^^^^^^^^^^^^^^^^^^^^^^^^
[INFO] [stderr] ...
[INFO] [stderr] 57 | repository = "https://github.com/Lipen/nexus-raw"
[INFO] [stderr]    |              ------------------------------------
[INFO] [stderr]    |
[INFO] [stderr]    = note: `cargo::redundant_homepage` is set to `warn` by default
[INFO] [stderr] help: consider removing `package.homepage`
[INFO] [stderr] warning: `nexus-raw` (manifest) generated 1 warning
[INFO] running `Command { std: "docker" "create" "-v" "/var/lib/crater-agent-workspace/builds/worker-4-tc2/source:/opt/rustwide/workdir:ro,Z" "-v" "/var/lib/crater-agent-workspace/builds/worker-4-tc2/target:/opt/rustwide/target:rw,Z" "-v" "/var/lib/crater-agent-workspace/cargo-home:/opt/rustwide/cargo-home:ro,Z" "-v" "/var/lib/crater-agent-workspace/rustup-home:/opt/rustwide/rustup-home:ro,Z" "-m" "1610612736" "--network" "none" "ghcr.io/rust-lang/crates-build-env/linux@sha256:77db811e55d90add9212f6832c23229e3de5f1c1f9905e8cb07319ea15df73ac" "sleep" "infinity", kill_on_drop: false }`
[INFO] [stdout] db249b9233fe00e7ec3705275f404b5e60cbc1d8be852b8a7b78e15c8b19da1c
[INFO] running `Command { std: "docker" "start" "db249b9233fe00e7ec3705275f404b5e60cbc1d8be852b8a7b78e15c8b19da1c", kill_on_drop: false }`
[INFO] running `Command { std: "docker" "inspect" "db249b9233fe00e7ec3705275f404b5e60cbc1d8be852b8a7b78e15c8b19da1c", kill_on_drop: false }`
[INFO] running `Command { std: "docker" "exec" "-e" "SOURCE_DIR=/opt/rustwide/workdir" "-e" "CARGO_HOME=/opt/rustwide/cargo-home" "-e" "RUSTUP_HOME=/opt/rustwide/rustup-home" "-e" "CARGO_TARGET_DIR=/opt/rustwide/target" "-w" "/opt/rustwide/workdir" "--user" "0:0" "db249b9233fe00e7ec3705275f404b5e60cbc1d8be852b8a7b78e15c8b19da1c" "/opt/rustwide/cargo-home/bin/cargo" "+1.100.0-beta.1" "metadata" "--no-deps" "--format-version=1", kill_on_drop: false }`
[INFO] running `Command { std: "docker" "inspect" "db249b9233fe00e7ec3705275f404b5e60cbc1d8be852b8a7b78e15c8b19da1c", kill_on_drop: false }`
[INFO] running `Command { std: "docker" "exec" "-e" "SOURCE_DIR=/opt/rustwide/workdir" "-e" "CARGO_HOME=/opt/rustwide/cargo-home" "-e" "RUSTUP_HOME=/opt/rustwide/rustup-home" "-e" "CARGO_TARGET_DIR=/opt/rustwide/target" "-e" "CARGO_INCREMENTAL=0" "-e" "RUST_BACKTRACE=full" "-e" "RUSTFLAGS=--cap-lints=warn" "-e" "RUSTDOCFLAGS=--cap-lints=warn" "-w" "/opt/rustwide/workdir" "--user" "0:0" "db249b9233fe00e7ec3705275f404b5e60cbc1d8be852b8a7b78e15c8b19da1c" "/opt/rustwide/cargo-home/bin/cargo" "+1.100.0-beta.1" "build" "--frozen" "--message-format=json" "--release", kill_on_drop: false }`
[INFO] [stderr] warning: `package.homepage` is redundant with `package.repository`
[INFO] [stderr]   --> Cargo.toml:52:12
[INFO] [stderr]    |
[INFO] [stderr] 52 | homepage = "https://github.com/Lipen/nexus-raw"
[INFO] [stderr]    |            ^^^^^^^^^^^^^^^^^^^^^^^^^^^^^^^^^^^^
[INFO] [stderr] ...
[INFO] [stderr] 57 | repository = "https://github.com/Lipen/nexus-raw"
[INFO] [stderr]    |              ------------------------------------
[INFO] [stderr]    |
[INFO] [stderr]    = note: `cargo::redundant_homepage` is set to `warn` by default
[INFO] [stderr] help: consider removing `package.homepage`
[INFO] [stderr] warning: `nexus-raw` (manifest) generated 1 warning
[INFO] [stderr]    Compiling smallvec v1.16.2
[INFO] [stderr]    Compiling libc v0.2.190
[INFO] [stderr]    Compiling syn v3.0.6
[INFO] [stderr]    Compiling mio v1.2.3
[INFO] [stderr]    Compiling futures-util v0.3.34
[INFO] [stderr]    Compiling form_urlencoded v1.2.2
[INFO] [stderr]    Compiling clap_builder v4.6.7
[INFO] [stderr]    Compiling digest v0.11.3
[INFO] [stderr]    Compiling toml v1.1.6+spec-1.1.0
[INFO] [stderr]    Compiling sha2 v0.11.0
[INFO] [stderr]    Compiling parking_lot_core v0.9.12
[INFO] [stderr]    Compiling parking_lot v0.12.5
[INFO] [stderr]    Compiling jobserver v0.1.35
[INFO] [stderr]    Compiling cc v1.5.1
[INFO] [stderr]    Compiling cmake v0.1.58
[INFO] [stderr]    Compiling aws-lc-sys v0.45.0
[INFO] [stderr]    Compiling zstd-sys v2.0.16+zstd.1.5.7
[INFO] [stderr]    Compiling synstructure v0.14.0
[INFO] [stderr]    Compiling zerofrom-derive v0.1.8
[INFO] [stderr]    Compiling yoke-derive v0.8.4
[INFO] [stderr]    Compiling zerovec-derive v0.11.6
[INFO] [stderr]    Compiling displaydoc v0.2.7
[INFO] [stderr]    Compiling tokio-macros v2.7.2
[INFO] [stderr]    Compiling thiserror-impl v2.0.21
[INFO] [stderr]    Compiling tokio v1.53.1
[INFO] [stderr]    Compiling clap_derive v4.6.7
[INFO] [stderr]    Compiling serde_derive v1.0.229
[INFO] [stderr]    Compiling zerofrom v0.1.8
[INFO] [stderr]    Compiling yoke v0.8.3
[INFO] [stderr]    Compiling zerovec v0.11.8
[INFO] [stderr]    Compiling zerotrie v0.2.5
[INFO] [stderr]    Compiling thiserror v2.0.21
[INFO] [stderr]    Compiling tinystr v0.8.4
[INFO] [stderr]    Compiling potential_utf v0.1.6
[INFO] [stderr]    Compiling clap v4.6.7
[INFO] [stderr]    Compiling clap_complete v4.6.11
[INFO] [stderr]    Compiling icu_collections v2.3.0
[INFO] [stderr]    Compiling icu_locale_core v2.3.0
[INFO] [stderr]    Compiling icu_provider v2.3.1
[INFO] [stderr]    Compiling serde v1.0.229
[INFO] [stderr]    Compiling icu_properties v2.3.0
[INFO] [stderr]    Compiling icu_normalizer v2.3.0
[INFO] [stderr]    Compiling idna_adapter v1.2.2
[INFO] [stderr]    Compiling idna v1.1.0
[INFO] [stderr]    Compiling url v2.5.8
[INFO] [stderr]    Compiling hyper v1.11.1
[INFO] [stderr]    Compiling tokio-util v0.7.19
[INFO] [stderr]    Compiling tower v0.5.3
[INFO] [stderr]    Compiling hyper-util v0.1.21
[INFO] [stderr]    Compiling zstd-safe v7.2.4
[INFO] [stderr]    Compiling zstd v0.13.3
[INFO] [stderr]    Compiling compression-codecs v0.4.38
[INFO] [stderr]    Compiling async-compression v0.4.42
[INFO] [stderr]    Compiling tower-http v0.6.11
[INFO] [stderr]    Compiling aws-lc-rs v1.18.1
[INFO] [stderr]    Compiling rustls v0.23.45
[INFO] [stderr]    Compiling rustls-webpki v0.103.15
[INFO] [stderr]    Compiling tokio-rustls v0.26.6
[INFO] [stderr]    Compiling rustls-platform-verifier v0.6.2
[INFO] [stderr]    Compiling hyper-rustls v0.27.10
[INFO] [stderr]    Compiling reqwest v0.13.5
[INFO] [stderr]    Compiling nexus-raw-core v0.16.0
[INFO] [stderr]    Compiling nexus-raw v0.16.0 (/opt/rustwide/workdir)
[INFO] [stderr] warning: unused dependency `parking_lot`
[INFO] [stderr]   --> Cargo.toml:18:15
[INFO] [stderr]    |
[INFO] [stderr] 18 | [dependencies.parking_lot]
[INFO] [stderr]    |               ^^^^^^^^^^^^
[INFO] [stderr]    |
[INFO] [stderr]    = note: `cargo::unused_dependencies` is set to `warn` by default
[INFO] [stderr] help: consider removing the dependency on `parking_lot`
[INFO] [stderr] warning: `nexus-raw` (manifest) generated 1 warning
[INFO] [stderr]     Finished `release` profile [optimized] target(s) in 1m 39s
[INFO] running `Command { std: "docker" "inspect" "db249b9233fe00e7ec3705275f404b5e60cbc1d8be852b8a7b78e15c8b19da1c", kill_on_drop: false }`
[INFO] running `Command { std: "docker" "exec" "-e" "SOURCE_DIR=/opt/rustwide/workdir" "-e" "CARGO_HOME=/opt/rustwide/cargo-home" "-e" "RUSTUP_HOME=/opt/rustwide/rustup-home" "-e" "CARGO_TARGET_DIR=/opt/rustwide/target" "-e" "CARGO_INCREMENTAL=0" "-e" "RUST_BACKTRACE=full" "-e" "RUSTFLAGS=--cap-lints=warn" "-e" "RUSTDOCFLAGS=--cap-lints=warn" "-w" "/opt/rustwide/workdir" "--user" "0:0" "db249b9233fe00e7ec3705275f404b5e60cbc1d8be852b8a7b78e15c8b19da1c" "/opt/rustwide/cargo-home/bin/cargo" "+1.100.0-beta.1" "test" "--frozen" "--no-run" "--message-format=json" "--release", kill_on_drop: false }`
[INFO] [stderr] warning: `package.homepage` is redundant with `package.repository`
[INFO] [stderr]   --> Cargo.toml:52:12
[INFO] [stderr]    |
[INFO] [stderr] 52 | homepage = "https://github.com/Lipen/nexus-raw"
[INFO] [stderr]    |            ^^^^^^^^^^^^^^^^^^^^^^^^^^^^^^^^^^^^
[INFO] [stderr] ...
[INFO] [stderr] 57 | repository = "https://github.com/Lipen/nexus-raw"
[INFO] [stderr]    |              ------------------------------------
[INFO] [stderr]    |
[INFO] [stderr]    = note: `cargo::redundant_homepage` is set to `warn` by default
[INFO] [stderr] help: consider removing `package.homepage`
[INFO] [stderr] warning: `nexus-raw` (manifest) generated 1 warning
[INFO] [stderr]    Compiling tempfile v3.27.0
[INFO] [stderr]    Compiling tower-http v0.6.11
[INFO] [stderr]    Compiling reqwest v0.13.5
[INFO] [stderr]    Compiling nexus-raw-core v0.16.0
[INFO] [stderr]    Compiling nexus-raw v0.16.0 (/opt/rustwide/workdir)
[INFO] [stdout] error[E0432]: unresolved import `mock_nexus`
[INFO] [stdout]  --> tests/audit.rs:7:5
[INFO] [stdout]   |
[INFO] [stdout] 7 | use mock_nexus::{MockNexus, Scenario};
[INFO] [stdout]   |     ^^^^^^^^^^ use of unresolved module or unlinked crate `mock_nexus`
[INFO] [stdout]   |
[INFO] [stdout]   = help: if you wanted to use a crate named `mock_nexus`, use `cargo add mock_nexus` to add it to your `Cargo.toml`
[INFO] [stdout] 
[INFO] [stdout] 
[INFO] [stdout] error[E0432]: unresolved import `mock_nexus`
[INFO] [stdout]  --> tests/doctor.rs:7:5
[INFO] [stdout]   |
[INFO] [stdout] 7 | use mock_nexus::{MockNexus, Scenario};
[INFO] [stdout]   |     ^^^^^^^^^^ use of unresolved module or unlinked crate `mock_nexus`
[INFO] [stdout]   |
[INFO] [stdout]   = help: if you wanted to use a crate named `mock_nexus`, use `cargo add mock_nexus` to add it to your `Cargo.toml`
[INFO] [stdout] 
[INFO] [stdout] 
[INFO] [stdout] For more information about this error, try `rustc --explain E0432`.
[INFO] [stdout] 
[INFO] [stderr] error: could not compile `nexus-raw` (test "audit") due to 1 previous error
[INFO] [stderr] warning: build failed, waiting for other jobs to finish...
[INFO] [stdout] For more information about this error, try `rustc --explain E0432`.
[INFO] [stdout] 
[INFO] [stderr] error: could not compile `nexus-raw` (test "doctor") due to 1 previous error
[INFO] [stdout] error[E0432]: unresolved import `mock_nexus`
[INFO] [stdout]  --> tests/cli.rs:9:5
[INFO] [stdout]   |
[INFO] [stdout] 9 | use mock_nexus::{MockNexus, Outcome, ReqLog, Scenario};
[INFO] [stdout]   |     ^^^^^^^^^^ use of unresolved module or unlinked crate `mock_nexus`
[INFO] [stdout]   |
[INFO] [stdout]   = help: if you wanted to use a crate named `mock_nexus`, use `cargo add mock_nexus` to add it to your `Cargo.toml`
[INFO] [stdout] 
[INFO] [stdout] 
[INFO] [stdout] error[E0433]: cannot find module or crate `mock_nexus` in this scope
[INFO] [stdout]     --> tests/cli.rs:2131:13
[INFO] [stdout]      |
[INFO] [stdout] 2131 |             mock_nexus::Outcome::Status(s) => Some(s),
[INFO] [stdout]      |             ^^^^^^^^^^ use of unresolved module or unlinked crate `mock_nexus`
[INFO] [stdout]      |
[INFO] [stdout]      = help: if you wanted to use a crate named `mock_nexus`, use `cargo add mock_nexus` to add it to your `Cargo.toml`
[INFO] [stdout] 
[INFO] [stdout] 
[INFO] [stdout] error[E0433]: cannot find module or crate `mock_nexus` in this scope
[INFO] [stdout]     --> tests/cli.rs:2162:53
[INFO] [stdout]      |
[INFO] [stdout] 2162 |         r.method == "DELETE" && matches!(r.outcome, mock_nexus::Outcome::Status(200..=300))
[INFO] [stdout]      |                                                     ^^^^^^^^^^ use of unresolved module or unlinked crate `mock_nexus`
[INFO] [stdout]      |
[INFO] [stdout]      = help: if you wanted to use a crate named `mock_nexus`, use `cargo add mock_nexus` to add it to your `Cargo.toml`
[INFO] [stdout] 
[INFO] [stdout] 
[INFO] [stdout] Some errors have detailed explanations: E0432, E0433.
[INFO] [stdout] 
[INFO] [stdout] For more information about an error, try `rustc --explain E0432`.
[INFO] [stdout] 
[INFO] [stderr] error: could not compile `nexus-raw` (test "cli") due to 3 previous errors
[INFO] running `Command { std: "docker" "inspect" "db249b9233fe00e7ec3705275f404b5e60cbc1d8be852b8a7b78e15c8b19da1c", kill_on_drop: false }`
[INFO] running `Command { std: "docker" "rm" "-f" "db249b9233fe00e7ec3705275f404b5e60cbc1d8be852b8a7b78e15c8b19da1c", kill_on_drop: false }`
[INFO] [stdout] db249b9233fe00e7ec3705275f404b5e60cbc1d8be852b8a7b78e15c8b19da1c
