[INFO] fetching crate nexus-raw-core 0.16.0...
[INFO] testing nexus-raw-core-0.16.0 against 1.99.0-beta.8+cargoflags=--release for beta-release-1.100-2
[INFO] extracting crate nexus-raw-core 0.16.0 into /workspace/builds/worker-6-tc1/source
[INFO] started tweaking crates.io crate nexus-raw-core 0.16.0
[INFO] removed 0 missing examples
[INFO] removed 0 missing tests
[INFO] finished tweaking crates.io crate nexus-raw-core 0.16.0
[INFO] tweaked toml for crates.io crate nexus-raw-core 0.16.0 written to /workspace/builds/worker-6-tc1/source/Cargo.toml
[INFO] validating manifest of crates.io crate nexus-raw-core 0.16.0 on toolchain 1.99.0-beta.8
[INFO] running `Command { std: CARGO_HOME="/workspace/cargo-home" RUSTUP_HOME="/workspace/rustup-home" "/workspace/cargo-home/bin/cargo" "+1.99.0-beta.8" "metadata" "--manifest-path" "Cargo.toml" "--no-deps", kill_on_drop: false }`
[INFO] crate crates.io crate nexus-raw-core 0.16.0 already has a lockfile, it will not be regenerated
[INFO] running `Command { std: CARGO_HOME="/workspace/cargo-home" RUSTUP_HOME="/workspace/rustup-home" "/workspace/cargo-home/bin/cargo" "+1.99.0-beta.8" "fetch" "--manifest-path" "Cargo.toml", kill_on_drop: false }`
[INFO] [stderr]     Updating crates.io index
[INFO] [stderr]  Downloading crates ...
[INFO] [stderr]   Downloaded wasm-bindgen-shared v0.2.129
[INFO] [stderr]   Downloaded unicode-ident v1.0.26
[INFO] [stderr]   Downloaded wasm-bindgen-futures v0.4.79
[INFO] [stderr]   Downloaded crypto-common v0.2.2
[INFO] [stderr]   Downloaded compression-core v0.4.32
[INFO] [stderr]   Downloaded same-file v1.0.6
[INFO] [stderr]   Downloaded windows-targets v0.42.2
[INFO] [stderr]   Downloaded gloo-timers v0.3.0
[INFO] [stderr]   Downloaded tokio-macros v2.7.2
[INFO] [stderr]   Downloaded jni-sys v0.3.1
[INFO] [stderr]   Downloaded rustls-platform-verifier-android v0.1.1
[INFO] [stderr]   Downloaded jni-sys-macros v0.4.1
[INFO] [stderr]   Downloaded cesu8 v1.1.0
[INFO] [stderr]   Downloaded wasm-bindgen-macro v0.2.129
[INFO] [stderr]   Downloaded futures-macro v0.3.34
[INFO] [stderr]   Downloaded block-buffer v0.12.1
[INFO] [stderr]   Downloaded wasm-bindgen v0.2.129
[INFO] [stderr]   Downloaded core-foundation v0.10.1
[INFO] [stderr]   Downloaded rustls-native-certs v0.8.4
[INFO] [stderr]   Downloaded walkdir v2.5.0
[INFO] [stderr]   Downloaded jni-sys v0.4.1
[INFO] [stderr]   Downloaded parking_lot_core v0.9.12
[INFO] [stderr]   Downloaded redox_syscall v0.5.18
[INFO] [stderr]   Downloaded sha2 v0.11.0
[INFO] [stderr]   Downloaded digest v0.11.3
[INFO] [stderr]   Downloaded hybrid-array v0.4.15
[INFO] [stderr]   Downloaded wasm-streams v0.5.0
[INFO] [stderr]   Downloaded smallvec v1.16.2
[INFO] [stderr]   Downloaded compression-codecs v0.4.38
[INFO] [stderr]   Downloaded security-framework-sys v2.17.0
[INFO] [stderr]   Downloaded core-foundation-sys v0.8.7
[INFO] [stderr]   Downloaded schannel v0.1.29
[INFO] [stderr]   Downloaded parking_lot v0.12.5
[INFO] [stderr]   Downloaded cc v1.5.1
[INFO] [stderr]   Downloaded const-oid v0.10.2
[INFO] [stderr]   Downloaded rustls-platform-verifier v0.6.2
[INFO] [stderr]   Downloaded security-framework v3.7.0
[INFO] [stderr]   Downloaded combine v4.6.8
[INFO] [stderr]   Downloaded js-sys v0.3.106
[INFO] [stderr]   Downloaded async-compression v0.4.42
[INFO] [stderr]   Downloaded jni v0.21.1
[INFO] [stderr]   Downloaded wasm-bindgen-macro-support v0.2.129
[INFO] [stderr]   Downloaded mio v1.2.3
[INFO] [stderr]   Downloaded tokio-util v0.7.19
[INFO] [stderr]   Downloaded webpki-root-certs v1.0.9
[INFO] [stderr]   Downloaded aws-lc-rs v1.18.1
[INFO] [stderr]   Downloaded syn v3.0.6
[INFO] [stderr]   Downloaded windows_x86_64_gnullvm v0.42.2
[INFO] [stderr]   Downloaded windows_aarch64_gnullvm v0.42.2
[INFO] [stderr]   Downloaded rustls v0.23.45
[INFO] [stderr]   Downloaded windows_x86_64_gnu v0.42.2
[INFO] [stderr]   Downloaded windows_aarch64_msvc v0.42.2
[INFO] [stderr]   Downloaded windows_x86_64_msvc v0.42.2
[INFO] [stderr]   Downloaded web-sys v0.3.106
[INFO] [stderr]   Downloaded windows_i686_msvc v0.42.2
[INFO] [stderr]   Downloaded libc v0.2.190
[INFO] [stderr]   Downloaded windows_i686_gnu v0.42.2
[INFO] [stderr]   Downloaded windows-sys v0.45.0
[INFO] [stderr]   Downloaded aws-lc-sys v0.45.0
[INFO] running `Command { std: "docker" "create" "-v" "/var/lib/crater-agent-workspace/builds/worker-6-tc1/source:/opt/rustwide/workdir:ro,Z" "-v" "/var/lib/crater-agent-workspace/builds/worker-6-tc1/target:/opt/rustwide/target:rw,Z" "-v" "/var/lib/crater-agent-workspace/cargo-home:/opt/rustwide/cargo-home:ro,Z" "-v" "/var/lib/crater-agent-workspace/rustup-home:/opt/rustwide/rustup-home:ro,Z" "-m" "1610612736" "--network" "none" "ghcr.io/rust-lang/crates-build-env/linux@sha256:77db811e55d90add9212f6832c23229e3de5f1c1f9905e8cb07319ea15df73ac" "sleep" "infinity", kill_on_drop: false }`
[INFO] [stdout] 21369f14f5dd9dc6aab5746c0ec5f4c670183e8870614484b4b580e672d839c2
[INFO] running `Command { std: "docker" "start" "21369f14f5dd9dc6aab5746c0ec5f4c670183e8870614484b4b580e672d839c2", kill_on_drop: false }`
[INFO] running `Command { std: "docker" "inspect" "21369f14f5dd9dc6aab5746c0ec5f4c670183e8870614484b4b580e672d839c2", kill_on_drop: false }`
[INFO] running `Command { std: "docker" "exec" "-e" "SOURCE_DIR=/opt/rustwide/workdir" "-e" "CARGO_HOME=/opt/rustwide/cargo-home" "-e" "RUSTUP_HOME=/opt/rustwide/rustup-home" "-e" "CARGO_TARGET_DIR=/opt/rustwide/target" "-w" "/opt/rustwide/workdir" "--user" "0:0" "21369f14f5dd9dc6aab5746c0ec5f4c670183e8870614484b4b580e672d839c2" "/opt/rustwide/cargo-home/bin/cargo" "+1.99.0-beta.8" "metadata" "--no-deps" "--format-version=1", kill_on_drop: false }`
[INFO] running `Command { std: "docker" "inspect" "21369f14f5dd9dc6aab5746c0ec5f4c670183e8870614484b4b580e672d839c2", kill_on_drop: false }`
[INFO] running `Command { std: "docker" "exec" "-e" "SOURCE_DIR=/opt/rustwide/workdir" "-e" "CARGO_HOME=/opt/rustwide/cargo-home" "-e" "RUSTUP_HOME=/opt/rustwide/rustup-home" "-e" "CARGO_TARGET_DIR=/opt/rustwide/target" "-e" "CARGO_INCREMENTAL=0" "-e" "RUST_BACKTRACE=full" "-e" "RUSTFLAGS=--cap-lints=warn" "-e" "RUSTDOCFLAGS=--cap-lints=warn" "-w" "/opt/rustwide/workdir" "--user" "0:0" "21369f14f5dd9dc6aab5746c0ec5f4c670183e8870614484b4b580e672d839c2" "/opt/rustwide/cargo-home/bin/cargo" "+1.99.0-beta.8" "build" "--frozen" "--message-format=json" "--release", kill_on_drop: false }`
[INFO] [stderr]    Compiling proc-macro2 v1.0.107
[INFO] [stderr]    Compiling unicode-ident v1.0.26
[INFO] [stderr]    Compiling quote v1.0.47
[INFO] [stderr]    Compiling libc v0.2.190
[INFO] [stderr]    Compiling shlex v2.0.1
[INFO] [stderr]    Compiling find-msvc-tools v0.1.14
[INFO] [stderr]    Compiling pkg-config v0.3.34
[INFO] [stderr]    Compiling stable_deref_trait v1.2.1
[INFO] [stderr]    Compiling bytes v1.12.1
[INFO] [stderr]    Compiling pin-project-lite v0.2.17
[INFO] [stderr]    Compiling fs_extra v1.3.0
[INFO] [stderr]    Compiling dunce v1.0.5
[INFO] [stderr]    Compiling futures-core v0.3.34
[INFO] [stderr]    Compiling zeroize v1.9.0
[INFO] [stderr]    Compiling smallvec v1.16.2
[INFO] [stderr]    Compiling litemap v0.8.3
[INFO] [stderr]    Compiling itoa v1.0.18
[INFO] [stderr]    Compiling aws-lc-rs v1.18.1
[INFO] [stderr]    Compiling writeable v0.6.4
[INFO] [stderr]    Compiling once_cell v1.21.4
[INFO] [stderr]    Compiling icu_properties_data v2.3.0
[INFO] [stderr]    Compiling icu_normalizer_data v2.3.0
[INFO] [stderr]    Compiling utf8_iter v1.0.4
[INFO] [stderr]    Compiling rustls-pki-types v1.15.1
[INFO] [stderr]    Compiling zstd-safe v7.2.4
[INFO] [stderr]    Compiling percent-encoding v2.3.2
[INFO] [stderr]    Compiling rustls v0.23.45
[INFO] [stderr]    Compiling http v1.5.0
[INFO] [stderr]    Compiling untrusted v0.9.0
[INFO] [stderr]    Compiling slab v0.4.12
[INFO] [stderr]    Compiling syn v3.0.6
[INFO] [stderr]    Compiling futures-task v0.3.34
[INFO] [stderr]    Compiling httparse v1.10.1
[INFO] [stderr]    Compiling subtle v2.6.1
[INFO] [stderr]    Compiling futures-util v0.3.34
[INFO] [stderr]    Compiling tower-service v0.3.3
[INFO] [stderr]    Compiling typenum v1.20.1
[INFO] [stderr]    Compiling try-lock v0.2.5
[INFO] [stderr]    Compiling want v0.3.1
[INFO] [stderr]    Compiling socket2 v0.6.5
[INFO] [stderr]    Compiling jobserver v0.1.35
[INFO] [stderr]    Compiling mio v1.2.3
[INFO] [stderr]    Compiling cc v1.5.1
[INFO] [stderr]    Compiling http-body v1.1.0
[INFO] [stderr]    Compiling tracing-core v0.1.36
[INFO] [stderr]    Compiling hybrid-array v0.4.15
[INFO] [stderr]    Compiling futures-channel v0.3.34
[INFO] [stderr]    Compiling atomic-waker v1.1.2
[INFO] [stderr]    Compiling serde_core v1.0.229
[INFO] [stderr]    Compiling compression-core v0.4.32
[INFO] [stderr]    Compiling tracing v0.1.44
[INFO] [stderr]    Compiling cmake v0.1.58
[INFO] [stderr]    Compiling form_urlencoded v1.2.2
[INFO] [stderr]    Compiling sync_wrapper v1.0.2
[INFO] [stderr]    Compiling futures-sink v0.3.34
[INFO] [stderr]    Compiling tower-layer v0.3.3
[INFO] [stderr]    Compiling base64 v0.23.1
[INFO] [stderr]    Compiling ipnet v2.12.2
[INFO] [stderr]    Compiling zmij v1.0.23
[INFO] [stderr]    Compiling openssl-probe v0.2.1
[INFO] [stderr]    Compiling block-buffer v0.12.1
[INFO] [stderr]    Compiling rustls-native-certs v0.8.4
[INFO] [stderr]    Compiling crypto-common v0.2.2
[INFO] [stderr]    Compiling aws-lc-sys v0.45.0
[INFO] [stderr]    Compiling zstd-sys v2.0.16+zstd.1.5.7
[INFO] [stderr]    Compiling http-body-util v0.1.5
[INFO] [stderr]    Compiling serde v1.0.229
[INFO] [stderr]    Compiling serde_json v1.0.151
[INFO] [stderr]    Compiling bitflags v2.13.2
[INFO] [stderr]    Compiling const-oid v0.10.2
[INFO] [stderr]    Compiling thiserror v2.0.21
[INFO] [stderr]    Compiling log v0.4.34
[INFO] [stderr]    Compiling digest v0.11.3
[INFO] [stderr]    Compiling cpufeatures v0.3.1
[INFO] [stderr]    Compiling cfg-if v1.0.5
[INFO] [stderr]    Compiling memchr v2.8.3
[INFO] [stderr]    Compiling sha2 v0.11.0
[INFO] [stderr]    Compiling synstructure v0.14.0
[INFO] [stderr]    Compiling zerofrom-derive v0.1.8
[INFO] [stderr]    Compiling yoke-derive v0.8.4
[INFO] [stderr]    Compiling zerovec-derive v0.11.6
[INFO] [stderr]    Compiling displaydoc v0.2.7
[INFO] [stderr]    Compiling tokio-macros v2.7.2
[INFO] [stderr]    Compiling serde_derive v1.0.229
[INFO] [stderr]    Compiling thiserror-impl v2.0.21
[INFO] [stderr]    Compiling tokio v1.53.1
[INFO] [stderr]    Compiling zerofrom v0.1.8
[INFO] [stderr]    Compiling yoke v0.8.3
[INFO] [stderr]    Compiling zerovec v0.11.8
[INFO] [stderr]    Compiling zerotrie v0.2.5
[INFO] [stderr]    Compiling tinystr v0.8.4
[INFO] [stderr]    Compiling potential_utf v0.1.6
[INFO] [stderr]    Compiling icu_collections v2.3.0
[INFO] [stderr]    Compiling icu_locale_core v2.3.0
[INFO] [stderr]    Compiling icu_provider v2.3.1
[INFO] [stderr]    Compiling icu_properties v2.3.0
[INFO] [stderr]    Compiling icu_normalizer v2.3.0
[INFO] [stderr]    Compiling idna_adapter v1.2.2
[INFO] [stderr]    Compiling idna v1.1.0
[INFO] [stderr]    Compiling url v2.5.8
[INFO] [stderr]    Compiling hyper v1.11.1
[INFO] [stderr]    Compiling tower v0.5.3
[INFO] [stderr]    Compiling tokio-util v0.7.19
[INFO] [stderr]    Compiling hyper-util v0.1.21
[INFO] [stderr]    Compiling zstd v0.13.3
[INFO] [stderr]    Compiling compression-codecs v0.4.38
[INFO] [stderr]    Compiling async-compression v0.4.42
[INFO] [stderr]    Compiling tower-http v0.6.11
[INFO] [stderr]    Compiling rustls-webpki v0.103.15
[INFO] [stderr]    Compiling tokio-rustls v0.26.6
[INFO] [stderr]    Compiling rustls-platform-verifier v0.6.2
[INFO] [stderr]    Compiling hyper-rustls v0.27.10
[INFO] [stderr]    Compiling reqwest v0.13.5
[INFO] [stderr]    Compiling nexus-raw-core v0.16.0 (/opt/rustwide/workdir)
[INFO] [stderr]     Finished `release` profile [optimized] target(s) in 3m 53s
[INFO] running `Command { std: "docker" "inspect" "21369f14f5dd9dc6aab5746c0ec5f4c670183e8870614484b4b580e672d839c2", kill_on_drop: false }`
[INFO] running `Command { std: "docker" "exec" "-e" "SOURCE_DIR=/opt/rustwide/workdir" "-e" "CARGO_HOME=/opt/rustwide/cargo-home" "-e" "RUSTUP_HOME=/opt/rustwide/rustup-home" "-e" "CARGO_TARGET_DIR=/opt/rustwide/target" "-e" "CARGO_INCREMENTAL=0" "-e" "RUST_BACKTRACE=full" "-e" "RUSTFLAGS=--cap-lints=warn" "-e" "RUSTDOCFLAGS=--cap-lints=warn" "-w" "/opt/rustwide/workdir" "--user" "0:0" "21369f14f5dd9dc6aab5746c0ec5f4c670183e8870614484b4b580e672d839c2" "/opt/rustwide/cargo-home/bin/cargo" "+1.99.0-beta.8" "test" "--frozen" "--no-run" "--message-format=json" "--release", kill_on_drop: false }`
[INFO] [stderr]    Compiling zstd-sys v2.0.16+zstd.1.5.7
[INFO] [stderr]    Compiling zstd-safe v7.2.4
[INFO] [stderr]    Compiling bitflags v2.13.2
[INFO] [stderr]    Compiling getrandom v0.4.3
[INFO] [stderr]    Compiling parking_lot_core v0.9.12
[INFO] [stderr]    Compiling rustix v1.1.5
[INFO] [stderr]    Compiling linux-raw-sys v0.12.1
[INFO] [stderr]    Compiling scopeguard v1.2.0
[INFO] [stderr]    Compiling lock_api v0.4.14
[INFO] [stderr]    Compiling fastrand v2.5.0
[INFO] [stderr]    Compiling parking_lot v0.12.5
[INFO] [stderr]    Compiling tempfile v3.27.0
[INFO] [stderr]    Compiling zstd v0.13.3
[INFO] [stderr]    Compiling compression-codecs v0.4.38
[INFO] [stderr]    Compiling async-compression v0.4.42
[INFO] [stderr]    Compiling tower-http v0.6.11
[INFO] [stderr]    Compiling reqwest v0.13.5
[INFO] [stderr]    Compiling nexus-raw-core v0.16.0 (/opt/rustwide/workdir)
[INFO] [stdout] error[E0433]: cannot find module or crate `mock_nexus` in this scope
[INFO] [stdout]    --> src/layout/ls.rs:425:22
[INFO] [stdout]     |
[INFO] [stdout] 425 |         let server = mock_nexus::MockNexus::start(mock_nexus::Scenario::Atomic).unwrap();
[INFO] [stdout]     |                      ^^^^^^^^^^ use of unresolved module or unlinked crate `mock_nexus`
[INFO] [stdout]     |
[INFO] [stdout]     = help: if you wanted to use a crate named `mock_nexus`, use `cargo add mock_nexus` to add it to your `Cargo.toml`
[INFO] [stdout] 
[INFO] [stdout] 
[INFO] [stdout] error[E0433]: cannot find module or crate `mock_nexus` in this scope
[INFO] [stdout]    --> src/layout/ls.rs:425:51
[INFO] [stdout]     |
[INFO] [stdout] 425 |         let server = mock_nexus::MockNexus::start(mock_nexus::Scenario::Atomic).unwrap();
[INFO] [stdout]     |                                                   ^^^^^^^^^^ use of unresolved module or unlinked crate `mock_nexus`
[INFO] [stdout]     |
[INFO] [stdout]     = help: if you wanted to use a crate named `mock_nexus`, use `cargo add mock_nexus` to add it to your `Cargo.toml`
[INFO] [stdout] 
[INFO] [stdout] 
[INFO] [stdout] error[E0433]: cannot find module or crate `mock_nexus` in this scope
[INFO] [stdout]    --> src/layout/ls.rs:457:22
[INFO] [stdout]     |
[INFO] [stdout] 457 |         let server = mock_nexus::MockNexus::start(mock_nexus::Scenario::Atomic).unwrap();
[INFO] [stdout]     |                      ^^^^^^^^^^ use of unresolved module or unlinked crate `mock_nexus`
[INFO] [stdout]     |
[INFO] [stdout]     = help: if you wanted to use a crate named `mock_nexus`, use `cargo add mock_nexus` to add it to your `Cargo.toml`
[INFO] [stdout] 
[INFO] [stdout] 
[INFO] [stdout] error[E0433]: cannot find module or crate `mock_nexus` in this scope
[INFO] [stdout]    --> src/layout/ls.rs:457:51
[INFO] [stdout]     |
[INFO] [stdout] 457 |         let server = mock_nexus::MockNexus::start(mock_nexus::Scenario::Atomic).unwrap();
[INFO] [stdout]     |                                                   ^^^^^^^^^^ use of unresolved module or unlinked crate `mock_nexus`
[INFO] [stdout]     |
[INFO] [stdout]     = help: if you wanted to use a crate named `mock_nexus`, use `cargo add mock_nexus` to add it to your `Cargo.toml`
[INFO] [stdout] 
[INFO] [stdout] 
[INFO] [stdout] error[E0432]: unresolved import `mock_nexus`
[INFO] [stdout]   --> examples/publish.rs:13:5
[INFO] [stdout]    |
[INFO] [stdout] 13 | use mock_nexus::{MockNexus, Scenario};
[INFO] [stdout]    |     ^^^^^^^^^^ use of unresolved module or unlinked crate `mock_nexus`
[INFO] [stdout]    |
[INFO] [stdout]    = help: if you wanted to use a crate named `mock_nexus`, use `cargo add mock_nexus` to add it to your `Cargo.toml`
[INFO] [stdout] 
[INFO] [stdout] 
[INFO] [stdout] For more information about this error, try `rustc --explain E0432`.
[INFO] [stdout] 
[INFO] [stderr] error: could not compile `nexus-raw-core` (example "publish") due to 1 previous error
[INFO] [stderr] warning: build failed, waiting for other jobs to finish...
[INFO] [stdout] error[E0433]: cannot find module or crate `mock_nexus` in this scope
[INFO] [stdout]   --> tests/service_conformance.rs:40:18
[INFO] [stdout]    |
[INFO] [stdout] 40 |     let server = mock_nexus::MockNexus::start(mock_nexus::Scenario::ServiceStatusEmpty).unwrap();
[INFO] [stdout]    |                  ^^^^^^^^^^ use of unresolved module or unlinked crate `mock_nexus`
[INFO] [stdout]    |
[INFO] [stdout]    = help: if you wanted to use a crate named `mock_nexus`, use `cargo add mock_nexus` to add it to your `Cargo.toml`
[INFO] [stdout] 
[INFO] [stdout] 
[INFO] [stdout] error[E0433]: cannot find module or crate `mock_nexus` in this scope
[INFO] [stdout]   --> tests/service_conformance.rs:40:47
[INFO] [stdout]    |
[INFO] [stdout] 40 |     let server = mock_nexus::MockNexus::start(mock_nexus::Scenario::ServiceStatusEmpty).unwrap();
[INFO] [stdout]    |                                               ^^^^^^^^^^ use of unresolved module or unlinked crate `mock_nexus`
[INFO] [stdout]    |
[INFO] [stdout]    = help: if you wanted to use a crate named `mock_nexus`, use `cargo add mock_nexus` to add it to your `Cargo.toml`
[INFO] [stdout] 
[INFO] [stdout] 
[INFO] [stdout] error[E0433]: cannot find module or crate `mock_nexus` in this scope
[INFO] [stdout]   --> tests/service_conformance.rs:50:18
[INFO] [stdout]    |
[INFO] [stdout] 50 |     let server = mock_nexus::MockNexus::start(mock_nexus::Scenario::ServiceStatusVersion).unwrap();
[INFO] [stdout]    |                  ^^^^^^^^^^ use of unresolved module or unlinked crate `mock_nexus`
[INFO] [stdout]    |
[INFO] [stdout]    = help: if you wanted to use a crate named `mock_nexus`, use `cargo add mock_nexus` to add it to your `Cargo.toml`
[INFO] [stdout] 
[INFO] [stdout] 
[INFO] [stdout] error[E0433]: cannot find module or crate `mock_nexus` in this scope
[INFO] [stdout]   --> tests/service_conformance.rs:50:47
[INFO] [stdout]    |
[INFO] [stdout] 50 |     let server = mock_nexus::MockNexus::start(mock_nexus::Scenario::ServiceStatusVersion).unwrap();
[INFO] [stdout]    |                                               ^^^^^^^^^^ use of unresolved module or unlinked crate `mock_nexus`
[INFO] [stdout]    |
[INFO] [stdout]    = help: if you wanted to use a crate named `mock_nexus`, use `cargo add mock_nexus` to add it to your `Cargo.toml`
[INFO] [stdout] 
[INFO] [stdout] 
[INFO] [stdout] error[E0433]: cannot find module or crate `mock_nexus` in this scope
[INFO] [stdout]   --> tests/service_conformance.rs:59:18
[INFO] [stdout]    |
[INFO] [stdout] 59 |     let server = mock_nexus::MockNexus::start(mock_nexus::Scenario::ServiceStatusDown).unwrap();
[INFO] [stdout]    |                  ^^^^^^^^^^ use of unresolved module or unlinked crate `mock_nexus`
[INFO] [stdout]    |
[INFO] [stdout]    = help: if you wanted to use a crate named `mock_nexus`, use `cargo add mock_nexus` to add it to your `Cargo.toml`
[INFO] [stdout] 
[INFO] [stdout] 
[INFO] [stdout] error[E0433]: cannot find module or crate `mock_nexus` in this scope
[INFO] [stdout]   --> tests/service_conformance.rs:59:47
[INFO] [stdout]    |
[INFO] [stdout] 59 |     let server = mock_nexus::MockNexus::start(mock_nexus::Scenario::ServiceStatusDown).unwrap();
[INFO] [stdout]    |                                               ^^^^^^^^^^ use of unresolved module or unlinked crate `mock_nexus`
[INFO] [stdout]    |
[INFO] [stdout]    = help: if you wanted to use a crate named `mock_nexus`, use `cargo add mock_nexus` to add it to your `Cargo.toml`
[INFO] [stdout] 
[INFO] [stdout] 
[INFO] [stdout] error[E0433]: cannot find module or crate `mock_nexus` in this scope
[INFO] [stdout]   --> tests/service_conformance.rs:68:18
[INFO] [stdout]    |
[INFO] [stdout] 68 |     let server = mock_nexus::MockNexus::start(mock_nexus::Scenario::RepoCollectionTrimmed).unwrap();
[INFO] [stdout]    |                  ^^^^^^^^^^ use of unresolved module or unlinked crate `mock_nexus`
[INFO] [stdout]    |
[INFO] [stdout]    = help: if you wanted to use a crate named `mock_nexus`, use `cargo add mock_nexus` to add it to your `Cargo.toml`
[INFO] [stdout] 
[INFO] [stdout] 
[INFO] [stdout] error[E0433]: cannot find module or crate `mock_nexus` in this scope
[INFO] [stdout]   --> tests/service_conformance.rs:68:47
[INFO] [stdout]    |
[INFO] [stdout] 68 |     let server = mock_nexus::MockNexus::start(mock_nexus::Scenario::RepoCollectionTrimmed).unwrap();
[INFO] [stdout]    |                                               ^^^^^^^^^^ use of unresolved module or unlinked crate `mock_nexus`
[INFO] [stdout]    |
[INFO] [stdout]    = help: if you wanted to use a crate named `mock_nexus`, use `cargo add mock_nexus` to add it to your `Cargo.toml`
[INFO] [stdout] 
[INFO] [stdout] 
[INFO] [stdout] error[E0433]: cannot find module or crate `mock_nexus` in this scope
[INFO] [stdout]   --> tests/service_conformance.rs:78:18
[INFO] [stdout]    |
[INFO] [stdout] 78 |     let server = mock_nexus::MockNexus::start(mock_nexus::Scenario::RepoCollectionScoped {
[INFO] [stdout]    |                  ^^^^^^^^^^ use of unresolved module or unlinked crate `mock_nexus`
[INFO] [stdout]    |
[INFO] [stdout]    = help: if you wanted to use a crate named `mock_nexus`, use `cargo add mock_nexus` to add it to your `Cargo.toml`
[INFO] [stdout] 
[INFO] [stdout] 
[INFO] [stdout] error[E0433]: cannot find module or crate `mock_nexus` in this scope
[INFO] [stdout]   --> tests/service_conformance.rs:78:47
[INFO] [stdout]    |
[INFO] [stdout] 78 |     let server = mock_nexus::MockNexus::start(mock_nexus::Scenario::RepoCollectionScoped {
[INFO] [stdout]    |                                               ^^^^^^^^^^ use of unresolved module or unlinked crate `mock_nexus`
[INFO] [stdout]    |
[INFO] [stdout]    = help: if you wanted to use a crate named `mock_nexus`, use `cargo add mock_nexus` to add it to your `Cargo.toml`
[INFO] [stdout] 
[INFO] [stdout] 
[INFO] [stdout] error[E0432]: unresolved import `mock_nexus`
[INFO] [stdout]  --> tests/conformance.rs:6:5
[INFO] [stdout]   |
[INFO] [stdout] 6 | use mock_nexus::{MockNexus, Outcome, ReqLog, Scenario};
[INFO] [stdout]   |     ^^^^^^^^^^ use of unresolved module or unlinked crate `mock_nexus`
[INFO] [stdout]   |
[INFO] [stdout]   = help: if you wanted to use a crate named `mock_nexus`, use `cargo add mock_nexus` to add it to your `Cargo.toml`
[INFO] [stdout] 
[INFO] [stdout] 
[INFO] [stdout] error[E0433]: cannot find module or crate `mock_nexus` in this scope
[INFO] [stdout]    --> tests/service_conformance.rs:107:18
[INFO] [stdout]     |
[INFO] [stdout] 107 |     let server = mock_nexus::MockNexus::start(mock_nexus::Scenario::RepoDetailAdmin {
[INFO] [stdout]     |                  ^^^^^^^^^^ use of unresolved module or unlinked crate `mock_nexus`
[INFO] [stdout]     |
[INFO] [stdout]     = help: if you wanted to use a crate named `mock_nexus`, use `cargo add mock_nexus` to add it to your `Cargo.toml`
[INFO] [stdout] 
[INFO] [stdout] 
[INFO] [stdout] error[E0433]: cannot find module or crate `mock_nexus` in this scope
[INFO] [stdout]    --> tests/service_conformance.rs:107:47
[INFO] [stdout]     |
[INFO] [stdout] 107 |     let server = mock_nexus::MockNexus::start(mock_nexus::Scenario::RepoDetailAdmin {
[INFO] [stdout]     |                                               ^^^^^^^^^^ use of unresolved module or unlinked crate `mock_nexus`
[INFO] [stdout]     |
[INFO] [stdout]     = help: if you wanted to use a crate named `mock_nexus`, use `cargo add mock_nexus` to add it to your `Cargo.toml`
[INFO] [stdout] 
[INFO] [stdout] 
[INFO] [stdout] error[E0433]: cannot find module or crate `mock_nexus` in this scope
[INFO] [stdout]    --> tests/service_conformance.rs:130:18
[INFO] [stdout]     |
[INFO] [stdout] 130 |     let server = mock_nexus::MockNexus::start(mock_nexus::Scenario::RepoPrefixMatch).unwrap();
[INFO] [stdout]     |                  ^^^^^^^^^^ use of unresolved module or unlinked crate `mock_nexus`
[INFO] [stdout]     |
[INFO] [stdout]     = help: if you wanted to use a crate named `mock_nexus`, use `cargo add mock_nexus` to add it to your `Cargo.toml`
[INFO] [stdout] 
[INFO] [stdout] 
[INFO] [stdout] error[E0433]: cannot find module or crate `mock_nexus` in this scope
[INFO] [stdout]    --> tests/service_conformance.rs:130:47
[INFO] [stdout]     |
[INFO] [stdout] 130 |     let server = mock_nexus::MockNexus::start(mock_nexus::Scenario::RepoPrefixMatch).unwrap();
[INFO] [stdout]     |                                               ^^^^^^^^^^ use of unresolved module or unlinked crate `mock_nexus`
[INFO] [stdout]     |
[INFO] [stdout]     = help: if you wanted to use a crate named `mock_nexus`, use `cargo add mock_nexus` to add it to your `Cargo.toml`
[INFO] [stdout] 
[INFO] [stdout] 
[INFO] [stdout] error[E0433]: cannot find module or crate `mock_nexus` in this scope
[INFO] [stdout]    --> tests/service_conformance.rs:139:18
[INFO] [stdout]     |
[INFO] [stdout] 139 |     let server = mock_nexus::MockNexus::start(mock_nexus::Scenario::AssetsPagination).unwrap();
[INFO] [stdout]     |                  ^^^^^^^^^^ use of unresolved module or unlinked crate `mock_nexus`
[INFO] [stdout]     |
[INFO] [stdout]     = help: if you wanted to use a crate named `mock_nexus`, use `cargo add mock_nexus` to add it to your `Cargo.toml`
[INFO] [stdout] 
[INFO] [stdout] 
[INFO] [stdout] For more information about this error, try `rustc --explain E0433`.
[INFO] [stdout] 
[INFO] [stdout] error[E0433]: cannot find module or crate `mock_nexus` in this scope
[INFO] [stdout]    --> tests/service_conformance.rs:139:47
[INFO] [stdout]     |
[INFO] [stdout] 139 |     let server = mock_nexus::MockNexus::start(mock_nexus::Scenario::AssetsPagination).unwrap();
[INFO] [stdout]     |                                               ^^^^^^^^^^ use of unresolved module or unlinked crate `mock_nexus`
[INFO] [stdout]     |
[INFO] [stdout]     = help: if you wanted to use a crate named `mock_nexus`, use `cargo add mock_nexus` to add it to your `Cargo.toml`
[INFO] [stdout] 
[INFO] [stdout] 
[INFO] [stdout] error[E0433]: cannot find module or crate `mock_nexus` in this scope
[INFO] [stdout]    --> tests/service_conformance.rs:150:18
[INFO] [stdout]     |
[INFO] [stdout] 150 |     let server = mock_nexus::MockNexus::start(mock_nexus::Scenario::AssetsAbsent).unwrap();
[INFO] [stdout]     |                  ^^^^^^^^^^ use of unresolved module or unlinked crate `mock_nexus`
[INFO] [stdout]     |
[INFO] [stdout]     = help: if you wanted to use a crate named `mock_nexus`, use `cargo add mock_nexus` to add it to your `Cargo.toml`
[INFO] [stdout] 
[INFO] [stdout] 
[INFO] [stderr] error: could not compile `nexus-raw-core` (lib test) due to 4 previous errors
[INFO] [stdout] error[E0433]: cannot find module or crate `mock_nexus` in this scope
[INFO] [stdout]    --> tests/service_conformance.rs:150:47
[INFO] [stdout]     |
[INFO] [stdout] 150 |     let server = mock_nexus::MockNexus::start(mock_nexus::Scenario::AssetsAbsent).unwrap();
[INFO] [stdout]     |                                               ^^^^^^^^^^ use of unresolved module or unlinked crate `mock_nexus`
[INFO] [stdout]     |
[INFO] [stdout]     = help: if you wanted to use a crate named `mock_nexus`, use `cargo add mock_nexus` to add it to your `Cargo.toml`
[INFO] [stdout] 
[INFO] [stdout] 
[INFO] [stdout] error[E0433]: cannot find module or crate `mock_nexus` in this scope
[INFO] [stdout]    --> tests/service_conformance.rs:162:18
[INFO] [stdout]     |
[INFO] [stdout] 162 |     let server = mock_nexus::MockNexus::start(mock_nexus::Scenario::AssetsPrefixQ).unwrap();
[INFO] [stdout]     |                  ^^^^^^^^^^ use of unresolved module or unlinked crate `mock_nexus`
[INFO] [stdout]     |
[INFO] [stdout]     = help: if you wanted to use a crate named `mock_nexus`, use `cargo add mock_nexus` to add it to your `Cargo.toml`
[INFO] [stdout] 
[INFO] [stdout] 
[INFO] [stdout] error[E0433]: cannot find module or crate `mock_nexus` in this scope
[INFO] [stdout]    --> tests/service_conformance.rs:162:47
[INFO] [stdout]     |
[INFO] [stdout] 162 |     let server = mock_nexus::MockNexus::start(mock_nexus::Scenario::AssetsPrefixQ).unwrap();
[INFO] [stdout]     |                                               ^^^^^^^^^^ use of unresolved module or unlinked crate `mock_nexus`
[INFO] [stdout]     |
[INFO] [stdout]     = help: if you wanted to use a crate named `mock_nexus`, use `cargo add mock_nexus` to add it to your `Cargo.toml`
[INFO] [stdout] 
[INFO] [stdout] 
[INFO] [stdout] error[E0433]: cannot find module or crate `mock_nexus` in this scope
[INFO] [stdout]    --> tests/service_conformance.rs:180:18
[INFO] [stdout]     |
[INFO] [stdout] 180 |     let server = mock_nexus::MockNexus::start(mock_nexus::Scenario::EulaGate).unwrap();
[INFO] [stdout]     |                  ^^^^^^^^^^ use of unresolved module or unlinked crate `mock_nexus`
[INFO] [stdout]     |
[INFO] [stdout]     = help: if you wanted to use a crate named `mock_nexus`, use `cargo add mock_nexus` to add it to your `Cargo.toml`
[INFO] [stdout] 
[INFO] [stdout] 
[INFO] [stdout] error[E0433]: cannot find module or crate `mock_nexus` in this scope
[INFO] [stdout]    --> tests/service_conformance.rs:180:47
[INFO] [stdout]     |
[INFO] [stdout] 180 |     let server = mock_nexus::MockNexus::start(mock_nexus::Scenario::EulaGate).unwrap();
[INFO] [stdout]     |                                               ^^^^^^^^^^ use of unresolved module or unlinked crate `mock_nexus`
[INFO] [stdout]     |
[INFO] [stdout]     = help: if you wanted to use a crate named `mock_nexus`, use `cargo add mock_nexus` to add it to your `Cargo.toml`
[INFO] [stdout] 
[INFO] [stdout] 
[INFO] [stdout] error[E0433]: cannot find module or crate `mock_nexus` in this scope
[INFO] [stdout]    --> tests/service_conformance.rs:194:18
[INFO] [stdout]     |
[INFO] [stdout] 194 |     let server = mock_nexus::MockNexus::start(mock_nexus::Scenario::EulaAbsent).unwrap();
[INFO] [stdout]     |                  ^^^^^^^^^^ use of unresolved module or unlinked crate `mock_nexus`
[INFO] [stdout]     |
[INFO] [stdout]     = help: if you wanted to use a crate named `mock_nexus`, use `cargo add mock_nexus` to add it to your `Cargo.toml`
[INFO] [stdout] 
[INFO] [stdout] 
[INFO] [stdout] error[E0433]: cannot find module or crate `mock_nexus` in this scope
[INFO] [stdout]    --> tests/service_conformance.rs:194:47
[INFO] [stdout]     |
[INFO] [stdout] 194 |     let server = mock_nexus::MockNexus::start(mock_nexus::Scenario::EulaAbsent).unwrap();
[INFO] [stdout]     |                                               ^^^^^^^^^^ use of unresolved module or unlinked crate `mock_nexus`
[INFO] [stdout]     |
[INFO] [stdout]     = help: if you wanted to use a crate named `mock_nexus`, use `cargo add mock_nexus` to add it to your `Cargo.toml`
[INFO] [stdout] 
[INFO] [stdout] 
[INFO] [stdout] error[E0433]: cannot find module or crate `mock_nexus` in this scope
[INFO] [stdout]    --> tests/service_conformance.rs:204:18
[INFO] [stdout]     |
[INFO] [stdout] 204 |     let server = mock_nexus::MockNexus::start(mock_nexus::Scenario::DetailInHint).unwrap();
[INFO] [stdout]     |                  ^^^^^^^^^^ use of unresolved module or unlinked crate `mock_nexus`
[INFO] [stdout]     |
[INFO] [stdout]     = help: if you wanted to use a crate named `mock_nexus`, use `cargo add mock_nexus` to add it to your `Cargo.toml`
[INFO] [stdout] 
[INFO] [stdout] 
[INFO] [stdout] error[E0433]: cannot find module or crate `mock_nexus` in this scope
[INFO] [stdout]    --> tests/service_conformance.rs:204:47
[INFO] [stdout]     |
[INFO] [stdout] 204 |     let server = mock_nexus::MockNexus::start(mock_nexus::Scenario::DetailInHint).unwrap();
[INFO] [stdout]     |                                               ^^^^^^^^^^ use of unresolved module or unlinked crate `mock_nexus`
[INFO] [stdout]     |
[INFO] [stdout]     = help: if you wanted to use a crate named `mock_nexus`, use `cargo add mock_nexus` to add it to your `Cargo.toml`
[INFO] [stdout] 
[INFO] [stdout] 
[INFO] [stdout] For more information about this error, try `rustc --explain E0433`.
[INFO] [stdout] 
[INFO] [stderr] error: could not compile `nexus-raw-core` (test "service_conformance") due to 26 previous errors
[INFO] [stdout] For more information about this error, try `rustc --explain E0432`.
[INFO] [stdout] 
[INFO] [stderr] error: could not compile `nexus-raw-core` (test "conformance") due to 1 previous error
[INFO] running `Command { std: "docker" "inspect" "21369f14f5dd9dc6aab5746c0ec5f4c670183e8870614484b4b580e672d839c2", kill_on_drop: false }`
[INFO] running `Command { std: "docker" "rm" "-f" "21369f14f5dd9dc6aab5746c0ec5f4c670183e8870614484b4b580e672d839c2", kill_on_drop: false }`
[INFO] [stdout] 21369f14f5dd9dc6aab5746c0ec5f4c670183e8870614484b4b580e672d839c2
