[INFO] fetching crate newtua-stuffit 0.1.2...
[INFO] testing newtua-stuffit-0.1.2 against 1.100.0-beta.1+cargoflags=--release for beta-release-1.100-2
[INFO] extracting crate newtua-stuffit 0.1.2 into /workspace/builds/worker-2-tc2/source
[INFO] started tweaking crates.io crate newtua-stuffit 0.1.2
[INFO] removed 0 missing tests
[INFO] finished tweaking crates.io crate newtua-stuffit 0.1.2
[INFO] tweaked toml for crates.io crate newtua-stuffit 0.1.2 written to /workspace/builds/worker-2-tc2/source/Cargo.toml
[INFO] validating manifest of crates.io crate newtua-stuffit 0.1.2 on toolchain 1.100.0-beta.1
[INFO] running `Command { std: CARGO_HOME="/workspace/cargo-home" RUSTUP_HOME="/workspace/rustup-home" "/workspace/cargo-home/bin/cargo" "+1.100.0-beta.1" "metadata" "--manifest-path" "Cargo.toml" "--no-deps", kill_on_drop: false }`
[INFO] crate crates.io crate newtua-stuffit 0.1.2 already has a lockfile, it will not be regenerated
[INFO] running `Command { std: CARGO_HOME="/workspace/cargo-home" RUSTUP_HOME="/workspace/rustup-home" "/workspace/cargo-home/bin/cargo" "+1.100.0-beta.1" "fetch" "--manifest-path" "Cargo.toml", kill_on_drop: false }`
[INFO] running `Command { std: "docker" "create" "-v" "/var/lib/crater-agent-workspace/builds/worker-2-tc2/source:/opt/rustwide/workdir:ro,Z" "-v" "/var/lib/crater-agent-workspace/builds/worker-2-tc2/target:/opt/rustwide/target:rw,Z" "-v" "/var/lib/crater-agent-workspace/cargo-home:/opt/rustwide/cargo-home:ro,Z" "-v" "/var/lib/crater-agent-workspace/rustup-home:/opt/rustwide/rustup-home:ro,Z" "-m" "1610612736" "--network" "none" "ghcr.io/rust-lang/crates-build-env/linux@sha256:77db811e55d90add9212f6832c23229e3de5f1c1f9905e8cb07319ea15df73ac" "sleep" "infinity", kill_on_drop: false }`
[INFO] [stdout] 216a72e9adf9b685872a3a58b991d28d8c023c427479f6b4e1494c1b3d442123
[INFO] running `Command { std: "docker" "start" "216a72e9adf9b685872a3a58b991d28d8c023c427479f6b4e1494c1b3d442123", kill_on_drop: false }`
[INFO] running `Command { std: "docker" "inspect" "216a72e9adf9b685872a3a58b991d28d8c023c427479f6b4e1494c1b3d442123", kill_on_drop: false }`
[INFO] running `Command { std: "docker" "exec" "-e" "SOURCE_DIR=/opt/rustwide/workdir" "-e" "CARGO_HOME=/opt/rustwide/cargo-home" "-e" "RUSTUP_HOME=/opt/rustwide/rustup-home" "-e" "CARGO_TARGET_DIR=/opt/rustwide/target" "-w" "/opt/rustwide/workdir" "--user" "0:0" "216a72e9adf9b685872a3a58b991d28d8c023c427479f6b4e1494c1b3d442123" "/opt/rustwide/cargo-home/bin/cargo" "+1.100.0-beta.1" "metadata" "--no-deps" "--format-version=1", kill_on_drop: false }`
[INFO] running `Command { std: "docker" "inspect" "216a72e9adf9b685872a3a58b991d28d8c023c427479f6b4e1494c1b3d442123", kill_on_drop: false }`
[INFO] running `Command { std: "docker" "exec" "-e" "SOURCE_DIR=/opt/rustwide/workdir" "-e" "CARGO_HOME=/opt/rustwide/cargo-home" "-e" "RUSTUP_HOME=/opt/rustwide/rustup-home" "-e" "CARGO_TARGET_DIR=/opt/rustwide/target" "-e" "CARGO_INCREMENTAL=0" "-e" "RUST_BACKTRACE=full" "-e" "RUSTFLAGS=--cap-lints=warn" "-e" "RUSTDOCFLAGS=--cap-lints=warn" "-w" "/opt/rustwide/workdir" "--user" "0:0" "216a72e9adf9b685872a3a58b991d28d8c023c427479f6b4e1494c1b3d442123" "/opt/rustwide/cargo-home/bin/cargo" "+1.100.0-beta.1" "build" "--frozen" "--message-format=json" "--release", kill_on_drop: false }`
[INFO] [stderr]    Compiling newtua-common v0.1.2
[INFO] [stderr]    Compiling newtua-stuffit v0.1.2 (/opt/rustwide/workdir)
[INFO] [stderr]     Finished `release` profile [optimized] target(s) in 3.54s
[INFO] running `Command { std: "docker" "inspect" "216a72e9adf9b685872a3a58b991d28d8c023c427479f6b4e1494c1b3d442123", kill_on_drop: false }`
[INFO] running `Command { std: "docker" "exec" "-e" "SOURCE_DIR=/opt/rustwide/workdir" "-e" "CARGO_HOME=/opt/rustwide/cargo-home" "-e" "RUSTUP_HOME=/opt/rustwide/rustup-home" "-e" "CARGO_TARGET_DIR=/opt/rustwide/target" "-e" "CARGO_INCREMENTAL=0" "-e" "RUST_BACKTRACE=full" "-e" "RUSTFLAGS=--cap-lints=warn" "-e" "RUSTDOCFLAGS=--cap-lints=warn" "-w" "/opt/rustwide/workdir" "--user" "0:0" "216a72e9adf9b685872a3a58b991d28d8c023c427479f6b4e1494c1b3d442123" "/opt/rustwide/cargo-home/bin/cargo" "+1.100.0-beta.1" "test" "--frozen" "--no-run" "--message-format=json" "--release", kill_on_drop: false }`
[INFO] [stderr]    Compiling newtua-stuffit v0.1.2 (/opt/rustwide/workdir)
[INFO] [stdout] error[E0432]: unresolved import `newtua_testutil`
[INFO] [stdout]   --> tests/stuffit5_oracle.rs:32:5
[INFO] [stdout]    |
[INFO] [stdout] 32 | use newtua_testutil::unar_installed;
[INFO] [stdout]    |     ^^^^^^^^^^^^^^^ use of unresolved module or unlinked crate `newtua_testutil`
[INFO] [stdout]    |
[INFO] [stdout] help: there is a crate or module with a similar name
[INFO] [stdout]    |
[INFO] [stdout] 32 - use newtua_testutil::unar_installed;
[INFO] [stdout] 32 + use newtua_stuffit::unar_installed;
[INFO] [stdout]    |
[INFO] [stdout] 
[INFO] [stdout] 
[INFO] [stdout] error[E0432]: unresolved import `newtua_testutil`
[INFO] [stdout]   --> tests/stuffit15_oracle.rs:34:5
[INFO] [stdout]    |
[INFO] [stdout] 34 | use newtua_testutil::unar_installed;
[INFO] [stdout]    |     ^^^^^^^^^^^^^^^ use of unresolved module or unlinked crate `newtua_testutil`
[INFO] [stdout]    |
[INFO] [stdout] help: there is a crate or module with a similar name
[INFO] [stdout]    |
[INFO] [stdout] 34 - use newtua_testutil::unar_installed;
[INFO] [stdout] 34 + use newtua_stuffit::unar_installed;
[INFO] [stdout]    |
[INFO] [stdout] 
[INFO] [stdout] 
[INFO] [stdout] error[E0432]: unresolved import `newtua_testutil`
[INFO] [stdout]   --> tests/stuffit13_oracle.rs:34:5
[INFO] [stdout]    |
[INFO] [stdout] 34 | use newtua_testutil::{unar_installed, BitWriter};
[INFO] [stdout]    |     ^^^^^^^^^^^^^^^ use of unresolved module or unlinked crate `newtua_testutil`
[INFO] [stdout]    |
[INFO] [stdout] help: there is a crate or module with a similar name
[INFO] [stdout]    |
[INFO] [stdout] 34 - use newtua_testutil::{unar_installed, BitWriter};
[INFO] [stdout] 34 + use newtua_stuffit::{unar_installed, BitWriter};
[INFO] [stdout]    |
[INFO] [stdout] 
[INFO] [stdout] 
[INFO] [stdout] error[E0432]: unresolved import `newtua_testutil`
[INFO] [stdout]   --> tests/stuffit_oracle.rs:29:5
[INFO] [stdout]    |
[INFO] [stdout] 29 | use newtua_testutil::unar_installed;
[INFO] [stdout]    |     ^^^^^^^^^^^^^^^ use of unresolved module or unlinked crate `newtua_testutil`
[INFO] [stdout]    |
[INFO] [stdout] help: there is a crate or module with a similar name
[INFO] [stdout]    |
[INFO] [stdout] 29 - use newtua_testutil::unar_installed;
[INFO] [stdout] 29 + use newtua_stuffit::unar_installed;
[INFO] [stdout]    |
[INFO] [stdout] 
[INFO] [stdout] 
[INFO] [stdout] For more information about this error, try `rustc --explain E0432`.
[INFO] [stdout] 
[INFO] [stderr] error: could not compile `newtua-stuffit` (test "stuffit13_oracle") due to 1 previous error
[INFO] [stderr] warning: build failed, waiting for other jobs to finish...
[INFO] [stdout] For more information about this error, try `rustc --explain E0432`.
[INFO] [stdout] 
[INFO] [stdout] For more information about this error, try `rustc --explain E0432`.
[INFO] [stdout] 
[INFO] [stdout] error[E0433]: cannot find module or crate `newtua_testutil` in this scope
[INFO] [stdout]    --> tests/stuffit_oracle.rs:122:20
[INFO] [stdout]     |
[INFO] [stdout] 122 |     let mut bits = newtua_testutil::BitWriter::default();
[INFO] [stdout]     |                    ^^^^^^^^^^^^^^^ use of unresolved module or unlinked crate `newtua_testutil`
[INFO] [stdout]     |
[INFO] [stdout] help: there is a crate or module with a similar name
[INFO] [stdout]     |
[INFO] [stdout] 122 -     let mut bits = newtua_testutil::BitWriter::default();
[INFO] [stdout] 122 +     let mut bits = newtua_stuffit::BitWriter::default();
[INFO] [stdout]     |
[INFO] [stdout] 
[INFO] [stdout] 
[INFO] [stderr] error: could not compile `newtua-stuffit` (test "stuffit5_oracle") due to 1 previous error
[INFO] [stderr] error: could not compile `newtua-stuffit` (test "stuffit15_oracle") due to 1 previous error
[INFO] [stdout] error[E0432]: unresolved import `newtua_testutil`
[INFO] [stdout]   --> tests/sit5_oracle.rs:35:5
[INFO] [stdout]    |
[INFO] [stdout] 35 | use newtua_testutil::unar_installed;
[INFO] [stdout]    |     ^^^^^^^^^^^^^^^ use of unresolved module or unlinked crate `newtua_testutil`
[INFO] [stdout]    |
[INFO] [stdout] help: there is a crate or module with a similar name
[INFO] [stdout]    |
[INFO] [stdout] 35 - use newtua_testutil::unar_installed;
[INFO] [stdout] 35 + use newtua_stuffit::unar_installed;
[INFO] [stdout]    |
[INFO] [stdout] 
[INFO] [stdout] 
[INFO] [stdout] error[E0433]: cannot find module or crate `newtua_testutil` in this scope
[INFO] [stdout]    --> tests/sitx_oracle.rs:601:9
[INFO] [stdout]     |
[INFO] [stdout] 601 |     if !newtua_testutil::unar_installed() {
[INFO] [stdout]     |         ^^^^^^^^^^^^^^^ use of unresolved module or unlinked crate `newtua_testutil`
[INFO] [stdout]     |
[INFO] [stdout] help: there is a crate or module with a similar name
[INFO] [stdout]     |
[INFO] [stdout] 601 -     if !newtua_testutil::unar_installed() {
[INFO] [stdout] 601 +     if !newtua_stuffit::unar_installed() {
[INFO] [stdout]     |
[INFO] [stdout] 
[INFO] [stdout] 
[INFO] [stdout] error[E0433]: cannot find module or crate `newtua_testutil` in this scope
[INFO] [stdout]    --> tests/sitx_oracle.rs:622:18
[INFO] [stdout]     |
[INFO] [stdout] 622 |     let theirs = newtua_testutil::unar_extract_all(&data, "fixture.sitx");
[INFO] [stdout]     |                  ^^^^^^^^^^^^^^^ use of unresolved module or unlinked crate `newtua_testutil`
[INFO] [stdout]     |
[INFO] [stdout] help: there is a crate or module with a similar name
[INFO] [stdout]     |
[INFO] [stdout] 622 -     let theirs = newtua_testutil::unar_extract_all(&data, "fixture.sitx");
[INFO] [stdout] 622 +     let theirs = newtua_stuffit::unar_extract_all(&data, "fixture.sitx");
[INFO] [stdout]     |
[INFO] [stdout] 
[INFO] [stdout] 
[INFO] [stdout] error[E0433]: cannot find module or crate `newtua_testutil` in this scope
[INFO] [stdout]    --> tests/sitx_oracle.rs:632:9
[INFO] [stdout]     |
[INFO] [stdout] 632 |     if !newtua_testutil::unar_installed() {
[INFO] [stdout]     |         ^^^^^^^^^^^^^^^ use of unresolved module or unlinked crate `newtua_testutil`
[INFO] [stdout]     |
[INFO] [stdout] help: there is a crate or module with a similar name
[INFO] [stdout]     |
[INFO] [stdout] 632 -     if !newtua_testutil::unar_installed() {
[INFO] [stdout] 632 +     if !newtua_stuffit::unar_installed() {
[INFO] [stdout]     |
[INFO] [stdout] 
[INFO] [stdout] 
[INFO] [stdout] error[E0433]: cannot find module or crate `newtua_testutil` in this scope
[INFO] [stdout]    --> tests/sitx_oracle.rs:657:18
[INFO] [stdout]     |
[INFO] [stdout] 657 |     let theirs = newtua_testutil::unar_extract_all(&data, "fixture.sitx");
[INFO] [stdout]     |                  ^^^^^^^^^^^^^^^ use of unresolved module or unlinked crate `newtua_testutil`
[INFO] [stdout]     |
[INFO] [stdout] help: there is a crate or module with a similar name
[INFO] [stdout]     |
[INFO] [stdout] 657 -     let theirs = newtua_testutil::unar_extract_all(&data, "fixture.sitx");
[INFO] [stdout] 657 +     let theirs = newtua_stuffit::unar_extract_all(&data, "fixture.sitx");
[INFO] [stdout]     |
[INFO] [stdout] 
[INFO] [stdout] 
[INFO] [stdout] error[E0433]: cannot find module or crate `newtua_testutil` in this scope
[INFO] [stdout]    --> tests/sitx_oracle.rs:665:21
[INFO] [stdout]     |
[INFO] [stdout] 665 |     let Some(dir) = newtua_testutil::sitx_corpus_dir() else {
[INFO] [stdout]     |                     ^^^^^^^^^^^^^^^ use of unresolved module or unlinked crate `newtua_testutil`
[INFO] [stdout]     |
[INFO] [stdout] help: there is a crate or module with a similar name
[INFO] [stdout]     |
[INFO] [stdout] 665 -     let Some(dir) = newtua_testutil::sitx_corpus_dir() else {
[INFO] [stdout] 665 +     let Some(dir) = newtua_stuffit::sitx_corpus_dir() else {
[INFO] [stdout]     |
[INFO] [stdout] 
[INFO] [stdout] 
[INFO] [stdout] error[E0433]: cannot find module or crate `newtua_testutil` in this scope
[INFO] [stdout]    --> tests/sitx_oracle.rs:669:9
[INFO] [stdout]     |
[INFO] [stdout] 669 |     if !newtua_testutil::unar_installed() {
[INFO] [stdout]     |         ^^^^^^^^^^^^^^^ use of unresolved module or unlinked crate `newtua_testutil`
[INFO] [stdout]     |
[INFO] [stdout] help: there is a crate or module with a similar name
[INFO] [stdout]     |
[INFO] [stdout] 669 -     if !newtua_testutil::unar_installed() {
[INFO] [stdout] 669 +     if !newtua_stuffit::unar_installed() {
[INFO] [stdout]     |
[INFO] [stdout] 
[INFO] [stdout] 
[INFO] [stdout] error[E0433]: cannot find module or crate `newtua_testutil` in this scope
[INFO] [stdout]    --> tests/sitx_oracle.rs:690:28
[INFO] [stdout]     |
[INFO] [stdout] 690 |         let theirs = match newtua_testutil::try_unar_extract_all(&bytes, &name) {
[INFO] [stdout]     |                            ^^^^^^^^^^^^^^^ use of unresolved module or unlinked crate `newtua_testutil`
[INFO] [stdout]     |
[INFO] [stdout] help: there is a crate or module with a similar name
[INFO] [stdout]     |
[INFO] [stdout] 690 -         let theirs = match newtua_testutil::try_unar_extract_all(&bytes, &name) {
[INFO] [stdout] 690 +         let theirs = match newtua_stuffit::try_unar_extract_all(&bytes, &name) {
[INFO] [stdout]     |
[INFO] [stdout] 
[INFO] [stdout] 
[INFO] [stdout] warning: method call on a diverging inference variable
[INFO] [stdout]    --> tests/sitx_oracle.rs:737:40
[INFO] [stdout]     |
[INFO] [stdout] 737 |             assert_eq!(Some(v), theirs.get(k), "mismatch on {k} in {name}");
[INFO] [stdout]     |                                        ^^^
[INFO] [stdout]     |
[INFO] [stdout]     = help: consider providing a type annotation
[INFO] [stdout]     = warning: this was previously accepted by the compiler but is being phased out; it will become a hard error in a future release!
[INFO] [stdout]     = note: for more information, see issue #156047 <https://github.com/rust-lang/rust/issues/156047>
[INFO] [stdout]     = note: `#[warn(method_call_on_diverging_infer_var)]` (part of `#[warn(future_incompatible)]`) on by default
[INFO] [stdout] 
[INFO] [stdout] 
[INFO] [stdout] error[E0599]: no method named `get` found for type `!` in the current scope
[INFO] [stdout]    --> tests/sitx_oracle.rs:737:40
[INFO] [stdout]     |
[INFO] [stdout] 737 |             assert_eq!(Some(v), theirs.get(k), "mismatch on {k} in {name}");
[INFO] [stdout]     |                                        ^^^
[INFO] [stdout]     |
[INFO] [stdout] help: there is a method `ge` with a similar name
[INFO] [stdout]     |
[INFO] [stdout] 737 -             assert_eq!(Some(v), theirs.get(k), "mismatch on {k} in {name}");
[INFO] [stdout] 737 +             assert_eq!(Some(v), theirs.ge(k), "mismatch on {k} in {name}");
[INFO] [stdout]     |
[INFO] [stdout] 
[INFO] [stdout] 
[INFO] [stdout] error[E0433]: cannot find module or crate `newtua_testutil` in this scope
[INFO] [stdout]    --> tests/sitx_oracle.rs:756:21
[INFO] [stdout]     |
[INFO] [stdout] 756 |     let Some(dir) = newtua_testutil::sitx_corpus_dir() else {
[INFO] [stdout]     |                     ^^^^^^^^^^^^^^^ use of unresolved module or unlinked crate `newtua_testutil`
[INFO] [stdout]     |
[INFO] [stdout] help: there is a crate or module with a similar name
[INFO] [stdout]     |
[INFO] [stdout] 756 -     let Some(dir) = newtua_testutil::sitx_corpus_dir() else {
[INFO] [stdout] 756 +     let Some(dir) = newtua_stuffit::sitx_corpus_dir() else {
[INFO] [stdout]     |
[INFO] [stdout] 
[INFO] [stdout] 
[INFO] [stdout] error[E0433]: cannot find module or crate `newtua_testutil` in this scope
[INFO] [stdout]    --> tests/sitx_oracle.rs:797:21
[INFO] [stdout]     |
[INFO] [stdout] 797 |     let Some(dir) = newtua_testutil::sitx_corpus_dir() else {
[INFO] [stdout]     |                     ^^^^^^^^^^^^^^^ use of unresolved module or unlinked crate `newtua_testutil`
[INFO] [stdout]     |
[INFO] [stdout] help: there is a crate or module with a similar name
[INFO] [stdout]     |
[INFO] [stdout] 797 -     let Some(dir) = newtua_testutil::sitx_corpus_dir() else {
[INFO] [stdout] 797 +     let Some(dir) = newtua_stuffit::sitx_corpus_dir() else {
[INFO] [stdout]     |
[INFO] [stdout] 
[INFO] [stdout] 
[INFO] [stdout] error[E0433]: cannot find module or crate `newtua_testutil` in this scope
[INFO] [stdout]    --> tests/sitx_oracle.rs:801:9
[INFO] [stdout]     |
[INFO] [stdout] 801 |     if !newtua_testutil::unar_installed() {
[INFO] [stdout]     |         ^^^^^^^^^^^^^^^ use of unresolved module or unlinked crate `newtua_testutil`
[INFO] [stdout]     |
[INFO] [stdout] help: there is a crate or module with a similar name
[INFO] [stdout]     |
[INFO] [stdout] 801 -     if !newtua_testutil::unar_installed() {
[INFO] [stdout] 801 +     if !newtua_stuffit::unar_installed() {
[INFO] [stdout]     |
[INFO] [stdout] 
[INFO] [stdout] 
[INFO] [stdout] error[E0433]: cannot find module or crate `newtua_testutil` in this scope
[INFO] [stdout]    --> tests/sitx_oracle.rs:832:28
[INFO] [stdout]     |
[INFO] [stdout] 832 |         let Some(theirs) = newtua_testutil::try_unar_extract_all(&bytes, &name) else {
[INFO] [stdout]     |                            ^^^^^^^^^^^^^^^ use of unresolved module or unlinked crate `newtua_testutil`
[INFO] [stdout]     |
[INFO] [stdout] help: there is a crate or module with a similar name
[INFO] [stdout]     |
[INFO] [stdout] 832 -         let Some(theirs) = newtua_testutil::try_unar_extract_all(&bytes, &name) else {
[INFO] [stdout] 832 +         let Some(theirs) = newtua_stuffit::try_unar_extract_all(&bytes, &name) else {
[INFO] [stdout]     |
[INFO] [stdout] 
[INFO] [stdout] 
[INFO] [stdout] error[E0433]: cannot find module or crate `newtua_testutil` in this scope
[INFO] [stdout]    --> tests/sitx_oracle.rs:866:21
[INFO] [stdout]     |
[INFO] [stdout] 866 |     let Some(dir) = newtua_testutil::sitx_corpus_dir() else {
[INFO] [stdout]     |                     ^^^^^^^^^^^^^^^ use of unresolved module or unlinked crate `newtua_testutil`
[INFO] [stdout]     |
[INFO] [stdout] help: there is a crate or module with a similar name
[INFO] [stdout]     |
[INFO] [stdout] 866 -     let Some(dir) = newtua_testutil::sitx_corpus_dir() else {
[INFO] [stdout] 866 +     let Some(dir) = newtua_stuffit::sitx_corpus_dir() else {
[INFO] [stdout]     |
[INFO] [stdout] 
[INFO] [stdout] 
[INFO] [stdout] error[E0433]: cannot find module or crate `newtua_testutil` in this scope
[INFO] [stdout]    --> tests/sitx_oracle.rs:870:9
[INFO] [stdout]     |
[INFO] [stdout] 870 |     if !newtua_testutil::unar_installed() {
[INFO] [stdout]     |         ^^^^^^^^^^^^^^^ use of unresolved module or unlinked crate `newtua_testutil`
[INFO] [stdout]     |
[INFO] [stdout] help: there is a crate or module with a similar name
[INFO] [stdout]     |
[INFO] [stdout] 870 -     if !newtua_testutil::unar_installed() {
[INFO] [stdout] 870 +     if !newtua_stuffit::unar_installed() {
[INFO] [stdout]     |
[INFO] [stdout] 
[INFO] [stdout] 
[INFO] [stdout] error[E0433]: cannot find module or crate `newtua_testutil` in this scope
[INFO] [stdout]    --> tests/sitx_oracle.rs:901:28
[INFO] [stdout]     |
[INFO] [stdout] 901 |         let Some(theirs) = newtua_testutil::try_unar_extract_all(&bytes, &name) else {
[INFO] [stdout]     |                            ^^^^^^^^^^^^^^^ use of unresolved module or unlinked crate `newtua_testutil`
[INFO] [stdout]     |
[INFO] [stdout] help: there is a crate or module with a similar name
[INFO] [stdout]     |
[INFO] [stdout] 901 -         let Some(theirs) = newtua_testutil::try_unar_extract_all(&bytes, &name) else {
[INFO] [stdout] 901 +         let Some(theirs) = newtua_stuffit::try_unar_extract_all(&bytes, &name) else {
[INFO] [stdout]     |
[INFO] [stdout] 
[INFO] [stdout] 
[INFO] [stdout] error[E0433]: cannot find module or crate `newtua_testutil` in this scope
[INFO] [stdout]    --> tests/sitx_oracle.rs:938:21
[INFO] [stdout]     |
[INFO] [stdout] 938 |     let Some(dir) = newtua_testutil::sitx_corpus_dir() else {
[INFO] [stdout]     |                     ^^^^^^^^^^^^^^^ use of unresolved module or unlinked crate `newtua_testutil`
[INFO] [stdout]     |
[INFO] [stdout] help: there is a crate or module with a similar name
[INFO] [stdout]     |
[INFO] [stdout] 938 -     let Some(dir) = newtua_testutil::sitx_corpus_dir() else {
[INFO] [stdout] 938 +     let Some(dir) = newtua_stuffit::sitx_corpus_dir() else {
[INFO] [stdout]     |
[INFO] [stdout] 
[INFO] [stdout] 
[INFO] [stdout] error[E0433]: cannot find module or crate `newtua_testutil` in this scope
[INFO] [stdout]    --> tests/sitx_oracle.rs:942:9
[INFO] [stdout]     |
[INFO] [stdout] 942 |     if !newtua_testutil::unar_installed() {
[INFO] [stdout]     |         ^^^^^^^^^^^^^^^ use of unresolved module or unlinked crate `newtua_testutil`
[INFO] [stdout]     |
[INFO] [stdout] help: there is a crate or module with a similar name
[INFO] [stdout]     |
[INFO] [stdout] 942 -     if !newtua_testutil::unar_installed() {
[INFO] [stdout] 942 +     if !newtua_stuffit::unar_installed() {
[INFO] [stdout]     |
[INFO] [stdout] 
[INFO] [stdout] 
[INFO] [stdout] error[E0433]: cannot find module or crate `newtua_testutil` in this scope
[INFO] [stdout]    --> tests/sitx_oracle.rs:973:28
[INFO] [stdout]     |
[INFO] [stdout] 973 |         let Some(theirs) = newtua_testutil::try_unar_extract_all(&bytes, &name) else {
[INFO] [stdout]     |                            ^^^^^^^^^^^^^^^ use of unresolved module or unlinked crate `newtua_testutil`
[INFO] [stdout]     |
[INFO] [stdout] help: there is a crate or module with a similar name
[INFO] [stdout]     |
[INFO] [stdout] 973 -         let Some(theirs) = newtua_testutil::try_unar_extract_all(&bytes, &name) else {
[INFO] [stdout] 973 +         let Some(theirs) = newtua_stuffit::try_unar_extract_all(&bytes, &name) else {
[INFO] [stdout]     |
[INFO] [stdout] 
[INFO] [stdout] 
[INFO] [stdout] error[E0433]: cannot find module or crate `newtua_testutil` in this scope
[INFO] [stdout]     --> tests/sitx_oracle.rs:1089:21
[INFO] [stdout]      |
[INFO] [stdout] 1089 |     let Some(dir) = newtua_testutil::sitx_corpus_dir() else {
[INFO] [stdout]      |                     ^^^^^^^^^^^^^^^ use of unresolved module or unlinked crate `newtua_testutil`
[INFO] [stdout]      |
[INFO] [stdout] help: there is a crate or module with a similar name
[INFO] [stdout]      |
[INFO] [stdout] 1089 -     let Some(dir) = newtua_testutil::sitx_corpus_dir() else {
[INFO] [stdout] 1089 +     let Some(dir) = newtua_stuffit::sitx_corpus_dir() else {
[INFO] [stdout]      |
[INFO] [stdout] 
[INFO] [stdout] 
[INFO] [stdout] error[E0433]: cannot find module or crate `newtua_testutil` in this scope
[INFO] [stdout]     --> tests/sitx_oracle.rs:1093:9
[INFO] [stdout]      |
[INFO] [stdout] 1093 |     if !newtua_testutil::unar_installed() {
[INFO] [stdout]      |         ^^^^^^^^^^^^^^^ use of unresolved module or unlinked crate `newtua_testutil`
[INFO] [stdout]      |
[INFO] [stdout] help: there is a crate or module with a similar name
[INFO] [stdout]      |
[INFO] [stdout] 1093 -     if !newtua_testutil::unar_installed() {
[INFO] [stdout] 1093 +     if !newtua_stuffit::unar_installed() {
[INFO] [stdout]      |
[INFO] [stdout] 
[INFO] [stdout] 
[INFO] [stdout] error[E0433]: cannot find module or crate `newtua_testutil` in this scope
[INFO] [stdout]     --> tests/sitx_oracle.rs:1124:28
[INFO] [stdout]      |
[INFO] [stdout] 1124 |         let Some(theirs) = newtua_testutil::try_unar_extract_all(&bytes, &name) else {
[INFO] [stdout]      |                            ^^^^^^^^^^^^^^^ use of unresolved module or unlinked crate `newtua_testutil`
[INFO] [stdout]      |
[INFO] [stdout] help: there is a crate or module with a similar name
[INFO] [stdout]      |
[INFO] [stdout] 1124 -         let Some(theirs) = newtua_testutil::try_unar_extract_all(&bytes, &name) else {
[INFO] [stdout] 1124 +         let Some(theirs) = newtua_stuffit::try_unar_extract_all(&bytes, &name) else {
[INFO] [stdout]      |
[INFO] [stdout] 
[INFO] [stdout] 
[INFO] [stdout] Some errors have detailed explanations: E0433, E0599.
[INFO] [stdout] 
[INFO] [stdout] For more information about an error, try `rustc --explain E0433`.
[INFO] [stdout] 
[INFO] [stderr] error: could not compile `newtua-stuffit` (test "sitx_oracle") due to 21 previous errors; 2 warnings emitted
[INFO] [stdout] Some errors have detailed explanations: E0432, E0433.
[INFO] [stdout] 
[INFO] [stdout] For more information about an error, try `rustc --explain E0432`.
[INFO] [stdout] 
[INFO] [stderr] error: could not compile `newtua-stuffit` (test "stuffit_oracle") due to 2 previous errors
[INFO] [stdout] error[E0432]: unresolved import `newtua_testutil`
[INFO] [stdout]    --> src/stuffit13.rs:552:9
[INFO] [stdout]     |
[INFO] [stdout] 552 |     use newtua_testutil::BitWriter;
[INFO] [stdout]     |         ^^^^^^^^^^^^^^^ use of unresolved module or unlinked crate `newtua_testutil`
[INFO] [stdout]     |
[INFO] [stdout]     = help: if you wanted to use a crate named `newtua_testutil`, use `cargo add newtua_testutil` to add it to your `Cargo.toml`
[INFO] [stdout] 
[INFO] [stdout] 
[INFO] [stdout] error[E0433]: cannot find module or crate `newtua_testutil` in this scope
[INFO] [stdout]    --> src/sit5.rs:746:24
[INFO] [stdout]     |
[INFO] [stdout] 746 |         let mut bits = newtua_testutil::BitWriter::default();
[INFO] [stdout]     |                        ^^^^^^^^^^^^^^^ use of unresolved module or unlinked crate `newtua_testutil`
[INFO] [stdout]     |
[INFO] [stdout]     = help: if you wanted to use a crate named `newtua_testutil`, use `cargo add newtua_testutil` to add it to your `Cargo.toml`
[INFO] [stdout] 
[INFO] [stdout] 
[INFO] [stdout] For more information about this error, try `rustc --explain E0432`.
[INFO] [stdout] 
[INFO] [stderr] error: could not compile `newtua-stuffit` (test "sit5_oracle") due to 1 previous error
[INFO] [stdout] error[E0433]: cannot find module or crate `newtua_testutil` in this scope
[INFO] [stdout]    --> src/stuffit.rs:449:24
[INFO] [stdout]     |
[INFO] [stdout] 449 |         let mut bits = newtua_testutil::BitWriter::default();
[INFO] [stdout]     |                        ^^^^^^^^^^^^^^^ use of unresolved module or unlinked crate `newtua_testutil`
[INFO] [stdout]     |
[INFO] [stdout]     = help: if you wanted to use a crate named `newtua_testutil`, use `cargo add newtua_testutil` to add it to your `Cargo.toml`
[INFO] [stdout] 
[INFO] [stdout] 
[INFO] [stdout] Some errors have detailed explanations: E0432, E0433.
[INFO] [stdout] 
[INFO] [stdout] For more information about an error, try `rustc --explain E0432`.
[INFO] [stdout] 
[INFO] [stderr] error: could not compile `newtua-stuffit` (lib test) due to 3 previous errors
[INFO] running `Command { std: "docker" "inspect" "216a72e9adf9b685872a3a58b991d28d8c023c427479f6b4e1494c1b3d442123", kill_on_drop: false }`
[INFO] running `Command { std: "docker" "rm" "-f" "216a72e9adf9b685872a3a58b991d28d8c023c427479f6b4e1494c1b3d442123", kill_on_drop: false }`
[INFO] [stdout] 216a72e9adf9b685872a3a58b991d28d8c023c427479f6b4e1494c1b3d442123
