[INFO] fetching crate newtua-amiga 0.1.1...
[INFO] testing newtua-amiga-0.1.1 against 1.99.0-beta.8+cargoflags=--release for beta-release-1.100-2
[INFO] extracting crate newtua-amiga 0.1.1 into /workspace/builds/worker-1-tc1/source
[INFO] started tweaking crates.io crate newtua-amiga 0.1.1
[INFO] removed 0 missing tests
[INFO] finished tweaking crates.io crate newtua-amiga 0.1.1
[INFO] tweaked toml for crates.io crate newtua-amiga 0.1.1 written to /workspace/builds/worker-1-tc1/source/Cargo.toml
[INFO] validating manifest of crates.io crate newtua-amiga 0.1.1 on toolchain 1.99.0-beta.8
[INFO] running `Command { std: CARGO_HOME="/workspace/cargo-home" RUSTUP_HOME="/workspace/rustup-home" "/workspace/cargo-home/bin/cargo" "+1.99.0-beta.8" "metadata" "--manifest-path" "Cargo.toml" "--no-deps", kill_on_drop: false }`
[INFO] crate crates.io crate newtua-amiga 0.1.1 already has a lockfile, it will not be regenerated
[INFO] running `Command { std: CARGO_HOME="/workspace/cargo-home" RUSTUP_HOME="/workspace/rustup-home" "/workspace/cargo-home/bin/cargo" "+1.99.0-beta.8" "fetch" "--manifest-path" "Cargo.toml", kill_on_drop: false }`
[INFO] [stderr]     Updating crates.io index
[INFO] [stderr]  Downloading crates ...
[INFO] [stderr]   Downloaded newtua-common v0.1.1
[INFO] running `Command { std: "docker" "create" "-v" "/var/lib/crater-agent-workspace/builds/worker-1-tc1/source:/opt/rustwide/workdir:ro,Z" "-v" "/var/lib/crater-agent-workspace/builds/worker-1-tc1/target:/opt/rustwide/target:rw,Z" "-v" "/var/lib/crater-agent-workspace/cargo-home:/opt/rustwide/cargo-home:ro,Z" "-v" "/var/lib/crater-agent-workspace/rustup-home:/opt/rustwide/rustup-home:ro,Z" "-m" "1610612736" "--network" "none" "ghcr.io/rust-lang/crates-build-env/linux@sha256:77db811e55d90add9212f6832c23229e3de5f1c1f9905e8cb07319ea15df73ac" "sleep" "infinity", kill_on_drop: false }`
[INFO] [stdout] 97fee95cf1d6b4122ee1b9a941cf051bb0f2be35e27c34dd0f54e5d3df619a11
[INFO] running `Command { std: "docker" "start" "97fee95cf1d6b4122ee1b9a941cf051bb0f2be35e27c34dd0f54e5d3df619a11", kill_on_drop: false }`
[INFO] running `Command { std: "docker" "inspect" "97fee95cf1d6b4122ee1b9a941cf051bb0f2be35e27c34dd0f54e5d3df619a11", kill_on_drop: false }`
[INFO] running `Command { std: "docker" "exec" "-e" "SOURCE_DIR=/opt/rustwide/workdir" "-e" "CARGO_HOME=/opt/rustwide/cargo-home" "-e" "RUSTUP_HOME=/opt/rustwide/rustup-home" "-e" "CARGO_TARGET_DIR=/opt/rustwide/target" "-w" "/opt/rustwide/workdir" "--user" "0:0" "97fee95cf1d6b4122ee1b9a941cf051bb0f2be35e27c34dd0f54e5d3df619a11" "/opt/rustwide/cargo-home/bin/cargo" "+1.99.0-beta.8" "metadata" "--no-deps" "--format-version=1", kill_on_drop: false }`
[INFO] running `Command { std: "docker" "inspect" "97fee95cf1d6b4122ee1b9a941cf051bb0f2be35e27c34dd0f54e5d3df619a11", kill_on_drop: false }`
[INFO] running `Command { std: "docker" "exec" "-e" "SOURCE_DIR=/opt/rustwide/workdir" "-e" "CARGO_HOME=/opt/rustwide/cargo-home" "-e" "RUSTUP_HOME=/opt/rustwide/rustup-home" "-e" "CARGO_TARGET_DIR=/opt/rustwide/target" "-e" "CARGO_INCREMENTAL=0" "-e" "RUST_BACKTRACE=full" "-e" "RUSTFLAGS=--cap-lints=warn" "-e" "RUSTDOCFLAGS=--cap-lints=warn" "-w" "/opt/rustwide/workdir" "--user" "0:0" "97fee95cf1d6b4122ee1b9a941cf051bb0f2be35e27c34dd0f54e5d3df619a11" "/opt/rustwide/cargo-home/bin/cargo" "+1.99.0-beta.8" "build" "--frozen" "--message-format=json" "--release", kill_on_drop: false }`
[INFO] [stderr]    Compiling newtua-common v0.1.1
[INFO] [stderr]    Compiling newtua-amiga v0.1.1 (/opt/rustwide/workdir)
[INFO] [stderr]     Finished `release` profile [optimized] target(s) in 1.29s
[INFO] running `Command { std: "docker" "inspect" "97fee95cf1d6b4122ee1b9a941cf051bb0f2be35e27c34dd0f54e5d3df619a11", kill_on_drop: false }`
[INFO] running `Command { std: "docker" "exec" "-e" "SOURCE_DIR=/opt/rustwide/workdir" "-e" "CARGO_HOME=/opt/rustwide/cargo-home" "-e" "RUSTUP_HOME=/opt/rustwide/rustup-home" "-e" "CARGO_TARGET_DIR=/opt/rustwide/target" "-e" "CARGO_INCREMENTAL=0" "-e" "RUST_BACKTRACE=full" "-e" "RUSTFLAGS=--cap-lints=warn" "-e" "RUSTDOCFLAGS=--cap-lints=warn" "-w" "/opt/rustwide/workdir" "--user" "0:0" "97fee95cf1d6b4122ee1b9a941cf051bb0f2be35e27c34dd0f54e5d3df619a11" "/opt/rustwide/cargo-home/bin/cargo" "+1.99.0-beta.8" "test" "--frozen" "--no-run" "--message-format=json" "--release", kill_on_drop: false }`
[INFO] [stderr]    Compiling newtua-amiga v0.1.1 (/opt/rustwide/workdir)
[INFO] [stdout] error[E0432]: unresolved import `newtua_testutil`
[INFO] [stdout]   --> tests/dms_oracle.rs:25:5
[INFO] [stdout]    |
[INFO] [stdout] 25 | use newtua_testutil::{
[INFO] [stdout]    |     ^^^^^^^^^^^^^^^ use of unresolved module or unlinked crate `newtua_testutil`
[INFO] [stdout]    |
[INFO] [stdout]    = help: if you wanted to use a crate named `newtua_testutil`, use `cargo add newtua_testutil` to add it to your `Cargo.toml`
[INFO] [stdout] 
[INFO] [stdout] 
[INFO] [stdout] error[E0432]: unresolved import `newtua_testutil`
[INFO] [stdout]   --> tests/powerpacker_oracle.rs:15:5
[INFO] [stdout]    |
[INFO] [stdout] 15 | use newtua_testutil::{unar_extract_one, unar_installed};
[INFO] [stdout]    |     ^^^^^^^^^^^^^^^ use of unresolved module or unlinked crate `newtua_testutil`
[INFO] [stdout]    |
[INFO] [stdout]    = help: if you wanted to use a crate named `newtua_testutil`, use `cargo add newtua_testutil` to add it to your `Cargo.toml`
[INFO] [stdout] 
[INFO] [stdout] 
[INFO] [stdout] error[E0432]: unresolved import `newtua_testutil`
[INFO] [stdout]   --> tests/lzx_oracle.rs:16:5
[INFO] [stdout]    |
[INFO] [stdout] 16 | use newtua_testutil::{unar_extract_all, unar_installed, BitWriter};
[INFO] [stdout]    |     ^^^^^^^^^^^^^^^ use of unresolved module or unlinked crate `newtua_testutil`
[INFO] [stdout]    |
[INFO] [stdout]    = help: if you wanted to use a crate named `newtua_testutil`, use `cargo add newtua_testutil` to add it to your `Cargo.toml`
[INFO] [stdout] 
[INFO] [stdout] 
[INFO] [stdout] For more information about this error, try `rustc --explain E0432`.
[INFO] [stdout] 
[INFO] [stderr] error: could not compile `newtua-amiga` (test "powerpacker_oracle") due to 1 previous error
[INFO] [stderr] warning: build failed, waiting for other jobs to finish...
[INFO] [stdout] For more information about this error, try `rustc --explain E0432`.
[INFO] [stdout] 
[INFO] [stderr] error: could not compile `newtua-amiga` (test "lzx_oracle") due to 1 previous error
[INFO] [stdout] error[E0432]: unresolved import `newtua_testutil`
[INFO] [stdout]     --> src/lzx.rs:1132:9
[INFO] [stdout]      |
[INFO] [stdout] 1132 |     use newtua_testutil::BitWriter;
[INFO] [stdout]      |         ^^^^^^^^^^^^^^^ use of unresolved module or unlinked crate `newtua_testutil`
[INFO] [stdout]      |
[INFO] [stdout]      = help: if you wanted to use a crate named `newtua_testutil`, use `cargo add newtua_testutil` to add it to your `Cargo.toml`
[INFO] [stdout] 
[INFO] [stdout] 
[INFO] [stdout] For more information about this error, try `rustc --explain E0432`.
[INFO] [stdout] 
[INFO] [stderr] error: could not compile `newtua-amiga` (test "dms_oracle") due to 1 previous error
[INFO] [stdout] error[E0433]: cannot find module or crate `newtua_testutil` in this scope
[INFO] [stdout]     --> src/dms.rs:2085:21
[INFO] [stdout]      |
[INFO] [stdout] 2085 |         let mut w = newtua_testutil::BitWriterMsb::default();
[INFO] [stdout]      |                     ^^^^^^^^^^^^^^^ use of unresolved module or unlinked crate `newtua_testutil`
[INFO] [stdout]      |
[INFO] [stdout]      = help: if you wanted to use a crate named `newtua_testutil`, use `cargo add newtua_testutil` to add it to your `Cargo.toml`
[INFO] [stdout] 
[INFO] [stdout] 
[INFO] [stdout] error[E0433]: cannot find module or crate `newtua_testutil` in this scope
[INFO] [stdout]     --> src/dms.rs:2107:21
[INFO] [stdout]      |
[INFO] [stdout] 2107 |         let mut w = newtua_testutil::BitWriterMsb::default();
[INFO] [stdout]      |                     ^^^^^^^^^^^^^^^ use of unresolved module or unlinked crate `newtua_testutil`
[INFO] [stdout]      |
[INFO] [stdout]      = help: if you wanted to use a crate named `newtua_testutil`, use `cargo add newtua_testutil` to add it to your `Cargo.toml`
[INFO] [stdout] 
[INFO] [stdout] 
[INFO] [stdout] error[E0433]: cannot find module or crate `newtua_testutil` in this scope
[INFO] [stdout]     --> src/dms.rs:2147:21
[INFO] [stdout]      |
[INFO] [stdout] 2147 |         let mut w = newtua_testutil::BitWriterMsb::default();
[INFO] [stdout]      |                     ^^^^^^^^^^^^^^^ use of unresolved module or unlinked crate `newtua_testutil`
[INFO] [stdout]      |
[INFO] [stdout]      = help: if you wanted to use a crate named `newtua_testutil`, use `cargo add newtua_testutil` to add it to your `Cargo.toml`
[INFO] [stdout] 
[INFO] [stdout] 
[INFO] [stdout] error[E0433]: cannot find module or crate `newtua_testutil` in this scope
[INFO] [stdout]     --> src/dms.rs:2179:21
[INFO] [stdout]      |
[INFO] [stdout] 2179 |         let mut w = newtua_testutil::BitWriterMsb::default();
[INFO] [stdout]      |                     ^^^^^^^^^^^^^^^ use of unresolved module or unlinked crate `newtua_testutil`
[INFO] [stdout]      |
[INFO] [stdout]      = help: if you wanted to use a crate named `newtua_testutil`, use `cargo add newtua_testutil` to add it to your `Cargo.toml`
[INFO] [stdout] 
[INFO] [stdout] 
[INFO] [stdout] error[E0433]: cannot find module or crate `newtua_testutil` in this scope
[INFO] [stdout]     --> src/dms.rs:2204:21
[INFO] [stdout]      |
[INFO] [stdout] 2204 |         let mut w = newtua_testutil::BitWriterMsb::default();
[INFO] [stdout]      |                     ^^^^^^^^^^^^^^^ use of unresolved module or unlinked crate `newtua_testutil`
[INFO] [stdout]      |
[INFO] [stdout]      = help: if you wanted to use a crate named `newtua_testutil`, use `cargo add newtua_testutil` to add it to your `Cargo.toml`
[INFO] [stdout] 
[INFO] [stdout] 
[INFO] [stdout] error[E0433]: cannot find module or crate `newtua_testutil` in this scope
[INFO] [stdout]     --> src/dms.rs:2581:21
[INFO] [stdout]      |
[INFO] [stdout] 2581 |         let mut w = newtua_testutil::BitWriterMsb::default();
[INFO] [stdout]      |                     ^^^^^^^^^^^^^^^ use of unresolved module or unlinked crate `newtua_testutil`
[INFO] [stdout]      |
[INFO] [stdout]      = help: if you wanted to use a crate named `newtua_testutil`, use `cargo add newtua_testutil` to add it to your `Cargo.toml`
[INFO] [stdout] 
[INFO] [stdout] 
[INFO] [stdout] error[E0433]: cannot find module or crate `newtua_testutil` in this scope
[INFO] [stdout]     --> src/dms.rs:2654:26
[INFO] [stdout]      |
[INFO] [stdout] 2654 |         let mut writer = newtua_testutil::BitWriterMsb::default();
[INFO] [stdout]      |                          ^^^^^^^^^^^^^^^ use of unresolved module or unlinked crate `newtua_testutil`
[INFO] [stdout]      |
[INFO] [stdout]      = help: if you wanted to use a crate named `newtua_testutil`, use `cargo add newtua_testutil` to add it to your `Cargo.toml`
[INFO] [stdout] 
[INFO] [stdout] 
[INFO] [stdout] error[E0433]: cannot find module or crate `newtua_testutil` in this scope
[INFO] [stdout]     --> src/dms.rs:2670:26
[INFO] [stdout]      |
[INFO] [stdout] 2670 |         let mut writer = newtua_testutil::BitWriterMsb::default();
[INFO] [stdout]      |                          ^^^^^^^^^^^^^^^ use of unresolved module or unlinked crate `newtua_testutil`
[INFO] [stdout]      |
[INFO] [stdout]      = help: if you wanted to use a crate named `newtua_testutil`, use `cargo add newtua_testutil` to add it to your `Cargo.toml`
[INFO] [stdout] 
[INFO] [stdout] 
[INFO] [stdout] error[E0433]: cannot find module or crate `newtua_testutil` in this scope
[INFO] [stdout]     --> src/dms.rs:2689:30
[INFO] [stdout]      |
[INFO] [stdout] 2689 |             let mut writer = newtua_testutil::BitWriterMsb::default();
[INFO] [stdout]      |                              ^^^^^^^^^^^^^^^ use of unresolved module or unlinked crate `newtua_testutil`
[INFO] [stdout]      |
[INFO] [stdout]      = help: if you wanted to use a crate named `newtua_testutil`, use `cargo add newtua_testutil` to add it to your `Cargo.toml`
[INFO] [stdout] 
[INFO] [stdout] 
[INFO] [stdout] error[E0433]: cannot find module or crate `newtua_testutil` in this scope
[INFO] [stdout]     --> src/dms.rs:2959:25
[INFO] [stdout]      |
[INFO] [stdout] 2959 |             let mut w = newtua_testutil::BitWriterMsb::default();
[INFO] [stdout]      |                         ^^^^^^^^^^^^^^^ use of unresolved module or unlinked crate `newtua_testutil`
[INFO] [stdout]      |
[INFO] [stdout]      = help: if you wanted to use a crate named `newtua_testutil`, use `cargo add newtua_testutil` to add it to your `Cargo.toml`
[INFO] [stdout] 
[INFO] [stdout] 
[INFO] [stdout] error[E0433]: cannot find module or crate `newtua_testutil` in this scope
[INFO] [stdout]     --> src/dms.rs:2990:21
[INFO] [stdout]      |
[INFO] [stdout] 2990 |         let mut w = newtua_testutil::BitWriterMsb::default();
[INFO] [stdout]      |                     ^^^^^^^^^^^^^^^ use of unresolved module or unlinked crate `newtua_testutil`
[INFO] [stdout]      |
[INFO] [stdout]      = help: if you wanted to use a crate named `newtua_testutil`, use `cargo add newtua_testutil` to add it to your `Cargo.toml`
[INFO] [stdout] 
[INFO] [stdout] 
[INFO] [stdout] error[E0433]: cannot find module or crate `newtua_testutil` in this scope
[INFO] [stdout]     --> src/dms.rs:3008:21
[INFO] [stdout]      |
[INFO] [stdout] 3008 |         let mut w = newtua_testutil::BitWriterMsb::default();
[INFO] [stdout]      |                     ^^^^^^^^^^^^^^^ use of unresolved module or unlinked crate `newtua_testutil`
[INFO] [stdout]      |
[INFO] [stdout]      = help: if you wanted to use a crate named `newtua_testutil`, use `cargo add newtua_testutil` to add it to your `Cargo.toml`
[INFO] [stdout] 
[INFO] [stdout] 
[INFO] [stdout] error[E0433]: cannot find module or crate `newtua_testutil` in this scope
[INFO] [stdout]     --> src/dms.rs:3030:21
[INFO] [stdout]      |
[INFO] [stdout] 3030 |         let mut w = newtua_testutil::BitWriterMsb::default();
[INFO] [stdout]      |                     ^^^^^^^^^^^^^^^ use of unresolved module or unlinked crate `newtua_testutil`
[INFO] [stdout]      |
[INFO] [stdout]      = help: if you wanted to use a crate named `newtua_testutil`, use `cargo add newtua_testutil` to add it to your `Cargo.toml`
[INFO] [stdout] 
[INFO] [stdout] 
[INFO] [stdout] error[E0433]: cannot find module or crate `newtua_testutil` in this scope
[INFO] [stdout]     --> src/dms.rs:3040:21
[INFO] [stdout]      |
[INFO] [stdout] 3040 |         let mut w = newtua_testutil::BitWriterMsb::default();
[INFO] [stdout]      |                     ^^^^^^^^^^^^^^^ use of unresolved module or unlinked crate `newtua_testutil`
[INFO] [stdout]      |
[INFO] [stdout]      = help: if you wanted to use a crate named `newtua_testutil`, use `cargo add newtua_testutil` to add it to your `Cargo.toml`
[INFO] [stdout] 
[INFO] [stdout] 
[INFO] [stdout] error[E0433]: cannot find module or crate `newtua_testutil` in this scope
[INFO] [stdout]     --> src/dms.rs:3055:21
[INFO] [stdout]      |
[INFO] [stdout] 3055 |         let mut w = newtua_testutil::BitWriterMsb::default();
[INFO] [stdout]      |                     ^^^^^^^^^^^^^^^ use of unresolved module or unlinked crate `newtua_testutil`
[INFO] [stdout]      |
[INFO] [stdout]      = help: if you wanted to use a crate named `newtua_testutil`, use `cargo add newtua_testutil` to add it to your `Cargo.toml`
[INFO] [stdout] 
[INFO] [stdout] 
[INFO] [stdout] error[E0433]: cannot find module or crate `newtua_testutil` in this scope
[INFO] [stdout]     --> src/dms.rs:3066:21
[INFO] [stdout]      |
[INFO] [stdout] 3066 |         let mut w = newtua_testutil::BitWriterMsb::default();
[INFO] [stdout]      |                     ^^^^^^^^^^^^^^^ use of unresolved module or unlinked crate `newtua_testutil`
[INFO] [stdout]      |
[INFO] [stdout]      = help: if you wanted to use a crate named `newtua_testutil`, use `cargo add newtua_testutil` to add it to your `Cargo.toml`
[INFO] [stdout] 
[INFO] [stdout] 
[INFO] [stdout] error[E0433]: cannot find module or crate `newtua_testutil` in this scope
[INFO] [stdout]     --> src/dms.rs:3079:21
[INFO] [stdout]      |
[INFO] [stdout] 3079 |         let mut w = newtua_testutil::BitWriterMsb::default();
[INFO] [stdout]      |                     ^^^^^^^^^^^^^^^ use of unresolved module or unlinked crate `newtua_testutil`
[INFO] [stdout]      |
[INFO] [stdout]      = help: if you wanted to use a crate named `newtua_testutil`, use `cargo add newtua_testutil` to add it to your `Cargo.toml`
[INFO] [stdout] 
[INFO] [stdout] 
[INFO] [stdout] error[E0433]: cannot find module or crate `newtua_testutil` in this scope
[INFO] [stdout]     --> src/dms.rs:3359:30
[INFO] [stdout]      |
[INFO] [stdout] 3359 |             let mut writer = newtua_testutil::BitWriterMsb::default();
[INFO] [stdout]      |                              ^^^^^^^^^^^^^^^ use of unresolved module or unlinked crate `newtua_testutil`
[INFO] [stdout]      |
[INFO] [stdout]      = help: if you wanted to use a crate named `newtua_testutil`, use `cargo add newtua_testutil` to add it to your `Cargo.toml`
[INFO] [stdout] 
[INFO] [stdout] 
[INFO] [stdout] error[E0433]: cannot find module or crate `newtua_testutil` in this scope
[INFO] [stdout]     --> src/dms.rs:3378:26
[INFO] [stdout]      |
[INFO] [stdout] 3378 |         let mut writer = newtua_testutil::BitWriterMsb::default();
[INFO] [stdout]      |                          ^^^^^^^^^^^^^^^ use of unresolved module or unlinked crate `newtua_testutil`
[INFO] [stdout]      |
[INFO] [stdout]      = help: if you wanted to use a crate named `newtua_testutil`, use `cargo add newtua_testutil` to add it to your `Cargo.toml`
[INFO] [stdout] 
[INFO] [stdout] 
[INFO] [stdout] error[E0433]: cannot find module or crate `newtua_testutil` in this scope
[INFO] [stdout]     --> src/dms.rs:3395:26
[INFO] [stdout]      |
[INFO] [stdout] 3395 |         let mut writer = newtua_testutil::BitWriterMsb::default();
[INFO] [stdout]      |                          ^^^^^^^^^^^^^^^ use of unresolved module or unlinked crate `newtua_testutil`
[INFO] [stdout]      |
[INFO] [stdout]      = help: if you wanted to use a crate named `newtua_testutil`, use `cargo add newtua_testutil` to add it to your `Cargo.toml`
[INFO] [stdout] 
[INFO] [stdout] 
[INFO] [stdout] error[E0433]: cannot find module or crate `newtua_testutil` in this scope
[INFO] [stdout]     --> src/dms.rs:3409:26
[INFO] [stdout]      |
[INFO] [stdout] 3409 |         let mut writer = newtua_testutil::BitWriterMsb::default();
[INFO] [stdout]      |                          ^^^^^^^^^^^^^^^ use of unresolved module or unlinked crate `newtua_testutil`
[INFO] [stdout]      |
[INFO] [stdout]      = help: if you wanted to use a crate named `newtua_testutil`, use `cargo add newtua_testutil` to add it to your `Cargo.toml`
[INFO] [stdout] 
[INFO] [stdout] 
[INFO] [stdout] error[E0433]: cannot find module or crate `newtua_testutil` in this scope
[INFO] [stdout]     --> src/dms.rs:3424:22
[INFO] [stdout]      |
[INFO] [stdout] 3424 |         let mut w1 = newtua_testutil::BitWriterMsb::default();
[INFO] [stdout]      |                      ^^^^^^^^^^^^^^^ use of unresolved module or unlinked crate `newtua_testutil`
[INFO] [stdout]      |
[INFO] [stdout]      = help: if you wanted to use a crate named `newtua_testutil`, use `cargo add newtua_testutil` to add it to your `Cargo.toml`
[INFO] [stdout] 
[INFO] [stdout] 
[INFO] [stdout] error[E0433]: cannot find module or crate `newtua_testutil` in this scope
[INFO] [stdout]     --> src/dms.rs:3432:22
[INFO] [stdout]      |
[INFO] [stdout] 3432 |         let mut w2 = newtua_testutil::BitWriterMsb::default();
[INFO] [stdout]      |                      ^^^^^^^^^^^^^^^ use of unresolved module or unlinked crate `newtua_testutil`
[INFO] [stdout]      |
[INFO] [stdout]      = help: if you wanted to use a crate named `newtua_testutil`, use `cargo add newtua_testutil` to add it to your `Cargo.toml`
[INFO] [stdout] 
[INFO] [stdout] 
[INFO] [stdout] error[E0433]: cannot find module or crate `newtua_testutil` in this scope
[INFO] [stdout]     --> src/dms.rs:3457:26
[INFO] [stdout]      |
[INFO] [stdout] 3457 |         let mut writer = newtua_testutil::BitWriterMsb::default();
[INFO] [stdout]      |                          ^^^^^^^^^^^^^^^ use of unresolved module or unlinked crate `newtua_testutil`
[INFO] [stdout]      |
[INFO] [stdout]      = help: if you wanted to use a crate named `newtua_testutil`, use `cargo add newtua_testutil` to add it to your `Cargo.toml`
[INFO] [stdout] 
[INFO] [stdout] 
[INFO] [stdout] error[E0433]: cannot find module or crate `newtua_testutil` in this scope
[INFO] [stdout]     --> src/dms.rs:3492:26
[INFO] [stdout]      |
[INFO] [stdout] 3492 |         let mut writer = newtua_testutil::BitWriterMsb::default();
[INFO] [stdout]      |                          ^^^^^^^^^^^^^^^ use of unresolved module or unlinked crate `newtua_testutil`
[INFO] [stdout]      |
[INFO] [stdout]      = help: if you wanted to use a crate named `newtua_testutil`, use `cargo add newtua_testutil` to add it to your `Cargo.toml`
[INFO] [stdout] 
[INFO] [stdout] 
[INFO] [stdout] error[E0433]: cannot find module or crate `newtua_testutil` in this scope
[INFO] [stdout]     --> src/dms.rs:3527:26
[INFO] [stdout]      |
[INFO] [stdout] 3527 |         let mut writer = newtua_testutil::BitWriterMsb::default();
[INFO] [stdout]      |                          ^^^^^^^^^^^^^^^ use of unresolved module or unlinked crate `newtua_testutil`
[INFO] [stdout]      |
[INFO] [stdout]      = help: if you wanted to use a crate named `newtua_testutil`, use `cargo add newtua_testutil` to add it to your `Cargo.toml`
[INFO] [stdout] 
[INFO] [stdout] 
[INFO] [stdout] error[E0433]: cannot find module or crate `newtua_testutil` in this scope
[INFO] [stdout]     --> src/dms.rs:2834:12
[INFO] [stdout]      |
[INFO] [stdout] 2834 |         if newtua_testutil::unar_installed() {
[INFO] [stdout]      |            ^^^^^^^^^^^^^^^ use of unresolved module or unlinked crate `newtua_testutil`
[INFO] [stdout]      |
[INFO] [stdout]      = help: if you wanted to use a crate named `newtua_testutil`, use `cargo add newtua_testutil` to add it to your `Cargo.toml`
[INFO] [stdout] 
[INFO] [stdout] 
[INFO] [stdout] error[E0433]: cannot find module or crate `newtua_testutil` in this scope
[INFO] [stdout]     --> src/dms.rs:2835:27
[INFO] [stdout]      |
[INFO] [stdout] 2835 |             let outputs = newtua_testutil::unar_extract_all(&archive_bytes, "deep_lit.dms");
[INFO] [stdout]      |                           ^^^^^^^^^^^^^^^ use of unresolved module or unlinked crate `newtua_testutil`
[INFO] [stdout]      |
[INFO] [stdout]      = help: if you wanted to use a crate named `newtua_testutil`, use `cargo add newtua_testutil` to add it to your `Cargo.toml`
[INFO] [stdout] 
[INFO] [stdout] 
[INFO] [stdout] error[E0433]: cannot find module or crate `newtua_testutil` in this scope
[INFO] [stdout]     --> src/dms.rs:2879:12
[INFO] [stdout]      |
[INFO] [stdout] 2879 |         if newtua_testutil::unar_installed() {
[INFO] [stdout]      |            ^^^^^^^^^^^^^^^ use of unresolved module or unlinked crate `newtua_testutil`
[INFO] [stdout]      |
[INFO] [stdout]      = help: if you wanted to use a crate named `newtua_testutil`, use `cargo add newtua_testutil` to add it to your `Cargo.toml`
[INFO] [stdout] 
[INFO] [stdout] 
[INFO] [stdout] error[E0433]: cannot find module or crate `newtua_testutil` in this scope
[INFO] [stdout]     --> src/dms.rs:2880:27
[INFO] [stdout]      |
[INFO] [stdout] 2880 |             let outputs = newtua_testutil::unar_extract_all(&archive_bytes, "deep_match.dms");
[INFO] [stdout]      |                           ^^^^^^^^^^^^^^^ use of unresolved module or unlinked crate `newtua_testutil`
[INFO] [stdout]      |
[INFO] [stdout]      = help: if you wanted to use a crate named `newtua_testutil`, use `cargo add newtua_testutil` to add it to your `Cargo.toml`
[INFO] [stdout] 
[INFO] [stdout] 
[INFO] [stdout] error[E0433]: cannot find module or crate `newtua_testutil` in this scope
[INFO] [stdout]     --> src/dms.rs:2920:12
[INFO] [stdout]      |
[INFO] [stdout] 2920 |         if newtua_testutil::unar_installed() {
[INFO] [stdout]      |            ^^^^^^^^^^^^^^^ use of unresolved module or unlinked crate `newtua_testutil`
[INFO] [stdout]      |
[INFO] [stdout]      = help: if you wanted to use a crate named `newtua_testutil`, use `cargo add newtua_testutil` to add it to your `Cargo.toml`
[INFO] [stdout] 
[INFO] [stdout] 
[INFO] [stdout] error[E0433]: cannot find module or crate `newtua_testutil` in this scope
[INFO] [stdout]     --> src/dms.rs:2921:27
[INFO] [stdout]      |
[INFO] [stdout] 2921 |             let outputs = newtua_testutil::unar_extract_all(&archive_bytes, "deep_noinit.dms");
[INFO] [stdout]      |                           ^^^^^^^^^^^^^^^ use of unresolved module or unlinked crate `newtua_testutil`
[INFO] [stdout]      |
[INFO] [stdout]      = help: if you wanted to use a crate named `newtua_testutil`, use `cargo add newtua_testutil` to add it to your `Cargo.toml`
[INFO] [stdout] 
[INFO] [stdout] 
[INFO] [stdout] error[E0433]: cannot find module or crate `newtua_testutil` in this scope
[INFO] [stdout]     --> src/dms.rs:3562:12
[INFO] [stdout]      |
[INFO] [stdout] 3562 |         if newtua_testutil::unar_installed() {
[INFO] [stdout]      |            ^^^^^^^^^^^^^^^ use of unresolved module or unlinked crate `newtua_testutil`
[INFO] [stdout]      |
[INFO] [stdout]      = help: if you wanted to use a crate named `newtua_testutil`, use `cargo add newtua_testutil` to add it to your `Cargo.toml`
[INFO] [stdout] 
[INFO] [stdout] 
[INFO] [stdout] error[E0433]: cannot find module or crate `newtua_testutil` in this scope
[INFO] [stdout]     --> src/dms.rs:3563:27
[INFO] [stdout]      |
[INFO] [stdout] 3563 |             let outputs = newtua_testutil::unar_extract_all(&archive_bytes, "heavy1_lit.dms");
[INFO] [stdout]      |                           ^^^^^^^^^^^^^^^ use of unresolved module or unlinked crate `newtua_testutil`
[INFO] [stdout]      |
[INFO] [stdout]      = help: if you wanted to use a crate named `newtua_testutil`, use `cargo add newtua_testutil` to add it to your `Cargo.toml`
[INFO] [stdout] 
[INFO] [stdout] 
[INFO] [stdout] error[E0433]: cannot find module or crate `newtua_testutil` in this scope
[INFO] [stdout]     --> src/dms.rs:3584:12
[INFO] [stdout]      |
[INFO] [stdout] 3584 |         if newtua_testutil::unar_installed() {
[INFO] [stdout]      |            ^^^^^^^^^^^^^^^ use of unresolved module or unlinked crate `newtua_testutil`
[INFO] [stdout]      |
[INFO] [stdout]      = help: if you wanted to use a crate named `newtua_testutil`, use `cargo add newtua_testutil` to add it to your `Cargo.toml`
[INFO] [stdout] 
[INFO] [stdout] 
[INFO] [stdout] error[E0433]: cannot find module or crate `newtua_testutil` in this scope
[INFO] [stdout]     --> src/dms.rs:3585:27
[INFO] [stdout]      |
[INFO] [stdout] 3585 |             let outputs = newtua_testutil::unar_extract_all(&archive_bytes, "heavy2_lit.dms");
[INFO] [stdout]      |                           ^^^^^^^^^^^^^^^ use of unresolved module or unlinked crate `newtua_testutil`
[INFO] [stdout]      |
[INFO] [stdout]      = help: if you wanted to use a crate named `newtua_testutil`, use `cargo add newtua_testutil` to add it to your `Cargo.toml`
[INFO] [stdout] 
[INFO] [stdout] 
[INFO] [stdout] error[E0433]: cannot find module or crate `newtua_testutil` in this scope
[INFO] [stdout]     --> src/dms.rs:3618:12
[INFO] [stdout]      |
[INFO] [stdout] 3618 |         if newtua_testutil::unar_installed() {
[INFO] [stdout]      |            ^^^^^^^^^^^^^^^ use of unresolved module or unlinked crate `newtua_testutil`
[INFO] [stdout]      |
[INFO] [stdout]      = help: if you wanted to use a crate named `newtua_testutil`, use `cargo add newtua_testutil` to add it to your `Cargo.toml`
[INFO] [stdout] 
[INFO] [stdout] 
[INFO] [stdout] error[E0433]: cannot find module or crate `newtua_testutil` in this scope
[INFO] [stdout]     --> src/dms.rs:3619:27
[INFO] [stdout]      |
[INFO] [stdout] 3619 |             let outputs = newtua_testutil::unar_extract_all(&archive_bytes, "heavy_match.dms");
[INFO] [stdout]      |                           ^^^^^^^^^^^^^^^ use of unresolved module or unlinked crate `newtua_testutil`
[INFO] [stdout]      |
[INFO] [stdout]      = help: if you wanted to use a crate named `newtua_testutil`, use `cargo add newtua_testutil` to add it to your `Cargo.toml`
[INFO] [stdout] 
[INFO] [stdout] 
[INFO] [stdout] error[E0433]: cannot find module or crate `newtua_testutil` in this scope
[INFO] [stdout]     --> src/dms.rs:3660:12
[INFO] [stdout]      |
[INFO] [stdout] 3660 |         if newtua_testutil::unar_installed() {
[INFO] [stdout]      |            ^^^^^^^^^^^^^^^ use of unresolved module or unlinked crate `newtua_testutil`
[INFO] [stdout]      |
[INFO] [stdout]      = help: if you wanted to use a crate named `newtua_testutil`, use `cargo add newtua_testutil` to add it to your `Cargo.toml`
[INFO] [stdout] 
[INFO] [stdout] 
[INFO] [stdout] error[E0433]: cannot find module or crate `newtua_testutil` in this scope
[INFO] [stdout]     --> src/dms.rs:3661:27
[INFO] [stdout]      |
[INFO] [stdout] 3661 |             let outputs = newtua_testutil::unar_extract_all(&archive_bytes, "heavy_noinit.dms");
[INFO] [stdout]      |                           ^^^^^^^^^^^^^^^ use of unresolved module or unlinked crate `newtua_testutil`
[INFO] [stdout]      |
[INFO] [stdout]      = help: if you wanted to use a crate named `newtua_testutil`, use `cargo add newtua_testutil` to add it to your `Cargo.toml`
[INFO] [stdout] 
[INFO] [stdout] 
[INFO] [stdout] error[E0433]: cannot find module or crate `newtua_testutil` in this scope
[INFO] [stdout]     --> src/dms.rs:2605:55
[INFO] [stdout]      |
[INFO] [stdout] 2605 |     fn encode_char(state: &mut DmsState, writer: &mut newtua_testutil::BitWriterMsb, sym: u16) {
[INFO] [stdout]      |                                                       ^^^^^^^^^^^^^^^ use of unresolved module or unlinked crate `newtua_testutil`
[INFO] [stdout]      |
[INFO] [stdout]      = help: if you wanted to use a crate named `newtua_testutil`, use `cargo add newtua_testutil` to add it to your `Cargo.toml`
[INFO] [stdout] 
[INFO] [stdout] 
[INFO] [stdout] error[E0433]: cannot find module or crate `newtua_testutil` in this scope
[INFO] [stdout]     --> src/dms.rs:2627:37
[INFO] [stdout]      |
[INFO] [stdout] 2627 |     fn encode_position(writer: &mut newtua_testutil::BitWriterMsb, dist: u16) {
[INFO] [stdout]      |                                     ^^^^^^^^^^^^^^^ use of unresolved module or unlinked crate `newtua_testutil`
[INFO] [stdout]      |
[INFO] [stdout]      = help: if you wanted to use a crate named `newtua_testutil`, use `cargo add newtua_testutil` to add it to your `Cargo.toml`
[INFO] [stdout] 
[INFO] [stdout] 
[INFO] [stdout] error[E0433]: cannot find module or crate `newtua_testutil` in this scope
[INFO] [stdout]     --> src/dms.rs:3335:22
[INFO] [stdout]      |
[INFO] [stdout] 3335 |         writer: &mut newtua_testutil::BitWriterMsb,
[INFO] [stdout]      |                      ^^^^^^^^^^^^^^^ use of unresolved module or unlinked crate `newtua_testutil`
[INFO] [stdout]      |
[INFO] [stdout]      = help: if you wanted to use a crate named `newtua_testutil`, use `cargo add newtua_testutil` to add it to your `Cargo.toml`
[INFO] [stdout] 
[INFO] [stdout] 
[INFO] [stdout] error[E0433]: cannot find module or crate `newtua_testutil` in this scope
[INFO] [stdout]     --> src/dms.rs:3283:41
[INFO] [stdout]      |
[INFO] [stdout] 3283 |     fn write_c_tree_header(writer: &mut newtua_testutil::BitWriterMsb, c_len: &[u8; DMSNC]) {
[INFO] [stdout]      |                                         ^^^^^^^^^^^^^^^ use of unresolved module or unlinked crate `newtua_testutil`
[INFO] [stdout]      |
[INFO] [stdout]      = help: if you wanted to use a crate named `newtua_testutil`, use `cargo add newtua_testutil` to add it to your `Cargo.toml`
[INFO] [stdout] 
[INFO] [stdout] 
[INFO] [stdout] error[E0433]: cannot find module or crate `newtua_testutil` in this scope
[INFO] [stdout]     --> src/dms.rs:3291:42
[INFO] [stdout]      |
[INFO] [stdout] 3291 |     fn write_pt_tree_header(writer: &mut newtua_testutil::BitWriterMsb, pt_len: &[u8], np: usize) {
[INFO] [stdout]      |                                          ^^^^^^^^^^^^^^^ use of unresolved module or unlinked crate `newtua_testutil`
[INFO] [stdout]      |
[INFO] [stdout]      = help: if you wanted to use a crate named `newtua_testutil`, use `cargo add newtua_testutil` to add it to your `Cargo.toml`
[INFO] [stdout] 
[INFO] [stdout] 
[INFO] [stdout] error[E0433]: cannot find module or crate `newtua_testutil` in this scope
[INFO] [stdout]     --> src/dms.rs:3298:42
[INFO] [stdout]      |
[INFO] [stdout] 3298 |     fn encode_heavy_headers(writer: &mut newtua_testutil::BitWriterMsb, t: &HeavyTables) {
[INFO] [stdout]      |                                          ^^^^^^^^^^^^^^^ use of unresolved module or unlinked crate `newtua_testutil`
[INFO] [stdout]      |
[INFO] [stdout]      = help: if you wanted to use a crate named `newtua_testutil`, use `cargo add newtua_testutil` to add it to your `Cargo.toml`
[INFO] [stdout] 
[INFO] [stdout] 
[INFO] [stdout] error[E0433]: cannot find module or crate `newtua_testutil` in this scope
[INFO] [stdout]     --> src/dms.rs:3310:22
[INFO] [stdout]      |
[INFO] [stdout] 3310 |         writer: &mut newtua_testutil::BitWriterMsb,
[INFO] [stdout]      |                      ^^^^^^^^^^^^^^^ use of unresolved module or unlinked crate `newtua_testutil`
[INFO] [stdout]      |
[INFO] [stdout]      = help: if you wanted to use a crate named `newtua_testutil`, use `cargo add newtua_testutil` to add it to your `Cargo.toml`
[INFO] [stdout] 
[INFO] [stdout] 
[INFO] [stdout] Some errors have detailed explanations: E0432, E0433.
[INFO] [stdout] 
[INFO] [stdout] For more information about an error, try `rustc --explain E0432`.
[INFO] [stdout] 
[INFO] [stderr] error: could not compile `newtua-amiga` (lib test) due to 48 previous errors
[INFO] running `Command { std: "docker" "inspect" "97fee95cf1d6b4122ee1b9a941cf051bb0f2be35e27c34dd0f54e5d3df619a11", kill_on_drop: false }`
[INFO] running `Command { std: "docker" "rm" "-f" "97fee95cf1d6b4122ee1b9a941cf051bb0f2be35e27c34dd0f54e5d3df619a11", kill_on_drop: false }`
[INFO] [stdout] 97fee95cf1d6b4122ee1b9a941cf051bb0f2be35e27c34dd0f54e5d3df619a11
