[INFO] fetching crate newrelic 0.2.2...
[INFO] testing newrelic-0.2.2 against 1.100.0-beta.1+cargoflags=--release for beta-release-1.100-2
[INFO] extracting crate newrelic 0.2.2 into /workspace/builds/worker-5-tc2/source
[INFO] started tweaking crates.io crate newrelic 0.2.2
[INFO] finished tweaking crates.io crate newrelic 0.2.2
[INFO] tweaked toml for crates.io crate newrelic 0.2.2 written to /workspace/builds/worker-5-tc2/source/Cargo.toml
[INFO] validating manifest of crates.io crate newrelic 0.2.2 on toolchain 1.100.0-beta.1
[INFO] running `Command { std: CARGO_HOME="/workspace/cargo-home" RUSTUP_HOME="/workspace/rustup-home" "/workspace/cargo-home/bin/cargo" "+1.100.0-beta.1" "metadata" "--manifest-path" "Cargo.toml" "--no-deps", kill_on_drop: false }`
[INFO] crate crates.io crate newrelic 0.2.2 already has a lockfile, it will not be regenerated
[INFO] running `Command { std: CARGO_HOME="/workspace/cargo-home" RUSTUP_HOME="/workspace/rustup-home" "/workspace/cargo-home/bin/cargo" "+1.100.0-beta.1" "fetch" "--manifest-path" "Cargo.toml", kill_on_drop: false }`
[INFO] running `Command { std: "docker" "create" "-v" "/var/lib/crater-agent-workspace/builds/worker-5-tc2/source:/opt/rustwide/workdir:ro,Z" "-v" "/var/lib/crater-agent-workspace/builds/worker-5-tc2/target:/opt/rustwide/target:rw,Z" "-v" "/var/lib/crater-agent-workspace/cargo-home:/opt/rustwide/cargo-home:ro,Z" "-v" "/var/lib/crater-agent-workspace/rustup-home:/opt/rustwide/rustup-home:ro,Z" "-m" "1610612736" "--network" "none" "ghcr.io/rust-lang/crates-build-env/linux@sha256:77db811e55d90add9212f6832c23229e3de5f1c1f9905e8cb07319ea15df73ac" "sleep" "infinity", kill_on_drop: false }`
[INFO] [stdout] 1945ca8cc3bac2ed4eb30b213cbff9894aaacd0b5b0267b344b23f9340eea4f3
[INFO] running `Command { std: "docker" "start" "1945ca8cc3bac2ed4eb30b213cbff9894aaacd0b5b0267b344b23f9340eea4f3", kill_on_drop: false }`
[INFO] running `Command { std: "docker" "inspect" "1945ca8cc3bac2ed4eb30b213cbff9894aaacd0b5b0267b344b23f9340eea4f3", kill_on_drop: false }`
[INFO] running `Command { std: "docker" "exec" "-e" "SOURCE_DIR=/opt/rustwide/workdir" "-e" "CARGO_HOME=/opt/rustwide/cargo-home" "-e" "RUSTUP_HOME=/opt/rustwide/rustup-home" "-e" "CARGO_TARGET_DIR=/opt/rustwide/target" "-w" "/opt/rustwide/workdir" "--user" "0:0" "1945ca8cc3bac2ed4eb30b213cbff9894aaacd0b5b0267b344b23f9340eea4f3" "/opt/rustwide/cargo-home/bin/cargo" "+1.100.0-beta.1" "metadata" "--no-deps" "--format-version=1", kill_on_drop: false }`
[INFO] running `Command { std: "docker" "inspect" "1945ca8cc3bac2ed4eb30b213cbff9894aaacd0b5b0267b344b23f9340eea4f3", kill_on_drop: false }`
[INFO] running `Command { std: "docker" "exec" "-e" "SOURCE_DIR=/opt/rustwide/workdir" "-e" "CARGO_HOME=/opt/rustwide/cargo-home" "-e" "RUSTUP_HOME=/opt/rustwide/rustup-home" "-e" "CARGO_TARGET_DIR=/opt/rustwide/target" "-e" "CARGO_INCREMENTAL=0" "-e" "RUST_BACKTRACE=full" "-e" "RUSTFLAGS=--cap-lints=warn" "-e" "RUSTDOCFLAGS=--cap-lints=warn" "-w" "/opt/rustwide/workdir" "--user" "0:0" "1945ca8cc3bac2ed4eb30b213cbff9894aaacd0b5b0267b344b23f9340eea4f3" "/opt/rustwide/cargo-home/bin/cargo" "+1.100.0-beta.1" "build" "--frozen" "--message-format=json" "--release", kill_on_drop: false }`
[INFO] [stderr]    Compiling log v0.4.8
[INFO] [stderr]    Compiling newrelic-sys v0.2.0
[INFO] [stderr] error: failed to run custom build command for `newrelic-sys v0.2.0`
[INFO] [stderr] note: To improve backtraces for build dependencies, set the CARGO_PROFILE_RELEASE_BUILD_OVERRIDE_DEBUG=true environment variable to enable debug information generation.
[INFO] [stderr] 
[INFO] [stderr] Caused by:
[INFO] [stderr]   process didn't exit successfully: `/opt/rustwide/target/release/build/newrelic-sys/6d7bad7888ce7f9d/out/build_script_build` (exit status: 101)
[INFO] [stderr]   --- stdout
[INFO] [stderr]   cargo:rustc-link-search=native=/opt/rustwide/target/release/build/newrelic-sys/cd0c1754b07c3fab/out
[INFO] [stderr]   cargo:rustc-link-lib=static=newrelic
[INFO] [stderr]   cargo:rustc-link-lib=dylib=pcre
[INFO] [stderr]   make -C vendor/newrelic/axiom
[INFO] [stderr]   make[1]: Entering directory '/opt/rustwide/cargo-home/registry/src/index.crates.io-1949cf8c6b5b557f/newrelic-sys-0.2.0/vendor/vendor/newrelic/axiom'
[INFO] [stderr]   make[1]: Leaving directory '/opt/rustwide/cargo-home/registry/src/index.crates.io-1949cf8c6b5b557f/newrelic-sys-0.2.0/vendor/vendor/newrelic/axiom'
[INFO] [stderr]   "./vendor/libnewrelic.a"
[INFO] [stderr] 
[INFO] [stderr]   --- stderr
[INFO] [stderr]   make: pcre-config: No such file or directory
[INFO] [stderr]   make: pcre-config: No such file or directory
[INFO] [stderr]   cat: ../../VERSION: No such file or directory
[INFO] [stderr]   fatal: not a git repository (or any parent up to mount point /opt/rustwide)
[INFO] [stderr]   Stopping at filesystem boundary (GIT_DISCOVERY_ACROSS_FILESYSTEM not set).
[INFO] [stderr]   make[1]: pcre-config: No such file or directory
[INFO] [stderr]   mkdir: Read-only file system
[INFO] [stderr]   make[1]: *** [Makefile:195: .deps/] Error 1
[INFO] [stderr]   make: *** [Makefile:88: vendor/newrelic/axiom/libaxiom.a] Error 2
[INFO] [stderr] 
[INFO] [stderr]   thread 'main' (93) panicked at /opt/rustwide/cargo-home/registry/src/index.crates.io-1949cf8c6b5b557f/newrelic-sys-0.2.0/build.rs:25:61:
[INFO] [stderr]   Could not copy object files: Os { code: 2, kind: NotFound, message: "No such file or directory" }
[INFO] [stderr]   stack backtrace:
[INFO] [stderr]      0:     0x5855c78a35b1 - <<std[617be2ca0a6fd877]::sys::backtrace::BacktraceLock>::print::DisplayBacktrace as core[a373ad73a504971]::fmt::Display>::fmt
[INFO] [stderr]      1:     0x5855c78b45aa - core[a373ad73a504971]::fmt::write
[INFO] [stderr]      2:     0x5855c78a6efc - <std[617be2ca0a6fd877]::sys::stdio::unix::Stderr as core[a373ad73a504971]::io::write::Write>::write_fmt
[INFO] [stderr]      3:     0x5855c78863e6 - std[617be2ca0a6fd877]::panicking::default_hook::{closure#0}
[INFO] [stderr]      4:     0x5855c789ea41 - std[617be2ca0a6fd877]::panicking::default_hook
[INFO] [stderr]      5:     0x5855c789ebfb - std[617be2ca0a6fd877]::panicking::panic_with_hook
[INFO] [stderr]      6:     0x5855c7886492 - std[617be2ca0a6fd877]::panicking::panic_handler::{closure#0}
[INFO] [stderr]      7:     0x5855c787f509 - std[617be2ca0a6fd877]::sys::backtrace::__rust_end_short_backtrace::<std[617be2ca0a6fd877]::panicking::panic_handler::{closure#0}, !>
[INFO] [stderr]      8:     0x5855c7886c5d - __rustc[ea4f61d10b84890b]::rust_begin_unwind
[INFO] [stderr]      9:     0x5855c78b4cdc - core[a373ad73a504971]::panicking::panic_fmt
[INFO] [stderr]     10:     0x5855c78b4ab2 - core[a373ad73a504971]::result::unwrap_failed
[INFO] [stderr]     11:     0x5855c7872ab6 - <core[a373ad73a504971]::result::Result<u64, core[a373ad73a504971]::io::error::Error>>::expect
[INFO] [stderr]     12:     0x5855c78728a3 - build_script_build[a942e9d613cf53fa]::main
[INFO] [stderr]     13:     0x5855c7874143 - <fn() as core[a373ad73a504971]::ops::function::FnOnce<()>>::call_once
[INFO] [stderr]     14:     0x5855c7872066 - std[617be2ca0a6fd877]::sys::backtrace::__rust_begin_short_backtrace::<fn(), ()>
[INFO] [stderr]     15:     0x5855c7872379 - std[617be2ca0a6fd877]::rt::lang_start::<()>::{closure#0}
[INFO] [stderr]     16:     0x5855c789deb8 - std[617be2ca0a6fd877]::rt::lang_start_internal
[INFO] [stderr]     17:     0x5855c7871961 - std[617be2ca0a6fd877]::rt::lang_start::<()>
[INFO] [stderr]     18:     0x5855c78741b5 - main
[INFO] [stderr]     19:     0x74f7e71ab601 - <unknown>
[INFO] [stderr]     20:     0x74f7e71ab718 - __libc_start_main
[INFO] [stderr]     21:     0x5855c7871055 - _start
[INFO] [stderr]     22:                0x0 - <unknown>
[INFO] running `Command { std: "docker" "inspect" "1945ca8cc3bac2ed4eb30b213cbff9894aaacd0b5b0267b344b23f9340eea4f3", kill_on_drop: false }`
[INFO] running `Command { std: "docker" "rm" "-f" "1945ca8cc3bac2ed4eb30b213cbff9894aaacd0b5b0267b344b23f9340eea4f3", kill_on_drop: false }`
[INFO] [stdout] 1945ca8cc3bac2ed4eb30b213cbff9894aaacd0b5b0267b344b23f9340eea4f3
