[INFO] fetching crate newport_game 0.2.0...
[INFO] testing newport_game-0.2.0 against 1.100.0-beta.1+cargoflags=--release for beta-release-1.100-2
[INFO] extracting crate newport_game 0.2.0 into /workspace/builds/worker-4-tc2/source
[INFO] started tweaking crates.io crate newport_game 0.2.0
[INFO] finished tweaking crates.io crate newport_game 0.2.0
[INFO] tweaked toml for crates.io crate newport_game 0.2.0 written to /workspace/builds/worker-4-tc2/source/Cargo.toml
[INFO] validating manifest of crates.io crate newport_game 0.2.0 on toolchain 1.100.0-beta.1
[INFO] running `Command { std: CARGO_HOME="/workspace/cargo-home" RUSTUP_HOME="/workspace/rustup-home" "/workspace/cargo-home/bin/cargo" "+1.100.0-beta.1" "metadata" "--manifest-path" "Cargo.toml" "--no-deps", kill_on_drop: false }`
[INFO] running `Command { std: CARGO_HOME="/workspace/cargo-home" RUSTUP_HOME="/workspace/rustup-home" "/workspace/cargo-home/bin/cargo" "+1.100.0-beta.1" "generate-lockfile" "--manifest-path" "Cargo.toml", kill_on_drop: false }`
[INFO] [stderr]     Updating crates.io index
[INFO] [stderr]      Locking 73 packages to highest compatible versions
[INFO] running `Command { std: CARGO_HOME="/workspace/cargo-home" RUSTUP_HOME="/workspace/rustup-home" "/workspace/cargo-home/bin/cargo" "+1.100.0-beta.1" "fetch" "--manifest-path" "Cargo.toml", kill_on_drop: false }`
[INFO] running `Command { std: "docker" "create" "-v" "/var/lib/crater-agent-workspace/builds/worker-4-tc2/source:/opt/rustwide/workdir:ro,Z" "-v" "/var/lib/crater-agent-workspace/builds/worker-4-tc2/target:/opt/rustwide/target:rw,Z" "-v" "/var/lib/crater-agent-workspace/cargo-home:/opt/rustwide/cargo-home:ro,Z" "-v" "/var/lib/crater-agent-workspace/rustup-home:/opt/rustwide/rustup-home:ro,Z" "-m" "1610612736" "--network" "none" "ghcr.io/rust-lang/crates-build-env/linux@sha256:77db811e55d90add9212f6832c23229e3de5f1c1f9905e8cb07319ea15df73ac" "sleep" "infinity", kill_on_drop: false }`
[INFO] [stdout] 64c0ff53eb1f2304ed80d133946b9d9d24ed8d26dbcae0411f68211c87ba2076
[INFO] running `Command { std: "docker" "start" "64c0ff53eb1f2304ed80d133946b9d9d24ed8d26dbcae0411f68211c87ba2076", kill_on_drop: false }`
[INFO] running `Command { std: "docker" "inspect" "64c0ff53eb1f2304ed80d133946b9d9d24ed8d26dbcae0411f68211c87ba2076", kill_on_drop: false }`
[INFO] running `Command { std: "docker" "exec" "-e" "SOURCE_DIR=/opt/rustwide/workdir" "-e" "CARGO_HOME=/opt/rustwide/cargo-home" "-e" "RUSTUP_HOME=/opt/rustwide/rustup-home" "-e" "CARGO_TARGET_DIR=/opt/rustwide/target" "-w" "/opt/rustwide/workdir" "--user" "0:0" "64c0ff53eb1f2304ed80d133946b9d9d24ed8d26dbcae0411f68211c87ba2076" "/opt/rustwide/cargo-home/bin/cargo" "+1.100.0-beta.1" "metadata" "--no-deps" "--format-version=1", kill_on_drop: false }`
[INFO] running `Command { std: "docker" "inspect" "64c0ff53eb1f2304ed80d133946b9d9d24ed8d26dbcae0411f68211c87ba2076", kill_on_drop: false }`
[INFO] running `Command { std: "docker" "exec" "-e" "SOURCE_DIR=/opt/rustwide/workdir" "-e" "CARGO_HOME=/opt/rustwide/cargo-home" "-e" "RUSTUP_HOME=/opt/rustwide/rustup-home" "-e" "CARGO_TARGET_DIR=/opt/rustwide/target" "-e" "CARGO_INCREMENTAL=0" "-e" "RUST_BACKTRACE=full" "-e" "RUSTFLAGS=--cap-lints=warn" "-e" "RUSTDOCFLAGS=--cap-lints=warn" "-w" "/opt/rustwide/workdir" "--user" "0:0" "64c0ff53eb1f2304ed80d133946b9d9d24ed8d26dbcae0411f68211c87ba2076" "/opt/rustwide/cargo-home/bin/cargo" "+1.100.0-beta.1" "build" "--frozen" "--message-format=json" "--release", kill_on_drop: false }`
[INFO] [stderr]    Compiling syn v1.0.109
[INFO] [stderr]    Compiling adler32 v1.2.0
[INFO] [stderr]    Compiling base64 v0.13.1
[INFO] [stderr]    Compiling crc32fast v1.5.2
[INFO] [stderr]    Compiling num-rational v0.3.2
[INFO] [stderr]    Compiling com-rs v0.2.1
[INFO] [stderr]    Compiling serde_json v1.0.154
[INFO] [stderr]    Compiling syn v3.0.9
[INFO] [stderr]    Compiling cmake v0.1.58
[INFO] [stderr]    Compiling syn v2.0.119
[INFO] [stderr]    Compiling byteorder v1.5.0
[INFO] [stderr]    Compiling libloading v0.7.4
[INFO] [stderr]    Compiling inflections v1.1.1
[INFO] [stderr]    Compiling stb_image v0.2.5
[INFO] [stderr]    Compiling bytemuck v1.25.2
[INFO] [stderr]    Compiling num-iter v0.1.46
[INFO] [stderr]    Compiling color_quant v1.1.0
[INFO] [stderr]    Compiling miniz_oxide v0.3.7
[INFO] [stderr]    Compiling widestring v0.5.1
[INFO] [stderr]    Compiling newport_gpu v0.2.0
[INFO] [stderr]    Compiling jpeg-decoder v0.1.22
[INFO] [stdout] error[E0570]: "stdcall" is not a supported ABI for the current target
[INFO] [stdout]   --> /opt/rustwide/cargo-home/registry/src/index.crates.io-1949cf8c6b5b557f/com-rs-0.2.1/src/unknown.rs:28:29
[INFO] [stdout]    |
[INFO] [stdout] 28 |     query_interface: extern "stdcall" fn(
[INFO] [stdout]    |                             ^^^^^^^^^
[INFO] [stdout]    |
[INFO] [stdout]    = help: if you need `extern "stdcall"` on win32 and `extern "C"` everywhere else, use `extern "system"`
[INFO] [stdout] 
[INFO] [stdout] 
[INFO] [stdout] error[E0570]: "stdcall" is not a supported ABI for the current target
[INFO] [stdout]   --> /opt/rustwide/cargo-home/registry/src/index.crates.io-1949cf8c6b5b557f/com-rs-0.2.1/src/unknown.rs:30:21
[INFO] [stdout]    |
[INFO] [stdout] 30 |     add_ref: extern "stdcall" fn(*const IUnknown) -> u32,
[INFO] [stdout]    |                     ^^^^^^^^^
[INFO] [stdout]    |
[INFO] [stdout]    = help: if you need `extern "stdcall"` on win32 and `extern "C"` everywhere else, use `extern "system"`
[INFO] [stdout] 
[INFO] [stdout] 
[INFO] [stdout] error[E0570]: "stdcall" is not a supported ABI for the current target
[INFO] [stdout]   --> /opt/rustwide/cargo-home/registry/src/index.crates.io-1949cf8c6b5b557f/com-rs-0.2.1/src/unknown.rs:31:21
[INFO] [stdout]    |
[INFO] [stdout] 31 |     release: extern "stdcall" fn(*const IUnknown) -> u32
[INFO] [stdout]    |                     ^^^^^^^^^
[INFO] [stdout]    |
[INFO] [stdout]    = help: if you need `extern "stdcall"` on win32 and `extern "C"` everywhere else, use `extern "system"`
[INFO] [stdout] 
[INFO] [stdout] 
[INFO] [stdout] For more information about this error, try `rustc --explain E0570`.
[INFO] [stdout] 
[INFO] [stderr] error: could not compile `com-rs` (lib) due to 3 previous errors
[INFO] [stderr] warning: build failed, waiting for other jobs to finish...
[INFO] running `Command { std: "docker" "inspect" "64c0ff53eb1f2304ed80d133946b9d9d24ed8d26dbcae0411f68211c87ba2076", kill_on_drop: false }`
[INFO] running `Command { std: "docker" "rm" "-f" "64c0ff53eb1f2304ed80d133946b9d9d24ed8d26dbcae0411f68211c87ba2076", kill_on_drop: false }`
[INFO] [stdout] 64c0ff53eb1f2304ed80d133946b9d9d24ed8d26dbcae0411f68211c87ba2076
