[INFO] fetching crate newport 0.2.0...
[INFO] testing newport-0.2.0 against 1.100.0-beta.1+cargoflags=--release for beta-release-1.100-2
[INFO] extracting crate newport 0.2.0 into /workspace/builds/worker-2-tc2/source
[INFO] removed /workspace/builds/worker-2-tc2/source/rust-toolchain
[INFO] started tweaking crates.io crate newport 0.2.0
[INFO] removed 1 missing examples
[INFO] finished tweaking crates.io crate newport 0.2.0
[INFO] tweaked toml for crates.io crate newport 0.2.0 written to /workspace/builds/worker-2-tc2/source/Cargo.toml
[INFO] validating manifest of crates.io crate newport 0.2.0 on toolchain 1.100.0-beta.1
[INFO] running `Command { std: CARGO_HOME="/workspace/cargo-home" RUSTUP_HOME="/workspace/rustup-home" "/workspace/cargo-home/bin/cargo" "+1.100.0-beta.1" "metadata" "--manifest-path" "Cargo.toml" "--no-deps", kill_on_drop: false }`
[INFO] crate crates.io crate newport 0.2.0 already has a lockfile, it will not be regenerated
[INFO] running `Command { std: CARGO_HOME="/workspace/cargo-home" RUSTUP_HOME="/workspace/rustup-home" "/workspace/cargo-home/bin/cargo" "+1.100.0-beta.1" "fetch" "--manifest-path" "Cargo.toml", kill_on_drop: false }`
[INFO] running `Command { std: "docker" "create" "-v" "/var/lib/crater-agent-workspace/builds/worker-2-tc2/source:/opt/rustwide/workdir:ro,Z" "-v" "/var/lib/crater-agent-workspace/builds/worker-2-tc2/target:/opt/rustwide/target:rw,Z" "-v" "/var/lib/crater-agent-workspace/cargo-home:/opt/rustwide/cargo-home:ro,Z" "-v" "/var/lib/crater-agent-workspace/rustup-home:/opt/rustwide/rustup-home:ro,Z" "-m" "1610612736" "--network" "none" "ghcr.io/rust-lang/crates-build-env/linux@sha256:77db811e55d90add9212f6832c23229e3de5f1c1f9905e8cb07319ea15df73ac" "sleep" "infinity", kill_on_drop: false }`
[INFO] [stdout] 368c726417f39a16261d11f09ddf110b881ebbe9ca83cbebb24aae991f892a90
[INFO] running `Command { std: "docker" "start" "368c726417f39a16261d11f09ddf110b881ebbe9ca83cbebb24aae991f892a90", kill_on_drop: false }`
[INFO] running `Command { std: "docker" "inspect" "368c726417f39a16261d11f09ddf110b881ebbe9ca83cbebb24aae991f892a90", kill_on_drop: false }`
[INFO] running `Command { std: "docker" "exec" "-e" "SOURCE_DIR=/opt/rustwide/workdir" "-e" "CARGO_HOME=/opt/rustwide/cargo-home" "-e" "RUSTUP_HOME=/opt/rustwide/rustup-home" "-e" "CARGO_TARGET_DIR=/opt/rustwide/target" "-w" "/opt/rustwide/workdir" "--user" "0:0" "368c726417f39a16261d11f09ddf110b881ebbe9ca83cbebb24aae991f892a90" "/opt/rustwide/cargo-home/bin/cargo" "+1.100.0-beta.1" "metadata" "--no-deps" "--format-version=1", kill_on_drop: false }`
[INFO] running `Command { std: "docker" "inspect" "368c726417f39a16261d11f09ddf110b881ebbe9ca83cbebb24aae991f892a90", kill_on_drop: false }`
[INFO] running `Command { std: "docker" "exec" "-e" "SOURCE_DIR=/opt/rustwide/workdir" "-e" "CARGO_HOME=/opt/rustwide/cargo-home" "-e" "RUSTUP_HOME=/opt/rustwide/rustup-home" "-e" "CARGO_TARGET_DIR=/opt/rustwide/target" "-e" "CARGO_INCREMENTAL=0" "-e" "RUST_BACKTRACE=full" "-e" "RUSTFLAGS=--cap-lints=warn" "-e" "RUSTDOCFLAGS=--cap-lints=warn" "-w" "/opt/rustwide/workdir" "--user" "0:0" "368c726417f39a16261d11f09ddf110b881ebbe9ca83cbebb24aae991f892a90" "/opt/rustwide/cargo-home/bin/cargo" "+1.100.0-beta.1" "build" "--frozen" "--message-format=json" "--release", kill_on_drop: false }`
[INFO] [stderr]    Compiling proc-macro2 v1.0.27
[INFO] [stderr]    Compiling unicode-xid v0.2.2
[INFO] [stderr]    Compiling syn v1.0.73
[INFO] [stderr]    Compiling serde_derive v1.0.126
[INFO] [stderr]    Compiling serde v1.0.126
[INFO] [stderr]    Compiling autocfg v1.0.1
[INFO] [stderr]    Compiling bitflags v1.2.1
[INFO] [stderr]    Compiling libc v0.2.97
[INFO] [stderr]    Compiling adler32 v1.2.0
[INFO] [stderr]    Compiling ryu v1.0.5
[INFO] [stderr]    Compiling cc v1.0.68
[INFO] [stderr]    Compiling crc32fast v1.2.1
[INFO] [stderr]    Compiling pkg-config v0.3.19
[INFO] [stderr]    Compiling byteorder v1.4.3
[INFO] [stderr]    Compiling com-rs v0.2.1
[INFO] [stderr]    Compiling serde_json v1.0.64
[INFO] [stderr]    Compiling libloading v0.7.0
[INFO] [stderr]    Compiling miniz_oxide v0.3.7
[INFO] [stderr]    Compiling inflections v1.1.1
[INFO] [stderr]    Compiling gcc v0.3.55
[INFO] [stderr]    Compiling itoa v0.4.7
[INFO] [stdout] error[E0570]: "stdcall" is not a supported ABI for the current target
[INFO] [stdout]   --> /opt/rustwide/cargo-home/registry/src/index.crates.io-1949cf8c6b5b557f/com-rs-0.2.1/src/unknown.rs:28:29
[INFO] [stdout]    |
[INFO] [stdout] 28 |     query_interface: extern "stdcall" fn(
[INFO] [stdout]    |                             ^^^^^^^^^
[INFO] [stdout]    |
[INFO] [stdout]    = help: if you need `extern "stdcall"` on win32 and `extern "C"` everywhere else, use `extern "system"`
[INFO] [stdout] 
[INFO] [stdout] 
[INFO] [stdout] error[E0570]: "stdcall" is not a supported ABI for the current target
[INFO] [stdout]   --> /opt/rustwide/cargo-home/registry/src/index.crates.io-1949cf8c6b5b557f/com-rs-0.2.1/src/unknown.rs:30:21
[INFO] [stdout]    |
[INFO] [stdout] 30 |     add_ref: extern "stdcall" fn(*const IUnknown) -> u32,
[INFO] [stdout]    |                     ^^^^^^^^^
[INFO] [stdout]    |
[INFO] [stdout]    = help: if you need `extern "stdcall"` on win32 and `extern "C"` everywhere else, use `extern "system"`
[INFO] [stdout] 
[INFO] [stdout] 
[INFO] [stdout] error[E0570]: "stdcall" is not a supported ABI for the current target
[INFO] [stdout]   --> /opt/rustwide/cargo-home/registry/src/index.crates.io-1949cf8c6b5b557f/com-rs-0.2.1/src/unknown.rs:31:21
[INFO] [stdout]    |
[INFO] [stdout] 31 |     release: extern "stdcall" fn(*const IUnknown) -> u32
[INFO] [stdout]    |                     ^^^^^^^^^
[INFO] [stdout]    |
[INFO] [stdout]    = help: if you need `extern "stdcall"` on win32 and `extern "C"` everywhere else, use `extern "system"`
[INFO] [stdout] 
[INFO] [stdout] 
[INFO] [stderr]    Compiling deflate v0.8.6
[INFO] [stderr]    Compiling widestring v0.4.3
[INFO] [stderr]    Compiling newport_gpu v0.2.0
[INFO] [stderr]    Compiling jpeg-decoder v0.1.22
[INFO] [stdout] For more information about this error, try `rustc --explain E0570`.
[INFO] [stdout] 
[INFO] [stderr] error: could not compile `com-rs` (lib) due to 3 previous errors
[INFO] [stderr] warning: build failed, waiting for other jobs to finish...
[INFO] running `Command { std: "docker" "inspect" "368c726417f39a16261d11f09ddf110b881ebbe9ca83cbebb24aae991f892a90", kill_on_drop: false }`
[INFO] running `Command { std: "docker" "rm" "-f" "368c726417f39a16261d11f09ddf110b881ebbe9ca83cbebb24aae991f892a90", kill_on_drop: false }`
[INFO] [stdout] 368c726417f39a16261d11f09ddf110b881ebbe9ca83cbebb24aae991f892a90
