[INFO] fetching crate network-speed 0.2.4...
[INFO] testing network-speed-0.2.4 against 1.99.0-beta.8+cargoflags=--release for beta-release-1.100-2
[INFO] extracting crate network-speed 0.2.4 into /workspace/builds/worker-0-tc1/source
[INFO] started tweaking crates.io crate network-speed 0.2.4
[INFO] removed 0 missing examples
[INFO] removed 0 missing tests
[INFO] finished tweaking crates.io crate network-speed 0.2.4
[INFO] tweaked toml for crates.io crate network-speed 0.2.4 written to /workspace/builds/worker-0-tc1/source/Cargo.toml
[INFO] validating manifest of crates.io crate network-speed 0.2.4 on toolchain 1.99.0-beta.8
[INFO] running `Command { std: CARGO_HOME="/workspace/cargo-home" RUSTUP_HOME="/workspace/rustup-home" "/workspace/cargo-home/bin/cargo" "+1.99.0-beta.8" "metadata" "--manifest-path" "Cargo.toml" "--no-deps", kill_on_drop: false }`
[INFO] crate crates.io crate network-speed 0.2.4 already has a lockfile, it will not be regenerated
[INFO] running `Command { std: CARGO_HOME="/workspace/cargo-home" RUSTUP_HOME="/workspace/rustup-home" "/workspace/cargo-home/bin/cargo" "+1.99.0-beta.8" "fetch" "--manifest-path" "Cargo.toml", kill_on_drop: false }`
[INFO] [stderr]  Downloading crates ...
[INFO] [stderr]   Downloaded windows-interface v0.59.2
[INFO] [stderr]   Downloaded windows-core v0.62.1
[INFO] [stderr]   Downloaded windows-implement v0.60.1
[INFO] [stderr]   Downloaded cc v1.2.39
[INFO] running `Command { std: "docker" "create" "-v" "/var/lib/crater-agent-workspace/builds/worker-0-tc1/source:/opt/rustwide/workdir:ro,Z" "-v" "/var/lib/crater-agent-workspace/builds/worker-0-tc1/target:/opt/rustwide/target:rw,Z" "-v" "/var/lib/crater-agent-workspace/cargo-home:/opt/rustwide/cargo-home:ro,Z" "-v" "/var/lib/crater-agent-workspace/rustup-home:/opt/rustwide/rustup-home:ro,Z" "-m" "1610612736" "--network" "none" "ghcr.io/rust-lang/crates-build-env/linux@sha256:77db811e55d90add9212f6832c23229e3de5f1c1f9905e8cb07319ea15df73ac" "sleep" "infinity", kill_on_drop: false }`
[INFO] [stdout] 4430c05c43d2c3c69ee9d84994c3445e2bc4ce71e5ea40ad10dc68d98de08841
[INFO] running `Command { std: "docker" "start" "4430c05c43d2c3c69ee9d84994c3445e2bc4ce71e5ea40ad10dc68d98de08841", kill_on_drop: false }`
[INFO] running `Command { std: "docker" "inspect" "4430c05c43d2c3c69ee9d84994c3445e2bc4ce71e5ea40ad10dc68d98de08841", kill_on_drop: false }`
[INFO] running `Command { std: "docker" "exec" "-e" "SOURCE_DIR=/opt/rustwide/workdir" "-e" "CARGO_HOME=/opt/rustwide/cargo-home" "-e" "RUSTUP_HOME=/opt/rustwide/rustup-home" "-e" "CARGO_TARGET_DIR=/opt/rustwide/target" "-w" "/opt/rustwide/workdir" "--user" "0:0" "4430c05c43d2c3c69ee9d84994c3445e2bc4ce71e5ea40ad10dc68d98de08841" "/opt/rustwide/cargo-home/bin/cargo" "+1.99.0-beta.8" "metadata" "--no-deps" "--format-version=1", kill_on_drop: false }`
[INFO] running `Command { std: "docker" "inspect" "4430c05c43d2c3c69ee9d84994c3445e2bc4ce71e5ea40ad10dc68d98de08841", kill_on_drop: false }`
[INFO] running `Command { std: "docker" "exec" "-e" "SOURCE_DIR=/opt/rustwide/workdir" "-e" "CARGO_HOME=/opt/rustwide/cargo-home" "-e" "RUSTUP_HOME=/opt/rustwide/rustup-home" "-e" "CARGO_TARGET_DIR=/opt/rustwide/target" "-e" "CARGO_INCREMENTAL=0" "-e" "RUST_BACKTRACE=full" "-e" "RUSTFLAGS=--cap-lints=warn" "-e" "RUSTDOCFLAGS=--cap-lints=warn" "-w" "/opt/rustwide/workdir" "--user" "0:0" "4430c05c43d2c3c69ee9d84994c3445e2bc4ce71e5ea40ad10dc68d98de08841" "/opt/rustwide/cargo-home/bin/cargo" "+1.99.0-beta.8" "build" "--frozen" "--message-format=json" "--release", kill_on_drop: false }`
[INFO] [stderr]    Compiling proc-macro2 v1.0.101
[INFO] [stderr]    Compiling quote v1.0.41
[INFO] [stderr]    Compiling windows_x86_64_gnu v0.52.6
[INFO] [stderr]    Compiling unicode-ident v1.0.19
[INFO] [stderr]    Compiling thiserror v1.0.69
[INFO] [stderr]    Compiling windows-targets v0.52.6
[INFO] [stderr]    Compiling windows-core v0.52.0
[INFO] [stderr]    Compiling syn v2.0.106
[INFO] [stderr]    Compiling windows v0.52.0
[INFO] [stderr]    Compiling thiserror-impl v1.0.69
[INFO] [stderr]    Compiling network-speed v0.2.4 (/opt/rustwide/workdir)
[INFO] [stderr]     Finished `release` profile [optimized] target(s) in 5.57s
[INFO] running `Command { std: "docker" "inspect" "4430c05c43d2c3c69ee9d84994c3445e2bc4ce71e5ea40ad10dc68d98de08841", kill_on_drop: false }`
[INFO] running `Command { std: "docker" "exec" "-e" "SOURCE_DIR=/opt/rustwide/workdir" "-e" "CARGO_HOME=/opt/rustwide/cargo-home" "-e" "RUSTUP_HOME=/opt/rustwide/rustup-home" "-e" "CARGO_TARGET_DIR=/opt/rustwide/target" "-e" "CARGO_INCREMENTAL=0" "-e" "RUST_BACKTRACE=full" "-e" "RUSTFLAGS=--cap-lints=warn" "-e" "RUSTDOCFLAGS=--cap-lints=warn" "-w" "/opt/rustwide/workdir" "--user" "0:0" "4430c05c43d2c3c69ee9d84994c3445e2bc4ce71e5ea40ad10dc68d98de08841" "/opt/rustwide/cargo-home/bin/cargo" "+1.99.0-beta.8" "test" "--frozen" "--no-run" "--message-format=json" "--release", kill_on_drop: false }`
[INFO] [stderr]    Compiling autocfg v1.5.0
[INFO] [stderr]    Compiling pin-project-lite v0.2.16
[INFO] [stderr]    Compiling iana-time-zone v0.1.64
[INFO] [stderr]    Compiling windows_x86_64_gnu v0.52.6
[INFO] [stderr]    Compiling syn v2.0.106
[INFO] [stderr]    Compiling windows-targets v0.52.6
[INFO] [stderr]    Compiling windows-core v0.52.0
[INFO] [stderr]    Compiling num-traits v0.2.19
[INFO] [stderr]    Compiling windows v0.52.0
[INFO] [stderr]    Compiling chrono v0.4.42
[INFO] [stderr]    Compiling thiserror-impl v1.0.69
[INFO] [stderr]    Compiling tokio-macros v2.5.0
[INFO] [stderr]    Compiling tokio v1.47.1
[INFO] [stderr]    Compiling thiserror v1.0.69
[INFO] [stderr]    Compiling network-speed v0.2.4 (/opt/rustwide/workdir)
[INFO] [stdout] error: linking with `cc` failed: exit status: 1
[INFO] [stdout]   |
[INFO] [stdout]   = note:  "cc" "-m64" "<1 object files omitted>" "-Wl,--as-needed" "-Wl,-Bstatic" "<sysroot>/lib/rustlib/x86_64-unknown-linux-gnu/lib/libcompiler_builtins-*.rlib" "-Wl,-Bdynamic" "-lgcc_s" "-lutil" "-lrt" "-lpthread" "-lm" "-ldl" "-lc" "-L" "/opt/rustwide/target/release/deps/rustcgeeTL9/raw-dylibs" "-B<sysroot>/lib/rustlib/x86_64-unknown-linux-gnu/bin/gcc-ld" "-fuse-ld=lld" "-Wl,--eh-frame-hdr" "-Wl,-z,noexecstack" "-L" "/opt/rustwide/cargo-home/registry/src/index.crates.io-1949cf8c6b5b557f/windows_x86_64_gnu-0.52.6/lib" "-L" "<sysroot>/lib/rustlib/x86_64-unknown-linux-gnu/lib" "-o" "/opt/rustwide/target/release/deps/integration_tests-e18ec0b3f04f21dc" "-Wl,--gc-sections" "-pie" "-Wl,-z,relro,-z,now" "-Wl,-O1" "-Wl,--strip-all" "-nodefaultlibs"
[INFO] [stdout]   = note: some arguments are omitted. use `--verbose` to show all linker arguments
[INFO] [stdout]   = note: rust-lld: error: undefined symbol: SysFreeString
[INFO] [stdout]           >>> referenced by integration_tests.1d5d3f5f890eac24-cgu.0
[INFO] [stdout]           >>>               /opt/rustwide/target/release/deps/integration_tests-e18ec0b3f04f21dc.integration_tests.1d5d3f5f890eac24-cgu.0.rcgu.o:(<&windows_core::error::Error as core::fmt::Debug>::fmt)
[INFO] [stdout]           >>> referenced by integration_tests.1d5d3f5f890eac24-cgu.0
[INFO] [stdout]           >>>               /opt/rustwide/target/release/deps/integration_tests-e18ec0b3f04f21dc.integration_tests.1d5d3f5f890eac24-cgu.0.rcgu.o:(<&windows_core::error::Error as core::fmt::Debug>::fmt)
[INFO] [stdout]           >>> referenced by integration_tests.1d5d3f5f890eac24-cgu.0
[INFO] [stdout]           >>>               /opt/rustwide/target/release/deps/integration_tests-e18ec0b3f04f21dc.integration_tests.1d5d3f5f890eac24-cgu.0.rcgu.o:(<&windows_core::error::Error as core::fmt::Debug>::fmt)
[INFO] [stdout]           >>> referenced 9 more times
[INFO] [stdout]           
[INFO] [stdout]           rust-lld: error: undefined symbol: SysStringLen
[INFO] [stdout]           >>> referenced by integration_tests.1d5d3f5f890eac24-cgu.0
[INFO] [stdout]           >>>               /opt/rustwide/target/release/deps/integration_tests-e18ec0b3f04f21dc.integration_tests.1d5d3f5f890eac24-cgu.0.rcgu.o:(<&windows_core::error::Error as core::fmt::Debug>::fmt)
[INFO] [stdout]           >>> referenced by integration_tests.1d5d3f5f890eac24-cgu.0
[INFO] [stdout]           >>>               /opt/rustwide/target/release/deps/integration_tests-e18ec0b3f04f21dc.integration_tests.1d5d3f5f890eac24-cgu.0.rcgu.o:(<&windows_core::error::Error as core::fmt::Debug>::fmt)
[INFO] [stdout]           >>> referenced by integration_tests.1d5d3f5f890eac24-cgu.0
[INFO] [stdout]           >>>               /opt/rustwide/target/release/deps/integration_tests-e18ec0b3f04f21dc.integration_tests.1d5d3f5f890eac24-cgu.0.rcgu.o:(<windows_core::error::Error as core::convert::From<windows_core::hresult::HRESULT>>::from)
[INFO] [stdout]           
[INFO] [stdout]           rust-lld: error: undefined symbol: FormatMessageW
[INFO] [stdout]           >>> referenced by integration_tests.1d5d3f5f890eac24-cgu.0
[INFO] [stdout]           >>>               /opt/rustwide/target/release/deps/integration_tests-e18ec0b3f04f21dc.integration_tests.1d5d3f5f890eac24-cgu.0.rcgu.o:(<&windows_core::error::Error as core::fmt::Debug>::fmt)
[INFO] [stdout]           
[INFO] [stdout]           rust-lld: error: undefined symbol: GetProcessHeap
[INFO] [stdout]           >>> referenced by integration_tests.1d5d3f5f890eac24-cgu.0
[INFO] [stdout]           >>>               /opt/rustwide/target/release/deps/integration_tests-e18ec0b3f04f21dc.integration_tests.1d5d3f5f890eac24-cgu.0.rcgu.o:(<&windows_core::error::Error as core::fmt::Debug>::fmt)
[INFO] [stdout]           >>> referenced by integration_tests.1d5d3f5f890eac24-cgu.0
[INFO] [stdout]           >>>               /opt/rustwide/target/release/deps/integration_tests-e18ec0b3f04f21dc.integration_tests.1d5d3f5f890eac24-cgu.0.rcgu.o:(<&windows_core::error::Error as core::fmt::Debug>::fmt)
[INFO] [stdout]           >>> referenced by integration_tests.1d5d3f5f890eac24-cgu.0
[INFO] [stdout]           >>>               /opt/rustwide/target/release/deps/integration_tests-e18ec0b3f04f21dc.integration_tests.1d5d3f5f890eac24-cgu.0.rcgu.o:(<&windows_core::error::Error as core::fmt::Debug>::fmt)
[INFO] [stdout]           >>> referenced 5 more times
[INFO] [stdout]           
[INFO] [stdout]           rust-lld: error: undefined symbol: HeapAlloc
[INFO] [stdout]           >>> referenced by integration_tests.1d5d3f5f890eac24-cgu.0
[INFO] [stdout]           >>>               /opt/rustwide/target/release/deps/integration_tests-e18ec0b3f04f21dc.integration_tests.1d5d3f5f890eac24-cgu.0.rcgu.o:(<&windows_core::error::Error as core::fmt::Debug>::fmt)
[INFO] [stdout]           >>> referenced by integration_tests.1d5d3f5f890eac24-cgu.0
[INFO] [stdout]           >>>               /opt/rustwide/target/release/deps/integration_tests-e18ec0b3f04f21dc.integration_tests.1d5d3f5f890eac24-cgu.0.rcgu.o:(<&windows_core::error::Error as core::fmt::Debug>::fmt)
[INFO] [stdout]           >>> referenced by integration_tests.1d5d3f5f890eac24-cgu.0
[INFO] [stdout]           >>>               /opt/rustwide/target/release/deps/integration_tests-e18ec0b3f04f21dc.integration_tests.1d5d3f5f890eac24-cgu.0.rcgu.o:(<windows_core::error::Error as core::convert::From<windows_core::hresult::HRESULT>>::from)
[INFO] [stdout]           
[INFO] [stdout]           rust-lld: error: undefined symbol: HeapFree
[INFO] [stdout]           >>> referenced by integration_tests.1d5d3f5f890eac24-cgu.0
[INFO] [stdout]           >>>               /opt/rustwide/target/release/deps/integration_tests-e18ec0b3f04f21dc.integration_tests.1d5d3f5f890eac24-cgu.0.rcgu.o:(<&windows_core::error::Error as core::fmt::Debug>::fmt)
[INFO] [stdout]           >>> referenced by integration_tests.1d5d3f5f890eac24-cgu.0
[INFO] [stdout]           >>>               /opt/rustwide/target/release/deps/integration_tests-e18ec0b3f04f21dc.integration_tests.1d5d3f5f890eac24-cgu.0.rcgu.o:(<&windows_core::error::Error as core::fmt::Debug>::fmt)
[INFO] [stdout]           >>> referenced by integration_tests.1d5d3f5f890eac24-cgu.0
[INFO] [stdout]           >>>               /opt/rustwide/target/release/deps/integration_tests-e18ec0b3f04f21dc.integration_tests.1d5d3f5f890eac24-cgu.0.rcgu.o:(<windows_core::error::Error as core::convert::From<windows_core::hresult::HRESULT>>::from)
[INFO] [stdout]           >>> referenced 2 more times
[INFO] [stdout]           
[INFO] [stdout]           rust-lld: error: undefined symbol: GetErrorInfo
[INFO] [stdout]           >>> referenced by integration_tests.1d5d3f5f890eac24-cgu.0
[INFO] [stdout]           >>>               /opt/rustwide/target/release/deps/integration_tests-e18ec0b3f04f21dc.integration_tests.1d5d3f5f890eac24-cgu.0.rcgu.o:(<windows_core::error::Error as core::convert::From<windows_core::hresult::HRESULT>>::from)
[INFO] [stdout]           >>> referenced by integration_tests.1d5d3f5f890eac24-cgu.0
[INFO] [stdout]           >>>               /opt/rustwide/target/release/deps/integration_tests-e18ec0b3f04f21dc.integration_tests.1d5d3f5f890eac24-cgu.0.rcgu.o:(<windows_core::error::Error as core::convert::From<windows_core::hresult::HRESULT>>::from)
[INFO] [stdout]           >>> referenced by integration_tests.1d5d3f5f890eac24-cgu.0
[INFO] [stdout]           >>>               /opt/rustwide/target/release/deps/integration_tests-e18ec0b3f04f21dc.integration_tests.1d5d3f5f890eac24-cgu.0.rcgu.o:(<windows_core::error::Error as core::convert::From<windows_core::hresult::HRESULT>>::from)
[INFO] [stdout]           
[INFO] [stdout]           rust-lld: error: undefined symbol: LoadLibraryExA
[INFO] [stdout]           >>> referenced by integration_tests.1d5d3f5f890eac24-cgu.0
[INFO] [stdout]           >>>               /opt/rustwide/target/release/deps/integration_tests-e18ec0b3f04f21dc.integration_tests.1d5d3f5f890eac24-cgu.0.rcgu.o:(<windows_core::error::Error as core::convert::From<windows_core::hresult::HRESULT>>::from)
[INFO] [stdout]           
[INFO] [stdout]           rust-lld: error: undefined symbol: GetProcAddress
[INFO] [stdout]           >>> referenced by integration_tests.1d5d3f5f890eac24-cgu.0
[INFO] [stdout]           >>>               /opt/rustwide/target/release/deps/integration_tests-e18ec0b3f04f21dc.integration_tests.1d5d3f5f890eac24-cgu.0.rcgu.o:(<windows_core::error::Error as core::convert::From<windows_core::hresult::HRESULT>>::from)
[INFO] [stdout]           
[INFO] [stdout]           rust-lld: error: undefined symbol: FreeLibrary
[INFO] [stdout]           >>> referenced by integration_tests.1d5d3f5f890eac24-cgu.0
[INFO] [stdout]           >>>               /opt/rustwide/target/release/deps/integration_tests-e18ec0b3f04f21dc.integration_tests.1d5d3f5f890eac24-cgu.0.rcgu.o:(<windows_core::error::Error as core::convert::From<windows_core::hresult::HRESULT>>::from)
[INFO] [stdout]           collect2: error: ld returned 1 exit status
[INFO] [stdout]           
[INFO] [stdout] 
[INFO] [stdout] 
[INFO] [stderr] error: could not compile `network-speed` (test "integration_tests") due to 1 previous error
[INFO] [stderr] warning: build failed, waiting for other jobs to finish...
[INFO] [stdout] error: linking with `cc` failed: exit status: 1
[INFO] [stdout]   |
[INFO] [stdout]   = note:  "cc" "-m64" "<1 object files omitted>" "-Wl,--as-needed" "-Wl,-Bstatic" "<sysroot>/lib/rustlib/x86_64-unknown-linux-gnu/lib/libcompiler_builtins-*.rlib" "-Wl,-Bdynamic" "-lgcc_s" "-lutil" "-lrt" "-lpthread" "-lm" "-ldl" "-lc" "-L" "/opt/rustwide/target/release/examples/rustchG5eji/raw-dylibs" "-B<sysroot>/lib/rustlib/x86_64-unknown-linux-gnu/bin/gcc-ld" "-fuse-ld=lld" "-Wl,--eh-frame-hdr" "-Wl,-z,noexecstack" "-L" "/opt/rustwide/cargo-home/registry/src/index.crates.io-1949cf8c6b5b557f/windows_x86_64_gnu-0.52.6/lib" "-L" "<sysroot>/lib/rustlib/x86_64-unknown-linux-gnu/lib" "-o" "/opt/rustwide/target/release/examples/monitor-5e6c76238e7263f5" "-Wl,--gc-sections" "-pie" "-Wl,-z,relro,-z,now" "-Wl,-O1" "-Wl,--strip-all" "-nodefaultlibs"
[INFO] [stdout]   = note: some arguments are omitted. use `--verbose` to show all linker arguments
[INFO] [stdout]   = note: rust-lld: error: undefined symbol: GetProcessHeap
[INFO] [stdout]           >>> referenced by monitor.1ad750533c858f1-cgu.0
[INFO] [stdout]           >>>               /opt/rustwide/target/release/examples/monitor-5e6c76238e7263f5.monitor.1ad750533c858f1-cgu.0.rcgu.o:(<&windows_core::error::Error as core::fmt::Debug>::fmt)
[INFO] [stdout]           >>> referenced by monitor.1ad750533c858f1-cgu.0
[INFO] [stdout]           >>>               /opt/rustwide/target/release/examples/monitor-5e6c76238e7263f5.monitor.1ad750533c858f1-cgu.0.rcgu.o:(<&windows_core::error::Error as core::fmt::Display>::fmt)
[INFO] [stdout]           >>> referenced by monitor.1ad750533c858f1-cgu.0
[INFO] [stdout]           >>>               /opt/rustwide/target/release/examples/monitor-5e6c76238e7263f5.monitor.1ad750533c858f1-cgu.0.rcgu.o:(<&windows_core::error::Error as core::fmt::Display>::fmt)
[INFO] [stdout]           >>> referenced 7 more times
[INFO] [stdout]           
[INFO] [stdout]           rust-lld: error: undefined symbol: HeapFree
[INFO] [stdout]           >>> referenced by monitor.1ad750533c858f1-cgu.0
[INFO] [stdout]           >>>               /opt/rustwide/target/release/examples/monitor-5e6c76238e7263f5.monitor.1ad750533c858f1-cgu.0.rcgu.o:(<&windows_core::error::Error as core::fmt::Debug>::fmt)
[INFO] [stdout]           >>> referenced by monitor.1ad750533c858f1-cgu.0
[INFO] [stdout]           >>>               /opt/rustwide/target/release/examples/monitor-5e6c76238e7263f5.monitor.1ad750533c858f1-cgu.0.rcgu.o:(<&windows_core::error::Error as core::fmt::Display>::fmt)
[INFO] [stdout]           >>> referenced by monitor.1ad750533c858f1-cgu.0
[INFO] [stdout]           >>>               /opt/rustwide/target/release/examples/monitor-5e6c76238e7263f5.monitor.1ad750533c858f1-cgu.0.rcgu.o:(<&windows_core::error::Error as core::fmt::Display>::fmt)
[INFO] [stdout]           >>> referenced 4 more times
[INFO] [stdout]           
[INFO] [stdout]           rust-lld: error: undefined symbol: GetIfTable2
[INFO] [stdout]           >>> referenced by monitor.1ad750533c858f1-cgu.0
[INFO] [stdout]           >>>               /opt/rustwide/target/release/examples/monitor-5e6c76238e7263f5.monitor.1ad750533c858f1-cgu.0.rcgu.o:(network_speed::monitor::interface::get_raw_interfaces)
[INFO] [stdout]           
[INFO] [stdout]           rust-lld: error: undefined symbol: GetIfTable
[INFO] [stdout]           >>> referenced by monitor.1ad750533c858f1-cgu.0
[INFO] [stdout]           >>>               /opt/rustwide/target/release/examples/monitor-5e6c76238e7263f5.monitor.1ad750533c858f1-cgu.0.rcgu.o:(network_speed::monitor::interface::get_raw_interfaces)
[INFO] [stdout]           >>> referenced by monitor.1ad750533c858f1-cgu.0
[INFO] [stdout]           >>>               /opt/rustwide/target/release/examples/monitor-5e6c76238e7263f5.monitor.1ad750533c858f1-cgu.0.rcgu.o:(network_speed::monitor::interface::get_raw_interfaces)
[INFO] [stdout]           
[INFO] [stdout]           rust-lld: error: undefined symbol: FreeMibTable
[INFO] [stdout]           >>> referenced by monitor.1ad750533c858f1-cgu.0
[INFO] [stdout]           >>>               /opt/rustwide/target/release/examples/monitor-5e6c76238e7263f5.monitor.1ad750533c858f1-cgu.0.rcgu.o:(network_speed::monitor::interface::get_raw_interfaces)
[INFO] [stdout]           >>> referenced by monitor.1ad750533c858f1-cgu.0
[INFO] [stdout]           >>>               /opt/rustwide/target/release/examples/monitor-5e6c76238e7263f5.monitor.1ad750533c858f1-cgu.0.rcgu.o:(network_speed::monitor::interface::get_raw_interfaces)
[INFO] [stdout]           
[INFO] [stdout]           rust-lld: error: undefined symbol: GetErrorInfo
[INFO] [stdout]           >>> referenced by monitor.1ad750533c858f1-cgu.0
[INFO] [stdout]           >>>               /opt/rustwide/target/release/examples/monitor-5e6c76238e7263f5.monitor.1ad750533c858f1-cgu.0.rcgu.o:(<windows_core::error::Error as core::convert::From<windows_core::hresult::HRESULT>>::from)
[INFO] [stdout]           >>> referenced by monitor.1ad750533c858f1-cgu.0
[INFO] [stdout]           >>>               /opt/rustwide/target/release/examples/monitor-5e6c76238e7263f5.monitor.1ad750533c858f1-cgu.0.rcgu.o:(<windows_core::error::Error as core::convert::From<windows_core::hresult::HRESULT>>::from)
[INFO] [stdout]           >>> referenced by monitor.1ad750533c858f1-cgu.0
[INFO] [stdout]           >>>               /opt/rustwide/target/release/examples/monitor-5e6c76238e7263f5.monitor.1ad750533c858f1-cgu.0.rcgu.o:(<windows_core::error::Error as core::convert::From<windows_core::hresult::HRESULT>>::from)
[INFO] [stdout]           
[INFO] [stdout]           rust-lld: error: undefined symbol: SysStringLen
[INFO] [stdout]           >>> referenced by monitor.1ad750533c858f1-cgu.0
[INFO] [stdout]           >>>               /opt/rustwide/target/release/examples/monitor-5e6c76238e7263f5.monitor.1ad750533c858f1-cgu.0.rcgu.o:(<windows_core::error::Error as core::convert::From<windows_core::hresult::HRESULT>>::from)
[INFO] [stdout]           >>> referenced by monitor.1ad750533c858f1-cgu.0
[INFO] [stdout]           >>>               /opt/rustwide/target/release/examples/monitor-5e6c76238e7263f5.monitor.1ad750533c858f1-cgu.0.rcgu.o:(<windows_core::error::Error>::message)
[INFO] [stdout]           >>> referenced by monitor.1ad750533c858f1-cgu.0
[INFO] [stdout]           >>>               /opt/rustwide/target/release/examples/monitor-5e6c76238e7263f5.monitor.1ad750533c858f1-cgu.0.rcgu.o:(<windows_core::error::Error>::message)
[INFO] [stdout]           
[INFO] [stdout]           rust-lld: error: undefined symbol: HeapAlloc
[INFO] [stdout]           >>> referenced by monitor.1ad750533c858f1-cgu.0
[INFO] [stdout]           >>>               /opt/rustwide/target/release/examples/monitor-5e6c76238e7263f5.monitor.1ad750533c858f1-cgu.0.rcgu.o:(<windows_core::error::Error as core::convert::From<windows_core::hresult::HRESULT>>::from)
[INFO] [stdout]           >>> referenced by monitor.1ad750533c858f1-cgu.0
[INFO] [stdout]           >>>               /opt/rustwide/target/release/examples/monitor-5e6c76238e7263f5.monitor.1ad750533c858f1-cgu.0.rcgu.o:(<windows_core::error::Error>::message)
[INFO] [stdout]           >>> referenced by monitor.1ad750533c858f1-cgu.0
[INFO] [stdout]           >>>               /opt/rustwide/target/release/examples/monitor-5e6c76238e7263f5.monitor.1ad750533c858f1-cgu.0.rcgu.o:(<windows_core::error::Error>::message)
[INFO] [stdout]           
[INFO] [stdout]           rust-lld: error: undefined symbol: LoadLibraryExA
[INFO] [stdout]           >>> referenced by monitor.1ad750533c858f1-cgu.0
[INFO] [stdout]           >>>               /opt/rustwide/target/release/examples/monitor-5e6c76238e7263f5.monitor.1ad750533c858f1-cgu.0.rcgu.o:(<windows_core::error::Error as core::convert::From<windows_core::hresult::HRESULT>>::from)
[INFO] [stdout]           
[INFO] [stdout]           rust-lld: error: undefined symbol: GetProcAddress
[INFO] [stdout]           >>> referenced by monitor.1ad750533c858f1-cgu.0
[INFO] [stdout]           >>>               /opt/rustwide/target/release/examples/monitor-5e6c76238e7263f5.monitor.1ad750533c858f1-cgu.0.rcgu.o:(<windows_core::error::Error as core::convert::From<windows_core::hresult::HRESULT>>::from)
[INFO] [stdout]           
[INFO] [stdout]           rust-lld: error: undefined symbol: FreeLibrary
[INFO] [stdout]           >>> referenced by monitor.1ad750533c858f1-cgu.0
[INFO] [stdout]           >>>               /opt/rustwide/target/release/examples/monitor-5e6c76238e7263f5.monitor.1ad750533c858f1-cgu.0.rcgu.o:(<windows_core::error::Error as core::convert::From<windows_core::hresult::HRESULT>>::from)
[INFO] [stdout]           
[INFO] [stdout]           rust-lld: error: undefined symbol: SysFreeString
[INFO] [stdout]           >>> referenced by monitor.1ad750533c858f1-cgu.0
[INFO] [stdout]           >>>               /opt/rustwide/target/release/examples/monitor-5e6c76238e7263f5.monitor.1ad750533c858f1-cgu.0.rcgu.o:(<windows_core::error::Error as core::convert::From<windows_core::hresult::HRESULT>>::from)
[INFO] [stdout]           >>> referenced by monitor.1ad750533c858f1-cgu.0
[INFO] [stdout]           >>>               /opt/rustwide/target/release/examples/monitor-5e6c76238e7263f5.monitor.1ad750533c858f1-cgu.0.rcgu.o:(<windows_core::error::Error as core::convert::From<windows_core::hresult::HRESULT>>::from)
[INFO] [stdout]           >>> referenced by monitor.1ad750533c858f1-cgu.0
[INFO] [stdout]           >>>               /opt/rustwide/target/release/examples/monitor-5e6c76238e7263f5.monitor.1ad750533c858f1-cgu.0.rcgu.o:(<windows_core::error::Error>::message)
[INFO] [stdout]           >>> referenced 9 more times
[INFO] [stdout]           
[INFO] [stdout]           rust-lld: error: undefined symbol: FormatMessageW
[INFO] [stdout]           >>> referenced by monitor.1ad750533c858f1-cgu.0
[INFO] [stdout]           >>>               /opt/rustwide/target/release/examples/monitor-5e6c76238e7263f5.monitor.1ad750533c858f1-cgu.0.rcgu.o:(<windows_core::error::Error>::message)
[INFO] [stdout]           collect2: error: ld returned 1 exit status
[INFO] [stdout]           
[INFO] [stdout] 
[INFO] [stdout] 
[INFO] [stderr] error: could not compile `network-speed` (example "monitor") due to 1 previous error
[INFO] [stdout] error: linking with `cc` failed: exit status: 1
[INFO] [stdout]   |
[INFO] [stdout]   = note:  "cc" "-m64" "<1 object files omitted>" "-Wl,--as-needed" "-Wl,-Bstatic" "<sysroot>/lib/rustlib/x86_64-unknown-linux-gnu/lib/libcompiler_builtins-*.rlib" "-Wl,-Bdynamic" "-lgcc_s" "-lutil" "-lrt" "-lpthread" "-lm" "-ldl" "-lc" "-L" "/opt/rustwide/target/release/deps/rustcAvqzRg/raw-dylibs" "-B<sysroot>/lib/rustlib/x86_64-unknown-linux-gnu/bin/gcc-ld" "-fuse-ld=lld" "-Wl,--eh-frame-hdr" "-Wl,-z,noexecstack" "-L" "/opt/rustwide/cargo-home/registry/src/index.crates.io-1949cf8c6b5b557f/windows_x86_64_gnu-0.52.6/lib" "-L" "<sysroot>/lib/rustlib/x86_64-unknown-linux-gnu/lib" "-o" "/opt/rustwide/target/release/deps/unit_tests-6ab49abaa8775bdc" "-Wl,--gc-sections" "-pie" "-Wl,-z,relro,-z,now" "-Wl,-O1" "-Wl,--strip-all" "-nodefaultlibs"
[INFO] [stdout]   = note: some arguments are omitted. use `--verbose` to show all linker arguments
[INFO] [stdout]   = note: rust-lld: error: undefined symbol: SysFreeString
[INFO] [stdout]           >>> referenced by unit_tests.5e0e2affa7f4f4d5-cgu.0
[INFO] [stdout]           >>>               /opt/rustwide/target/release/deps/unit_tests-6ab49abaa8775bdc.unit_tests.5e0e2affa7f4f4d5-cgu.0.rcgu.o:(<&windows_core::error::Error as core::fmt::Debug>::fmt)
[INFO] [stdout]           >>> referenced by unit_tests.5e0e2affa7f4f4d5-cgu.0
[INFO] [stdout]           >>>               /opt/rustwide/target/release/deps/unit_tests-6ab49abaa8775bdc.unit_tests.5e0e2affa7f4f4d5-cgu.0.rcgu.o:(<&windows_core::error::Error as core::fmt::Debug>::fmt)
[INFO] [stdout]           >>> referenced by unit_tests.5e0e2affa7f4f4d5-cgu.0
[INFO] [stdout]           >>>               /opt/rustwide/target/release/deps/unit_tests-6ab49abaa8775bdc.unit_tests.5e0e2affa7f4f4d5-cgu.0.rcgu.o:(<&windows_core::error::Error as core::fmt::Debug>::fmt)
[INFO] [stdout]           >>> referenced 9 more times
[INFO] [stdout]           
[INFO] [stdout]           rust-lld: error: undefined symbol: SysStringLen
[INFO] [stdout]           >>> referenced by unit_tests.5e0e2affa7f4f4d5-cgu.0
[INFO] [stdout]           >>>               /opt/rustwide/target/release/deps/unit_tests-6ab49abaa8775bdc.unit_tests.5e0e2affa7f4f4d5-cgu.0.rcgu.o:(<&windows_core::error::Error as core::fmt::Debug>::fmt)
[INFO] [stdout]           >>> referenced by unit_tests.5e0e2affa7f4f4d5-cgu.0
[INFO] [stdout]           >>>               /opt/rustwide/target/release/deps/unit_tests-6ab49abaa8775bdc.unit_tests.5e0e2affa7f4f4d5-cgu.0.rcgu.o:(<&windows_core::error::Error as core::fmt::Debug>::fmt)
[INFO] [stdout]           >>> referenced by unit_tests.5e0e2affa7f4f4d5-cgu.0
[INFO] [stdout]           >>>               /opt/rustwide/target/release/deps/unit_tests-6ab49abaa8775bdc.unit_tests.5e0e2affa7f4f4d5-cgu.0.rcgu.o:(<windows_core::error::Error as core::convert::From<windows_core::hresult::HRESULT>>::from)
[INFO] [stdout]           
[INFO] [stdout]           rust-lld: error: undefined symbol: FormatMessageW
[INFO] [stdout]           >>> referenced by unit_tests.5e0e2affa7f4f4d5-cgu.0
[INFO] [stdout]           >>>               /opt/rustwide/target/release/deps/unit_tests-6ab49abaa8775bdc.unit_tests.5e0e2affa7f4f4d5-cgu.0.rcgu.o:(<&windows_core::error::Error as core::fmt::Debug>::fmt)
[INFO] [stdout]           
[INFO] [stdout]           rust-lld: error: undefined symbol: GetProcessHeap
[INFO] [stdout]           >>> referenced by unit_tests.5e0e2affa7f4f4d5-cgu.0
[INFO] [stdout]           >>>               /opt/rustwide/target/release/deps/unit_tests-6ab49abaa8775bdc.unit_tests.5e0e2affa7f4f4d5-cgu.0.rcgu.o:(<&windows_core::error::Error as core::fmt::Debug>::fmt)
[INFO] [stdout]           >>> referenced by unit_tests.5e0e2affa7f4f4d5-cgu.0
[INFO] [stdout]           >>>               /opt/rustwide/target/release/deps/unit_tests-6ab49abaa8775bdc.unit_tests.5e0e2affa7f4f4d5-cgu.0.rcgu.o:(<&windows_core::error::Error as core::fmt::Debug>::fmt)
[INFO] [stdout]           >>> referenced by unit_tests.5e0e2affa7f4f4d5-cgu.0
[INFO] [stdout]           >>>               /opt/rustwide/target/release/deps/unit_tests-6ab49abaa8775bdc.unit_tests.5e0e2affa7f4f4d5-cgu.0.rcgu.o:(<&windows_core::error::Error as core::fmt::Debug>::fmt)
[INFO] [stdout]           >>> referenced 5 more times
[INFO] [stdout]           
[INFO] [stdout]           rust-lld: error: undefined symbol: HeapAlloc
[INFO] [stdout]           >>> referenced by unit_tests.5e0e2affa7f4f4d5-cgu.0
[INFO] [stdout]           >>>               /opt/rustwide/target/release/deps/unit_tests-6ab49abaa8775bdc.unit_tests.5e0e2affa7f4f4d5-cgu.0.rcgu.o:(<&windows_core::error::Error as core::fmt::Debug>::fmt)
[INFO] [stdout]           >>> referenced by unit_tests.5e0e2affa7f4f4d5-cgu.0
[INFO] [stdout]           >>>               /opt/rustwide/target/release/deps/unit_tests-6ab49abaa8775bdc.unit_tests.5e0e2affa7f4f4d5-cgu.0.rcgu.o:(<&windows_core::error::Error as core::fmt::Debug>::fmt)
[INFO] [stdout]           >>> referenced by unit_tests.5e0e2affa7f4f4d5-cgu.0
[INFO] [stdout]           >>>               /opt/rustwide/target/release/deps/unit_tests-6ab49abaa8775bdc.unit_tests.5e0e2affa7f4f4d5-cgu.0.rcgu.o:(<windows_core::error::Error as core::convert::From<windows_core::hresult::HRESULT>>::from)
[INFO] [stdout]           
[INFO] [stdout]           rust-lld: error: undefined symbol: HeapFree
[INFO] [stdout]           >>> referenced by unit_tests.5e0e2affa7f4f4d5-cgu.0
[INFO] [stdout]           >>>               /opt/rustwide/target/release/deps/unit_tests-6ab49abaa8775bdc.unit_tests.5e0e2affa7f4f4d5-cgu.0.rcgu.o:(<&windows_core::error::Error as core::fmt::Debug>::fmt)
[INFO] [stdout]           >>> referenced by unit_tests.5e0e2affa7f4f4d5-cgu.0
[INFO] [stdout]           >>>               /opt/rustwide/target/release/deps/unit_tests-6ab49abaa8775bdc.unit_tests.5e0e2affa7f4f4d5-cgu.0.rcgu.o:(<&windows_core::error::Error as core::fmt::Debug>::fmt)
[INFO] [stdout]           >>> referenced by unit_tests.5e0e2affa7f4f4d5-cgu.0
[INFO] [stdout]           >>>               /opt/rustwide/target/release/deps/unit_tests-6ab49abaa8775bdc.unit_tests.5e0e2affa7f4f4d5-cgu.0.rcgu.o:(<windows_core::error::Error as core::convert::From<windows_core::hresult::HRESULT>>::from)
[INFO] [stdout]           >>> referenced 2 more times
[INFO] [stdout]           
[INFO] [stdout]           rust-lld: error: undefined symbol: GetErrorInfo
[INFO] [stdout]           >>> referenced by unit_tests.5e0e2affa7f4f4d5-cgu.0
[INFO] [stdout]           >>>               /opt/rustwide/target/release/deps/unit_tests-6ab49abaa8775bdc.unit_tests.5e0e2affa7f4f4d5-cgu.0.rcgu.o:(<windows_core::error::Error as core::convert::From<windows_core::hresult::HRESULT>>::from)
[INFO] [stdout]           >>> referenced by unit_tests.5e0e2affa7f4f4d5-cgu.0
[INFO] [stdout]           >>>               /opt/rustwide/target/release/deps/unit_tests-6ab49abaa8775bdc.unit_tests.5e0e2affa7f4f4d5-cgu.0.rcgu.o:(<windows_core::error::Error as core::convert::From<windows_core::hresult::HRESULT>>::from)
[INFO] [stdout]           >>> referenced by unit_tests.5e0e2affa7f4f4d5-cgu.0
[INFO] [stdout]           >>>               /opt/rustwide/target/release/deps/unit_tests-6ab49abaa8775bdc.unit_tests.5e0e2affa7f4f4d5-cgu.0.rcgu.o:(<windows_core::error::Error as core::convert::From<windows_core::hresult::HRESULT>>::from)
[INFO] [stdout]           
[INFO] [stdout]           rust-lld: error: undefined symbol: LoadLibraryExA
[INFO] [stdout]           >>> referenced by unit_tests.5e0e2affa7f4f4d5-cgu.0
[INFO] [stdout]           >>>               /opt/rustwide/target/release/deps/unit_tests-6ab49abaa8775bdc.unit_tests.5e0e2affa7f4f4d5-cgu.0.rcgu.o:(<windows_core::error::Error as core::convert::From<windows_core::hresult::HRESULT>>::from)
[INFO] [stdout]           
[INFO] [stdout]           rust-lld: error: undefined symbol: GetProcAddress
[INFO] [stdout]           >>> referenced by unit_tests.5e0e2affa7f4f4d5-cgu.0
[INFO] [stdout]           >>>               /opt/rustwide/target/release/deps/unit_tests-6ab49abaa8775bdc.unit_tests.5e0e2affa7f4f4d5-cgu.0.rcgu.o:(<windows_core::error::Error as core::convert::From<windows_core::hresult::HRESULT>>::from)
[INFO] [stdout]           
[INFO] [stdout]           rust-lld: error: undefined symbol: FreeLibrary
[INFO] [stdout]           >>> referenced by unit_tests.5e0e2affa7f4f4d5-cgu.0
[INFO] [stdout]           >>>               /opt/rustwide/target/release/deps/unit_tests-6ab49abaa8775bdc.unit_tests.5e0e2affa7f4f4d5-cgu.0.rcgu.o:(<windows_core::error::Error as core::convert::From<windows_core::hresult::HRESULT>>::from)
[INFO] [stdout]           collect2: error: ld returned 1 exit status
[INFO] [stdout]           
[INFO] [stdout] 
[INFO] [stdout] 
[INFO] [stderr] error: could not compile `network-speed` (test "unit_tests") due to 1 previous error
[INFO] [stdout] error: linking with `cc` failed: exit status: 1
[INFO] [stdout]   |
[INFO] [stdout]   = note:  "cc" "-m64" "<1 object files omitted>" "-Wl,--as-needed" "-Wl,-Bstatic" "<sysroot>/lib/rustlib/x86_64-unknown-linux-gnu/lib/libcompiler_builtins-*.rlib" "-Wl,-Bdynamic" "-lgcc_s" "-lutil" "-lrt" "-lpthread" "-lm" "-ldl" "-lc" "-L" "/opt/rustwide/target/release/deps/rustc27U1ar/raw-dylibs" "-B<sysroot>/lib/rustlib/x86_64-unknown-linux-gnu/bin/gcc-ld" "-fuse-ld=lld" "-Wl,--eh-frame-hdr" "-Wl,-z,noexecstack" "-L" "/opt/rustwide/cargo-home/registry/src/index.crates.io-1949cf8c6b5b557f/windows_x86_64_gnu-0.52.6/lib" "-L" "<sysroot>/lib/rustlib/x86_64-unknown-linux-gnu/lib" "-o" "/opt/rustwide/target/release/deps/monitor_tests-f9be2ea203e27d63" "-Wl,--gc-sections" "-pie" "-Wl,-z,relro,-z,now" "-Wl,-O1" "-Wl,--strip-all" "-nodefaultlibs"
[INFO] [stdout]   = note: some arguments are omitted. use `--verbose` to show all linker arguments
[INFO] [stdout]   = note: rust-lld: error: undefined symbol: SysFreeString
[INFO] [stdout]           >>> referenced by monitor_tests.a040f779dd864f79-cgu.0
[INFO] [stdout]           >>>               /opt/rustwide/target/release/deps/monitor_tests-f9be2ea203e27d63.monitor_tests.a040f779dd864f79-cgu.0.rcgu.o:(<&windows_core::error::Error as core::fmt::Debug>::fmt)
[INFO] [stdout]           >>> referenced by monitor_tests.a040f779dd864f79-cgu.0
[INFO] [stdout]           >>>               /opt/rustwide/target/release/deps/monitor_tests-f9be2ea203e27d63.monitor_tests.a040f779dd864f79-cgu.0.rcgu.o:(<&windows_core::error::Error as core::fmt::Debug>::fmt)
[INFO] [stdout]           >>> referenced by monitor_tests.a040f779dd864f79-cgu.0
[INFO] [stdout]           >>>               /opt/rustwide/target/release/deps/monitor_tests-f9be2ea203e27d63.monitor_tests.a040f779dd864f79-cgu.0.rcgu.o:(<&windows_core::error::Error as core::fmt::Debug>::fmt)
[INFO] [stdout]           >>> referenced 9 more times
[INFO] [stdout]           
[INFO] [stdout]           rust-lld: error: undefined symbol: SysStringLen
[INFO] [stdout]           >>> referenced by monitor_tests.a040f779dd864f79-cgu.0
[INFO] [stdout]           >>>               /opt/rustwide/target/release/deps/monitor_tests-f9be2ea203e27d63.monitor_tests.a040f779dd864f79-cgu.0.rcgu.o:(<&windows_core::error::Error as core::fmt::Debug>::fmt)
[INFO] [stdout]           >>> referenced by monitor_tests.a040f779dd864f79-cgu.0
[INFO] [stdout]           >>>               /opt/rustwide/target/release/deps/monitor_tests-f9be2ea203e27d63.monitor_tests.a040f779dd864f79-cgu.0.rcgu.o:(<&windows_core::error::Error as core::fmt::Debug>::fmt)
[INFO] [stdout]           >>> referenced by monitor_tests.a040f779dd864f79-cgu.0
[INFO] [stdout]           >>>               /opt/rustwide/target/release/deps/monitor_tests-f9be2ea203e27d63.monitor_tests.a040f779dd864f79-cgu.0.rcgu.o:(<windows_core::error::Error as core::convert::From<windows_core::hresult::HRESULT>>::from)
[INFO] [stdout]           
[INFO] [stdout]           rust-lld: error: undefined symbol: FormatMessageW
[INFO] [stdout]           >>> referenced by monitor_tests.a040f779dd864f79-cgu.0
[INFO] [stdout]           >>>               /opt/rustwide/target/release/deps/monitor_tests-f9be2ea203e27d63.monitor_tests.a040f779dd864f79-cgu.0.rcgu.o:(<&windows_core::error::Error as core::fmt::Debug>::fmt)
[INFO] [stdout]           
[INFO] [stdout]           rust-lld: error: undefined symbol: GetProcessHeap
[INFO] [stdout]           >>> referenced by monitor_tests.a040f779dd864f79-cgu.0
[INFO] [stdout]           >>>               /opt/rustwide/target/release/deps/monitor_tests-f9be2ea203e27d63.monitor_tests.a040f779dd864f79-cgu.0.rcgu.o:(<&windows_core::error::Error as core::fmt::Debug>::fmt)
[INFO] [stdout]           >>> referenced by monitor_tests.a040f779dd864f79-cgu.0
[INFO] [stdout]           >>>               /opt/rustwide/target/release/deps/monitor_tests-f9be2ea203e27d63.monitor_tests.a040f779dd864f79-cgu.0.rcgu.o:(<&windows_core::error::Error as core::fmt::Debug>::fmt)
[INFO] [stdout]           >>> referenced by monitor_tests.a040f779dd864f79-cgu.0
[INFO] [stdout]           >>>               /opt/rustwide/target/release/deps/monitor_tests-f9be2ea203e27d63.monitor_tests.a040f779dd864f79-cgu.0.rcgu.o:(<&windows_core::error::Error as core::fmt::Debug>::fmt)
[INFO] [stdout]           >>> referenced 5 more times
[INFO] [stdout]           
[INFO] [stdout]           rust-lld: error: undefined symbol: HeapAlloc
[INFO] [stdout]           >>> referenced by monitor_tests.a040f779dd864f79-cgu.0
[INFO] [stdout]           >>>               /opt/rustwide/target/release/deps/monitor_tests-f9be2ea203e27d63.monitor_tests.a040f779dd864f79-cgu.0.rcgu.o:(<&windows_core::error::Error as core::fmt::Debug>::fmt)
[INFO] [stdout]           >>> referenced by monitor_tests.a040f779dd864f79-cgu.0
[INFO] [stdout]           >>>               /opt/rustwide/target/release/deps/monitor_tests-f9be2ea203e27d63.monitor_tests.a040f779dd864f79-cgu.0.rcgu.o:(<&windows_core::error::Error as core::fmt::Debug>::fmt)
[INFO] [stdout]           >>> referenced by monitor_tests.a040f779dd864f79-cgu.0
[INFO] [stdout]           >>>               /opt/rustwide/target/release/deps/monitor_tests-f9be2ea203e27d63.monitor_tests.a040f779dd864f79-cgu.0.rcgu.o:(<windows_core::error::Error as core::convert::From<windows_core::hresult::HRESULT>>::from)
[INFO] [stdout]           
[INFO] [stdout]           rust-lld: error: undefined symbol: HeapFree
[INFO] [stdout]           >>> referenced by monitor_tests.a040f779dd864f79-cgu.0
[INFO] [stdout]           >>>               /opt/rustwide/target/release/deps/monitor_tests-f9be2ea203e27d63.monitor_tests.a040f779dd864f79-cgu.0.rcgu.o:(<&windows_core::error::Error as core::fmt::Debug>::fmt)
[INFO] [stdout]           >>> referenced by monitor_tests.a040f779dd864f79-cgu.0
[INFO] [stdout]           >>>               /opt/rustwide/target/release/deps/monitor_tests-f9be2ea203e27d63.monitor_tests.a040f779dd864f79-cgu.0.rcgu.o:(<&windows_core::error::Error as core::fmt::Debug>::fmt)
[INFO] [stdout]           >>> referenced by monitor_tests.a040f779dd864f79-cgu.0
[INFO] [stdout]           >>>               /opt/rustwide/target/release/deps/monitor_tests-f9be2ea203e27d63.monitor_tests.a040f779dd864f79-cgu.0.rcgu.o:(<windows_core::error::Error as core::convert::From<windows_core::hresult::HRESULT>>::from)
[INFO] [stdout]           >>> referenced 2 more times
[INFO] [stdout]           
[INFO] [stdout]           rust-lld: error: undefined symbol: GetErrorInfo
[INFO] [stdout]           >>> referenced by monitor_tests.a040f779dd864f79-cgu.0
[INFO] [stdout]           >>>               /opt/rustwide/target/release/deps/monitor_tests-f9be2ea203e27d63.monitor_tests.a040f779dd864f79-cgu.0.rcgu.o:(<windows_core::error::Error as core::convert::From<windows_core::hresult::HRESULT>>::from)
[INFO] [stdout]           >>> referenced by monitor_tests.a040f779dd864f79-cgu.0
[INFO] [stdout]           >>>               /opt/rustwide/target/release/deps/monitor_tests-f9be2ea203e27d63.monitor_tests.a040f779dd864f79-cgu.0.rcgu.o:(<windows_core::error::Error as core::convert::From<windows_core::hresult::HRESULT>>::from)
[INFO] [stdout]           >>> referenced by monitor_tests.a040f779dd864f79-cgu.0
[INFO] [stdout]           >>>               /opt/rustwide/target/release/deps/monitor_tests-f9be2ea203e27d63.monitor_tests.a040f779dd864f79-cgu.0.rcgu.o:(<windows_core::error::Error as core::convert::From<windows_core::hresult::HRESULT>>::from)
[INFO] [stdout]           
[INFO] [stdout]           rust-lld: error: undefined symbol: LoadLibraryExA
[INFO] [stdout]           >>> referenced by monitor_tests.a040f779dd864f79-cgu.0
[INFO] [stdout]           >>>               /opt/rustwide/target/release/deps/monitor_tests-f9be2ea203e27d63.monitor_tests.a040f779dd864f79-cgu.0.rcgu.o:(<windows_core::error::Error as core::convert::From<windows_core::hresult::HRESULT>>::from)
[INFO] [stdout]           
[INFO] [stdout]           rust-lld: error: undefined symbol: GetProcAddress
[INFO] [stdout]           >>> referenced by monitor_tests.a040f779dd864f79-cgu.0
[INFO] [stdout]           >>>               /opt/rustwide/target/release/deps/monitor_tests-f9be2ea203e27d63.monitor_tests.a040f779dd864f79-cgu.0.rcgu.o:(<windows_core::error::Error as core::convert::From<windows_core::hresult::HRESULT>>::from)
[INFO] [stdout]           
[INFO] [stdout]           rust-lld: error: undefined symbol: FreeLibrary
[INFO] [stdout]           >>> referenced by monitor_tests.a040f779dd864f79-cgu.0
[INFO] [stdout]           >>>               /opt/rustwide/target/release/deps/monitor_tests-f9be2ea203e27d63.monitor_tests.a040f779dd864f79-cgu.0.rcgu.o:(<windows_core::error::Error as core::convert::From<windows_core::hresult::HRESULT>>::from)
[INFO] [stdout]           collect2: error: ld returned 1 exit status
[INFO] [stdout]           
[INFO] [stdout] 
[INFO] [stdout] 
[INFO] [stderr] error: could not compile `network-speed` (test "monitor_tests") due to 1 previous error
[INFO] running `Command { std: "docker" "inspect" "4430c05c43d2c3c69ee9d84994c3445e2bc4ce71e5ea40ad10dc68d98de08841", kill_on_drop: false }`
[INFO] running `Command { std: "docker" "rm" "-f" "4430c05c43d2c3c69ee9d84994c3445e2bc4ce71e5ea40ad10dc68d98de08841", kill_on_drop: false }`
[INFO] [stdout] 4430c05c43d2c3c69ee9d84994c3445e2bc4ce71e5ea40ad10dc68d98de08841
