[INFO] fetching crate netrun 0.35.2...
[INFO] testing netrun-0.35.2 against 1.100.0-beta.1+cargoflags=--release for beta-release-1.100-2
[INFO] extracting crate netrun 0.35.2 into /workspace/builds/worker-3-tc2/source
[INFO] started tweaking crates.io crate netrun 0.35.2
[INFO] finished tweaking crates.io crate netrun 0.35.2
[INFO] tweaked toml for crates.io crate netrun 0.35.2 written to /workspace/builds/worker-3-tc2/source/Cargo.toml
[INFO] validating manifest of crates.io crate netrun 0.35.2 on toolchain 1.100.0-beta.1
[INFO] running `Command { std: CARGO_HOME="/workspace/cargo-home" RUSTUP_HOME="/workspace/rustup-home" "/workspace/cargo-home/bin/cargo" "+1.100.0-beta.1" "metadata" "--manifest-path" "Cargo.toml" "--no-deps", kill_on_drop: false }`
[INFO] crate crates.io crate netrun 0.35.2 already has a lockfile, it will not be regenerated
[INFO] running `Command { std: CARGO_HOME="/workspace/cargo-home" RUSTUP_HOME="/workspace/rustup-home" "/workspace/cargo-home/bin/cargo" "+1.100.0-beta.1" "fetch" "--manifest-path" "Cargo.toml", kill_on_drop: false }`
[INFO] [stderr] warning: `package.homepage` is redundant with `package.repository`
[INFO] [stderr]   --> Cargo.toml:70:12
[INFO] [stderr]    |
[INFO] [stderr] 70 | homepage = "https://github.com/VladasZ/netrun"
[INFO] [stderr]    |            ^^^^^^^^^^^^^^^^^^^^^^^^^^^^^^^^^^^
[INFO] [stderr] ...
[INFO] [stderr] 74 | repository = "https://github.com/VladasZ/netrun"
[INFO] [stderr]    |              -----------------------------------
[INFO] [stderr]    |
[INFO] [stderr]    = note: `cargo::redundant_homepage` is set to `warn` by default
[INFO] [stderr] help: consider removing `package.homepage`
[INFO] [stderr] warning: `netrun` (manifest) generated 1 warning
[INFO] running `Command { std: "docker" "create" "-v" "/var/lib/crater-agent-workspace/builds/worker-3-tc2/source:/opt/rustwide/workdir:ro,Z" "-v" "/var/lib/crater-agent-workspace/builds/worker-3-tc2/target:/opt/rustwide/target:rw,Z" "-v" "/var/lib/crater-agent-workspace/cargo-home:/opt/rustwide/cargo-home:ro,Z" "-v" "/var/lib/crater-agent-workspace/rustup-home:/opt/rustwide/rustup-home:ro,Z" "-m" "1610612736" "--network" "none" "ghcr.io/rust-lang/crates-build-env/linux@sha256:77db811e55d90add9212f6832c23229e3de5f1c1f9905e8cb07319ea15df73ac" "sleep" "infinity", kill_on_drop: false }`
[INFO] [stdout] 17aed6e3e8634412e559ec982da68c142aafcfc9c900ca36ed3b120f4c93981a
[INFO] running `Command { std: "docker" "start" "17aed6e3e8634412e559ec982da68c142aafcfc9c900ca36ed3b120f4c93981a", kill_on_drop: false }`
[INFO] running `Command { std: "docker" "inspect" "17aed6e3e8634412e559ec982da68c142aafcfc9c900ca36ed3b120f4c93981a", kill_on_drop: false }`
[INFO] running `Command { std: "docker" "exec" "-e" "SOURCE_DIR=/opt/rustwide/workdir" "-e" "CARGO_HOME=/opt/rustwide/cargo-home" "-e" "RUSTUP_HOME=/opt/rustwide/rustup-home" "-e" "CARGO_TARGET_DIR=/opt/rustwide/target" "-w" "/opt/rustwide/workdir" "--user" "0:0" "17aed6e3e8634412e559ec982da68c142aafcfc9c900ca36ed3b120f4c93981a" "/opt/rustwide/cargo-home/bin/cargo" "+1.100.0-beta.1" "metadata" "--no-deps" "--format-version=1", kill_on_drop: false }`
[INFO] running `Command { std: "docker" "inspect" "17aed6e3e8634412e559ec982da68c142aafcfc9c900ca36ed3b120f4c93981a", kill_on_drop: false }`
[INFO] running `Command { std: "docker" "exec" "-e" "SOURCE_DIR=/opt/rustwide/workdir" "-e" "CARGO_HOME=/opt/rustwide/cargo-home" "-e" "RUSTUP_HOME=/opt/rustwide/rustup-home" "-e" "CARGO_TARGET_DIR=/opt/rustwide/target" "-e" "CARGO_INCREMENTAL=0" "-e" "RUST_BACKTRACE=full" "-e" "RUSTFLAGS=--cap-lints=warn" "-e" "RUSTDOCFLAGS=--cap-lints=warn" "-w" "/opt/rustwide/workdir" "--user" "0:0" "17aed6e3e8634412e559ec982da68c142aafcfc9c900ca36ed3b120f4c93981a" "/opt/rustwide/cargo-home/bin/cargo" "+1.100.0-beta.1" "build" "--frozen" "--message-format=json" "--release", kill_on_drop: false }`
[INFO] [stderr] warning: `package.homepage` is redundant with `package.repository`
[INFO] [stderr]   --> Cargo.toml:70:12
[INFO] [stderr]    |
[INFO] [stderr] 70 | homepage = "https://github.com/VladasZ/netrun"
[INFO] [stderr]    |            ^^^^^^^^^^^^^^^^^^^^^^^^^^^^^^^^^^^
[INFO] [stderr] ...
[INFO] [stderr] 74 | repository = "https://github.com/VladasZ/netrun"
[INFO] [stderr]    |              -----------------------------------
[INFO] [stderr]    |
[INFO] [stderr]    = note: `cargo::redundant_homepage` is set to `warn` by default
[INFO] [stderr] help: consider removing `package.homepage`
[INFO] [stderr] warning: `netrun` (manifest) generated 1 warning
[INFO] [stderr]    Compiling memchr v2.8.1
[INFO] [stderr]    Compiling value-bag v1.12.0
[INFO] [stderr]    Compiling zerocopy v0.8.52
[INFO] [stderr]    Compiling cc v1.2.63
[INFO] [stderr]    Compiling concurrent-queue v2.5.0
[INFO] [stderr]    Compiling aws-lc-rs v1.17.0
[INFO] [stderr]    Compiling tokio v1.52.3
[INFO] [stderr]    Compiling http v1.4.2
[INFO] [stderr]    Compiling rustls v0.23.40
[INFO] [stderr]    Compiling darling_core v0.20.11
[INFO] [stderr]    Compiling rustix v1.1.4
[INFO] [stderr]    Compiling icu_normalizer v2.2.0
[INFO] [stderr]    Compiling futures-lite v2.6.1
[INFO] [stderr]    Compiling linux-raw-sys v0.12.1
[INFO] [stderr]    Compiling serde v1.0.228
[INFO] [stderr]    Compiling async-io v2.6.0
[INFO] [stderr]    Compiling serde_core v1.0.228
[INFO] [stderr]    Compiling getrandom v0.3.4
[INFO] [stderr]    Compiling event-listener v5.4.1
[INFO] [stderr]    Compiling unicode-normalization v0.1.25
[INFO] [stderr]    Compiling piper v0.2.5
[INFO] [stderr]    Compiling proc-macro-error-attr2 v2.0.0
[INFO] [stderr]    Compiling log v0.4.32
[INFO] [stderr]    Compiling event-listener-strategy v0.5.4
[INFO] [stderr]    Compiling enum-as-inner v0.6.1
[INFO] [stderr]    Compiling async-channel v2.5.0
[INFO] [stderr]    Compiling async-lock v3.4.2
[INFO] [stderr]    Compiling idna_adapter v1.2.2
[INFO] [stderr]    Compiling idna v1.1.0
[INFO] [stderr]    Compiling proc-macro-error2 v2.0.1
[INFO] [stderr]    Compiling futures-util v0.3.32
[INFO] [stderr]    Compiling aho-corasick v1.1.4
[INFO] [stderr]    Compiling idna v0.4.0
[INFO] [stderr]    Compiling serde_json v1.0.150
[INFO] [stderr]    Compiling cmake v0.1.58
[INFO] [stderr]    Compiling http-body v1.0.1
[INFO] [stderr]    Compiling url v2.5.8
[INFO] [stderr]    Compiling http-body-util v0.1.3
[INFO] [stderr]    Compiling async-executor v1.14.0
[INFO] [stderr]    Compiling blocking v1.6.2
[INFO] [stderr]    Compiling aws-lc-sys v0.41.0
[INFO] [stderr]    Compiling ring v0.17.14
[INFO] [stderr]    Compiling rand_core v0.9.5
[INFO] [stderr]    Compiling plat v0.8.0
[INFO] [stderr]    Compiling rust_decimal v1.42.0
[INFO] [stderr]    Compiling saa v5.6.0
[INFO] [stderr]    Compiling data-encoding v2.11.0
[INFO] [stderr]    Compiling either v1.16.0
[INFO] [stderr]    Compiling async-channel v1.9.0
[INFO] [stderr]    Compiling serde_urlencoded v0.7.1
[INFO] [stderr]    Compiling hreads v0.14.0
[INFO] [stderr]    Compiling rustls-native-certs v0.8.4
[INFO] [stderr]    Compiling regex-automata v0.4.14
[INFO] [stderr]    Compiling sdd v4.8.6
[INFO] [stderr]    Compiling darling_macro v0.20.11
[INFO] [stderr]    Compiling uuid v1.23.3
[INFO] [stderr]    Compiling darling v0.20.11
[INFO] [stderr]    Compiling derive_builder_core v0.20.2
[INFO] [stderr]    Compiling getset v0.1.6
[INFO] [stderr]    Compiling kv-log-macro v1.0.7
[INFO] [stderr]    Compiling plat v0.9.0
[INFO] [stderr]    Compiling arrayvec v0.7.6
[INFO] [stderr]    Compiling chrono v0.4.45
[INFO] [stderr]    Compiling netrun v0.35.2 (/opt/rustwide/workdir)
[INFO] [stderr]    Compiling scc v3.7.2
[INFO] [stderr]    Compiling neli-proc-macros v0.2.2
[INFO] [stderr]    Compiling crossbeam-queue v0.3.12
[INFO] [stderr]    Compiling derive_builder_macro v0.20.2
[INFO] [stderr]    Compiling cfg_aliases v0.2.1
[INFO] [stderr]    Compiling pollster v0.4.0
[INFO] [stderr]    Compiling twox-hash v2.1.2
[INFO] [stderr]    Compiling utf8-width v0.1.8
[INFO] [stderr]    Compiling lz4_flex v0.13.1
[INFO] [stderr]    Compiling derive_builder v0.20.2
[INFO] [stderr]    Compiling futures-executor v0.3.32
[INFO] [stderr]    Compiling futures v0.3.32
[INFO] [stderr]    Compiling asynchronous-codec v0.7.0
[INFO] [stderr]    Compiling byte-unit v5.2.0
[INFO] [stderr]    Compiling sysinfo v0.38.4
[INFO] [stderr]    Compiling neli v0.7.4
[INFO] [stderr]    Compiling ppv-lite86 v0.2.21
[INFO] [stderr]    Compiling rand_chacha v0.3.1
[INFO] [stderr]    Compiling rand_chacha v0.9.0
[INFO] [stderr]    Compiling rand v0.8.6
[INFO] [stderr]    Compiling rand v0.9.4
[INFO] [stderr]    Compiling regex v1.12.4
[INFO] [stderr]    Compiling tokio-util v0.7.18
[INFO] [stderr]    Compiling tower v0.5.3
[INFO] [stderr]    Compiling trust-dns-proto v0.23.2
[INFO] [stderr]    Compiling h2 v0.4.14
[INFO] [stderr]    Compiling polling v3.11.0
[INFO] [stderr]    Compiling tower-http v0.6.11
[INFO] [stderr]    Compiling local-ip-address v0.6.13
[INFO] [stderr]    Compiling zeromq v0.5.0
[INFO] [stderr]    Compiling async-global-executor v2.4.1
[INFO] [stderr]    Compiling async-std v1.13.2
[INFO] [stderr]    Compiling trust-dns-resolver v0.23.2
[INFO] [stderr]    Compiling hyper v1.10.1
[INFO] [stderr]    Compiling rust-network-scanner v2.0.0
[INFO] [stderr]    Compiling hyper-util v0.1.20
[INFO] [stderr]    Compiling rustls-webpki v0.103.13
[INFO] [stderr]    Compiling tokio-rustls v0.26.4
[INFO] [stderr]    Compiling rustls-platform-verifier v0.7.0
[INFO] [stderr]    Compiling hyper-rustls v0.27.9
[INFO] [stderr]    Compiling reqwest v0.12.28
[INFO] [stderr]    Compiling reqwest v0.13.4
[INFO] [stderr]    Compiling infisical v0.0.3
[INFO] [stderr] warning: unused dependency `plat`
[INFO] [stderr]   --> Cargo.toml:25:15
[INFO] [stderr]    |
[INFO] [stderr] 25 | [dependencies.plat]
[INFO] [stderr]    |               ^^^^^
[INFO] [stderr]    |
[INFO] [stderr]    = note: `cargo::unused_dependencies` is set to `warn` by default
[INFO] [stderr] help: consider removing the dependency on `plat`
[INFO] [stderr] warning: `netrun` (manifest) generated 1 warning
[INFO] [stderr]     Finished `release` profile [optimized] target(s) in 2m 06s
[INFO] [stderr] warning: the following packages contain code that will be rejected by a future version of Rust: plat v0.8.0, plat v0.9.0, proc-macro-error2 v2.0.1
[INFO] [stderr] note: to see what the problems were, use the option `--future-incompat-report`, or run `cargo report future-incompatibilities --id 3`
[INFO] running `Command { std: "docker" "inspect" "17aed6e3e8634412e559ec982da68c142aafcfc9c900ca36ed3b120f4c93981a", kill_on_drop: false }`
[INFO] running `Command { std: "docker" "exec" "-e" "SOURCE_DIR=/opt/rustwide/workdir" "-e" "CARGO_HOME=/opt/rustwide/cargo-home" "-e" "RUSTUP_HOME=/opt/rustwide/rustup-home" "-e" "CARGO_TARGET_DIR=/opt/rustwide/target" "-e" "CARGO_INCREMENTAL=0" "-e" "RUST_BACKTRACE=full" "-e" "RUSTFLAGS=--cap-lints=warn" "-e" "RUSTDOCFLAGS=--cap-lints=warn" "-w" "/opt/rustwide/workdir" "--user" "0:0" "17aed6e3e8634412e559ec982da68c142aafcfc9c900ca36ed3b120f4c93981a" "/opt/rustwide/cargo-home/bin/cargo" "+1.100.0-beta.1" "test" "--frozen" "--no-run" "--message-format=json" "--release", kill_on_drop: false }`
[INFO] [stderr] warning: `package.homepage` is redundant with `package.repository`
[INFO] [stderr]   --> Cargo.toml:70:12
[INFO] [stderr]    |
[INFO] [stderr] 70 | homepage = "https://github.com/VladasZ/netrun"
[INFO] [stderr]    |            ^^^^^^^^^^^^^^^^^^^^^^^^^^^^^^^^^^^
[INFO] [stderr] ...
[INFO] [stderr] 74 | repository = "https://github.com/VladasZ/netrun"
[INFO] [stderr]    |              -----------------------------------
[INFO] [stderr]    |
[INFO] [stderr]    = note: `cargo::redundant_homepage` is set to `warn` by default
[INFO] [stderr] help: consider removing `package.homepage`
[INFO] [stderr] warning: `netrun` (manifest) generated 1 warning
[INFO] [stderr]    Compiling log v0.4.32
[INFO] [stderr]    Compiling wasm-bindgen-shared v0.2.123
[INFO] [stderr]    Compiling serde_json v1.0.150
[INFO] [stderr]    Compiling bumpalo v3.20.3
[INFO] [stderr]    Compiling wasm-bindgen v0.2.123
[INFO] [stderr]    Compiling unicode-ident v1.0.24
[INFO] [stderr]    Compiling serde_urlencoded v0.7.1
[INFO] [stderr]    Compiling chrono v0.4.45
[INFO] [stderr]    Compiling rust_decimal v1.42.0
[INFO] [stderr]    Compiling wasm-bindgen-test-macro v0.3.73
[INFO] [stderr]    Compiling nu-ansi-term v0.50.3
[INFO] [stderr]    Compiling wasm-bindgen-test-shared v0.2.123
[INFO] [stderr]    Compiling yansi v1.0.1
[INFO] [stderr]    Compiling diff v0.1.13
[INFO] [stderr]    Compiling wasm-bindgen-macro-support v0.2.123
[INFO] [stderr]    Compiling pretty_assertions v1.4.1
[INFO] [stderr]    Compiling kv-log-macro v1.0.7
[INFO] [stderr]    Compiling rustls-platform-verifier v0.7.0
[INFO] [stderr]    Compiling neli v0.7.4
[INFO] [stderr]    Compiling env_filter v1.0.1
[INFO] [stderr]    Compiling zeromq v0.5.0
[INFO] [stderr]    Compiling async-std v1.13.2
[INFO] [stderr]    Compiling reqwest v0.13.4
[INFO] [stderr]    Compiling env_logger v0.11.10
[INFO] [stderr]    Compiling byte-unit v5.2.0
[INFO] [stderr]    Compiling reqwest v0.12.28
[INFO] [stderr]    Compiling rust-network-scanner v2.0.0
[INFO] [stderr]    Compiling infisical v0.0.3
[INFO] [stderr]    Compiling hreads v0.14.0
[INFO] [stderr]    Compiling local-ip-address v0.6.13
[INFO] [stderr]    Compiling wasm-bindgen-macro v0.2.123
[INFO] [stderr]    Compiling js-sys v0.3.100
[INFO] [stderr]    Compiling netrun v0.35.2 (/opt/rustwide/workdir)
[INFO] [stderr]    Compiling wasm-bindgen-futures v0.4.73
[INFO] [stderr]    Compiling wasm-bindgen-test v0.3.73
[INFO] [stdout] error[E0432]: unresolved import `test_log`
[INFO] [stdout]   --> src/connection/service.rs:16:9
[INFO] [stdout]    |
[INFO] [stdout] 16 |     use test_log::test;
[INFO] [stdout]    |         ^^^^^^^^ use of unresolved module or unlinked crate `test_log`
[INFO] [stdout]    |
[INFO] [stdout]    = help: if you wanted to use a crate named `test_log`, use `cargo add test_log` to add it to your `Cargo.toml`
[INFO] [stdout] 
[INFO] [stdout] 
[INFO] [stdout] error[E0432]: unresolved import `test_log`
[INFO] [stdout]   --> src/connection/mod.rs:17:9
[INFO] [stdout]    |
[INFO] [stdout] 17 |     use test_log::test;
[INFO] [stdout]    |         ^^^^^^^^ use of unresolved module or unlinked crate `test_log`
[INFO] [stdout]    |
[INFO] [stdout]    = help: if you wanted to use a crate named `test_log`, use `cargo add test_log` to add it to your `Cargo.toml`
[INFO] [stdout] 
[INFO] [stdout] 
[INFO] [stdout] error[E0432]: unresolved import `test_log`
[INFO] [stdout]   --> src/retry.rs:62:9
[INFO] [stdout]    |
[INFO] [stdout] 62 |     use test_log::test;
[INFO] [stdout]    |         ^^^^^^^^ use of unresolved module or unlinked crate `test_log`
[INFO] [stdout]    |
[INFO] [stdout]    = help: if you wanted to use a crate named `test_log`, use `cargo add test_log` to add it to your `Cargo.toml`
[INFO] [stdout] 
[INFO] [stdout] 
[INFO] [stdout] error[E0432]: unresolved import `test_log`
[INFO] [stdout]   --> src/scan.rs:94:9
[INFO] [stdout]    |
[INFO] [stdout] 94 |     use test_log::test;
[INFO] [stdout]    |         ^^^^^^^^ use of unresolved module or unlinked crate `test_log`
[INFO] [stdout]    |
[INFO] [stdout]    = help: if you wanted to use a crate named `test_log`, use `cargo add test_log` to add it to your `Cargo.toml`
[INFO] [stdout] 
[INFO] [stdout] 
[INFO] [stdout] For more information about this error, try `rustc --explain E0432`.
[INFO] [stdout] 
[INFO] [stderr] error: could not compile `netrun` (lib test) due to 4 previous errors
[INFO] [stderr] warning: unused dependency `plat`
[INFO] [stderr]   --> Cargo.toml:25:15
[INFO] [stderr]    |
[INFO] [stderr] 25 | [dependencies.plat]
[INFO] [stderr]    |               ^^^^^
[INFO] [stderr]    |
[INFO] [stderr]    = note: `cargo::unused_dependencies` is set to `warn` by default
[INFO] [stderr] help: consider removing the dependency on `plat`
[INFO] [stderr] help: to still use for development builds, move to `dev-dependencies`
[INFO] [stderr] warning: `netrun` (manifest) generated 1 warning
[INFO] running `Command { std: "docker" "inspect" "17aed6e3e8634412e559ec982da68c142aafcfc9c900ca36ed3b120f4c93981a", kill_on_drop: false }`
[INFO] running `Command { std: "docker" "rm" "-f" "17aed6e3e8634412e559ec982da68c142aafcfc9c900ca36ed3b120f4c93981a", kill_on_drop: false }`
[INFO] [stdout] 17aed6e3e8634412e559ec982da68c142aafcfc9c900ca36ed3b120f4c93981a
