[INFO] fetching crate netcdf-derive 0.1.1...
[INFO] testing netcdf-derive-0.1.1 against 1.99.0-beta.8+cargoflags=--release for beta-release-1.100-2
[INFO] extracting crate netcdf-derive 0.1.1 into /workspace/builds/worker-0-tc1/source
[INFO] started tweaking crates.io crate netcdf-derive 0.1.1
[INFO] removed 0 missing tests
[INFO] finished tweaking crates.io crate netcdf-derive 0.1.1
[INFO] tweaked toml for crates.io crate netcdf-derive 0.1.1 written to /workspace/builds/worker-0-tc1/source/Cargo.toml
[INFO] validating manifest of crates.io crate netcdf-derive 0.1.1 on toolchain 1.99.0-beta.8
[INFO] running `Command { std: CARGO_HOME="/workspace/cargo-home" RUSTUP_HOME="/workspace/rustup-home" "/workspace/cargo-home/bin/cargo" "+1.99.0-beta.8" "metadata" "--manifest-path" "Cargo.toml" "--no-deps", kill_on_drop: false }`
[INFO] crate crates.io crate netcdf-derive 0.1.1 already has a lockfile, it will not be regenerated
[INFO] running `Command { std: CARGO_HOME="/workspace/cargo-home" RUSTUP_HOME="/workspace/rustup-home" "/workspace/cargo-home/bin/cargo" "+1.99.0-beta.8" "fetch" "--manifest-path" "Cargo.toml", kill_on_drop: false }`
[INFO] [stderr]  Downloading crates ...
[INFO] [stderr]   Downloaded target-triple v1.0.1
[INFO] [stderr]   Downloaded trybuild v1.0.120
[INFO] running `Command { std: "docker" "create" "-v" "/var/lib/crater-agent-workspace/builds/worker-0-tc1/source:/opt/rustwide/workdir:ro,Z" "-v" "/var/lib/crater-agent-workspace/builds/worker-0-tc1/target:/opt/rustwide/target:rw,Z" "-v" "/var/lib/crater-agent-workspace/cargo-home:/opt/rustwide/cargo-home:ro,Z" "-v" "/var/lib/crater-agent-workspace/rustup-home:/opt/rustwide/rustup-home:ro,Z" "-m" "1610612736" "--network" "none" "ghcr.io/rust-lang/crates-build-env/linux@sha256:77db811e55d90add9212f6832c23229e3de5f1c1f9905e8cb07319ea15df73ac" "sleep" "infinity", kill_on_drop: false }`
[INFO] [stdout] 604130ad94ef35fdc0bf94d252691203a2915c8ca09c7c6a4f6879f9f67937cd
[INFO] running `Command { std: "docker" "start" "604130ad94ef35fdc0bf94d252691203a2915c8ca09c7c6a4f6879f9f67937cd", kill_on_drop: false }`
[INFO] running `Command { std: "docker" "inspect" "604130ad94ef35fdc0bf94d252691203a2915c8ca09c7c6a4f6879f9f67937cd", kill_on_drop: false }`
[INFO] running `Command { std: "docker" "exec" "-e" "SOURCE_DIR=/opt/rustwide/workdir" "-e" "CARGO_HOME=/opt/rustwide/cargo-home" "-e" "RUSTUP_HOME=/opt/rustwide/rustup-home" "-e" "CARGO_TARGET_DIR=/opt/rustwide/target" "-w" "/opt/rustwide/workdir" "--user" "0:0" "604130ad94ef35fdc0bf94d252691203a2915c8ca09c7c6a4f6879f9f67937cd" "/opt/rustwide/cargo-home/bin/cargo" "+1.99.0-beta.8" "metadata" "--no-deps" "--format-version=1", kill_on_drop: false }`
[INFO] running `Command { std: "docker" "inspect" "604130ad94ef35fdc0bf94d252691203a2915c8ca09c7c6a4f6879f9f67937cd", kill_on_drop: false }`
[INFO] running `Command { std: "docker" "exec" "-e" "SOURCE_DIR=/opt/rustwide/workdir" "-e" "CARGO_HOME=/opt/rustwide/cargo-home" "-e" "RUSTUP_HOME=/opt/rustwide/rustup-home" "-e" "CARGO_TARGET_DIR=/opt/rustwide/target" "-e" "CARGO_INCREMENTAL=0" "-e" "RUST_BACKTRACE=full" "-e" "RUSTFLAGS=--cap-lints=warn" "-e" "RUSTDOCFLAGS=--cap-lints=warn" "-w" "/opt/rustwide/workdir" "--user" "0:0" "604130ad94ef35fdc0bf94d252691203a2915c8ca09c7c6a4f6879f9f67937cd" "/opt/rustwide/cargo-home/bin/cargo" "+1.99.0-beta.8" "build" "--frozen" "--message-format=json" "--release", kill_on_drop: false }`
[INFO] [stderr]    Compiling proc-macro-error-attr v1.0.4
[INFO] [stderr]    Compiling syn v1.0.109
[INFO] [stderr]    Compiling proc-macro-error v1.0.4
[INFO] [stderr]    Compiling syn v3.0.3
[INFO] [stderr]    Compiling netcdf-derive v0.1.1 (/opt/rustwide/workdir)
[INFO] [stderr]     Finished `release` profile [optimized] target(s) in 6.67s
[INFO] running `Command { std: "docker" "inspect" "604130ad94ef35fdc0bf94d252691203a2915c8ca09c7c6a4f6879f9f67937cd", kill_on_drop: false }`
[INFO] running `Command { std: "docker" "exec" "-e" "SOURCE_DIR=/opt/rustwide/workdir" "-e" "CARGO_HOME=/opt/rustwide/cargo-home" "-e" "RUSTUP_HOME=/opt/rustwide/rustup-home" "-e" "CARGO_TARGET_DIR=/opt/rustwide/target" "-e" "CARGO_INCREMENTAL=0" "-e" "RUST_BACKTRACE=full" "-e" "RUSTFLAGS=--cap-lints=warn" "-e" "RUSTDOCFLAGS=--cap-lints=warn" "-w" "/opt/rustwide/workdir" "--user" "0:0" "604130ad94ef35fdc0bf94d252691203a2915c8ca09c7c6a4f6879f9f67937cd" "/opt/rustwide/cargo-home/bin/cargo" "+1.99.0-beta.8" "test" "--frozen" "--no-run" "--message-format=json" "--release", kill_on_drop: false }`
[INFO] [stderr]    Compiling serde v1.0.229
[INFO] [stderr]    Compiling target-triple v1.0.1
[INFO] [stderr]    Compiling serde_core v1.0.229
[INFO] [stderr]    Compiling proc-macro2 v1.0.107
[INFO] [stderr]    Compiling unicode-ident v1.0.24
[INFO] [stderr]    Compiling serde_derive v1.0.229
[INFO] [stderr]    Compiling zmij v1.0.23
[INFO] [stderr]    Compiling quote v1.0.47
[INFO] [stderr]    Compiling winnow v1.0.4
[INFO] [stderr]    Compiling toml_datetime v1.1.1+spec-1.1.0
[INFO] [stderr]    Compiling serde_json v1.0.151
[INFO] [stderr]    Compiling syn v1.0.109
[INFO] [stderr]    Compiling toml_writer v1.1.2+spec-1.1.0
[INFO] [stderr]    Compiling toml_parser v1.1.3+spec-1.1.0
[INFO] [stderr]    Compiling netcdf-derive v0.1.1 (/opt/rustwide/workdir)
[INFO] [stderr]    Compiling toml v1.1.4+spec-1.1.0
[INFO] [stderr]    Compiling proc-macro-error v1.0.4
[INFO] [stderr]    Compiling glob v0.3.4
[INFO] [stderr]    Compiling syn v3.0.3
[INFO] [stderr]    Compiling trybuild v1.0.120
[INFO] [stderr]    Compiling serde_spanned v1.1.1
[INFO] [stdout] error[E0433]: cannot find module or crate `netcdf` in this scope
[INFO] [stdout]  --> tests/struct.rs:1:5
[INFO] [stdout]   |
[INFO] [stdout] 1 | use netcdf::types::*;
[INFO] [stdout]   |     ^^^^^^ use of unresolved module or unlinked crate `netcdf`
[INFO] [stdout]   |
[INFO] [stdout]   = help: if you wanted to use a crate named `netcdf`, use `cargo add netcdf` to add it to your `Cargo.toml`
[INFO] [stdout] 
[INFO] [stdout] 
[INFO] [stdout] error[E0433]: cannot find module or crate `netcdf` in this scope
[INFO] [stdout]  --> tests/struct.rs:5:10
[INFO] [stdout]   |
[INFO] [stdout] 5 | #[derive(NcType)]
[INFO] [stdout]   |          ^^^^^^ use of unresolved module or unlinked crate `netcdf`
[INFO] [stdout]   |
[INFO] [stdout]   = help: if you wanted to use a crate named `netcdf`, use `cargo add netcdf` to add it to your `Cargo.toml`
[INFO] [stdout]   = note: this error originates in the derive macro `NcType` (in Nightly builds, run with -Z macro-backtrace for more info)
[INFO] [stdout] 
[INFO] [stdout] 
[INFO] [stdout] error[E0433]: cannot find module or crate `netcdf` in this scope
[INFO] [stdout]   --> tests/struct.rs:37:14
[INFO] [stdout]    |
[INFO] [stdout] 37 |     #[derive(NcType)]
[INFO] [stdout]    |              ^^^^^^ use of unresolved module or unlinked crate `netcdf`
[INFO] [stdout]    |
[INFO] [stdout]    = help: if you wanted to use a crate named `netcdf`, use `cargo add netcdf` to add it to your `Cargo.toml`
[INFO] [stdout]    = note: this error originates in the derive macro `NcType` (in Nightly builds, run with -Z macro-backtrace for more info)
[INFO] [stdout] 
[INFO] [stdout] 
[INFO] [stdout] error[E0433]: cannot find module or crate `netcdf` in this scope
[INFO] [stdout]   --> tests/struct.rs:82:14
[INFO] [stdout]    |
[INFO] [stdout] 82 |     #[derive(NcType)]
[INFO] [stdout]    |              ^^^^^^ use of unresolved module or unlinked crate `netcdf`
[INFO] [stdout]    |
[INFO] [stdout]    = help: if you wanted to use a crate named `netcdf`, use `cargo add netcdf` to add it to your `Cargo.toml`
[INFO] [stdout]    = note: this error originates in the derive macro `NcType` (in Nightly builds, run with -Z macro-backtrace for more info)
[INFO] [stdout] 
[INFO] [stdout] 
[INFO] [stdout] error[E0433]: cannot find module or crate `netcdf` in this scope
[INFO] [stdout]    --> tests/struct.rs:113:14
[INFO] [stdout]     |
[INFO] [stdout] 113 |     #[derive(NcType)]
[INFO] [stdout]     |              ^^^^^^ use of unresolved module or unlinked crate `netcdf`
[INFO] [stdout]     |
[INFO] [stdout]     = help: if you wanted to use a crate named `netcdf`, use `cargo add netcdf` to add it to your `Cargo.toml`
[INFO] [stdout]     = note: this error originates in the derive macro `NcType` (in Nightly builds, run with -Z macro-backtrace for more info)
[INFO] [stdout] 
[INFO] [stdout] 
[INFO] [stdout] error[E0433]: cannot find module or crate `netcdf` in this scope
[INFO] [stdout]    --> tests/struct.rs:136:14
[INFO] [stdout]     |
[INFO] [stdout] 136 |     #[derive(NcType)]
[INFO] [stdout]     |              ^^^^^^ use of unresolved module or unlinked crate `netcdf`
[INFO] [stdout]     |
[INFO] [stdout]     = help: if you wanted to use a crate named `netcdf`, use `cargo add netcdf` to add it to your `Cargo.toml`
[INFO] [stdout]     = note: this error originates in the derive macro `NcType` (in Nightly builds, run with -Z macro-backtrace for more info)
[INFO] [stdout] 
[INFO] [stdout] 
[INFO] [stdout] error[E0433]: cannot find module or crate `netcdf` in this scope
[INFO] [stdout]    --> tests/struct.rs:143:14
[INFO] [stdout]     |
[INFO] [stdout] 143 |     #[derive(NcType)]
[INFO] [stdout]     |              ^^^^^^ use of unresolved module or unlinked crate `netcdf`
[INFO] [stdout]     |
[INFO] [stdout]     = help: if you wanted to use a crate named `netcdf`, use `cargo add netcdf` to add it to your `Cargo.toml`
[INFO] [stdout]     = note: this error originates in the derive macro `NcType` (in Nightly builds, run with -Z macro-backtrace for more info)
[INFO] [stdout] 
[INFO] [stdout] 
[INFO] [stdout] error[E0433]: cannot find module or crate `netcdf` in this scope
[INFO] [stdout]    --> tests/struct.rs:164:14
[INFO] [stdout]     |
[INFO] [stdout] 164 |     #[derive(NcType)]
[INFO] [stdout]     |              ^^^^^^ use of unresolved module or unlinked crate `netcdf`
[INFO] [stdout]     |
[INFO] [stdout]     = help: if you wanted to use a crate named `netcdf`, use `cargo add netcdf` to add it to your `Cargo.toml`
[INFO] [stdout]     = note: this error originates in the derive macro `NcType` (in Nightly builds, run with -Z macro-backtrace for more info)
[INFO] [stdout] 
[INFO] [stdout] 
[INFO] [stdout] error[E0433]: cannot find module or crate `netcdf` in this scope
[INFO] [stdout]    --> tests/struct.rs:197:14
[INFO] [stdout]     |
[INFO] [stdout] 197 |     #[derive(NcType)]
[INFO] [stdout]     |              ^^^^^^ use of unresolved module or unlinked crate `netcdf`
[INFO] [stdout]     |
[INFO] [stdout]     = help: if you wanted to use a crate named `netcdf`, use `cargo add netcdf` to add it to your `Cargo.toml`
[INFO] [stdout]     = note: this error originates in the derive macro `NcType` (in Nightly builds, run with -Z macro-backtrace for more info)
[INFO] [stdout] 
[INFO] [stdout] 
[INFO] [stdout] error[E0405]: cannot find trait `NcTypeDescriptor` in this scope
[INFO] [stdout]  --> tests/struct.rs:5:10
[INFO] [stdout]   |
[INFO] [stdout] 5 | #[derive(NcType)]
[INFO] [stdout]   |          ^^^^^^ not found in this scope
[INFO] [stdout]   |
[INFO] [stdout]   = note: this error originates in the derive macro `NcType` (in Nightly builds, run with -Z macro-backtrace for more info)
[INFO] [stdout] 
[INFO] [stdout] 
[INFO] [stdout] error[E0425]: cannot find type `NcVariableType` in this scope
[INFO] [stdout]  --> tests/struct.rs:5:10
[INFO] [stdout]   |
[INFO] [stdout] 5 | #[derive(NcType)]
[INFO] [stdout]   |          ^^^^^^ not found in this scope
[INFO] [stdout]   |
[INFO] [stdout]   = note: this error originates in the derive macro `NcType` (in Nightly builds, run with -Z macro-backtrace for more info)
[INFO] [stdout] 
[INFO] [stdout] 
[INFO] [stdout] error[E0422]: cannot find struct, variant or union type `CompoundTypeField` in this scope
[INFO] [stdout]  --> tests/struct.rs:5:10
[INFO] [stdout]   |
[INFO] [stdout] 5 | #[derive(NcType)]
[INFO] [stdout]   |          ^^^^^^ not found in this scope
[INFO] [stdout]   |
[INFO] [stdout]   = note: this error originates in the derive macro `NcType` (in Nightly builds, run with -Z macro-backtrace for more info)
[INFO] [stdout] 
[INFO] [stdout] 
[INFO] [stdout] error[E0422]: cannot find struct, variant or union type `CompoundType` in this scope
[INFO] [stdout]  --> tests/struct.rs:5:10
[INFO] [stdout]   |
[INFO] [stdout] 5 | #[derive(NcType)]
[INFO] [stdout]   |          ^^^^^^ not found in this scope
[INFO] [stdout]   |
[INFO] [stdout]   = note: this error originates in the derive macro `NcType` (in Nightly builds, run with -Z macro-backtrace for more info)
[INFO] [stdout] 
[INFO] [stdout] 
[INFO] [stdout] error[E0405]: cannot find trait `NcTypeDescriptor` in this scope
[INFO] [stdout]   --> tests/struct.rs:37:14
[INFO] [stdout]    |
[INFO] [stdout] 37 |     #[derive(NcType)]
[INFO] [stdout]    |              ^^^^^^ not found in this scope
[INFO] [stdout]    |
[INFO] [stdout]    = note: this error originates in the derive macro `NcType` (in Nightly builds, run with -Z macro-backtrace for more info)
[INFO] [stdout] 
[INFO] [stdout] 
[INFO] [stdout] error[E0425]: cannot find type `NcVariableType` in this scope
[INFO] [stdout]   --> tests/struct.rs:37:14
[INFO] [stdout]    |
[INFO] [stdout] 37 |     #[derive(NcType)]
[INFO] [stdout]    |              ^^^^^^ not found in this scope
[INFO] [stdout]    |
[INFO] [stdout]    = note: this error originates in the derive macro `NcType` (in Nightly builds, run with -Z macro-backtrace for more info)
[INFO] [stdout] 
[INFO] [stdout] 
[INFO] [stdout] error[E0422]: cannot find struct, variant or union type `CompoundTypeField` in this scope
[INFO] [stdout]   --> tests/struct.rs:37:14
[INFO] [stdout]    |
[INFO] [stdout] 37 |     #[derive(NcType)]
[INFO] [stdout]    |              ^^^^^^ not found in this scope
[INFO] [stdout]    |
[INFO] [stdout]    = note: this error originates in the derive macro `NcType` (in Nightly builds, run with -Z macro-backtrace for more info)
[INFO] [stdout] 
[INFO] [stdout] 
[INFO] [stdout] error[E0422]: cannot find struct, variant or union type `CompoundType` in this scope
[INFO] [stdout]   --> tests/struct.rs:37:14
[INFO] [stdout]    |
[INFO] [stdout] 37 |     #[derive(NcType)]
[INFO] [stdout]    |              ^^^^^^ not found in this scope
[INFO] [stdout]    |
[INFO] [stdout]    = note: this error originates in the derive macro `NcType` (in Nightly builds, run with -Z macro-backtrace for more info)
[INFO] [stdout] 
[INFO] [stdout] 
[INFO] [stdout] error[E0422]: cannot find struct, variant or union type `CompoundType` in this scope
[INFO] [stdout]   --> tests/struct.rs:46:46
[INFO] [stdout]    |
[INFO] [stdout] 46 |     let manual_tp = NcVariableType::Compound(CompoundType {
[INFO] [stdout]    |                                              ^^^^^^^^^^^^ not found in this scope
[INFO] [stdout] 
[INFO] [stdout] 
[INFO] [stdout] error[E0422]: cannot find struct, variant or union type `CompoundTypeField` in this scope
[INFO] [stdout]   --> tests/struct.rs:50:13
[INFO] [stdout]    |
[INFO] [stdout] 50 |             CompoundTypeField {
[INFO] [stdout]    |             ^^^^^^^^^^^^^^^^^ not found in this scope
[INFO] [stdout] 
[INFO] [stdout] 
[INFO] [stdout] error[E0422]: cannot find struct, variant or union type `CompoundTypeField` in this scope
[INFO] [stdout]   --> tests/struct.rs:56:13
[INFO] [stdout]    |
[INFO] [stdout] 56 |             CompoundTypeField {
[INFO] [stdout]    |             ^^^^^^^^^^^^^^^^^ not found in this scope
[INFO] [stdout] 
[INFO] [stdout] 
[INFO] [stdout] error[E0422]: cannot find struct, variant or union type `CompoundTypeField` in this scope
[INFO] [stdout]   --> tests/struct.rs:62:13
[INFO] [stdout]    |
[INFO] [stdout] 62 |             CompoundTypeField {
[INFO] [stdout]    |             ^^^^^^^^^^^^^^^^^ not found in this scope
[INFO] [stdout] 
[INFO] [stdout] 
[INFO] [stdout] error[E0422]: cannot find struct, variant or union type `CompoundTypeField` in this scope
[INFO] [stdout]   --> tests/struct.rs:68:13
[INFO] [stdout]    |
[INFO] [stdout] 68 |             CompoundTypeField {
[INFO] [stdout]    |             ^^^^^^^^^^^^^^^^^ not found in this scope
[INFO] [stdout] 
[INFO] [stdout] 
[INFO] [stdout] error[E0405]: cannot find trait `NcTypeDescriptor` in this scope
[INFO] [stdout]   --> tests/struct.rs:82:14
[INFO] [stdout]    |
[INFO] [stdout] 82 |     #[derive(NcType)]
[INFO] [stdout]    |              ^^^^^^ not found in this scope
[INFO] [stdout]    |
[INFO] [stdout]    = note: this error originates in the derive macro `NcType` (in Nightly builds, run with -Z macro-backtrace for more info)
[INFO] [stdout] 
[INFO] [stdout] 
[INFO] [stdout] error[E0425]: cannot find type `NcVariableType` in this scope
[INFO] [stdout]   --> tests/struct.rs:82:14
[INFO] [stdout]    |
[INFO] [stdout] 82 |     #[derive(NcType)]
[INFO] [stdout]    |              ^^^^^^ not found in this scope
[INFO] [stdout]    |
[INFO] [stdout]    = note: this error originates in the derive macro `NcType` (in Nightly builds, run with -Z macro-backtrace for more info)
[INFO] [stdout] 
[INFO] [stdout] 
[INFO] [stdout] error[E0422]: cannot find struct, variant or union type `CompoundTypeField` in this scope
[INFO] [stdout]   --> tests/struct.rs:82:14
[INFO] [stdout]    |
[INFO] [stdout] 82 |     #[derive(NcType)]
[INFO] [stdout]    |              ^^^^^^ not found in this scope
[INFO] [stdout]    |
[INFO] [stdout]    = note: this error originates in the derive macro `NcType` (in Nightly builds, run with -Z macro-backtrace for more info)
[INFO] [stdout] 
[INFO] [stdout] 
[INFO] [stdout] error[E0422]: cannot find struct, variant or union type `CompoundType` in this scope
[INFO] [stdout]   --> tests/struct.rs:82:14
[INFO] [stdout]    |
[INFO] [stdout] 82 |     #[derive(NcType)]
[INFO] [stdout]    |              ^^^^^^ not found in this scope
[INFO] [stdout]    |
[INFO] [stdout]    = note: this error originates in the derive macro `NcType` (in Nightly builds, run with -Z macro-backtrace for more info)
[INFO] [stdout] 
[INFO] [stdout] 
[INFO] [stdout] error[E0422]: cannot find struct, variant or union type `CompoundType` in this scope
[INFO] [stdout]   --> tests/struct.rs:89:46
[INFO] [stdout]    |
[INFO] [stdout] 89 |     let manual_tp = NcVariableType::Compound(CompoundType {
[INFO] [stdout]    |                                              ^^^^^^^^^^^^ not found in this scope
[INFO] [stdout] 
[INFO] [stdout] 
[INFO] [stdout] error[E0422]: cannot find struct, variant or union type `CompoundTypeField` in this scope
[INFO] [stdout]   --> tests/struct.rs:93:13
[INFO] [stdout]    |
[INFO] [stdout] 93 |             CompoundTypeField {
[INFO] [stdout]    |             ^^^^^^^^^^^^^^^^^ not found in this scope
[INFO] [stdout] 
[INFO] [stdout] 
[INFO] [stdout] error[E0422]: cannot find struct, variant or union type `CompoundTypeField` in this scope
[INFO] [stdout]   --> tests/struct.rs:99:13
[INFO] [stdout]    |
[INFO] [stdout] 99 |             CompoundTypeField {
[INFO] [stdout]    |             ^^^^^^^^^^^^^^^^^ not found in this scope
[INFO] [stdout] 
[INFO] [stdout] 
[INFO] [stdout] error[E0405]: cannot find trait `NcTypeDescriptor` in this scope
[INFO] [stdout]    --> tests/struct.rs:113:14
[INFO] [stdout]     |
[INFO] [stdout] 113 |     #[derive(NcType)]
[INFO] [stdout]     |              ^^^^^^ not found in this scope
[INFO] [stdout]     |
[INFO] [stdout]     = note: this error originates in the derive macro `NcType` (in Nightly builds, run with -Z macro-backtrace for more info)
[INFO] [stdout] 
[INFO] [stdout] 
[INFO] [stdout] error[E0425]: cannot find type `NcVariableType` in this scope
[INFO] [stdout]    --> tests/struct.rs:113:14
[INFO] [stdout]     |
[INFO] [stdout] 113 |     #[derive(NcType)]
[INFO] [stdout]     |              ^^^^^^ not found in this scope
[INFO] [stdout]     |
[INFO] [stdout]     = note: this error originates in the derive macro `NcType` (in Nightly builds, run with -Z macro-backtrace for more info)
[INFO] [stdout] 
[INFO] [stdout] 
[INFO] [stdout] error[E0422]: cannot find struct, variant or union type `CompoundTypeField` in this scope
[INFO] [stdout]    --> tests/struct.rs:113:14
[INFO] [stdout]     |
[INFO] [stdout] 113 |     #[derive(NcType)]
[INFO] [stdout]     |              ^^^^^^ not found in this scope
[INFO] [stdout]     |
[INFO] [stdout]     = note: this error originates in the derive macro `NcType` (in Nightly builds, run with -Z macro-backtrace for more info)
[INFO] [stdout] 
[INFO] [stdout] 
[INFO] [stdout] error[E0422]: cannot find struct, variant or union type `CompoundType` in this scope
[INFO] [stdout]    --> tests/struct.rs:113:14
[INFO] [stdout]     |
[INFO] [stdout] 113 |     #[derive(NcType)]
[INFO] [stdout]     |              ^^^^^^ not found in this scope
[INFO] [stdout]     |
[INFO] [stdout]     = note: this error originates in the derive macro `NcType` (in Nightly builds, run with -Z macro-backtrace for more info)
[INFO] [stdout] 
[INFO] [stdout] 
[INFO] [stdout] error[E0422]: cannot find struct, variant or union type `CompoundType` in this scope
[INFO] [stdout]    --> tests/struct.rs:120:46
[INFO] [stdout]     |
[INFO] [stdout] 120 |     let manual_tp = NcVariableType::Compound(CompoundType {
[INFO] [stdout]     |                                              ^^^^^^^^^^^^ not found in this scope
[INFO] [stdout] 
[INFO] [stdout] 
[INFO] [stdout] error[E0422]: cannot find struct, variant or union type `CompoundTypeField` in this scope
[INFO] [stdout]    --> tests/struct.rs:123:22
[INFO] [stdout]     |
[INFO] [stdout] 123 |         fields: vec![CompoundTypeField {
[INFO] [stdout]     |                      ^^^^^^^^^^^^^^^^^ not found in this scope
[INFO] [stdout] 
[INFO] [stdout] 
[INFO] [stdout] error[E0405]: cannot find trait `NcTypeDescriptor` in this scope
[INFO] [stdout]    --> tests/struct.rs:136:14
[INFO] [stdout]     |
[INFO] [stdout] 136 |     #[derive(NcType)]
[INFO] [stdout]     |              ^^^^^^ not found in this scope
[INFO] [stdout]     |
[INFO] [stdout]     = note: this error originates in the derive macro `NcType` (in Nightly builds, run with -Z macro-backtrace for more info)
[INFO] [stdout] 
[INFO] [stdout] 
[INFO] [stdout] error[E0425]: cannot find type `NcVariableType` in this scope
[INFO] [stdout]    --> tests/struct.rs:136:14
[INFO] [stdout]     |
[INFO] [stdout] 136 |     #[derive(NcType)]
[INFO] [stdout]     |              ^^^^^^ not found in this scope
[INFO] [stdout]     |
[INFO] [stdout]     = note: this error originates in the derive macro `NcType` (in Nightly builds, run with -Z macro-backtrace for more info)
[INFO] [stdout] 
[INFO] [stdout] 
[INFO] [stdout] error[E0422]: cannot find struct, variant or union type `CompoundTypeField` in this scope
[INFO] [stdout]    --> tests/struct.rs:136:14
[INFO] [stdout]     |
[INFO] [stdout] 136 |     #[derive(NcType)]
[INFO] [stdout]     |              ^^^^^^ not found in this scope
[INFO] [stdout]     |
[INFO] [stdout]     = note: this error originates in the derive macro `NcType` (in Nightly builds, run with -Z macro-backtrace for more info)
[INFO] [stdout] 
[INFO] [stdout] 
[INFO] [stdout] error[E0422]: cannot find struct, variant or union type `CompoundType` in this scope
[INFO] [stdout]    --> tests/struct.rs:136:14
[INFO] [stdout]     |
[INFO] [stdout] 136 |     #[derive(NcType)]
[INFO] [stdout]     |              ^^^^^^ not found in this scope
[INFO] [stdout]     |
[INFO] [stdout]     = note: this error originates in the derive macro `NcType` (in Nightly builds, run with -Z macro-backtrace for more info)
[INFO] [stdout] 
[INFO] [stdout] 
[INFO] [stdout] error[E0405]: cannot find trait `NcTypeDescriptor` in this scope
[INFO] [stdout]    --> tests/struct.rs:143:14
[INFO] [stdout]     |
[INFO] [stdout] 143 |     #[derive(NcType)]
[INFO] [stdout]     |              ^^^^^^ not found in this scope
[INFO] [stdout]     |
[INFO] [stdout]     = note: this error originates in the derive macro `NcType` (in Nightly builds, run with -Z macro-backtrace for more info)
[INFO] [stdout] 
[INFO] [stdout] 
[INFO] [stdout] error[E0425]: cannot find type `NcVariableType` in this scope
[INFO] [stdout]    --> tests/struct.rs:143:14
[INFO] [stdout]     |
[INFO] [stdout] 143 |     #[derive(NcType)]
[INFO] [stdout]     |              ^^^^^^ not found in this scope
[INFO] [stdout]     |
[INFO] [stdout]     = note: this error originates in the derive macro `NcType` (in Nightly builds, run with -Z macro-backtrace for more info)
[INFO] [stdout] 
[INFO] [stdout] 
[INFO] [stdout] error[E0422]: cannot find struct, variant or union type `CompoundTypeField` in this scope
[INFO] [stdout]    --> tests/struct.rs:143:14
[INFO] [stdout]     |
[INFO] [stdout] 143 |     #[derive(NcType)]
[INFO] [stdout]     |              ^^^^^^ not found in this scope
[INFO] [stdout]     |
[INFO] [stdout]     = note: this error originates in the derive macro `NcType` (in Nightly builds, run with -Z macro-backtrace for more info)
[INFO] [stdout] 
[INFO] [stdout] 
[INFO] [stdout] error[E0422]: cannot find struct, variant or union type `CompoundType` in this scope
[INFO] [stdout]    --> tests/struct.rs:143:14
[INFO] [stdout]     |
[INFO] [stdout] 143 |     #[derive(NcType)]
[INFO] [stdout]     |              ^^^^^^ not found in this scope
[INFO] [stdout]     |
[INFO] [stdout]     = note: this error originates in the derive macro `NcType` (in Nightly builds, run with -Z macro-backtrace for more info)
[INFO] [stdout] 
[INFO] [stdout] 
[INFO] [stdout] error[E0422]: cannot find struct, variant or union type `CompoundType` in this scope
[INFO] [stdout]    --> tests/struct.rs:148:46
[INFO] [stdout]     |
[INFO] [stdout] 148 |     let manual_tp = NcVariableType::Compound(CompoundType {
[INFO] [stdout]     |                                              ^^^^^^^^^^^^ not found in this scope
[INFO] [stdout] 
[INFO] [stdout] 
[INFO] [stdout] error[E0422]: cannot find struct, variant or union type `CompoundTypeField` in this scope
[INFO] [stdout]    --> tests/struct.rs:151:22
[INFO] [stdout]     |
[INFO] [stdout] 151 |         fields: vec![CompoundTypeField {
[INFO] [stdout]     |                      ^^^^^^^^^^^^^^^^^ not found in this scope
[INFO] [stdout] 
[INFO] [stdout] 
[INFO] [stdout] error[E0405]: cannot find trait `NcTypeDescriptor` in this scope
[INFO] [stdout]    --> tests/struct.rs:164:14
[INFO] [stdout]     |
[INFO] [stdout] 164 |     #[derive(NcType)]
[INFO] [stdout]     |              ^^^^^^ not found in this scope
[INFO] [stdout]     |
[INFO] [stdout]     = note: this error originates in the derive macro `NcType` (in Nightly builds, run with -Z macro-backtrace for more info)
[INFO] [stdout] 
[INFO] [stdout] 
[INFO] [stdout] error[E0425]: cannot find type `NcVariableType` in this scope
[INFO] [stdout]    --> tests/struct.rs:164:14
[INFO] [stdout]     |
[INFO] [stdout] 164 |     #[derive(NcType)]
[INFO] [stdout]     |              ^^^^^^ not found in this scope
[INFO] [stdout]     |
[INFO] [stdout]     = note: this error originates in the derive macro `NcType` (in Nightly builds, run with -Z macro-backtrace for more info)
[INFO] [stdout] 
[INFO] [stdout] 
[INFO] [stdout] error[E0422]: cannot find struct, variant or union type `EnumType` in this scope
[INFO] [stdout]    --> tests/struct.rs:164:14
[INFO] [stdout]     |
[INFO] [stdout] 164 |     #[derive(NcType)]
[INFO] [stdout]     |              ^^^^^^ not found in this scope
[INFO] [stdout]     |
[INFO] [stdout]     = note: this error originates in the derive macro `NcType` (in Nightly builds, run with -Z macro-backtrace for more info)
[INFO] [stdout] 
[INFO] [stdout] 
[INFO] [stdout] error[E0422]: cannot find struct, variant or union type `EnumType` in this scope
[INFO] [stdout]    --> tests/struct.rs:173:42
[INFO] [stdout]     |
[INFO] [stdout] 173 |     let manual_tp = NcVariableType::Enum(EnumType {
[INFO] [stdout]     |                                          ^^^^^^^^ not found in this scope
[INFO] [stdout] 
[INFO] [stdout] 
[INFO] [stdout] error[E0405]: cannot find trait `NcTypeDescriptor` in this scope
[INFO] [stdout]    --> tests/struct.rs:197:14
[INFO] [stdout]     |
[INFO] [stdout] 197 |     #[derive(NcType)]
[INFO] [stdout]     |              ^^^^^^ not found in this scope
[INFO] [stdout]     |
[INFO] [stdout]     = note: this error originates in the derive macro `NcType` (in Nightly builds, run with -Z macro-backtrace for more info)
[INFO] [stdout] 
[INFO] [stdout] 
[INFO] [stdout] error[E0425]: cannot find type `NcVariableType` in this scope
[INFO] [stdout]    --> tests/struct.rs:197:14
[INFO] [stdout]     |
[INFO] [stdout] 197 |     #[derive(NcType)]
[INFO] [stdout]     |              ^^^^^^ not found in this scope
[INFO] [stdout]     |
[INFO] [stdout]     = note: this error originates in the derive macro `NcType` (in Nightly builds, run with -Z macro-backtrace for more info)
[INFO] [stdout] 
[INFO] [stdout] 
[INFO] [stdout] error[E0422]: cannot find struct, variant or union type `EnumType` in this scope
[INFO] [stdout]    --> tests/struct.rs:197:14
[INFO] [stdout]     |
[INFO] [stdout] 197 |     #[derive(NcType)]
[INFO] [stdout]     |              ^^^^^^ not found in this scope
[INFO] [stdout]     |
[INFO] [stdout]     = note: this error originates in the derive macro `NcType` (in Nightly builds, run with -Z macro-backtrace for more info)
[INFO] [stdout] 
[INFO] [stdout] 
[INFO] [stdout] warning: use of deprecated associated function `core::num::<impl i64>::max_value`: replaced by the `MAX` associated constant on this type
[INFO] [stdout]    --> tests/struct.rs:204:18
[INFO] [stdout]     |
[INFO] [stdout] 204 |         F = i64::max_value(),
[INFO] [stdout]     |                  ^^^^^^^^^
[INFO] [stdout]     |
[INFO] [stdout]     = note: `#[warn(deprecated)]` on by default
[INFO] [stdout] 
[INFO] [stdout] 
[INFO] [stdout] error[E0433]: cannot find type `NcVariableType` in this scope
[INFO] [stdout]  --> tests/struct.rs:5:10
[INFO] [stdout]   |
[INFO] [stdout] 5 | #[derive(NcType)]
[INFO] [stdout]   |          ^^^^^^ use of undeclared type `NcVariableType`
[INFO] [stdout]   |
[INFO] [stdout]   = note: this error originates in the derive macro `NcType` (in Nightly builds, run with -Z macro-backtrace for more info)
[INFO] [stdout] 
[INFO] [stdout] 
[INFO] [stdout] error[E0433]: cannot find type `NcVariableType` in this scope
[INFO] [stdout]   --> tests/struct.rs:37:14
[INFO] [stdout]    |
[INFO] [stdout] 37 |     #[derive(NcType)]
[INFO] [stdout]    |              ^^^^^^ use of undeclared type `NcVariableType`
[INFO] [stdout]    |
[INFO] [stdout]    = note: this error originates in the derive macro `NcType` (in Nightly builds, run with -Z macro-backtrace for more info)
[INFO] [stdout] 
[INFO] [stdout] 
[INFO] [stdout] error[E0433]: cannot find type `NcVariableType` in this scope
[INFO] [stdout]   --> tests/struct.rs:46:21
[INFO] [stdout]    |
[INFO] [stdout] 46 |     let manual_tp = NcVariableType::Compound(CompoundType {
[INFO] [stdout]    |                     ^^^^^^^^^^^^^^ use of undeclared type `NcVariableType`
[INFO] [stdout] 
[INFO] [stdout] 
[INFO] [stdout] error[E0433]: cannot find type `NcVariableType` in this scope
[INFO] [stdout]   --> tests/struct.rs:82:14
[INFO] [stdout]    |
[INFO] [stdout] 82 |     #[derive(NcType)]
[INFO] [stdout]    |              ^^^^^^ use of undeclared type `NcVariableType`
[INFO] [stdout]    |
[INFO] [stdout]    = note: this error originates in the derive macro `NcType` (in Nightly builds, run with -Z macro-backtrace for more info)
[INFO] [stdout] 
[INFO] [stdout] 
[INFO] [stdout] error[E0433]: cannot find type `NcVariableType` in this scope
[INFO] [stdout]   --> tests/struct.rs:89:21
[INFO] [stdout]    |
[INFO] [stdout] 89 |     let manual_tp = NcVariableType::Compound(CompoundType {
[INFO] [stdout]    |                     ^^^^^^^^^^^^^^ use of undeclared type `NcVariableType`
[INFO] [stdout] 
[INFO] [stdout] 
[INFO] [stdout] error[E0433]: cannot find type `NcVariableType` in this scope
[INFO] [stdout]    --> tests/struct.rs:113:14
[INFO] [stdout]     |
[INFO] [stdout] 113 |     #[derive(NcType)]
[INFO] [stdout]     |              ^^^^^^ use of undeclared type `NcVariableType`
[INFO] [stdout]     |
[INFO] [stdout]     = note: this error originates in the derive macro `NcType` (in Nightly builds, run with -Z macro-backtrace for more info)
[INFO] [stdout] 
[INFO] [stdout] 
[INFO] [stdout] error[E0433]: cannot find type `NcVariableType` in this scope
[INFO] [stdout]    --> tests/struct.rs:120:21
[INFO] [stdout]     |
[INFO] [stdout] 120 |     let manual_tp = NcVariableType::Compound(CompoundType {
[INFO] [stdout]     |                     ^^^^^^^^^^^^^^ use of undeclared type `NcVariableType`
[INFO] [stdout] 
[INFO] [stdout] 
[INFO] [stdout] error[E0433]: cannot find type `NcVariableType` in this scope
[INFO] [stdout]    --> tests/struct.rs:136:14
[INFO] [stdout]     |
[INFO] [stdout] 136 |     #[derive(NcType)]
[INFO] [stdout]     |              ^^^^^^ use of undeclared type `NcVariableType`
[INFO] [stdout]     |
[INFO] [stdout]     = note: this error originates in the derive macro `NcType` (in Nightly builds, run with -Z macro-backtrace for more info)
[INFO] [stdout] 
[INFO] [stdout] 
[INFO] [stdout] error[E0433]: cannot find type `NcVariableType` in this scope
[INFO] [stdout]    --> tests/struct.rs:143:14
[INFO] [stdout]     |
[INFO] [stdout] 143 |     #[derive(NcType)]
[INFO] [stdout]     |              ^^^^^^ use of undeclared type `NcVariableType`
[INFO] [stdout]     |
[INFO] [stdout]     = note: this error originates in the derive macro `NcType` (in Nightly builds, run with -Z macro-backtrace for more info)
[INFO] [stdout] 
[INFO] [stdout] 
[INFO] [stdout] error[E0433]: cannot find type `NcVariableType` in this scope
[INFO] [stdout]    --> tests/struct.rs:148:21
[INFO] [stdout]     |
[INFO] [stdout] 148 |     let manual_tp = NcVariableType::Compound(CompoundType {
[INFO] [stdout]     |                     ^^^^^^^^^^^^^^ use of undeclared type `NcVariableType`
[INFO] [stdout] 
[INFO] [stdout] 
[INFO] [stdout] error[E0433]: cannot find type `NcVariableType` in this scope
[INFO] [stdout]    --> tests/struct.rs:164:14
[INFO] [stdout]     |
[INFO] [stdout] 164 |     #[derive(NcType)]
[INFO] [stdout]     |              ^^^^^^ use of undeclared type `NcVariableType`
[INFO] [stdout]     |
[INFO] [stdout]     = note: this error originates in the derive macro `NcType` (in Nightly builds, run with -Z macro-backtrace for more info)
[INFO] [stdout] 
[INFO] [stdout] 
[INFO] [stdout] error[E0433]: cannot find type `NcVariableType` in this scope
[INFO] [stdout]    --> tests/struct.rs:173:21
[INFO] [stdout]     |
[INFO] [stdout] 173 |     let manual_tp = NcVariableType::Enum(EnumType {
[INFO] [stdout]     |                     ^^^^^^^^^^^^^^ use of undeclared type `NcVariableType`
[INFO] [stdout] 
[INFO] [stdout] 
[INFO] [stdout] error[E0433]: cannot find type `NcVariableType` in this scope
[INFO] [stdout]    --> tests/struct.rs:197:14
[INFO] [stdout]     |
[INFO] [stdout] 197 |     #[derive(NcType)]
[INFO] [stdout]     |              ^^^^^^ use of undeclared type `NcVariableType`
[INFO] [stdout]     |
[INFO] [stdout]     = note: this error originates in the derive macro `NcType` (in Nightly builds, run with -Z macro-backtrace for more info)
[INFO] [stdout] 
[INFO] [stdout] 
[INFO] [stdout] Some errors have detailed explanations: E0405, E0422, E0425, E0433.
[INFO] [stdout] 
[INFO] [stdout] For more information about an error, try `rustc --explain E0405`.
[INFO] [stdout] 
[INFO] [stderr] error: could not compile `netcdf-derive` (test "struct") due to 65 previous errors; 1 warning emitted
[INFO] running `Command { std: "docker" "inspect" "604130ad94ef35fdc0bf94d252691203a2915c8ca09c7c6a4f6879f9f67937cd", kill_on_drop: false }`
[INFO] running `Command { std: "docker" "rm" "-f" "604130ad94ef35fdc0bf94d252691203a2915c8ca09c7c6a4f6879f9f67937cd", kill_on_drop: false }`
[INFO] [stdout] 604130ad94ef35fdc0bf94d252691203a2915c8ca09c7c6a4f6879f9f67937cd
