[INFO] fetching crate net-use 0.1.3...
[INFO] testing net-use-0.1.3 against 1.99.0-beta.8+cargoflags=--release for beta-release-1.100-2
[INFO] extracting crate net-use 0.1.3 into /workspace/builds/worker-4-tc1/source
[INFO] started tweaking crates.io crate net-use 0.1.3
[INFO] finished tweaking crates.io crate net-use 0.1.3
[INFO] tweaked toml for crates.io crate net-use 0.1.3 written to /workspace/builds/worker-4-tc1/source/Cargo.toml
[INFO] validating manifest of crates.io crate net-use 0.1.3 on toolchain 1.99.0-beta.8
[INFO] running `Command { std: CARGO_HOME="/workspace/cargo-home" RUSTUP_HOME="/workspace/rustup-home" "/workspace/cargo-home/bin/cargo" "+1.99.0-beta.8" "metadata" "--manifest-path" "Cargo.toml" "--no-deps", kill_on_drop: false }`
[INFO] crate crates.io crate net-use 0.1.3 already has a lockfile, it will not be regenerated
[INFO] running `Command { std: CARGO_HOME="/workspace/cargo-home" RUSTUP_HOME="/workspace/rustup-home" "/workspace/cargo-home/bin/cargo" "+1.99.0-beta.8" "fetch" "--manifest-path" "Cargo.toml", kill_on_drop: false }`
[INFO] [stderr]     Updating crates.io index
[INFO] [stderr]  Downloading crates ...
[INFO] [stderr]   Downloaded unicode-truncate v1.1.0
[INFO] [stderr]   Downloaded instability v0.3.11
[INFO] [stderr]   Downloaded lru v0.12.5
[INFO] [stderr]   Downloaded cassowary v0.3.0
[INFO] [stderr]   Downloaded crossterm v0.28.1
[INFO] [stderr]   Downloaded compact_str v0.8.1
[INFO] [stderr]   Downloaded ratatui v0.29.0
[INFO] running `Command { std: "docker" "create" "-v" "/var/lib/crater-agent-workspace/builds/worker-4-tc1/source:/opt/rustwide/workdir:ro,Z" "-v" "/var/lib/crater-agent-workspace/builds/worker-4-tc1/target:/opt/rustwide/target:rw,Z" "-v" "/var/lib/crater-agent-workspace/cargo-home:/opt/rustwide/cargo-home:ro,Z" "-v" "/var/lib/crater-agent-workspace/rustup-home:/opt/rustwide/rustup-home:ro,Z" "-m" "1610612736" "--network" "none" "ghcr.io/rust-lang/crates-build-env/linux@sha256:77db811e55d90add9212f6832c23229e3de5f1c1f9905e8cb07319ea15df73ac" "sleep" "infinity", kill_on_drop: false }`
[INFO] [stdout] 590d490a8afa19381ff1b78d4b35c050c4c538180577b0a09e08215f0708342c
[INFO] running `Command { std: "docker" "start" "590d490a8afa19381ff1b78d4b35c050c4c538180577b0a09e08215f0708342c", kill_on_drop: false }`
[INFO] running `Command { std: "docker" "inspect" "590d490a8afa19381ff1b78d4b35c050c4c538180577b0a09e08215f0708342c", kill_on_drop: false }`
[INFO] running `Command { std: "docker" "exec" "-e" "SOURCE_DIR=/opt/rustwide/workdir" "-e" "CARGO_HOME=/opt/rustwide/cargo-home" "-e" "RUSTUP_HOME=/opt/rustwide/rustup-home" "-e" "CARGO_TARGET_DIR=/opt/rustwide/target" "-w" "/opt/rustwide/workdir" "--user" "0:0" "590d490a8afa19381ff1b78d4b35c050c4c538180577b0a09e08215f0708342c" "/opt/rustwide/cargo-home/bin/cargo" "+1.99.0-beta.8" "metadata" "--no-deps" "--format-version=1", kill_on_drop: false }`
[INFO] running `Command { std: "docker" "inspect" "590d490a8afa19381ff1b78d4b35c050c4c538180577b0a09e08215f0708342c", kill_on_drop: false }`
[INFO] running `Command { std: "docker" "exec" "-e" "SOURCE_DIR=/opt/rustwide/workdir" "-e" "CARGO_HOME=/opt/rustwide/cargo-home" "-e" "RUSTUP_HOME=/opt/rustwide/rustup-home" "-e" "CARGO_TARGET_DIR=/opt/rustwide/target" "-e" "CARGO_INCREMENTAL=0" "-e" "RUST_BACKTRACE=full" "-e" "RUSTFLAGS=--cap-lints=warn" "-e" "RUSTDOCFLAGS=--cap-lints=warn" "-w" "/opt/rustwide/workdir" "--user" "0:0" "590d490a8afa19381ff1b78d4b35c050c4c538180577b0a09e08215f0708342c" "/opt/rustwide/cargo-home/bin/cargo" "+1.99.0-beta.8" "build" "--frozen" "--message-format=json" "--release", kill_on_drop: false }`
[INFO] [stderr]    Compiling quote v1.0.44
[INFO] [stderr]    Compiling libc v0.2.182
[INFO] [stderr]    Compiling rustversion v1.0.22
[INFO] [stderr]    Compiling strsim v0.11.1
[INFO] [stderr]    Compiling rustix v0.38.44
[INFO] [stderr]    Compiling anstyle-query v1.1.5
[INFO] [stderr]    Compiling paste v1.0.15
[INFO] [stderr]    Compiling powerfmt v0.2.0
[INFO] [stderr]    Compiling linux-raw-sys v0.4.15
[INFO] [stderr]    Compiling either v1.15.0
[INFO] [stderr]    Compiling instability v0.3.11
[INFO] [stderr]    Compiling bitflags v2.11.0
[INFO] [stderr]    Compiling anstyle v1.0.13
[INFO] [stderr]    Compiling is_terminal_polyfill v1.70.2
[INFO] [stderr]    Compiling indoc v2.0.7
[INFO] [stderr]    Compiling anyhow v1.0.102
[INFO] [stderr]    Compiling itertools v0.13.0
[INFO] [stderr]    Compiling thiserror v2.0.18
[INFO] [stderr]    Compiling num-conv v0.2.0
[INFO] [stderr]    Compiling anstream v0.6.21
[INFO] [stderr]    Compiling syn v2.0.117
[INFO] [stderr]    Compiling clap_lex v1.0.0
[INFO] [stderr]    Compiling time-core v0.1.8
[INFO] [stderr]    Compiling hashbrown v0.16.1
[INFO] [stderr]    Compiling lru v0.12.5
[INFO] [stderr]    Compiling quick-xml v0.38.4
[INFO] [stderr]    Compiling unicode-width v0.2.0
[INFO] [stderr]    Compiling cassowary v0.3.0
[INFO] [stderr]    Compiling clap_builder v4.5.60
[INFO] [stderr]    Compiling deranged v0.5.8
[INFO] [stderr]    Compiling serde_json v1.0.149
[INFO] [stderr]    Compiling castaway v0.2.4
[INFO] [stderr]    Compiling compact_str v0.8.1
[INFO] [stderr]    Compiling indexmap v2.13.0
[INFO] [stderr]    Compiling errno v0.3.14
[INFO] [stderr]    Compiling parking_lot_core v0.9.12
[INFO] [stderr]    Compiling mio v1.1.1
[INFO] [stderr]    Compiling socket2 v0.6.2
[INFO] [stderr]    Compiling unicode-truncate v1.1.0
[INFO] [stderr]    Compiling signal-hook-registry v1.4.8
[INFO] [stderr]    Compiling parking_lot v0.12.5
[INFO] [stderr]    Compiling signal-hook v0.3.18
[INFO] [stderr]    Compiling time v0.3.47
[INFO] [stderr]    Compiling signal-hook-mio v0.2.5
[INFO] [stderr]    Compiling crossterm v0.28.1
[INFO] [stderr]    Compiling darling_core v0.23.0
[INFO] [stderr]    Compiling serde_derive v1.0.228
[INFO] [stderr]    Compiling strum_macros v0.26.4
[INFO] [stderr]    Compiling clap_derive v4.5.55
[INFO] [stderr]    Compiling tokio-macros v2.6.0
[INFO] [stderr]    Compiling thiserror-impl v2.0.18
[INFO] [stderr]    Compiling tokio v1.49.0
[INFO] [stderr]    Compiling strum v0.26.3
[INFO] [stderr]    Compiling clap v4.5.60
[INFO] [stderr]    Compiling darling_macro v0.23.0
[INFO] [stderr]    Compiling darling v0.23.0
[INFO] [stderr]    Compiling serde v1.0.228
[INFO] [stderr]    Compiling ratatui v0.29.0
[INFO] [stderr]    Compiling plist v1.8.0
[INFO] [stderr]    Compiling net-use v0.1.3 (/opt/rustwide/workdir)
[INFO] [stdout] error: linking with `cc` failed: exit status: 1
[INFO] [stdout]   |
[INFO] [stdout]   = note:  "cc" "-m64" "/opt/rustwide/target/release/deps/rustcmz1OJc/symbols.o" "<17 object files omitted>" "-Wl,--as-needed" "-Wl,-Bstatic" "/opt/rustwide/target/release/deps/{libserde_json-9f1564f7957bd6fc,libzmij-3fd0fbc0da54c581,libplist-42b04d8db5a55caa,libtime-8d71aa1488eecf9b,libtime_core-b35e8c6cd85a62cc,libnum_conv-61f41f5ad4345f64,libderanged-315e2624fa53846b,libpowerfmt-36b72e9804a215c5,libquick_xml-983d9b2b5dce3a00,libmemchr-67bd3f6c39c2c1d0,libbase64-5ba8d8f2fe9c6ccd,libindexmap-973b36019fb6f6d9,libhashbrown-510a83e6dee1f340,libclap-1276f193628a987b,libclap_builder-98dbfea91ac0a54e,libstrsim-59d8e27f2067b49a,libanstream-c914bf1de34742d6,libanstyle_query-b45e303465962535,libis_terminal_polyfill-d4b89543c4de780e,libcolorchoice-1862e5f8c10b89de,libanstyle_parse-2a754419c04d28ad,libutf8parse-fd39fdebeec71100,libclap_lex-c44e9b2c6a92d75c,libanstyle-8f069d2d725bf663,libthiserror-f77166e2a9ea1524,libserde-353312f6e86411ef,libserde_core-fc2e9ba380840c21,libratatui-aaf6c720a2b66487,libunicode_truncate-6ee18b4019dfcc98,libunicode_width-d4b78c57f51ab2bb,liblru-fccbf37e203bb324,libhashbrown-7cbcc9805a495ff9,libfoldhash-c2659dfc4557d4c1,libequivalent-26a0d6a3c1145f1b,liballocator_api2-fcccdd0f80408343,libitertools-c0d3ecb2d5f0f249,libeither-9494ab0a0482591e,libcassowary-ce39090f8303c6e4,libcompact_str-aa8dcb1538f5d690,libryu-cc0a3553ff73174e,libitoa-e7338abb6ca85e31,libstatic_assertions-306fc8cfb43dc741,libcastaway-f1f496317d37cfae,libunicode_segmentation-a906e22c0cd74357,libunicode_width-9740e07e646c29e6,libstrum-4619e9aef6704dc2,libcrossterm-ef555e8875efd44d,librustix-315bf4ba9454005a,liblinux_raw_sys-37cce7f61e3cdf37,libbitflags-016c3cd31b27cafa,libsignal_hook_mio-8828df13c83e67a9,libsignal_hook-03b005605caef163,libanyhow-20af1bf2f69cd60f,libtokio-889604e71c3b792d,libsignal_hook_registry-c20d15b5a531629c,liberrno-e0eb2906597baaa1,libsocket2-81218d296d62ffe2,libbytes-4eeb723b82a97eeb,libmio-c7beb27439fc3e26,liblog-e86fe1484206d3e6,libparking_lot-0c95e5c1ba7cf706,libparking_lot_core-647a0fa8dbebf4c0,liblibc-9e965a40be780bf2,libcfg_if-6d8dca19095bb388,libsmallvec-841086f162eea166,liblock_api-0c6a3406bef68330,libscopeguard-5f9373ec660020b4,libpin_project_lite-a042d89c9815bfb5}.rlib" "<sysroot>/lib/rustlib/x86_64-unknown-linux-gnu/lib/{libstd-*,libpanic_unwind-*,libobject-*,libmemchr-*,libaddr2line-*,libgimli-*,libcfg_if-*,librustc_demangle-*,libstd_detect-*,libhashbrown-*,librustc_std_workspace_alloc-*,libminiz_oxide-*,libadler2-*,libunwind-*,liblibc-*,librustc_std_workspace_core-*,liballoc-*,libcore-*,libcompiler_builtins-*}.rlib" "-Wl,-Bdynamic" "-lgcc_s" "-lutil" "-lrt" "-lpthread" "-lm" "-ldl" "-lc" "-L" "/opt/rustwide/target/release/deps/rustcmz1OJc/raw-dylibs" "-B<sysroot>/lib/rustlib/x86_64-unknown-linux-gnu/bin/gcc-ld" "-fuse-ld=lld" "-Wl,--eh-frame-hdr" "-Wl,-z,noexecstack" "-L" "<sysroot>/lib/rustlib/x86_64-unknown-linux-gnu/lib" "-o" "/opt/rustwide/target/release/deps/net_use-4e318241fed11d9b" "-Wl,--gc-sections" "-pie" "-Wl,-z,relro,-z,now" "-Wl,-O1" "-Wl,--strip-debug" "-nodefaultlibs"
[INFO] [stdout]   = note: some arguments are omitted. use `--verbose` to show all linker arguments
[INFO] [stdout]   = note: rust-lld: error: undefined symbol: proc_pidinfo
[INFO] [stdout]           >>> referenced by net_use.d2baac1eff492424-cgu.09
[INFO] [stdout]           >>>               /opt/rustwide/target/release/deps/net_use-4e318241fed11d9b.net_use.d2baac1eff492424-cgu.09.rcgu.o:(net_use::monitor::connection::collect_remote_addrs)
[INFO] [stdout]           >>> referenced by net_use.d2baac1eff492424-cgu.09
[INFO] [stdout]           >>>               /opt/rustwide/target/release/deps/net_use-4e318241fed11d9b.net_use.d2baac1eff492424-cgu.09.rcgu.o:(net_use::monitor::connection::collect_remote_addrs)
[INFO] [stdout]           
[INFO] [stdout]           rust-lld: error: undefined symbol: proc_pidfdinfo
[INFO] [stdout]           >>> referenced by net_use.d2baac1eff492424-cgu.09
[INFO] [stdout]           >>>               /opt/rustwide/target/release/deps/net_use-4e318241fed11d9b.net_use.d2baac1eff492424-cgu.09.rcgu.o:(net_use::monitor::connection::collect_remote_addrs)
[INFO] [stdout]           
[INFO] [stdout]           rust-lld: error: undefined symbol: proc_name
[INFO] [stdout]           >>> referenced by net_use.d2baac1eff492424-cgu.09
[INFO] [stdout]           >>>               /opt/rustwide/target/release/deps/net_use-4e318241fed11d9b.net_use.d2baac1eff492424-cgu.09.rcgu.o:(net_use::monitor::process_tree::get_pid_name)
[INFO] [stdout]           
[INFO] [stdout]           rust-lld: error: undefined symbol: proc_pidpath
[INFO] [stdout]           >>> referenced by net_use.d2baac1eff492424-cgu.09
[INFO] [stdout]           >>>               /opt/rustwide/target/release/deps/net_use-4e318241fed11d9b.net_use.d2baac1eff492424-cgu.09.rcgu.o:(net_use::monitor::process_tree::get_pid_path)
[INFO] [stdout]           
[INFO] [stdout]           rust-lld: error: undefined symbol: proc_listallpids
[INFO] [stdout]           >>> referenced by net_use.d2baac1eff492424-cgu.09
[INFO] [stdout]           >>>               /opt/rustwide/target/release/deps/net_use-4e318241fed11d9b.net_use.d2baac1eff492424-cgu.09.rcgu.o:(net_use::monitor::process_tree::list_all_pids)
[INFO] [stdout]           >>> referenced by net_use.d2baac1eff492424-cgu.09
[INFO] [stdout]           >>>               /opt/rustwide/target/release/deps/net_use-4e318241fed11d9b.net_use.d2baac1eff492424-cgu.09.rcgu.o:(net_use::monitor::process_tree::list_all_pids)
[INFO] [stdout]           
[INFO] [stdout]           rust-lld: error: undefined symbol: proc_listchildpids
[INFO] [stdout]           >>> referenced by net_use.d2baac1eff492424-cgu.09
[INFO] [stdout]           >>>               /opt/rustwide/target/release/deps/net_use-4e318241fed11d9b.net_use.d2baac1eff492424-cgu.09.rcgu.o:(net_use::monitor::process_tree::collect_descendants)
[INFO] [stdout]           >>> referenced by net_use.d2baac1eff492424-cgu.09
[INFO] [stdout]           >>>               /opt/rustwide/target/release/deps/net_use-4e318241fed11d9b.net_use.d2baac1eff492424-cgu.09.rcgu.o:(net_use::monitor::process_tree::collect_descendants)
[INFO] [stdout]           collect2: error: ld returned 1 exit status
[INFO] [stdout]           
[INFO] [stdout] 
[INFO] [stdout] 
[INFO] [stderr] error: could not compile `net-use` (bin "net-use") due to 1 previous error
[INFO] running `Command { std: "docker" "inspect" "590d490a8afa19381ff1b78d4b35c050c4c538180577b0a09e08215f0708342c", kill_on_drop: false }`
[INFO] running `Command { std: "docker" "rm" "-f" "590d490a8afa19381ff1b78d4b35c050c4c538180577b0a09e08215f0708342c", kill_on_drop: false }`
[INFO] [stdout] 590d490a8afa19381ff1b78d4b35c050c4c538180577b0a09e08215f0708342c
