[INFO] fetching crate net-rpc-macro 0.1.0...
[INFO] testing net-rpc-macro-0.1.0 against 1.100.0-beta.1+cargoflags=--release for beta-release-1.100-2
[INFO] extracting crate net-rpc-macro 0.1.0 into /workspace/builds/worker-4-tc2/source
[INFO] started tweaking crates.io crate net-rpc-macro 0.1.0
[INFO] removed 0 missing tests
[INFO] finished tweaking crates.io crate net-rpc-macro 0.1.0
[INFO] tweaked toml for crates.io crate net-rpc-macro 0.1.0 written to /workspace/builds/worker-4-tc2/source/Cargo.toml
[INFO] validating manifest of crates.io crate net-rpc-macro 0.1.0 on toolchain 1.100.0-beta.1
[INFO] running `Command { std: CARGO_HOME="/workspace/cargo-home" RUSTUP_HOME="/workspace/rustup-home" "/workspace/cargo-home/bin/cargo" "+1.100.0-beta.1" "metadata" "--manifest-path" "Cargo.toml" "--no-deps", kill_on_drop: false }`
[INFO] crate crates.io crate net-rpc-macro 0.1.0 already has a lockfile, it will not be regenerated
[INFO] running `Command { std: CARGO_HOME="/workspace/cargo-home" RUSTUP_HOME="/workspace/rustup-home" "/workspace/cargo-home/bin/cargo" "+1.100.0-beta.1" "fetch" "--manifest-path" "Cargo.toml", kill_on_drop: false }`
[INFO] [stderr] warning: `package.homepage` is redundant with `package.repository`
[INFO] [stderr]   --> Cargo.toml:49:12
[INFO] [stderr]    |
[INFO] [stderr] 49 | homepage = "https://github.com/nobane/net"
[INFO] [stderr]    |            ^^^^^^^^^^^^^^^^^^^^^^^^^^^^^^^
[INFO] [stderr] ...
[INFO] [stderr] 54 | repository = "https://github.com/nobane/net"
[INFO] [stderr]    |              -------------------------------
[INFO] [stderr]    |
[INFO] [stderr]    = note: `cargo::redundant_homepage` is set to `warn` by default
[INFO] [stderr] help: consider removing `package.homepage`
[INFO] [stderr] warning: `net-rpc-macro` (manifest) generated 1 warning
[INFO] running `Command { std: "docker" "create" "-v" "/var/lib/crater-agent-workspace/builds/worker-4-tc2/source:/opt/rustwide/workdir:ro,Z" "-v" "/var/lib/crater-agent-workspace/builds/worker-4-tc2/target:/opt/rustwide/target:rw,Z" "-v" "/var/lib/crater-agent-workspace/cargo-home:/opt/rustwide/cargo-home:ro,Z" "-v" "/var/lib/crater-agent-workspace/rustup-home:/opt/rustwide/rustup-home:ro,Z" "-m" "1610612736" "--network" "none" "ghcr.io/rust-lang/crates-build-env/linux@sha256:77db811e55d90add9212f6832c23229e3de5f1c1f9905e8cb07319ea15df73ac" "sleep" "infinity", kill_on_drop: false }`
[INFO] [stdout] 469cb79f6d7ade976a02c6034b1d5351f7f7cf66c8cce645de77a347eec1ebf1
[INFO] running `Command { std: "docker" "start" "469cb79f6d7ade976a02c6034b1d5351f7f7cf66c8cce645de77a347eec1ebf1", kill_on_drop: false }`
[INFO] running `Command { std: "docker" "inspect" "469cb79f6d7ade976a02c6034b1d5351f7f7cf66c8cce645de77a347eec1ebf1", kill_on_drop: false }`
[INFO] running `Command { std: "docker" "exec" "-e" "SOURCE_DIR=/opt/rustwide/workdir" "-e" "CARGO_HOME=/opt/rustwide/cargo-home" "-e" "RUSTUP_HOME=/opt/rustwide/rustup-home" "-e" "CARGO_TARGET_DIR=/opt/rustwide/target" "-w" "/opt/rustwide/workdir" "--user" "0:0" "469cb79f6d7ade976a02c6034b1d5351f7f7cf66c8cce645de77a347eec1ebf1" "/opt/rustwide/cargo-home/bin/cargo" "+1.100.0-beta.1" "metadata" "--no-deps" "--format-version=1", kill_on_drop: false }`
[INFO] running `Command { std: "docker" "inspect" "469cb79f6d7ade976a02c6034b1d5351f7f7cf66c8cce645de77a347eec1ebf1", kill_on_drop: false }`
[INFO] running `Command { std: "docker" "exec" "-e" "SOURCE_DIR=/opt/rustwide/workdir" "-e" "CARGO_HOME=/opt/rustwide/cargo-home" "-e" "RUSTUP_HOME=/opt/rustwide/rustup-home" "-e" "CARGO_TARGET_DIR=/opt/rustwide/target" "-e" "CARGO_INCREMENTAL=0" "-e" "RUST_BACKTRACE=full" "-e" "RUSTFLAGS=--cap-lints=warn" "-e" "RUSTDOCFLAGS=--cap-lints=warn" "-w" "/opt/rustwide/workdir" "--user" "0:0" "469cb79f6d7ade976a02c6034b1d5351f7f7cf66c8cce645de77a347eec1ebf1" "/opt/rustwide/cargo-home/bin/cargo" "+1.100.0-beta.1" "build" "--frozen" "--message-format=json" "--release", kill_on_drop: false }`
[INFO] [stderr] warning: `package.homepage` is redundant with `package.repository`
[INFO] [stderr]   --> Cargo.toml:49:12
[INFO] [stderr]    |
[INFO] [stderr] 49 | homepage = "https://github.com/nobane/net"
[INFO] [stderr]    |            ^^^^^^^^^^^^^^^^^^^^^^^^^^^^^^^
[INFO] [stderr] ...
[INFO] [stderr] 54 | repository = "https://github.com/nobane/net"
[INFO] [stderr]    |              -------------------------------
[INFO] [stderr]    |
[INFO] [stderr]    = note: `cargo::redundant_homepage` is set to `warn` by default
[INFO] [stderr] help: consider removing `package.homepage`
[INFO] [stderr] warning: `net-rpc-macro` (manifest) generated 1 warning
[INFO] [stderr]    Compiling proc-macro2 v1.0.106
[INFO] [stderr]    Compiling quote v1.0.46
[INFO] [stderr]    Compiling unicode-ident v1.0.24
[INFO] [stderr]    Compiling syn v2.0.118
[INFO] [stderr]    Compiling net-rpc-macro v0.1.0 (/opt/rustwide/workdir)
[INFO] [stderr]     Finished `release` profile [optimized] target(s) in 7.48s
[INFO] running `Command { std: "docker" "inspect" "469cb79f6d7ade976a02c6034b1d5351f7f7cf66c8cce645de77a347eec1ebf1", kill_on_drop: false }`
[INFO] running `Command { std: "docker" "exec" "-e" "SOURCE_DIR=/opt/rustwide/workdir" "-e" "CARGO_HOME=/opt/rustwide/cargo-home" "-e" "RUSTUP_HOME=/opt/rustwide/rustup-home" "-e" "CARGO_TARGET_DIR=/opt/rustwide/target" "-e" "CARGO_INCREMENTAL=0" "-e" "RUST_BACKTRACE=full" "-e" "RUSTFLAGS=--cap-lints=warn" "-e" "RUSTDOCFLAGS=--cap-lints=warn" "-w" "/opt/rustwide/workdir" "--user" "0:0" "469cb79f6d7ade976a02c6034b1d5351f7f7cf66c8cce645de77a347eec1ebf1" "/opt/rustwide/cargo-home/bin/cargo" "+1.100.0-beta.1" "test" "--frozen" "--no-run" "--message-format=json" "--release", kill_on_drop: false }`
[INFO] [stderr] warning: `package.homepage` is redundant with `package.repository`
[INFO] [stderr]   --> Cargo.toml:49:12
[INFO] [stderr]    |
[INFO] [stderr] 49 | homepage = "https://github.com/nobane/net"
[INFO] [stderr]    |            ^^^^^^^^^^^^^^^^^^^^^^^^^^^^^^^
[INFO] [stderr] ...
[INFO] [stderr] 54 | repository = "https://github.com/nobane/net"
[INFO] [stderr]    |              -------------------------------
[INFO] [stderr]    |
[INFO] [stderr]    = note: `cargo::redundant_homepage` is set to `warn` by default
[INFO] [stderr] help: consider removing `package.homepage`
[INFO] [stderr] warning: `net-rpc-macro` (manifest) generated 1 warning
[INFO] [stderr]    Compiling serde_core v1.0.228
[INFO] [stderr]    Compiling libc v0.2.186
[INFO] [stderr]    Compiling autocfg v1.5.1
[INFO] [stderr]    Compiling zmij v1.0.21
[INFO] [stderr]    Compiling serde v1.0.228
[INFO] [stderr]    Compiling parking_lot_core v0.9.12
[INFO] [stderr]    Compiling serde_json v1.0.150
[INFO] [stderr]    Compiling target-triple v1.0.0
[INFO] [stderr]    Compiling prettyplease v0.2.37
[INFO] [stderr]    Compiling proc-macro2 v1.0.106
[INFO] [stderr]    Compiling unicode-ident v1.0.24
[INFO] [stderr]    Compiling quote v1.0.46
[INFO] [stderr]    Compiling cfg-if v1.0.4
[INFO] [stderr]    Compiling smallvec v1.15.2
[INFO] [stderr]    Compiling scopeguard v1.2.0
[INFO] [stderr]    Compiling serde_derive v1.0.228
[INFO] [stderr]    Compiling tokio-macros v2.7.0
[INFO] [stderr]    Compiling winnow v1.0.3
[INFO] [stderr]    Compiling lock_api v0.4.14
[INFO] [stderr]    Compiling memchr v2.8.2
[INFO] [stderr]    Compiling toml_writer v1.1.1+spec-1.1.0
[INFO] [stderr]    Compiling itoa v1.0.18
[INFO] [stderr]    Compiling net-rpc-macro v0.1.0 (/opt/rustwide/workdir)
[INFO] [stderr]    Compiling bytes v1.12.0
[INFO] [stderr]    Compiling termcolor v1.4.1
[INFO] [stderr]    Compiling pin-project-lite v0.2.17
[INFO] [stderr]    Compiling glob v0.3.3
[INFO] [stderr]    Compiling num-traits v0.2.19
[INFO] [stderr]    Compiling toml_parser v1.1.2+spec-1.1.0
[INFO] [stderr]    Compiling syn v2.0.118
[INFO] [stderr]    Compiling rmp v0.8.15
[INFO] [stderr]    Compiling errno v0.3.14
[INFO] [stderr]    Compiling socket2 v0.6.4
[INFO] [stderr]    Compiling mio v1.2.1
[INFO] [stderr]    Compiling signal-hook-registry v1.4.8
[INFO] [stderr]    Compiling parking_lot v0.12.5
[INFO] [stderr]    Compiling tokio v1.52.3
[INFO] [stderr]    Compiling serde_spanned v1.1.1
[INFO] [stderr]    Compiling toml_datetime v1.1.1+spec-1.1.0
[INFO] [stderr]    Compiling toml v1.1.2+spec-1.1.0
[INFO] [stderr]    Compiling rmp-serde v1.3.1
[INFO] [stderr]    Compiling trybuild v1.0.117
[INFO] [stdout] error[E0432]: unresolved import `net_rpc`
[INFO] [stdout]  --> tests/integration.rs:5:5
[INFO] [stdout]   |
[INFO] [stdout] 5 | use net_rpc::{ClientError, RpcClient, RpcPeer, RpcServer, WireError, WireErrorCode};
[INFO] [stdout]   |     ^^^^^^^ use of unresolved module or unlinked crate `net_rpc`
[INFO] [stdout]   |
[INFO] [stdout]   = help: if you wanted to use a crate named `net_rpc`, use `cargo add net_rpc` to add it to your `Cargo.toml`
[INFO] [stdout] 
[INFO] [stdout] 
[INFO] [stdout] error[E0432]: unresolved import `net_socket`
[INFO] [stdout]  --> tests/integration.rs:7:5
[INFO] [stdout]   |
[INFO] [stdout] 7 | use net_socket::TransportAddr;
[INFO] [stdout]   |     ^^^^^^^^^^ use of unresolved module or unlinked crate `net_socket`
[INFO] [stdout]   |
[INFO] [stdout]   = help: if you wanted to use a crate named `net_socket`, use `cargo add net_socket` to add it to your `Cargo.toml`
[INFO] [stdout] 
[INFO] [stdout] 
[INFO] [stdout] error[E0433]: cannot find `net_rpc` in the list of imported crates
[INFO] [stdout]   --> tests/integration.rs:9:1
[INFO] [stdout]    |
[INFO] [stdout]  9 | / protocol! {
[INFO] [stdout] 10 | |     #[protocol_id = 100]
[INFO] [stdout] 11 | |     pub mod test_server {
[INFO] [stdout] 12 | |         ping => ();
[INFO] [stdout] ...  |
[INFO] [stdout] 22 | | }
[INFO] [stdout]    | |_^ could not find `net_rpc` in the list of imported crates
[INFO] [stdout]    |
[INFO] [stdout]    = note: this error originates in the macro `protocol` (in Nightly builds, run with -Z macro-backtrace for more info)
[INFO] [stdout] 
[INFO] [stdout] 
[INFO] [stdout] error[E0433]: cannot find `net_rpc` in the list of imported crates
[INFO] [stdout]   --> tests/integration.rs:24:1
[INFO] [stdout]    |
[INFO] [stdout] 24 | / protocol! {
[INFO] [stdout] 25 | |     #[protocol_id = 101]
[INFO] [stdout] 26 | |     pub mod test_client {
[INFO] [stdout] 27 | |         notify { message: String } => ();
[INFO] [stdout] ...  |
[INFO] [stdout] 30 | | }
[INFO] [stdout]    | |_^ could not find `net_rpc` in the list of imported crates
[INFO] [stdout]    |
[INFO] [stdout]    = note: this error originates in the macro `protocol` (in Nightly builds, run with -Z macro-backtrace for more info)
[INFO] [stdout] 
[INFO] [stdout] 
[INFO] [stdout] error[E0433]: cannot find `net_rpc` in the list of imported crates
[INFO] [stdout]   --> tests/integration.rs:32:1
[INFO] [stdout]    |
[INFO] [stdout] 32 | / protocol! {
[INFO] [stdout] 33 | |     pub mod auto_id_server {
[INFO] [stdout] 34 | |         ping => ();
[INFO] [stdout] 35 | |     }
[INFO] [stdout] 36 | | }
[INFO] [stdout]    | |_^ could not find `net_rpc` in the list of imported crates
[INFO] [stdout]    |
[INFO] [stdout]    = note: this error originates in the macro `protocol` (in Nightly builds, run with -Z macro-backtrace for more info)
[INFO] [stdout] 
[INFO] [stdout] 
[INFO] [stdout] error[E0433]: cannot find `net_rpc` in the list of imported crates
[INFO] [stdout]   --> tests/integration.rs:38:1
[INFO] [stdout]    |
[INFO] [stdout] 38 | / protocol! {
[INFO] [stdout] 39 | |     #[protocol_id = 42]
[INFO] [stdout] 40 | |     pub mod explicit_id_server {
[INFO] [stdout] 41 | |         ping => ();
[INFO] [stdout] 42 | |     }
[INFO] [stdout] 43 | | }
[INFO] [stdout]    | |_^ could not find `net_rpc` in the list of imported crates
[INFO] [stdout]    |
[INFO] [stdout]    = note: this error originates in the macro `protocol` (in Nightly builds, run with -Z macro-backtrace for more info)
[INFO] [stdout] 
[INFO] [stdout] 
[INFO] [stdout] error[E0433]: cannot find `net_rpc` in the list of imported crates
[INFO] [stdout]   --> tests/integration.rs:45:1
[INFO] [stdout]    |
[INFO] [stdout] 45 | / protocol! {
[INFO] [stdout] 46 | |     #[protocol_id = 0]
[INFO] [stdout] 47 | |     pub mod framework_id_override {
[INFO] [stdout] 48 | |         ping => ();
[INFO] [stdout] 49 | |     }
[INFO] [stdout] 50 | | }
[INFO] [stdout]    | |_^ could not find `net_rpc` in the list of imported crates
[INFO] [stdout]    |
[INFO] [stdout]    = note: this error originates in the macro `protocol` (in Nightly builds, run with -Z macro-backtrace for more info)
[INFO] [stdout] 
[INFO] [stdout] 
[INFO] [stdout] error[E0433]: cannot find module or crate `net_rpc` in this scope
[INFO] [stdout]    --> tests/integration.rs:354:3
[INFO] [stdout]     |
[INFO] [stdout] 354 | #[net_rpc::handler]
[INFO] [stdout]     |   ^^^^^^^ use of unresolved module or unlinked crate `net_rpc`
[INFO] [stdout] 
[INFO] [stdout] 
[INFO] [stdout] error[E0433]: cannot find module or crate `net_rpc` in this scope
[INFO] [stdout]    --> tests/integration.rs:409:3
[INFO] [stdout]     |
[INFO] [stdout] 409 | #[net_rpc::handler]
[INFO] [stdout]     |   ^^^^^^^ use of unresolved module or unlinked crate `net_rpc`
[INFO] [stdout] 
[INFO] [stdout] 
[INFO] [stdout] error: cannot find attribute `serde` in this scope
[INFO] [stdout]   --> tests/integration.rs:9:1
[INFO] [stdout]    |
[INFO] [stdout]  9 | / protocol! {
[INFO] [stdout] 10 | |     #[protocol_id = 100]
[INFO] [stdout] 11 | |     pub mod test_server {
[INFO] [stdout] 12 | |         ping => ();
[INFO] [stdout] ...  |
[INFO] [stdout] 22 | | }
[INFO] [stdout]    | |_^
[INFO] [stdout]    |
[INFO] [stdout]    = note: `serde` is an attribute that can be used by the derive macros `Deserialize` and `Serialize`, you might be missing a `derive` attribute
[INFO] [stdout]    = note: `serde` is in scope, but it is a crate, not an attribute
[INFO] [stdout]    = note: this error originates in the macro `protocol` (in Nightly builds, run with -Z macro-backtrace for more info)
[INFO] [stdout] 
[INFO] [stdout] 
[INFO] [stdout] error: cannot find attribute `serde` in this scope
[INFO] [stdout]   --> tests/integration.rs:24:1
[INFO] [stdout]    |
[INFO] [stdout] 24 | / protocol! {
[INFO] [stdout] 25 | |     #[protocol_id = 101]
[INFO] [stdout] 26 | |     pub mod test_client {
[INFO] [stdout] 27 | |         notify { message: String } => ();
[INFO] [stdout] ...  |
[INFO] [stdout] 30 | | }
[INFO] [stdout]    | |_^
[INFO] [stdout]    |
[INFO] [stdout]    = note: `serde` is an attribute that can be used by the derive macros `Deserialize` and `Serialize`, you might be missing a `derive` attribute
[INFO] [stdout]    = note: `serde` is in scope, but it is a crate, not an attribute
[INFO] [stdout]    = note: this error originates in the macro `protocol` (in Nightly builds, run with -Z macro-backtrace for more info)
[INFO] [stdout] 
[INFO] [stdout] 
[INFO] [stdout] error: cannot find attribute `serde` in this scope
[INFO] [stdout]   --> tests/integration.rs:32:1
[INFO] [stdout]    |
[INFO] [stdout] 32 | / protocol! {
[INFO] [stdout] 33 | |     pub mod auto_id_server {
[INFO] [stdout] 34 | |         ping => ();
[INFO] [stdout] 35 | |     }
[INFO] [stdout] 36 | | }
[INFO] [stdout]    | |_^
[INFO] [stdout]    |
[INFO] [stdout]    = note: `serde` is an attribute that can be used by the derive macros `Deserialize` and `Serialize`, you might be missing a `derive` attribute
[INFO] [stdout]    = note: `serde` is in scope, but it is a crate, not an attribute
[INFO] [stdout]    = note: this error originates in the macro `protocol` (in Nightly builds, run with -Z macro-backtrace for more info)
[INFO] [stdout] 
[INFO] [stdout] 
[INFO] [stdout] error: cannot find attribute `serde` in this scope
[INFO] [stdout]   --> tests/integration.rs:38:1
[INFO] [stdout]    |
[INFO] [stdout] 38 | / protocol! {
[INFO] [stdout] 39 | |     #[protocol_id = 42]
[INFO] [stdout] 40 | |     pub mod explicit_id_server {
[INFO] [stdout] 41 | |         ping => ();
[INFO] [stdout] 42 | |     }
[INFO] [stdout] 43 | | }
[INFO] [stdout]    | |_^
[INFO] [stdout]    |
[INFO] [stdout]    = note: `serde` is an attribute that can be used by the derive macros `Deserialize` and `Serialize`, you might be missing a `derive` attribute
[INFO] [stdout]    = note: `serde` is in scope, but it is a crate, not an attribute
[INFO] [stdout]    = note: this error originates in the macro `protocol` (in Nightly builds, run with -Z macro-backtrace for more info)
[INFO] [stdout] 
[INFO] [stdout] 
[INFO] [stdout] error: cannot find attribute `serde` in this scope
[INFO] [stdout]   --> tests/integration.rs:45:1
[INFO] [stdout]    |
[INFO] [stdout] 45 | / protocol! {
[INFO] [stdout] 46 | |     #[protocol_id = 0]
[INFO] [stdout] 47 | |     pub mod framework_id_override {
[INFO] [stdout] 48 | |         ping => ();
[INFO] [stdout] 49 | |     }
[INFO] [stdout] 50 | | }
[INFO] [stdout]    | |_^
[INFO] [stdout]    |
[INFO] [stdout]    = note: `serde` is an attribute that can be used by the derive macros `Deserialize` and `Serialize`, you might be missing a `derive` attribute
[INFO] [stdout]    = note: `serde` is in scope, but it is a crate, not an attribute
[INFO] [stdout]    = note: this error originates in the macro `protocol` (in Nightly builds, run with -Z macro-backtrace for more info)
[INFO] [stdout] 
[INFO] [stdout] 
[INFO] [stdout] error[E0433]: cannot find module or crate `net_rpc` in this scope
[INFO] [stdout]   --> tests/integration.rs:52:50
[INFO] [stdout]    |
[INFO] [stdout] 52 | const EXPECTED_AUTO_ID_SERVER_PROTOCOL_ID: u64 = net_rpc::const_hash::fnv1a64(
[INFO] [stdout]    |                                                  ^^^^^^^ use of unresolved module or unlinked crate `net_rpc`
[INFO] [stdout]    |
[INFO] [stdout]    = help: if you wanted to use a crate named `net_rpc`, use `cargo add net_rpc` to add it to your `Cargo.toml`
[INFO] [stdout] 
[INFO] [stdout] 
[INFO] [stdout] error[E0433]: cannot find module or crate `net_rpc` in this scope
[INFO] [stdout]    --> tests/integration.rs:178:25
[INFO] [stdout]     |
[INFO] [stdout] 178 |     let request_bytes = net_rpc::codec::encode(&request).unwrap();
[INFO] [stdout]     |                         ^^^^^^^ use of unresolved module or unlinked crate `net_rpc`
[INFO] [stdout]     |
[INFO] [stdout]     = help: if you wanted to use a crate named `net_rpc`, use `cargo add net_rpc` to add it to your `Cargo.toml`
[INFO] [stdout] 
[INFO] [stdout] 
[INFO] [stdout] error[E0433]: cannot find module or crate `net_rpc` in this scope
[INFO] [stdout]    --> tests/integration.rs:181:43
[INFO] [stdout]     |
[INFO] [stdout] 181 |     let response: test_server::Response = net_rpc::codec::decode(&response_bytes).unwrap();
[INFO] [stdout]     |                                           ^^^^^^^ use of unresolved module or unlinked crate `net_rpc`
[INFO] [stdout]     |
[INFO] [stdout]     = help: if you wanted to use a crate named `net_rpc`, use `cargo add net_rpc` to add it to your `Cargo.toml`
[INFO] [stdout] 
[INFO] [stdout] 
[INFO] [stdout] error[E0433]: cannot find `net_rpc` in the list of imported crates
[INFO] [stdout]   --> tests/integration.rs:9:1
[INFO] [stdout]    |
[INFO] [stdout]  9 | / protocol! {
[INFO] [stdout] 10 | |     #[protocol_id = 100]
[INFO] [stdout] 11 | |     pub mod test_server {
[INFO] [stdout] 12 | |         ping => ();
[INFO] [stdout] ...  |
[INFO] [stdout] 22 | | }
[INFO] [stdout]    | |_^ could not find `net_rpc` in the list of imported crates
[INFO] [stdout]    |
[INFO] [stdout]    = help: consider importing one of these structs:
[INFO] [stdout]            std::io::Bytes
[INFO] [stdout]            std::str::Bytes
[INFO] [stdout]            core::str::Bytes
[INFO] [stdout]    = note: this error originates in the macro `protocol` (in Nightly builds, run with -Z macro-backtrace for more info)
[INFO] [stdout] 
[INFO] [stdout] 
[INFO] [stdout] error[E0433]: cannot find `net_rpc` in the list of imported crates
[INFO] [stdout]   --> tests/integration.rs:24:1
[INFO] [stdout]    |
[INFO] [stdout] 24 | / protocol! {
[INFO] [stdout] 25 | |     #[protocol_id = 101]
[INFO] [stdout] 26 | |     pub mod test_client {
[INFO] [stdout] 27 | |         notify { message: String } => ();
[INFO] [stdout] ...  |
[INFO] [stdout] 30 | | }
[INFO] [stdout]    | |_^ could not find `net_rpc` in the list of imported crates
[INFO] [stdout]    |
[INFO] [stdout]    = help: consider importing one of these structs:
[INFO] [stdout]            std::io::Bytes
[INFO] [stdout]            std::str::Bytes
[INFO] [stdout]            core::str::Bytes
[INFO] [stdout]    = note: this error originates in the macro `protocol` (in Nightly builds, run with -Z macro-backtrace for more info)
[INFO] [stdout] 
[INFO] [stdout] 
[INFO] [stdout] error[E0433]: cannot find `net_rpc` in the list of imported crates
[INFO] [stdout]   --> tests/integration.rs:32:1
[INFO] [stdout]    |
[INFO] [stdout] 32 | / protocol! {
[INFO] [stdout] 33 | |     pub mod auto_id_server {
[INFO] [stdout] 34 | |         ping => ();
[INFO] [stdout] 35 | |     }
[INFO] [stdout] 36 | | }
[INFO] [stdout]    | |_^ could not find `net_rpc` in the list of imported crates
[INFO] [stdout]    |
[INFO] [stdout]    = help: consider importing one of these structs:
[INFO] [stdout]            std::io::Bytes
[INFO] [stdout]            std::str::Bytes
[INFO] [stdout]            core::str::Bytes
[INFO] [stdout]    = note: this error originates in the macro `protocol` (in Nightly builds, run with -Z macro-backtrace for more info)
[INFO] [stdout] 
[INFO] [stdout] 
[INFO] [stdout] error[E0433]: cannot find `net_rpc` in the list of imported crates
[INFO] [stdout]   --> tests/integration.rs:38:1
[INFO] [stdout]    |
[INFO] [stdout] 38 | / protocol! {
[INFO] [stdout] 39 | |     #[protocol_id = 42]
[INFO] [stdout] 40 | |     pub mod explicit_id_server {
[INFO] [stdout] 41 | |         ping => ();
[INFO] [stdout] 42 | |     }
[INFO] [stdout] 43 | | }
[INFO] [stdout]    | |_^ could not find `net_rpc` in the list of imported crates
[INFO] [stdout]    |
[INFO] [stdout]    = help: consider importing one of these structs:
[INFO] [stdout]            std::io::Bytes
[INFO] [stdout]            std::str::Bytes
[INFO] [stdout]            core::str::Bytes
[INFO] [stdout]    = note: this error originates in the macro `protocol` (in Nightly builds, run with -Z macro-backtrace for more info)
[INFO] [stdout] 
[INFO] [stdout] 
[INFO] [stdout] error[E0433]: cannot find `net_rpc` in the list of imported crates
[INFO] [stdout]   --> tests/integration.rs:45:1
[INFO] [stdout]    |
[INFO] [stdout] 45 | / protocol! {
[INFO] [stdout] 46 | |     #[protocol_id = 0]
[INFO] [stdout] 47 | |     pub mod framework_id_override {
[INFO] [stdout] 48 | |         ping => ();
[INFO] [stdout] 49 | |     }
[INFO] [stdout] 50 | | }
[INFO] [stdout]    | |_^ could not find `net_rpc` in the list of imported crates
[INFO] [stdout]    |
[INFO] [stdout]    = help: consider importing one of these structs:
[INFO] [stdout]            std::io::Bytes
[INFO] [stdout]            std::str::Bytes
[INFO] [stdout]            core::str::Bytes
[INFO] [stdout]    = note: this error originates in the macro `protocol` (in Nightly builds, run with -Z macro-backtrace for more info)
[INFO] [stdout] 
[INFO] [stdout] 
[INFO] [stdout] error[E0050]: method `ping` has 1 parameter but the declaration in trait `test_server::Handler::ping` has 2
[INFO] [stdout]    --> tests/integration.rs:356:19
[INFO] [stdout]     |
[INFO] [stdout]   9 | / protocol! {
[INFO] [stdout]  10 | |     #[protocol_id = 100]
[INFO] [stdout]  11 | |     pub mod test_server {
[INFO] [stdout]  12 | |         ping => ();
[INFO] [stdout] ...   |
[INFO] [stdout]  22 | | }
[INFO] [stdout]     | |_- trait requires 2 parameters
[INFO] [stdout] ...
[INFO] [stdout] 356 |       async fn ping(&self) -> Result<(), WireError> {
[INFO] [stdout]     |                     ^^^^^ expected 2 parameters, found 1
[INFO] [stdout] 
[INFO] [stdout] 
[INFO] [stdout] error[E0050]: method `echo` has 2 parameters but the declaration in trait `test_server::Handler::echo` has 3
[INFO] [stdout]    --> tests/integration.rs:363:19
[INFO] [stdout]     |
[INFO] [stdout]   9 | / protocol! {
[INFO] [stdout]  10 | |     #[protocol_id = 100]
[INFO] [stdout]  11 | |     pub mod test_server {
[INFO] [stdout]  12 | |         ping => ();
[INFO] [stdout] ...   |
[INFO] [stdout]  22 | | }
[INFO] [stdout]     | |_- trait requires 3 parameters
[INFO] [stdout] ...
[INFO] [stdout] 363 |       async fn echo(&self, message: String) -> Result<test_server::echo::Response, WireError> {
[INFO] [stdout]     |                     ^^^^^^^^^^^^^^^^^^^^^^ expected 3 parameters, found 2
[INFO] [stdout] 
[INFO] [stdout] 
[INFO] [stdout] error[E0050]: method `add` has 3 parameters but the declaration in trait `test_server::Handler::add` has 4
[INFO] [stdout]    --> tests/integration.rs:367:18
[INFO] [stdout]     |
[INFO] [stdout]   9 | / protocol! {
[INFO] [stdout]  10 | |     #[protocol_id = 100]
[INFO] [stdout]  11 | |     pub mod test_server {
[INFO] [stdout]  12 | |         ping => ();
[INFO] [stdout] ...   |
[INFO] [stdout]  22 | | }
[INFO] [stdout]     | |_- trait requires 4 parameters
[INFO] [stdout] ...
[INFO] [stdout] 367 |       async fn add(&self, a: i32, b: i32) -> Result<test_server::add::Response, WireError> {
[INFO] [stdout]     |                    ^^^^^^^^^^^^^^^^^^^^^ expected 4 parameters, found 3
[INFO] [stdout] 
[INFO] [stdout] 
[INFO] [stdout] error[E0050]: method `greet` has 2 parameters but the declaration in trait `test_server::Handler::greet` has 3
[INFO] [stdout]    --> tests/integration.rs:371:20
[INFO] [stdout]     |
[INFO] [stdout]   9 | / protocol! {
[INFO] [stdout]  10 | |     #[protocol_id = 100]
[INFO] [stdout]  11 | |     pub mod test_server {
[INFO] [stdout]  12 | |         ping => ();
[INFO] [stdout] ...   |
[INFO] [stdout]  22 | | }
[INFO] [stdout]     | |_- trait requires 3 parameters
[INFO] [stdout] ...
[INFO] [stdout] 371 |       async fn greet(&self, name: String) -> Result<String, WireError> {
[INFO] [stdout]     |                      ^^^^^^^^^^^^^^^^^^^ expected 3 parameters, found 2
[INFO] [stdout] 
[INFO] [stdout] 
[INFO] [stdout] error[E0050]: method `command` has 3 parameters but the declaration in trait `test_server::Handler::command` has 4
[INFO] [stdout]    --> tests/integration.rs:375:22
[INFO] [stdout]     |
[INFO] [stdout]   9 | / protocol! {
[INFO] [stdout]  10 | |     #[protocol_id = 100]
[INFO] [stdout]  11 | |     pub mod test_server {
[INFO] [stdout]  12 | |         ping => ();
[INFO] [stdout] ...   |
[INFO] [stdout]  22 | | }
[INFO] [stdout]     | |_- trait requires 4 parameters
[INFO] [stdout] ...
[INFO] [stdout] 375 |       async fn command(&self, name: String, args: Vec<String>) -> Result<String, WireError> {
[INFO] [stdout]     |                        ^^^^^^^^^^^^^^^^^^^^^^^^^^^^^^^^^^^^^^ expected 4 parameters, found 3
[INFO] [stdout] 
[INFO] [stdout] 
[INFO] [stdout] error[E0050]: method `log_event` has 3 parameters but the declaration in trait `test_server::Handler::log_event` has 4
[INFO] [stdout]    --> tests/integration.rs:394:24
[INFO] [stdout]     |
[INFO] [stdout]   9 | / protocol! {
[INFO] [stdout]  10 | |     #[protocol_id = 100]
[INFO] [stdout]  11 | |     pub mod test_server {
[INFO] [stdout]  12 | |         ping => ();
[INFO] [stdout] ...   |
[INFO] [stdout]  22 | | }
[INFO] [stdout]     | |_- trait requires 4 parameters
[INFO] [stdout] ...
[INFO] [stdout] 394 |       async fn log_event(&self, level: String, message: String) -> Result<(), WireError> {
[INFO] [stdout]     |                          ^^^^^^^^^^^^^^^^^^^^^^^^^^^^^^^^^^^^^ expected 4 parameters, found 3
[INFO] [stdout] 
[INFO] [stdout] 
[INFO] [stdout] error[E0050]: method `notify` has 2 parameters but the declaration in trait `test_client::Handler::notify` has 3
[INFO] [stdout]    --> tests/integration.rs:411:21
[INFO] [stdout]     |
[INFO] [stdout]  24 | / protocol! {
[INFO] [stdout]  25 | |     #[protocol_id = 101]
[INFO] [stdout]  26 | |     pub mod test_client {
[INFO] [stdout]  27 | |         notify { message: String } => ();
[INFO] [stdout] ...   |
[INFO] [stdout]  30 | | }
[INFO] [stdout]     | |_- trait requires 3 parameters
[INFO] [stdout] ...
[INFO] [stdout] 411 |       async fn notify(&self, message: String) -> Result<(), WireError> {
[INFO] [stdout]     |                       ^^^^^^^^^^^^^^^^^^^^^^ expected 3 parameters, found 2
[INFO] [stdout] 
[INFO] [stdout] 
[INFO] [stdout] error[E0050]: method `get_state` has 1 parameter but the declaration in trait `test_client::Handler::get_state` has 2
[INFO] [stdout]    --> tests/integration.rs:416:24
[INFO] [stdout]     |
[INFO] [stdout]  24 | / protocol! {
[INFO] [stdout]  25 | |     #[protocol_id = 101]
[INFO] [stdout]  26 | |     pub mod test_client {
[INFO] [stdout]  27 | |         notify { message: String } => ();
[INFO] [stdout] ...   |
[INFO] [stdout]  30 | | }
[INFO] [stdout]     | |_- trait requires 2 parameters
[INFO] [stdout] ...
[INFO] [stdout] 416 |       async fn get_state(&self) -> Result<test_client::get_state::Response, WireError> {
[INFO] [stdout]     |                          ^^^^^ expected 2 parameters, found 1
[INFO] [stdout] 
[INFO] [stdout] 
[INFO] [stderr] error: could not compile `net-rpc-macro` (test "integration") due to 32 previous errors
[INFO] [stdout] error[E0433]: cannot find module or crate `net_rpc` in this scope
[INFO] [stdout]   --> tests/integration.rs:60:41
[INFO] [stdout]    |
[INFO] [stdout] 60 |         <auto_id_server::ProtocolDef as net_rpc::Protocol>::PROTOCOL_ID,
[INFO] [stdout]    |                                         ^^^^^^^ use of unresolved module or unlinked crate `net_rpc`
[INFO] [stdout]    |
[INFO] [stdout]    = help: if you wanted to use a crate named `net_rpc`, use `cargo add net_rpc` to add it to your `Cargo.toml`
[INFO] [stdout] 
[INFO] [stdout] 
[INFO] [stdout] error[E0433]: cannot find module or crate `net_rpc` in this scope
[INFO] [stdout]   --> tests/integration.rs:78:41
[INFO] [stdout]    |
[INFO] [stdout] 78 |         <auto_id_server::ProtocolDef as net_rpc::Protocol>::PROTOCOL_ID,
[INFO] [stdout]    |                                         ^^^^^^^ use of unresolved module or unlinked crate `net_rpc`
[INFO] [stdout]    |
[INFO] [stdout]    = help: if you wanted to use a crate named `net_rpc`, use `cargo add net_rpc` to add it to your `Cargo.toml`
[INFO] [stdout] 
[INFO] [stdout] 
[INFO] [stdout] Some errors have detailed explanations: E0050, E0432, E0433.
[INFO] [stdout] 
[INFO] [stdout] For more information about an error, try `rustc --explain E0050`.
[INFO] [stdout] 
[INFO] running `Command { std: "docker" "inspect" "469cb79f6d7ade976a02c6034b1d5351f7f7cf66c8cce645de77a347eec1ebf1", kill_on_drop: false }`
[INFO] running `Command { std: "docker" "rm" "-f" "469cb79f6d7ade976a02c6034b1d5351f7f7cf66c8cce645de77a347eec1ebf1", kill_on_drop: false }`
[INFO] [stdout] 469cb79f6d7ade976a02c6034b1d5351f7f7cf66c8cce645de77a347eec1ebf1
