[INFO] fetching crate nestrs-macros 1.6.0...
[INFO] testing nestrs-macros-1.6.0 against 1.99.0-beta.8+cargoflags=--release for beta-release-1.100-2
[INFO] extracting crate nestrs-macros 1.6.0 into /workspace/builds/worker-0-tc1/source
[INFO] started tweaking crates.io crate nestrs-macros 1.6.0
[INFO] removed 0 missing tests
[INFO] finished tweaking crates.io crate nestrs-macros 1.6.0
[INFO] tweaked toml for crates.io crate nestrs-macros 1.6.0 written to /workspace/builds/worker-0-tc1/source/Cargo.toml
[INFO] validating manifest of crates.io crate nestrs-macros 1.6.0 on toolchain 1.99.0-beta.8
[INFO] running `Command { std: CARGO_HOME="/workspace/cargo-home" RUSTUP_HOME="/workspace/rustup-home" "/workspace/cargo-home/bin/cargo" "+1.99.0-beta.8" "metadata" "--manifest-path" "Cargo.toml" "--no-deps", kill_on_drop: false }`
[INFO] crate crates.io crate nestrs-macros 1.6.0 already has a lockfile, it will not be regenerated
[INFO] running `Command { std: CARGO_HOME="/workspace/cargo-home" RUSTUP_HOME="/workspace/rustup-home" "/workspace/cargo-home/bin/cargo" "+1.99.0-beta.8" "fetch" "--manifest-path" "Cargo.toml", kill_on_drop: false }`
[INFO] [stderr]  Downloading crates ...
[INFO] [stderr]   Downloaded axum-core v0.4.5
[INFO] [stderr]   Downloaded axum v0.7.9
[INFO] [stderr]   Downloaded tokio v1.51.1
[INFO] running `Command { std: "docker" "create" "-v" "/var/lib/crater-agent-workspace/builds/worker-0-tc1/source:/opt/rustwide/workdir:ro,Z" "-v" "/var/lib/crater-agent-workspace/builds/worker-0-tc1/target:/opt/rustwide/target:rw,Z" "-v" "/var/lib/crater-agent-workspace/cargo-home:/opt/rustwide/cargo-home:ro,Z" "-v" "/var/lib/crater-agent-workspace/rustup-home:/opt/rustwide/rustup-home:ro,Z" "-m" "1610612736" "--network" "none" "ghcr.io/rust-lang/crates-build-env/linux@sha256:77db811e55d90add9212f6832c23229e3de5f1c1f9905e8cb07319ea15df73ac" "sleep" "infinity", kill_on_drop: false }`
[INFO] [stdout] f417e38d5b3a8cd2536e7bc4dabad507d93b8364ff654ce6768cdc9d2847958e
[INFO] running `Command { std: "docker" "start" "f417e38d5b3a8cd2536e7bc4dabad507d93b8364ff654ce6768cdc9d2847958e", kill_on_drop: false }`
[INFO] running `Command { std: "docker" "inspect" "f417e38d5b3a8cd2536e7bc4dabad507d93b8364ff654ce6768cdc9d2847958e", kill_on_drop: false }`
[INFO] running `Command { std: "docker" "exec" "-e" "SOURCE_DIR=/opt/rustwide/workdir" "-e" "CARGO_HOME=/opt/rustwide/cargo-home" "-e" "RUSTUP_HOME=/opt/rustwide/rustup-home" "-e" "CARGO_TARGET_DIR=/opt/rustwide/target" "-w" "/opt/rustwide/workdir" "--user" "0:0" "f417e38d5b3a8cd2536e7bc4dabad507d93b8364ff654ce6768cdc9d2847958e" "/opt/rustwide/cargo-home/bin/cargo" "+1.99.0-beta.8" "metadata" "--no-deps" "--format-version=1", kill_on_drop: false }`
[INFO] running `Command { std: "docker" "inspect" "f417e38d5b3a8cd2536e7bc4dabad507d93b8364ff654ce6768cdc9d2847958e", kill_on_drop: false }`
[INFO] running `Command { std: "docker" "exec" "-e" "SOURCE_DIR=/opt/rustwide/workdir" "-e" "CARGO_HOME=/opt/rustwide/cargo-home" "-e" "RUSTUP_HOME=/opt/rustwide/rustup-home" "-e" "CARGO_TARGET_DIR=/opt/rustwide/target" "-e" "CARGO_INCREMENTAL=0" "-e" "RUST_BACKTRACE=full" "-e" "RUSTFLAGS=--cap-lints=warn" "-e" "RUSTDOCFLAGS=--cap-lints=warn" "-w" "/opt/rustwide/workdir" "--user" "0:0" "f417e38d5b3a8cd2536e7bc4dabad507d93b8364ff654ce6768cdc9d2847958e" "/opt/rustwide/cargo-home/bin/cargo" "+1.99.0-beta.8" "build" "--frozen" "--message-format=json" "--release", kill_on_drop: false }`
[INFO] [stderr]    Compiling syn v2.0.117
[INFO] [stderr]    Compiling nestrs-macros v1.6.0 (/opt/rustwide/workdir)
[INFO] [stderr]     Finished `release` profile [optimized] target(s) in 24.92s
[INFO] running `Command { std: "docker" "inspect" "f417e38d5b3a8cd2536e7bc4dabad507d93b8364ff654ce6768cdc9d2847958e", kill_on_drop: false }`
[INFO] running `Command { std: "docker" "exec" "-e" "SOURCE_DIR=/opt/rustwide/workdir" "-e" "CARGO_HOME=/opt/rustwide/cargo-home" "-e" "RUSTUP_HOME=/opt/rustwide/rustup-home" "-e" "CARGO_TARGET_DIR=/opt/rustwide/target" "-e" "CARGO_INCREMENTAL=0" "-e" "RUST_BACKTRACE=full" "-e" "RUSTFLAGS=--cap-lints=warn" "-e" "RUSTDOCFLAGS=--cap-lints=warn" "-w" "/opt/rustwide/workdir" "--user" "0:0" "f417e38d5b3a8cd2536e7bc4dabad507d93b8364ff654ce6768cdc9d2847958e" "/opt/rustwide/cargo-home/bin/cargo" "+1.99.0-beta.8" "test" "--frozen" "--no-run" "--message-format=json" "--release", kill_on_drop: false }`
[INFO] [stderr]    Compiling serde v1.0.228
[INFO] [stderr]    Compiling futures-core v0.3.32
[INFO] [stderr]    Compiling serde_json v1.0.149
[INFO] [stderr]    Compiling syn v2.0.117
[INFO] [stderr]    Compiling errno v0.3.14
[INFO] [stderr]    Compiling serde_core v1.0.228
[INFO] [stderr]    Compiling http v1.4.0
[INFO] [stderr]    Compiling mio v1.2.0
[INFO] [stderr]    Compiling signal-hook-registry v1.4.8
[INFO] [stderr]    Compiling socket2 v0.6.3
[INFO] [stderr]    Compiling once_cell v1.21.4
[INFO] [stderr]    Compiling httparse v1.10.1
[INFO] [stderr]    Compiling tower-service v0.3.3
[INFO] [stderr]    Compiling futures-task v0.3.32
[INFO] [stderr]    Compiling tracing-core v0.1.36
[INFO] [stderr]    Compiling slab v0.4.12
[INFO] [stderr]    Compiling futures-util v0.3.32
[INFO] [stderr]    Compiling futures-channel v0.3.32
[INFO] [stderr]    Compiling zmij v1.0.21
[INFO] [stderr]    Compiling atomic-waker v1.1.2
[INFO] [stderr]    Compiling sync_wrapper v1.0.2
[INFO] [stderr]    Compiling smallvec v1.15.1
[INFO] [stderr]    Compiling tower-layer v0.3.3
[INFO] [stderr]    Compiling tracing v0.1.44
[INFO] [stderr]    Compiling httpdate v1.0.3
[INFO] [stderr]    Compiling http-body v1.0.1
[INFO] [stderr]    Compiling http-body-util v0.1.3
[INFO] [stderr]    Compiling form_urlencoded v1.2.2
[INFO] [stderr]    Compiling proc-macro2 v1.0.106
[INFO] [stderr]    Compiling mime v0.3.17
[INFO] [stderr]    Compiling memchr v2.8.0
[INFO] [stderr]    Compiling ryu v1.0.23
[INFO] [stderr]    Compiling quote v1.0.45
[INFO] [stderr]    Compiling matchit v0.7.3
[INFO] [stderr]    Compiling serde_urlencoded v0.7.1
[INFO] [stderr]    Compiling serde_path_to_error v0.1.20
[INFO] [stderr]    Compiling tokio-macros v2.7.0
[INFO] [stderr]    Compiling async-trait v0.1.89
[INFO] [stderr]    Compiling nestrs-macros v1.6.0 (/opt/rustwide/workdir)
[INFO] [stderr]    Compiling axum-core v0.4.5
[INFO] [stderr]    Compiling tokio v1.51.1
[INFO] [stderr]    Compiling hyper v1.9.0
[INFO] [stderr]    Compiling hyper-util v0.1.20
[INFO] [stderr]    Compiling tower v0.5.3
[INFO] [stderr]    Compiling axum v0.7.9
[INFO] [stdout] error[E0433]: cannot find module or crate `nestrs_core` in this scope
[INFO] [stdout]   --> tests/als.rs:15:5
[INFO] [stdout]    |
[INFO] [stdout] 15 | use nestrs_core::als::AlsError;
[INFO] [stdout]    |     ^^^^^^^^^^^ use of unresolved module or unlinked crate `nestrs_core`
[INFO] [stdout]    |
[INFO] [stdout]    = help: if you wanted to use a crate named `nestrs_core`, use `cargo add nestrs_core` to add it to your `Cargo.toml`
[INFO] [stdout] 
[INFO] [stdout] 
[INFO] [stdout] error[E0433]: cannot find `nestrs_core` in the list of imported crates
[INFO] [stdout]   --> tests/als.rs:19:1
[INFO] [stdout]    |
[INFO] [stdout] 19 | #[als]
[INFO] [stdout]    | ^^^^^^ could not find `nestrs_core` in the list of imported crates
[INFO] [stdout]    |
[INFO] [stdout]    = note: this error originates in the attribute macro `als` (in Nightly builds, run with -Z macro-backtrace for more info)
[INFO] [stdout] 
[INFO] [stdout] 
[INFO] [stdout] error[E0433]: cannot find `nestrs_core` in the list of imported crates
[INFO] [stdout]   --> tests/als.rs:26:1
[INFO] [stdout]    |
[INFO] [stdout] 26 | #[als]
[INFO] [stdout]    | ^^^^^^ could not find `nestrs_core` in the list of imported crates
[INFO] [stdout]    |
[INFO] [stdout]    = note: this error originates in the attribute macro `als` (in Nightly builds, run with -Z macro-backtrace for more info)
[INFO] [stdout] 
[INFO] [stdout] 
[INFO] [stdout] error[E0433]: cannot find `nestrs_core` in the list of imported crates
[INFO] [stdout]   --> tests/als.rs:32:1
[INFO] [stdout]    |
[INFO] [stdout] 32 | #[als]
[INFO] [stdout]    | ^^^^^^ could not find `nestrs_core` in the list of imported crates
[INFO] [stdout]    |
[INFO] [stdout]    = note: this error originates in the attribute macro `als` (in Nightly builds, run with -Z macro-backtrace for more info)
[INFO] [stdout] 
[INFO] [stdout] 
[INFO] [stdout] error[E0433]: cannot find `nestrs_core` in the list of imported crates
[INFO] [stdout]   --> tests/als.rs:36:1
[INFO] [stdout]    |
[INFO] [stdout] 36 | #[als]
[INFO] [stdout]    | ^^^^^^ could not find `nestrs_core` in the list of imported crates
[INFO] [stdout]    |
[INFO] [stdout]    = note: this error originates in the attribute macro `als` (in Nightly builds, run with -Z macro-backtrace for more info)
[INFO] [stdout] 
[INFO] [stdout] 
[INFO] [stdout] error[E0425]: cannot find value `REQUEST_CONTEXT_ALS` in this scope
[INFO] [stdout]   --> tests/als.rs:19:1
[INFO] [stdout]    |
[INFO] [stdout] 19 | #[als]
[INFO] [stdout]    | ^^^^^^ not found in this scope
[INFO] [stdout]    |
[INFO] [stdout]    = note: this error originates in the attribute macro `als` (in Nightly builds, run with -Z macro-backtrace for more info)
[INFO] [stdout] 
[INFO] [stdout] 
[INFO] [stdout] error[E0425]: cannot find value `SINGLE_FIELD_ALS` in this scope
[INFO] [stdout]   --> tests/als.rs:26:1
[INFO] [stdout]    |
[INFO] [stdout] 26 | #[als]
[INFO] [stdout]    | ^^^^^^ not found in this scope
[INFO] [stdout]    |
[INFO] [stdout]    = note: this error originates in the attribute macro `als` (in Nightly builds, run with -Z macro-backtrace for more info)
[INFO] [stdout] 
[INFO] [stdout] 
[INFO] [stdout] error[E0425]: cannot find value `TUPLE_CTX_ALS` in this scope
[INFO] [stdout]   --> tests/als.rs:32:1
[INFO] [stdout]    |
[INFO] [stdout] 32 | #[als]
[INFO] [stdout]    | ^^^^^^ not found in this scope
[INFO] [stdout]    |
[INFO] [stdout]    = note: this error originates in the attribute macro `als` (in Nightly builds, run with -Z macro-backtrace for more info)
[INFO] [stdout] 
[INFO] [stdout] 
[INFO] [stdout] error[E0425]: cannot find value `UNIT_CTX_ALS` in this scope
[INFO] [stdout]   --> tests/als.rs:36:1
[INFO] [stdout]    |
[INFO] [stdout] 36 | #[als]
[INFO] [stdout]    | ^^^^^^ not found in this scope
[INFO] [stdout]    |
[INFO] [stdout]    = note: this error originates in the attribute macro `als` (in Nightly builds, run with -Z macro-backtrace for more info)
[INFO] [stdout] 
[INFO] [stdout] 
[INFO] [stdout] error[E0195]: lifetime parameters or bounds on associated function `from_request_parts` do not match the trait declaration
[INFO] [stdout]   --> tests/als.rs:19:7
[INFO] [stdout]    |
[INFO] [stdout] 19 | #[als]
[INFO] [stdout]    |       ^ lifetimes do not match associated function in trait
[INFO] [stdout]    |
[INFO] [stdout]   ::: /opt/rustwide/cargo-home/registry/src/index.crates.io-1949cf8c6b5b557f/axum-core-0.4.5/src/extract/mod.rs:58:5
[INFO] [stdout]    |
[INFO] [stdout] 58 |     async fn from_request_parts(parts: &mut Parts, state: &S) -> Result<Self, Self::Rejection>;
[INFO] [stdout]    |     ------------------------------------------------------------------------------------------- lifetimes in impl do not match this associated function in trait
[INFO] [stdout]    |
[INFO] [stdout]    = note: this error originates in the attribute macro `als` (in Nightly builds, run with -Z macro-backtrace for more info)
[INFO] [stdout] 
[INFO] [stdout] 
[INFO] [stdout] error[E0195]: lifetime parameters or bounds on associated function `from_request_parts` do not match the trait declaration
[INFO] [stdout]   --> tests/als.rs:26:7
[INFO] [stdout]    |
[INFO] [stdout] 26 | #[als]
[INFO] [stdout]    |       ^ lifetimes do not match associated function in trait
[INFO] [stdout]    |
[INFO] [stdout]   ::: /opt/rustwide/cargo-home/registry/src/index.crates.io-1949cf8c6b5b557f/axum-core-0.4.5/src/extract/mod.rs:58:5
[INFO] [stdout]    |
[INFO] [stdout] 58 |     async fn from_request_parts(parts: &mut Parts, state: &S) -> Result<Self, Self::Rejection>;
[INFO] [stdout]    |     ------------------------------------------------------------------------------------------- lifetimes in impl do not match this associated function in trait
[INFO] [stdout]    |
[INFO] [stdout]    = note: this error originates in the attribute macro `als` (in Nightly builds, run with -Z macro-backtrace for more info)
[INFO] [stdout] 
[INFO] [stdout] 
[INFO] [stdout] error[E0195]: lifetime parameters or bounds on associated function `from_request_parts` do not match the trait declaration
[INFO] [stdout]   --> tests/als.rs:32:7
[INFO] [stdout]    |
[INFO] [stdout] 32 | #[als]
[INFO] [stdout]    |       ^ lifetimes do not match associated function in trait
[INFO] [stdout]    |
[INFO] [stdout]   ::: /opt/rustwide/cargo-home/registry/src/index.crates.io-1949cf8c6b5b557f/axum-core-0.4.5/src/extract/mod.rs:58:5
[INFO] [stdout]    |
[INFO] [stdout] 58 |     async fn from_request_parts(parts: &mut Parts, state: &S) -> Result<Self, Self::Rejection>;
[INFO] [stdout]    |     ------------------------------------------------------------------------------------------- lifetimes in impl do not match this associated function in trait
[INFO] [stdout]    |
[INFO] [stdout]    = note: this error originates in the attribute macro `als` (in Nightly builds, run with -Z macro-backtrace for more info)
[INFO] [stdout] 
[INFO] [stdout] 
[INFO] [stdout] error[E0195]: lifetime parameters or bounds on associated function `from_request_parts` do not match the trait declaration
[INFO] [stdout]   --> tests/als.rs:36:7
[INFO] [stdout]    |
[INFO] [stdout] 36 | #[als]
[INFO] [stdout]    |       ^ lifetimes do not match associated function in trait
[INFO] [stdout]    |
[INFO] [stdout]   ::: /opt/rustwide/cargo-home/registry/src/index.crates.io-1949cf8c6b5b557f/axum-core-0.4.5/src/extract/mod.rs:58:5
[INFO] [stdout]    |
[INFO] [stdout] 58 |     async fn from_request_parts(parts: &mut Parts, state: &S) -> Result<Self, Self::Rejection>;
[INFO] [stdout]    |     ------------------------------------------------------------------------------------------- lifetimes in impl do not match this associated function in trait
[INFO] [stdout]    |
[INFO] [stdout]    = note: this error originates in the attribute macro `als` (in Nightly builds, run with -Z macro-backtrace for more info)
[INFO] [stdout] 
[INFO] [stdout] 
[INFO] [stdout] Some errors have detailed explanations: E0195, E0425, E0433.
[INFO] [stdout] 
[INFO] [stdout] For more information about an error, try `rustc --explain E0195`.
[INFO] [stdout] 
[INFO] [stderr] error: could not compile `nestrs-macros` (test "als") due to 13 previous errors
[INFO] running `Command { std: "docker" "inspect" "f417e38d5b3a8cd2536e7bc4dabad507d93b8364ff654ce6768cdc9d2847958e", kill_on_drop: false }`
[INFO] running `Command { std: "docker" "rm" "-f" "f417e38d5b3a8cd2536e7bc4dabad507d93b8364ff654ce6768cdc9d2847958e", kill_on_drop: false }`
[INFO] [stdout] f417e38d5b3a8cd2536e7bc4dabad507d93b8364ff654ce6768cdc9d2847958e
