[INFO] fetching crate nest-rs-testing 6.1.0...
[INFO] testing nest-rs-testing-6.1.0 against 1.99.0-beta.8+cargoflags=--release for beta-release-1.100-2
[INFO] extracting crate nest-rs-testing 6.1.0 into /workspace/builds/worker-7-tc1/source
[INFO] started tweaking crates.io crate nest-rs-testing 6.1.0
[INFO] removed 0 missing tests
[INFO] finished tweaking crates.io crate nest-rs-testing 6.1.0
[INFO] tweaked toml for crates.io crate nest-rs-testing 6.1.0 written to /workspace/builds/worker-7-tc1/source/Cargo.toml
[INFO] validating manifest of crates.io crate nest-rs-testing 6.1.0 on toolchain 1.99.0-beta.8
[INFO] running `Command { std: CARGO_HOME="/workspace/cargo-home" RUSTUP_HOME="/workspace/rustup-home" "/workspace/cargo-home/bin/cargo" "+1.99.0-beta.8" "metadata" "--manifest-path" "Cargo.toml" "--no-deps", kill_on_drop: false }`
[INFO] crate crates.io crate nest-rs-testing 6.1.0 already has a lockfile, it will not be regenerated
[INFO] running `Command { std: CARGO_HOME="/workspace/cargo-home" RUSTUP_HOME="/workspace/rustup-home" "/workspace/cargo-home/bin/cargo" "+1.99.0-beta.8" "fetch" "--manifest-path" "Cargo.toml", kill_on_drop: false }`
[INFO] [stderr]     Updating crates.io index
[INFO] [stderr]  Downloading crates ...
[INFO] [stderr]   Downloaded sea-orm-migration v2.0.2
[INFO] [stderr]   Downloaded etcetera v0.11.0
[INFO] [stderr]   Downloaded sqlx-core v0.9.0
[INFO] [stderr]   Downloaded sea-schema-derive v0.3.0
[INFO] [stderr]   Downloaded sea-bae v0.2.2
[INFO] [stderr]   Downloaded sea-orm-arrow v2.0.0-rc.4
[INFO] [stderr]   Downloaded hashlink v0.11.1
[INFO] [stderr]   Downloaded sqlx-macros v0.9.0
[INFO] [stderr]   Downloaded sea-query-sqlx v0.9.1
[INFO] [stderr]   Downloaded whoami v2.1.3
[INFO] [stderr]   Downloaded sea-query-derive v1.0.0
[INFO] [stderr]   Downloaded pluralizer v0.5.0
[INFO] [stderr]   Downloaded sea-orm-cli v2.0.2
[INFO] [stderr]   Downloaded ouroboros v0.18.5
[INFO] [stderr]   Downloaded aliasable v0.1.3
[INFO] [stderr]   Downloaded sqlx-macros-core v0.9.0
[INFO] [stderr]   Downloaded ouroboros_macro v0.18.5
[INFO] [stderr]   Downloaded sqlx-mysql v0.9.0
[INFO] [stderr]   Downloaded sea-orm-macros v2.0.2
[INFO] [stderr]   Downloaded arrow-row v58.4.0
[INFO] [stderr]   Downloaded pgvector v0.4.2
[INFO] [stderr]   Downloaded rustls-webpki v0.103.14
[INFO] [stderr]   Downloaded arrow v58.4.0
[INFO] [stderr]   Downloaded wildmatch v2.6.1
[INFO] [stderr]   Downloaded sqlx-sqlite v0.9.0
[INFO] [stderr]   Downloaded tokio-tungstenite v0.27.0
[INFO] [stderr]   Downloaded tungstenite v0.27.0
[INFO] [stderr]   Downloaded sqlx-postgres v0.9.0
[INFO] [stderr]   Downloaded sqlx v0.9.0
[INFO] [stderr]   Downloaded aws-lc-rs v1.18.0
[INFO] [stderr]   Downloaded sse-codec v0.3.3
[INFO] [stderr]   Downloaded futures_codec v0.5.0
[INFO] [stderr]   Downloaded rfc7239 v0.1.3
[INFO] [stderr]   Downloaded poem-derive v3.1.12
[INFO] [stderr]   Downloaded sea-query v1.0.2
[INFO] [stderr]   Downloaded poem v3.1.12
[INFO] [stderr]   Downloaded async-compression v0.4.43
[INFO] [stderr]   Downloaded nest-rs-ws-macros v6.1.0
[INFO] [stderr]   Downloaded nest-rs-pipes v6.1.0
[INFO] [stderr]   Downloaded nest-rs-core-macros v6.1.0
[INFO] [stderr]   Downloaded nest-rs-http-macros v6.1.0
[INFO] [stderr]   Downloaded nest-rs-config-macros v6.1.0
[INFO] [stderr]   Downloaded nest-rs-ws v6.1.0
[INFO] [stderr]   Downloaded nest-rs-codegen v6.1.0
[INFO] [stderr]   Downloaded nest-rs-config v6.1.0
[INFO] [stderr]   Downloaded nest-rs-opentelemetry v6.1.0
[INFO] [stderr]   Downloaded nest-rs-core v6.1.0
[INFO] [stderr]   Downloaded nest-rs-http v6.1.0
[INFO] [stderr]   Downloaded opentelemetry-http v0.32.0
[INFO] [stderr]   Downloaded nest-rs-interceptors v6.1.0
[INFO] [stderr]   Downloaded nest-rs-filters v6.1.0
[INFO] [stderr]   Downloaded nest-rs-exception-filters v6.1.0
[INFO] [stderr]   Downloaded nest-rs-database v6.1.0
[INFO] [stderr]   Downloaded async-graphql-poem v7.2.1
[INFO] [stderr]   Downloaded opentelemetry-appender-tracing v0.32.0
[INFO] [stderr]   Downloaded nest-rs-guards v6.1.0
[INFO] [stderr]   Downloaded nest-rs-graphql-macros v6.1.0
[INFO] [stderr]   Downloaded nest-rs-graphql v6.1.0
[INFO] [stderr]   Downloaded pest_generator v2.9.0
[INFO] [stderr]   Downloaded async-graphql v7.2.1
[INFO] [stderr]   Downloaded pest_meta v2.9.0
[INFO] [stderr]   Downloaded handlebars v6.4.4
[INFO] [stderr]   Downloaded pest_derive v2.9.0
[INFO] [stderr]   Downloaded static_assertions_next v1.1.2
[INFO] [stderr]   Downloaded pest v2.9.0
[INFO] [stderr]   Downloaded num-order v1.2.0
[INFO] [stderr]   Downloaded sea-schema v0.18.1
[INFO] [stderr]   Downloaded ascii_utils v0.9.3
[INFO] [stderr]   Downloaded async-graphql-derive v7.2.1
[INFO] [stderr]   Downloaded async-graphql-value v7.2.1
[INFO] [stderr]   Downloaded asynk-strim v0.1.5
[INFO] [stderr]   Downloaded num-modular v0.6.5
[INFO] [stderr]   Downloaded async-graphql-parser v7.2.1
[INFO] [stderr]   Downloaded fast_chemail v0.9.6
[INFO] [stderr]   Downloaded sea-orm v2.0.2
[INFO] [stderr]   Downloaded libsqlite3-sys v0.37.0
[INFO] [stderr]   Downloaded aws-lc-sys v0.44.0
[INFO] running `Command { std: "docker" "create" "-v" "/var/lib/crater-agent-workspace/builds/worker-7-tc1/source:/opt/rustwide/workdir:ro,Z" "-v" "/var/lib/crater-agent-workspace/builds/worker-7-tc1/target:/opt/rustwide/target:rw,Z" "-v" "/var/lib/crater-agent-workspace/cargo-home:/opt/rustwide/cargo-home:ro,Z" "-v" "/var/lib/crater-agent-workspace/rustup-home:/opt/rustwide/rustup-home:ro,Z" "-m" "1610612736" "--network" "none" "ghcr.io/rust-lang/crates-build-env/linux@sha256:77db811e55d90add9212f6832c23229e3de5f1c1f9905e8cb07319ea15df73ac" "sleep" "infinity", kill_on_drop: false }`
[INFO] [stdout] f5a0a47a9c7df26dd470b1f43b790411be58acce40d20f3caf7660275aceb0ca
[INFO] running `Command { std: "docker" "start" "f5a0a47a9c7df26dd470b1f43b790411be58acce40d20f3caf7660275aceb0ca", kill_on_drop: false }`
[INFO] running `Command { std: "docker" "inspect" "f5a0a47a9c7df26dd470b1f43b790411be58acce40d20f3caf7660275aceb0ca", kill_on_drop: false }`
[INFO] running `Command { std: "docker" "exec" "-e" "SOURCE_DIR=/opt/rustwide/workdir" "-e" "CARGO_HOME=/opt/rustwide/cargo-home" "-e" "RUSTUP_HOME=/opt/rustwide/rustup-home" "-e" "CARGO_TARGET_DIR=/opt/rustwide/target" "-w" "/opt/rustwide/workdir" "--user" "0:0" "f5a0a47a9c7df26dd470b1f43b790411be58acce40d20f3caf7660275aceb0ca" "/opt/rustwide/cargo-home/bin/cargo" "+1.99.0-beta.8" "metadata" "--no-deps" "--format-version=1", kill_on_drop: false }`
[INFO] running `Command { std: "docker" "inspect" "f5a0a47a9c7df26dd470b1f43b790411be58acce40d20f3caf7660275aceb0ca", kill_on_drop: false }`
[INFO] running `Command { std: "docker" "exec" "-e" "SOURCE_DIR=/opt/rustwide/workdir" "-e" "CARGO_HOME=/opt/rustwide/cargo-home" "-e" "RUSTUP_HOME=/opt/rustwide/rustup-home" "-e" "CARGO_TARGET_DIR=/opt/rustwide/target" "-e" "CARGO_INCREMENTAL=0" "-e" "RUST_BACKTRACE=full" "-e" "RUSTFLAGS=--cap-lints=warn" "-e" "RUSTDOCFLAGS=--cap-lints=warn" "-w" "/opt/rustwide/workdir" "--user" "0:0" "f5a0a47a9c7df26dd470b1f43b790411be58acce40d20f3caf7660275aceb0ca" "/opt/rustwide/cargo-home/bin/cargo" "+1.99.0-beta.8" "build" "--frozen" "--message-format=json" "--release", kill_on_drop: false }`
[INFO] [stderr]    Compiling libc v0.2.189
[INFO] [stderr]    Compiling pkg-config v0.3.34
[INFO] [stderr]    Compiling futures-core v0.3.34
[INFO] [stderr]    Compiling syn v3.0.3
[INFO] [stderr]    Compiling errno v0.3.14
[INFO] [stderr]    Compiling parking_lot_core v0.9.12
[INFO] [stderr]    Compiling mio v1.2.2
[INFO] [stderr]    Compiling socket2 v0.6.5
[INFO] [stderr]    Compiling futures-io v0.3.34
[INFO] [stderr]    Compiling signal-hook-registry v1.4.8
[INFO] [stderr]    Compiling futures-task v0.3.34
[INFO] [stderr]    Compiling parking_lot v0.12.5
[INFO] [stderr]    Compiling futures-sink v0.3.34
[INFO] [stderr]    Compiling tracing-core v0.1.36
[INFO] [stderr]    Compiling writeable v0.6.4
[INFO] [stderr]    Compiling litemap v0.8.3
[INFO] [stderr]    Compiling toml_edit v0.25.13+spec-1.1.0
[INFO] [stderr]    Compiling icu_properties_data v2.3.0
[INFO] [stderr]    Compiling jobserver v0.1.35
[INFO] [stderr]    Compiling icu_normalizer_data v2.3.0
[INFO] [stderr]    Compiling tracing v0.1.44
[INFO] [stderr]    Compiling http v1.5.0
[INFO] [stderr]    Compiling cc v1.4.3
[INFO] [stderr]    Compiling aho-corasick v1.1.5
[INFO] [stderr]    Compiling serde_json v1.0.151
[INFO] [stderr]    Compiling generic-array v0.14.9
[INFO] [stderr]    Compiling log v0.4.33
[INFO] [stderr]    Compiling darling_core v0.23.0
[INFO] [stderr]    Compiling num-traits v0.2.19
[INFO] [stderr]    Compiling proc-macro-crate v3.5.0
[INFO] [stderr]    Compiling zeroize v1.9.0
[INFO] [stderr]    Compiling aws-lc-rs v1.18.0
[INFO] [stderr]    Compiling proc-macro-error-attr3 v3.1.0
[INFO] [stderr]    Compiling cmake v0.1.58
[INFO] [stderr]    Compiling regex-automata v0.4.18
[INFO] [stderr]    Compiling ref-cast v1.0.26
[INFO] [stderr]    Compiling zstd-safe v7.2.4
[INFO] [stderr]    Compiling aws-lc-sys v0.44.0
[INFO] [stderr]    Compiling zstd-sys v2.0.16+zstd.1.5.7
[INFO] [stderr]    Compiling alloc-stdlib v0.2.4
[INFO] [stderr]    Compiling darling_macro v0.23.0
[INFO] [stderr]    Compiling nest-rs-codegen v6.1.0
[INFO] [stderr]    Compiling darling v0.23.0
[INFO] [stderr]    Compiling serde_derive_internals v0.30.0
[INFO] [stderr]    Compiling proc-macro-error3 v3.1.0
[INFO] [stderr]    Compiling getrandom v0.4.3
[INFO] [stderr]    Compiling rustls-pki-types v1.15.1
[INFO] [stderr]    Compiling sharded-slab v0.1.7
[INFO] [stderr]    Compiling zerovec-derive v0.11.5
[INFO] [stderr]    Compiling tokio-macros v2.7.2
[INFO] [stderr]    Compiling displaydoc v0.2.7
[INFO] [stderr]    Compiling tokio v1.53.1
[INFO] [stderr]    Compiling futures-macro v0.3.34
[INFO] [stderr]    Compiling zerovec v0.11.7
[INFO] [stderr]    Compiling zerotrie v0.2.5
[INFO] [stderr]    Compiling futures-util v0.3.34
[INFO] [stderr]    Compiling serde_derive v1.0.229
[INFO] [stderr]    Compiling tinystr v0.8.4
[INFO] [stderr]    Compiling icu_locale_core v2.3.0
[INFO] [stderr]    Compiling potential_utf v0.1.6
[INFO] [stderr]    Compiling icu_collections v2.3.0
[INFO] [stderr]    Compiling icu_provider v2.3.0
[INFO] [stderr]    Compiling icu_normalizer v2.3.0
[INFO] [stderr]    Compiling icu_properties v2.3.0
[INFO] [stderr]    Compiling serde v1.0.229
[INFO] [stderr]    Compiling regex v1.13.1
[INFO] [stderr]    Compiling thiserror-impl v2.0.20
[INFO] [stderr]    Compiling ref-cast-impl v1.0.26
[INFO] [stderr]    Compiling idna_adapter v1.2.2
[INFO] [stderr]    Compiling idna v1.1.0
[INFO] [stderr]    Compiling thiserror v2.0.20
[INFO] [stderr]    Compiling url v2.5.8
[INFO] [stderr]    Compiling tracing-serde v0.2.0
[INFO] [stderr]    Compiling matchers v0.2.0
[INFO] [stderr]    Compiling schemars_derive v1.2.2
[INFO] [stderr]    Compiling validator_derive v0.20.1
[INFO] [stderr]    Compiling tokio-util v0.7.19
[INFO] [stderr]    Compiling uuid v1.24.1
[INFO] [stderr]    Compiling chrono v0.4.45
[INFO] [stderr]    Compiling brotli-decompressor v5.0.3
[INFO] [stderr]    Compiling block-buffer v0.10.4
[INFO] [stderr]    Compiling crypto-common v0.1.6
[INFO] [stderr]    Compiling http-body v1.1.0
[INFO] [stderr]    Compiling tracing-log v0.2.0
[INFO] [stderr]    Compiling uncased v0.9.10
[INFO] [stderr]    Compiling thread_local v1.1.10
[INFO] [stderr]    Compiling nu-ansi-term v0.50.3
[INFO] [stderr]    Compiling dyn-clone v1.0.20
[INFO] [stderr]    Compiling rustls v0.23.43
[INFO] [stderr]    Compiling h2 v0.4.16
[INFO] [stderr]    Compiling nix v0.30.1
[INFO] [stderr]    Compiling schemars v1.2.2
[INFO] [stderr]    Compiling tracing-subscriber v0.3.23
[INFO] [stderr]    Compiling brotli v8.0.4
[INFO] [stderr]    Compiling digest v0.10.7
[INFO] [stderr]    Compiling validator v0.21.0
[INFO] [stderr]    Compiling nest-rs-core-macros v6.1.0
[INFO] [stderr]    Compiling async-trait v0.1.92
[INFO] [stderr]    Compiling futures-channel v0.3.34
[INFO] [stderr]    Compiling multer v3.1.0
[INFO] [stderr]    Compiling compression-core v0.4.32
[INFO] [stderr]    Compiling inventory v0.3.24
[INFO] [stderr]    Compiling sha1 v0.10.7
[INFO] [stderr]    Compiling nest-rs-core v6.1.0
[INFO] [stderr]    Compiling hyper v1.11.0
[INFO] [stderr]    Compiling futures_codec v0.5.0
[INFO] [stderr]    Compiling headers-core v0.3.0
[INFO] [stderr]    Compiling sse-codec v0.3.3
[INFO] [stderr]    Compiling headers v0.4.1
[INFO] [stderr]    Compiling serde_urlencoded v0.7.1
[INFO] [stderr]    Compiling tower v0.4.13
[INFO] [stderr]    Compiling hyper-util v0.1.20
[INFO] [stderr]    Compiling rfc7239 v0.1.3
[INFO] [stderr]    Compiling http-body-util v0.1.5
[INFO] [stderr]    Compiling tokio-stream v0.1.19
[INFO] [stderr]    Compiling rustls-pemfile v2.2.0
[INFO] [stderr]    Compiling nest-rs-config-macros v6.1.0
[INFO] [stderr]    Compiling poem-derive v3.1.12
[INFO] [stderr]    Compiling sync_wrapper v1.0.2
[INFO] [stderr]    Compiling wildmatch v2.6.1
[INFO] [stderr]    Compiling nest-rs-config v6.1.0
[INFO] [stderr]    Compiling nest-rs-pipes v6.1.0
[INFO] [stderr]    Compiling nest-rs-http-macros v6.1.0
[INFO] [stderr]    Compiling zstd v0.13.3
[INFO] [stderr]    Compiling compression-codecs v0.4.38
[INFO] [stderr]    Compiling async-compression v0.4.43
[INFO] [stderr]    Compiling rustls-webpki v0.103.14
[INFO] [stderr]    Compiling tokio-rustls v0.26.4
[INFO] [stderr]    Compiling poem v3.1.12
[INFO] [stderr]    Compiling nest-rs-http v6.1.0
[INFO] [stderr]    Compiling nest-rs-interceptors v6.1.0
[INFO] [stderr]    Compiling nest-rs-filters v6.1.0
[INFO] [stderr]    Compiling nest-rs-exception-filters v6.1.0
[INFO] [stderr]    Compiling nest-rs-guards v6.1.0
[INFO] [stderr]    Compiling nest-rs-testing v6.1.0 (/opt/rustwide/workdir)
[INFO] [stderr]     Finished `release` profile [optimized] target(s) in 5m 39s
[INFO] running `Command { std: "docker" "inspect" "f5a0a47a9c7df26dd470b1f43b790411be58acce40d20f3caf7660275aceb0ca", kill_on_drop: false }`
[INFO] running `Command { std: "docker" "exec" "-e" "SOURCE_DIR=/opt/rustwide/workdir" "-e" "CARGO_HOME=/opt/rustwide/cargo-home" "-e" "RUSTUP_HOME=/opt/rustwide/rustup-home" "-e" "CARGO_TARGET_DIR=/opt/rustwide/target" "-e" "CARGO_INCREMENTAL=0" "-e" "RUST_BACKTRACE=full" "-e" "RUSTFLAGS=--cap-lints=warn" "-e" "RUSTDOCFLAGS=--cap-lints=warn" "-w" "/opt/rustwide/workdir" "--user" "0:0" "f5a0a47a9c7df26dd470b1f43b790411be58acce40d20f3caf7660275aceb0ca" "/opt/rustwide/cargo-home/bin/cargo" "+1.99.0-beta.8" "test" "--frozen" "--no-run" "--message-format=json" "--release", kill_on_drop: false }`
[INFO] [stderr]    Compiling serde_core v1.0.229
[INFO] [stderr]    Compiling bytes v1.12.1
[INFO] [stderr]    Compiling indexmap v2.14.0
[INFO] [stderr]    Compiling chrono v0.4.45
[INFO] [stderr]    Compiling ucd-trie v0.1.7
[INFO] [stderr]    Compiling darling_core v0.20.11
[INFO] [stderr]    Compiling nix v0.30.1
[INFO] [stderr]    Compiling rustix v1.1.4
[INFO] [stderr]    Compiling pest v2.9.0
[INFO] [stderr]    Compiling zmij v1.0.23
[INFO] [stderr]    Compiling serde v1.0.229
[INFO] [stderr]    Compiling linux-raw-sys v0.12.1
[INFO] [stderr]    Compiling tokio v1.53.1
[INFO] [stderr]    Compiling http v1.5.0
[INFO] [stderr]    Compiling schemars v1.2.2
[INFO] [stderr]    Compiling futures_codec v0.5.0
[INFO] [stderr]    Compiling sse-codec v0.3.3
[INFO] [stderr]    Compiling http-body v1.1.0
[INFO] [stderr]    Compiling headers-core v0.3.0
[INFO] [stderr]    Compiling http-body-util v0.1.5
[INFO] [stderr]    Compiling headers v0.4.1
[INFO] [stderr]    Compiling darling_macro v0.20.11
[INFO] [stderr]    Compiling darling v0.20.11
[INFO] [stderr]    Compiling serde_json v1.0.151
[INFO] [stderr]    Compiling toml_edit v0.25.13+spec-1.1.0
[INFO] [stderr]    Compiling proc-macro2-diagnostics v0.10.1
[INFO] [stderr]    Compiling itoa v1.0.18
[INFO] [stderr]    Compiling derive_builder_core v0.20.2
[INFO] [stderr]    Compiling proc-macro-crate v3.5.0
[INFO] [stderr]    Compiling pest_meta v2.9.0
[INFO] [stderr]    Compiling nest-rs-codegen v6.1.0
[INFO] [stderr]    Compiling poem-derive v3.1.12
[INFO] [stderr]    Compiling strum_macros v0.27.2
[INFO] [stderr]    Compiling pest_generator v2.9.0
[INFO] [stderr]    Compiling nest-rs-core-macros v6.1.0
[INFO] [stderr]    Compiling nest-rs-config-macros v6.1.0
[INFO] [stderr]    Compiling nest-rs-http-macros v6.1.0
[INFO] [stderr]    Compiling derive_builder_macro v0.20.2
[INFO] [stderr]    Compiling async-graphql-value v7.2.1
[INFO] [stderr]    Compiling thiserror v2.0.20
[INFO] [stderr]    Compiling async-io v2.6.0
[INFO] [stderr]    Compiling toml_datetime v0.6.11
[INFO] [stderr]    Compiling serde_spanned v0.6.9
[INFO] [stderr]    Compiling num-modular v0.6.5
[INFO] [stderr]    Compiling winnow v0.7.15
[INFO] [stderr]    Compiling toml_write v0.1.2
[INFO] [stderr]    Compiling strum v0.27.2
[INFO] [stderr]    Compiling async-graphql-parser v7.2.1
[INFO] [stderr]    Compiling concurrent-queue v2.5.0
[INFO] [stderr]    Compiling tokio-util v0.7.19
[INFO] [stderr]    Compiling multer v3.1.0
[INFO] [stderr]    Compiling tokio-rustls v0.26.4
[INFO] [stderr]    Compiling tokio-stream v0.1.19
[INFO] [stderr]    Compiling async-compression v0.4.43
[INFO] [stderr]    Compiling h2 v0.4.16
[INFO] [stderr]    Compiling nest-rs-core v6.1.0
[INFO] [stderr]    Compiling tower v0.4.13
[INFO] [stderr]    Compiling toml_edit v0.22.27
[INFO] [stderr]    Compiling num-order v1.2.0
[INFO] [stderr]    Compiling tempfile v3.27.0
[INFO] [stderr]    Compiling polling v3.11.0
[INFO] [stderr]    Compiling derive_builder v0.20.2
[INFO] [stderr]    Compiling pear_codegen v0.2.9
[INFO] [stderr]    Compiling nest-rs-pipes v6.1.0
[INFO] [stderr]    Compiling nest-rs-config v6.1.0
[INFO] [stderr]    Compiling pest_derive v2.9.0
[INFO] [stderr]    Compiling futures-lite v2.6.1
[INFO] [stderr]    Compiling figment v0.10.19
[INFO] [stderr]    Compiling ascii_utils v0.9.3
[INFO] [stderr]    Compiling inlinable_string v0.1.15
[INFO] [stderr]    Compiling Inflector v0.11.4
[INFO] [stderr]    Compiling async-graphql-derive v7.2.1
[INFO] [stderr]    Compiling pear v0.2.9
[INFO] [stderr]    Compiling hyper v1.11.0
[INFO] [stderr]    Compiling toml v0.8.23
[INFO] [stderr]    Compiling hyper-util v0.1.20
[INFO] [stderr]    Compiling poem v3.1.12
[INFO] [stderr]    Compiling fast_chemail v0.9.6
[INFO] [stderr]    Compiling handlebars v6.4.4
[INFO] [stderr]    Compiling lru v0.16.4
[INFO] [stderr]    Compiling asynk-strim v0.1.5
[INFO] [stderr]    Compiling static_assertions_next v1.1.2
[INFO] [stderr]    Compiling nest-rs-http v6.1.0
[INFO] [stderr]    Compiling async-graphql v7.2.1
[INFO] [stderr]    Compiling nest-rs-exception-filters v6.1.0
[INFO] [stderr]    Compiling nest-rs-interceptors v6.1.0
[INFO] [stderr]    Compiling nest-rs-filters v6.1.0
[INFO] [stderr]    Compiling nest-rs-guards v6.1.0
[INFO] [stderr]    Compiling nest-rs-testing v6.1.0 (/opt/rustwide/workdir)
[INFO] [stdout] error: this nestrs decorator expands into the framework, which this crate cannot reach. Add to Cargo.toml:
[INFO] [stdout]        
[INFO] [stdout]            nest-rs = { version = "6.1", features = ["pipes"] }
[INFO] [stdout]   --> tests/integration/pipes.rs:73:1
[INFO] [stdout]    |
[INFO] [stdout] 73 | #[controller(path = "/ctrl")]
[INFO] [stdout]    | ^^^^^^^^^^^^^^^^^^^^^^^^^^^^^
[INFO] [stdout]    |
[INFO] [stdout]    = note: this error originates in the attribute macro `controller` (in Nightly builds, run with -Z macro-backtrace for more info)
[INFO] [stdout] 
[INFO] [stdout] 
[INFO] [stdout] error: this nestrs decorator expands into the framework, which this crate cannot reach. Add to Cargo.toml:
[INFO] [stdout]        
[INFO] [stdout]            nest-rs = { version = "6.1", features = ["pipes"] }
[INFO] [stdout]   --> tests/integration/pipes.rs:88:1
[INFO] [stdout]    |
[INFO] [stdout] 88 | #[routes]
[INFO] [stdout]    | ^^^^^^^^^
[INFO] [stdout]    |
[INFO] [stdout]    = note: this error originates in the attribute macro `routes` (in Nightly builds, run with -Z macro-backtrace for more info)
[INFO] [stdout] 
[INFO] [stdout] 
[INFO] [stdout] error: this nestrs decorator expands into the framework, which this crate cannot reach. Add to Cargo.toml:
[INFO] [stdout]        
[INFO] [stdout]            nest-rs = { version = "6.1", features = ["pipes"] }
[INFO] [stdout]    --> tests/integration/pipes.rs:112:1
[INFO] [stdout]     |
[INFO] [stdout] 112 | #[routes]
[INFO] [stdout]     | ^^^^^^^^^
[INFO] [stdout]     |
[INFO] [stdout]     = note: this error originates in the attribute macro `routes` (in Nightly builds, run with -Z macro-backtrace for more info)
[INFO] [stdout] 
[INFO] [stdout] 
[INFO] [stdout] error: this nestrs decorator expands into the framework, which this crate cannot reach. Add to Cargo.toml:
[INFO] [stdout]        
[INFO] [stdout]            nest-rs = { version = "6.1", features = ["pipes"] }
[INFO] [stdout]    --> tests/integration/pipes.rs:121:1
[INFO] [stdout]     |
[INFO] [stdout] 121 | #[controller(path = "/dup-ctrl-method")]
[INFO] [stdout]     | ^^^^^^^^^^^^^^^^^^^^^^^^^^^^^^^^^^^^^^^^
[INFO] [stdout]     |
[INFO] [stdout]     = note: this error originates in the attribute macro `controller` (in Nightly builds, run with -Z macro-backtrace for more info)
[INFO] [stdout] 
[INFO] [stdout] 
[INFO] [stdout] error: this nestrs decorator expands into the framework, which this crate cannot reach. Add to Cargo.toml:
[INFO] [stdout]        
[INFO] [stdout]            nest-rs = { version = "6.1", features = ["pipes"] }
[INFO] [stdout]    --> tests/integration/pipes.rs:125:1
[INFO] [stdout]     |
[INFO] [stdout] 125 | #[routes]
[INFO] [stdout]     | ^^^^^^^^^
[INFO] [stdout]     |
[INFO] [stdout]     = note: this error originates in the attribute macro `routes` (in Nightly builds, run with -Z macro-backtrace for more info)
[INFO] [stdout] 
[INFO] [stdout] 
[INFO] [stdout] error[E0432]: unresolved import `nest_rs_mcp`
[INFO] [stdout]  --> tests/integration/mcp.rs:3:5
[INFO] [stdout]   |
[INFO] [stdout] 3 | use nest_rs_mcp::ProtocolVersion;
[INFO] [stdout]   |     ^^^^^^^^^^^ use of unresolved module or unlinked crate `nest_rs_mcp`
[INFO] [stdout]   |
[INFO] [stdout] help: there is a crate or module with a similar name
[INFO] [stdout]   |
[INFO] [stdout] 3 - use nest_rs_mcp::ProtocolVersion;
[INFO] [stdout] 3 + use nest_rs_http::ProtocolVersion;
[INFO] [stdout]   |
[INFO] [stdout] 
[INFO] [stdout] 
[INFO] [stdout] error[E0433]: cannot find module or crate `nest_rs_graphql` in this scope
[INFO] [stdout]   --> tests/integration/destructured_args.rs:20:5
[INFO] [stdout]    |
[INFO] [stdout] 20 | use nest_rs_graphql::async_graphql::{InputObject, Result as GqlResult};
[INFO] [stdout]    |     ^^^^^^^^^^^^^^^ use of unresolved module or unlinked crate `nest_rs_graphql`
[INFO] [stdout]    |
[INFO] [stdout] help: there is a crate or module with a similar name
[INFO] [stdout]    |
[INFO] [stdout] 20 - use nest_rs_graphql::async_graphql::{InputObject, Result as GqlResult};
[INFO] [stdout] 20 + use nest_rs_guards::async_graphql::{InputObject, Result as GqlResult};
[INFO] [stdout]    |
[INFO] [stdout] 
[INFO] [stdout] 
[INFO] [stdout] error[E0432]: unresolved import `nest_rs_pipes`
[INFO] [stdout]   --> tests/integration/pipes.rs:17:5
[INFO] [stdout]    |
[INFO] [stdout] 17 | use nest_rs_pipes::{GlobalPipe, PipeError};
[INFO] [stdout]    |     ^^^^^^^^^^^^^ use of unresolved module or unlinked crate `nest_rs_pipes`
[INFO] [stdout]    |
[INFO] [stdout] help: there is a crate or module with a similar name
[INFO] [stdout]    |
[INFO] [stdout] 17 - use nest_rs_pipes::{GlobalPipe, PipeError};
[INFO] [stdout] 17 + use nest_rs_core::{GlobalPipe, PipeError};
[INFO] [stdout]    |
[INFO] [stdout] 
[INFO] [stdout] 
[INFO] [stdout] error[E0432]: unresolved import `nest_rs_graphql`
[INFO] [stdout]   --> tests/integration/destructured_args.rs:21:5
[INFO] [stdout]    |
[INFO] [stdout] 21 | use nest_rs_graphql::{GraphqlModule, operations, resolver};
[INFO] [stdout]    |     ^^^^^^^^^^^^^^^ use of unresolved module or unlinked crate `nest_rs_graphql`
[INFO] [stdout]    |
[INFO] [stdout] help: there is a crate or module with a similar name
[INFO] [stdout]    |
[INFO] [stdout] 21 - use nest_rs_graphql::{GraphqlModule, operations, resolver};
[INFO] [stdout] 21 + use nest_rs_guards::{GraphqlModule, operations, resolver};
[INFO] [stdout]    |
[INFO] [stdout] 
[INFO] [stdout] 
[INFO] [stdout] error[E0432]: unresolved import `nest_rs_pipes`
[INFO] [stdout]   --> tests/integration/destructured_args.rs:25:5
[INFO] [stdout]    |
[INFO] [stdout] 25 | use nest_rs_pipes::{Pipe, PipeError, Piped, Valid};
[INFO] [stdout]    |     ^^^^^^^^^^^^^ use of unresolved module or unlinked crate `nest_rs_pipes`
[INFO] [stdout]    |
[INFO] [stdout] help: there is a crate or module with a similar name
[INFO] [stdout]    |
[INFO] [stdout] 25 - use nest_rs_pipes::{Pipe, PipeError, Piped, Valid};
[INFO] [stdout] 25 + use nest_rs_core::{Pipe, PipeError, Piped, Valid};
[INFO] [stdout]    |
[INFO] [stdout] 
[INFO] [stdout] 
[INFO] [stdout] error[E0432]: unresolved import `nest_rs_queue`
[INFO] [stdout]   --> tests/integration/destructured_args.rs:26:5
[INFO] [stdout]    |
[INFO] [stdout] 26 | use nest_rs_queue::{ProcessMethod, processor, queue};
[INFO] [stdout]    |     ^^^^^^^^^^^^^ use of unresolved module or unlinked crate `nest_rs_queue`
[INFO] [stdout]    |
[INFO] [stdout] help: there is a crate or module with a similar name
[INFO] [stdout]    |
[INFO] [stdout] 26 - use nest_rs_queue::{ProcessMethod, processor, queue};
[INFO] [stdout] 26 + use nest_rs_core::{ProcessMethod, processor, queue};
[INFO] [stdout]    |
[INFO] [stdout] 
[INFO] [stdout] 
[INFO] [stdout] error[E0433]: cannot find module or crate `nest_rs_graphql` in this scope
[INFO] [stdout]   --> tests/integration/transport_parity.rs:22:5
[INFO] [stdout]    |
[INFO] [stdout] 22 | use nest_rs_graphql::async_graphql::Result as GqlResult;
[INFO] [stdout]    |     ^^^^^^^^^^^^^^^ use of unresolved module or unlinked crate `nest_rs_graphql`
[INFO] [stdout]    |
[INFO] [stdout] help: there is a crate or module with a similar name
[INFO] [stdout]    |
[INFO] [stdout] 22 - use nest_rs_graphql::async_graphql::Result as GqlResult;
[INFO] [stdout] 22 + use nest_rs_guards::async_graphql::Result as GqlResult;
[INFO] [stdout]    |
[INFO] [stdout] 
[INFO] [stdout] 
[INFO] [stdout] error[E0432]: unresolved import `nest_rs_ws`
[INFO] [stdout]   --> tests/integration/destructured_args.rs:28:5
[INFO] [stdout]    |
[INFO] [stdout] 28 | use nest_rs_ws::{Gateway, WsClient, WsModule, WsReply, gateway, messages};
[INFO] [stdout]    |     ^^^^^^^^^^ use of unresolved module or unlinked crate `nest_rs_ws`
[INFO] [stdout]    |
[INFO] [stdout]    = help: if you wanted to use a crate named `nest_rs_ws`, use `cargo add nest_rs_ws` to add it to your `Cargo.toml`
[INFO] [stdout] 
[INFO] [stdout] 
[INFO] [stdout] error[E0432]: unresolved import `nest_rs_graphql`
[INFO] [stdout]   --> tests/integration/transport_parity.rs:23:5
[INFO] [stdout]    |
[INFO] [stdout] 23 | use nest_rs_graphql::{GraphqlModule, operations, resolver};
[INFO] [stdout]    |     ^^^^^^^^^^^^^^^ use of unresolved module or unlinked crate `nest_rs_graphql`
[INFO] [stdout]    |
[INFO] [stdout] help: there is a crate or module with a similar name
[INFO] [stdout]    |
[INFO] [stdout] 23 - use nest_rs_graphql::{GraphqlModule, operations, resolver};
[INFO] [stdout] 23 + use nest_rs_guards::{GraphqlModule, operations, resolver};
[INFO] [stdout]    |
[INFO] [stdout] 
[INFO] [stdout] 
[INFO] [stdout] error[E0432]: unresolved import `nest_rs_mcp`
[INFO] [stdout]   --> tests/integration/transport_parity.rs:27:5
[INFO] [stdout]    |
[INFO] [stdout] 27 | use nest_rs_mcp::{
[INFO] [stdout]    |     ^^^^^^^^^^^ use of unresolved module or unlinked crate `nest_rs_mcp`
[INFO] [stdout]    |
[INFO] [stdout] help: there is a crate or module with a similar name
[INFO] [stdout]    |
[INFO] [stdout] 27 - use nest_rs_mcp::{
[INFO] [stdout] 27 + use nest_rs_http::{
[INFO] [stdout]    |
[INFO] [stdout] 
[INFO] [stdout] 
[INFO] [stdout] error[E0432]: unresolved import `nest_rs_mcp`
[INFO] [stdout]   --> tests/integration/transport_parity.rs:32:5
[INFO] [stdout]    |
[INFO] [stdout] 32 | use nest_rs_mcp::rmcp;
[INFO] [stdout]    |     ^^^^^^^^^^^ use of unresolved module or unlinked crate `nest_rs_mcp`
[INFO] [stdout]    |
[INFO] [stdout] help: there is a crate or module with a similar name
[INFO] [stdout]    |
[INFO] [stdout] 32 - use nest_rs_mcp::rmcp;
[INFO] [stdout] 32 + use nest_rs_http::rmcp;
[INFO] [stdout]    |
[INFO] [stdout] 
[INFO] [stdout] 
[INFO] [stdout] error[E0432]: unresolved import `nest_rs_ws`
[INFO] [stdout]   --> tests/integration/ws_gateway_guards.rs:17:5
[INFO] [stdout]    |
[INFO] [stdout] 17 | use nest_rs_ws::{WsModule, gateway, messages};
[INFO] [stdout]    |     ^^^^^^^^^^ use of unresolved module or unlinked crate `nest_rs_ws`
[INFO] [stdout]    |
[INFO] [stdout]    = help: if you wanted to use a crate named `nest_rs_ws`, use `cargo add nest_rs_ws` to add it to your `Cargo.toml`
[INFO] [stdout] 
[INFO] [stdout] 
[INFO] [stdout] error: cannot find attribute `query` in this scope
[INFO] [stdout]   --> tests/integration/destructured_args.rs:89:7
[INFO] [stdout]    |
[INFO] [stdout] 89 |     #[query]
[INFO] [stdout]    |       ^^^^^
[INFO] [stdout] 
[INFO] [stdout] 
[INFO] [stdout] error: cannot find attribute `public` in this scope
[INFO] [stdout]   --> tests/integration/destructured_args.rs:90:7
[INFO] [stdout]    |
[INFO] [stdout] 90 |     #[public]
[INFO] [stdout]    |       ^^^^^^
[INFO] [stdout] 
[INFO] [stdout] 
[INFO] [stdout] error: cannot find attribute `subscribe_message` in this scope
[INFO] [stdout]    --> tests/integration/destructured_args.rs:103:7
[INFO] [stdout]     |
[INFO] [stdout] 103 |     #[subscribe_message("note.echo")]
[INFO] [stdout]     |       ^^^^^^^^^^^^^^^^^
[INFO] [stdout] 
[INFO] [stdout] 
[INFO] [stdout] error: cannot find attribute `public` in this scope
[INFO] [stdout]    --> tests/integration/destructured_args.rs:104:7
[INFO] [stdout]     |
[INFO] [stdout] 104 |     #[public]
[INFO] [stdout]     |       ^^^^^^
[INFO] [stdout] 
[INFO] [stdout] 
[INFO] [stdout] error: cannot find attribute `process` in this scope
[INFO] [stdout]    --> tests/integration/destructured_args.rs:125:7
[INFO] [stdout]     |
[INFO] [stdout] 125 |     #[process(queue = NotesQueue)]
[INFO] [stdout]     |       ^^^^^^^
[INFO] [stdout] 
[INFO] [stdout] 
[INFO] [stdout] error: cannot find attribute `query` in this scope
[INFO] [stdout]   --> tests/integration/transport_parity.rs:63:7
[INFO] [stdout]    |
[INFO] [stdout] 63 |     #[query]
[INFO] [stdout]    |       ^^^^^
[INFO] [stdout] 
[INFO] [stdout] 
[INFO] [stdout] error: cannot find attribute `public` in this scope
[INFO] [stdout]   --> tests/integration/transport_parity.rs:64:7
[INFO] [stdout]    |
[INFO] [stdout] 64 |     #[public]
[INFO] [stdout]    |       ^^^^^^
[INFO] [stdout] 
[INFO] [stdout] 
[INFO] [stdout] error: cannot find attribute `subscribe_message` in this scope
[INFO] [stdout]   --> tests/integration/ws_gateway_guards.rs:63:7
[INFO] [stdout]    |
[INFO] [stdout] 63 |     #[subscribe_message("ping")]
[INFO] [stdout]    |       ^^^^^^^^^^^^^^^^^
[INFO] [stdout] 
[INFO] [stdout] 
[INFO] [stdout] error: cannot find attribute `public` in this scope
[INFO] [stdout]   --> tests/integration/ws_gateway_guards.rs:64:7
[INFO] [stdout]    |
[INFO] [stdout] 64 |     #[public]
[INFO] [stdout]    |       ^^^^^^
[INFO] [stdout] 
[INFO] [stdout] 
[INFO] [stdout] error: cannot find attribute `use_guards` in this scope
[INFO] [stdout]   --> tests/integration/ws_gateway_guards.rs:71:3
[INFO] [stdout]    |
[INFO] [stdout] 71 | #[use_guards(CountingDenyGuard)]
[INFO] [stdout]    |   ^^^^^^^^^^
[INFO] [stdout] 
[INFO] [stdout] 
[INFO] [stdout] error: cannot find attribute `subscribe_message` in this scope
[INFO] [stdout]   --> tests/integration/ws_gateway_guards.rs:76:7
[INFO] [stdout]    |
[INFO] [stdout] 76 |     #[subscribe_message("ping")]
[INFO] [stdout]    |       ^^^^^^^^^^^^^^^^^
[INFO] [stdout] 
[INFO] [stdout] 
[INFO] [stdout] error: cannot find attribute `public` in this scope
[INFO] [stdout]   --> tests/integration/ws_gateway_guards.rs:77:7
[INFO] [stdout]    |
[INFO] [stdout] 77 |     #[public]
[INFO] [stdout]    |       ^^^^^^
[INFO] [stdout] 
[INFO] [stdout] 
[INFO] [stdout] error[E0433]: cannot find module or crate `nest_rs_queue` in this scope
[INFO] [stdout]    --> tests/integration/destructured_args.rs:258:34
[INFO] [stdout]     |
[INFO] [stdout] 258 |         serde_json::json!({ "v": nest_rs_queue::WIRE_FORMAT_VERSION, "payload": { "text": "queued" } }),
[INFO] [stdout]     |                                  ^^^^^^^^^^^^^ use of unresolved module or unlinked crate `nest_rs_queue`
[INFO] [stdout]     |
[INFO] [stdout] help: there is a crate or module with a similar name
[INFO] [stdout]     |
[INFO] [stdout] 258 -         serde_json::json!({ "v": nest_rs_queue::WIRE_FORMAT_VERSION, "payload": { "text": "queued" } }),
[INFO] [stdout] 258 +         serde_json::json!({ "v": nest_rs_core::WIRE_FORMAT_VERSION, "payload": { "text": "queued" } }),
[INFO] [stdout]     |
[INFO] [stdout] 
[INFO] [stdout] 
[INFO] [stdout] Some errors have detailed explanations: E0432, E0433.
[INFO] [stdout] 
[INFO] [stdout] For more information about an error, try `rustc --explain E0432`.
[INFO] [stdout] 
[INFO] [stderr] error: could not compile `nest-rs-testing` (test "integration") due to 30 previous errors
[INFO] running `Command { std: "docker" "inspect" "f5a0a47a9c7df26dd470b1f43b790411be58acce40d20f3caf7660275aceb0ca", kill_on_drop: false }`
[INFO] running `Command { std: "docker" "rm" "-f" "f5a0a47a9c7df26dd470b1f43b790411be58acce40d20f3caf7660275aceb0ca", kill_on_drop: false }`
[INFO] [stdout] f5a0a47a9c7df26dd470b1f43b790411be58acce40d20f3caf7660275aceb0ca
