[INFO] fetching crate nest-rs-schedule 6.1.0...
[INFO] testing nest-rs-schedule-6.1.0 against 1.100.0-beta.1+cargoflags=--release for beta-release-1.100-2
[INFO] extracting crate nest-rs-schedule 6.1.0 into /workspace/builds/worker-7-tc2/source
[INFO] started tweaking crates.io crate nest-rs-schedule 6.1.0
[INFO] removed 0 missing tests
[INFO] finished tweaking crates.io crate nest-rs-schedule 6.1.0
[INFO] tweaked toml for crates.io crate nest-rs-schedule 6.1.0 written to /workspace/builds/worker-7-tc2/source/Cargo.toml
[INFO] validating manifest of crates.io crate nest-rs-schedule 6.1.0 on toolchain 1.100.0-beta.1
[INFO] running `Command { std: CARGO_HOME="/workspace/cargo-home" RUSTUP_HOME="/workspace/rustup-home" "/workspace/cargo-home/bin/cargo" "+1.100.0-beta.1" "metadata" "--manifest-path" "Cargo.toml" "--no-deps", kill_on_drop: false }`
[INFO] crate crates.io crate nest-rs-schedule 6.1.0 already has a lockfile, it will not be regenerated
[INFO] running `Command { std: CARGO_HOME="/workspace/cargo-home" RUSTUP_HOME="/workspace/rustup-home" "/workspace/cargo-home/bin/cargo" "+1.100.0-beta.1" "fetch" "--manifest-path" "Cargo.toml", kill_on_drop: false }`
[INFO] running `Command { std: "docker" "create" "-v" "/var/lib/crater-agent-workspace/builds/worker-7-tc2/source:/opt/rustwide/workdir:ro,Z" "-v" "/var/lib/crater-agent-workspace/builds/worker-7-tc2/target:/opt/rustwide/target:rw,Z" "-v" "/var/lib/crater-agent-workspace/cargo-home:/opt/rustwide/cargo-home:ro,Z" "-v" "/var/lib/crater-agent-workspace/rustup-home:/opt/rustwide/rustup-home:ro,Z" "-m" "1610612736" "--network" "none" "ghcr.io/rust-lang/crates-build-env/linux@sha256:77db811e55d90add9212f6832c23229e3de5f1c1f9905e8cb07319ea15df73ac" "sleep" "infinity", kill_on_drop: false }`
[INFO] [stdout] 988b7787667f27bfa6f2a10ab322f8f9c0c4fd6c5940da83dca7ec2b19f593e6
[INFO] running `Command { std: "docker" "start" "988b7787667f27bfa6f2a10ab322f8f9c0c4fd6c5940da83dca7ec2b19f593e6", kill_on_drop: false }`
[INFO] running `Command { std: "docker" "inspect" "988b7787667f27bfa6f2a10ab322f8f9c0c4fd6c5940da83dca7ec2b19f593e6", kill_on_drop: false }`
[INFO] running `Command { std: "docker" "exec" "-e" "SOURCE_DIR=/opt/rustwide/workdir" "-e" "CARGO_HOME=/opt/rustwide/cargo-home" "-e" "RUSTUP_HOME=/opt/rustwide/rustup-home" "-e" "CARGO_TARGET_DIR=/opt/rustwide/target" "-w" "/opt/rustwide/workdir" "--user" "0:0" "988b7787667f27bfa6f2a10ab322f8f9c0c4fd6c5940da83dca7ec2b19f593e6" "/opt/rustwide/cargo-home/bin/cargo" "+1.100.0-beta.1" "metadata" "--no-deps" "--format-version=1", kill_on_drop: false }`
[INFO] running `Command { std: "docker" "inspect" "988b7787667f27bfa6f2a10ab322f8f9c0c4fd6c5940da83dca7ec2b19f593e6", kill_on_drop: false }`
[INFO] running `Command { std: "docker" "exec" "-e" "SOURCE_DIR=/opt/rustwide/workdir" "-e" "CARGO_HOME=/opt/rustwide/cargo-home" "-e" "RUSTUP_HOME=/opt/rustwide/rustup-home" "-e" "CARGO_TARGET_DIR=/opt/rustwide/target" "-e" "CARGO_INCREMENTAL=0" "-e" "RUST_BACKTRACE=full" "-e" "RUSTFLAGS=--cap-lints=warn" "-e" "RUSTDOCFLAGS=--cap-lints=warn" "-w" "/opt/rustwide/workdir" "--user" "0:0" "988b7787667f27bfa6f2a10ab322f8f9c0c4fd6c5940da83dca7ec2b19f593e6" "/opt/rustwide/cargo-home/bin/cargo" "+1.100.0-beta.1" "build" "--frozen" "--message-format=json" "--release", kill_on_drop: false }`
[INFO] [stderr]    Compiling strsim v0.11.1
[INFO] [stderr]    Compiling ident_case v1.0.1
[INFO] [stderr]    Compiling autocfg v1.5.1
[INFO] [stderr]    Compiling libc v0.2.189
[INFO] [stderr]    Compiling serde_core v1.0.229
[INFO] [stderr]    Compiling smallvec v1.15.2
[INFO] [stderr]    Compiling serde v1.0.229
[INFO] [stderr]    Compiling fnv v1.0.7
[INFO] [stderr]    Compiling litemap v0.8.3
[INFO] [stderr]    Compiling writeable v0.6.4
[INFO] [stderr]    Compiling icu_normalizer_data v2.3.0
[INFO] [stderr]    Compiling proc-macro2 v1.0.107
[INFO] [stderr]    Compiling icu_properties_data v2.3.0
[INFO] [stderr]    Compiling hashbrown v0.17.1
[INFO] [stderr]    Compiling once_cell v1.21.4
[INFO] [stderr]    Compiling winnow v1.0.4
[INFO] [stderr]    Compiling zmij v1.0.23
[INFO] [stderr]    Compiling regex-syntax v0.8.11
[INFO] [stderr]    Compiling serde_json v1.0.151
[INFO] [stderr]    Compiling toml_datetime v1.1.1+spec-1.1.0
[INFO] [stderr]    Compiling getrandom v0.4.3
[INFO] [stderr]    Compiling memchr v2.8.3
[INFO] [stderr]    Compiling chrono-tz v0.10.4
[INFO] [stderr]    Compiling tracing-core v0.1.36
[INFO] [stderr]    Compiling itoa v1.0.18
[INFO] [stderr]    Compiling iana-time-zone v0.1.65
[INFO] [stderr]    Compiling ref-cast v1.0.26
[INFO] [stderr]    Compiling num-traits v0.2.19
[INFO] [stderr]    Compiling siphasher v1.0.3
[INFO] [stderr]    Compiling percent-encoding v2.3.2
[INFO] [stderr]    Compiling thiserror v2.0.20
[INFO] [stderr]    Compiling quote v1.0.47
[INFO] [stderr]    Compiling form_urlencoded v1.2.2
[INFO] [stderr]    Compiling phf_shared v0.12.1
[INFO] [stderr]    Compiling lazy_static v1.5.0
[INFO] [stderr]    Compiling log v0.4.33
[INFO] [stderr]    Compiling futures-task v0.3.34
[INFO] [stderr]    Compiling bytes v1.12.1
[INFO] [stderr]    Compiling syn v3.0.3
[INFO] [stderr]    Compiling syn v2.0.119
[INFO] [stderr]    Compiling proc-macro-error-attr3 v3.1.0
[INFO] [stderr]    Compiling slab v0.4.12
[INFO] [stderr]    Compiling anyhow v1.0.104
[INFO] [stderr]    Compiling futures-core v0.3.34
[INFO] [stderr]    Compiling sharded-slab v0.1.7
[INFO] [stderr]    Compiling phf v0.12.1
[INFO] [stderr]    Compiling tracing-log v0.2.0
[INFO] [stderr]    Compiling indexmap v2.14.0
[INFO] [stderr]    Compiling thread_local v1.1.10
[INFO] [stderr]    Compiling nu-ansi-term v0.50.3
[INFO] [stderr]    Compiling futures-sink v0.3.34
[INFO] [stderr]    Compiling dyn-clone v1.0.20
[INFO] [stderr]    Compiling chrono v0.4.45
[INFO] [stderr]    Compiling inventory v0.3.24
[INFO] [stderr]    Compiling toml_parser v1.1.3+spec-1.1.0
[INFO] [stderr]    Compiling errno v0.3.14
[INFO] [stderr]    Compiling parking_lot_core v0.9.12
[INFO] [stderr]    Compiling mio v1.2.2
[INFO] [stderr]    Compiling socket2 v0.6.5
[INFO] [stderr]    Compiling toml_edit v0.25.13+spec-1.1.0
[INFO] [stderr]    Compiling signal-hook-registry v1.4.8
[INFO] [stderr]    Compiling parking_lot v0.12.5
[INFO] [stderr]    Compiling regex-automata v0.4.18
[INFO] [stderr]    Compiling proc-macro-crate v3.5.0
[INFO] [stderr]    Compiling uuid v1.24.1
[INFO] [stderr]    Compiling nest-rs-codegen v6.1.0
[INFO] [stderr]    Compiling serde_derive_internals v0.30.0
[INFO] [stderr]    Compiling proc-macro-error3 v3.1.0
[INFO] [stderr]    Compiling synstructure v0.13.2
[INFO] [stderr]    Compiling darling_core v0.20.11
[INFO] [stderr]    Compiling darling_core v0.23.0
[INFO] [stderr]    Compiling zerovec-derive v0.11.5
[INFO] [stderr]    Compiling displaydoc v0.2.7
[INFO] [stderr]    Compiling serde_derive v1.0.229
[INFO] [stderr]    Compiling tokio-macros v2.7.2
[INFO] [stderr]    Compiling ref-cast-impl v1.0.26
[INFO] [stderr]    Compiling futures-macro v0.3.34
[INFO] [stderr]    Compiling thiserror-impl v2.0.20
[INFO] [stderr]    Compiling nest-rs-core-macros v6.1.0
[INFO] [stderr]    Compiling tokio v1.53.1
[INFO] [stderr]    Compiling async-trait v0.1.92
[INFO] [stderr]    Compiling schemars_derive v1.2.2
[INFO] [stderr]    Compiling futures-util v0.3.34
[INFO] [stderr]    Compiling zerofrom-derive v0.1.7
[INFO] [stderr]    Compiling yoke-derive v0.8.2
[INFO] [stderr]    Compiling strum_macros v0.27.2
[INFO] [stderr]    Compiling tracing-attributes v0.1.31
[INFO] [stderr]    Compiling tracing v0.1.44
[INFO] [stderr]    Compiling matchers v0.2.0
[INFO] [stderr]    Compiling regex v1.13.1
[INFO] [stderr]    Compiling nest-rs-worker v6.1.0
[INFO] [stderr]    Compiling darling_macro v0.20.11
[INFO] [stderr]    Compiling zerofrom v0.1.8
[INFO] [stderr]    Compiling yoke v0.8.3
[INFO] [stderr]    Compiling darling v0.20.11
[INFO] [stderr]    Compiling derive_builder_core v0.20.2
[INFO] [stderr]    Compiling zerovec v0.11.7
[INFO] [stderr]    Compiling zerotrie v0.2.5
[INFO] [stderr]    Compiling derive_builder_macro v0.20.2
[INFO] [stderr]    Compiling strum v0.27.2
[INFO] [stderr]    Compiling darling_macro v0.23.0
[INFO] [stderr]    Compiling derive_builder v0.20.2
[INFO] [stderr]    Compiling darling v0.23.0
[INFO] [stderr]    Compiling validator_derive v0.20.1
[INFO] [stderr]    Compiling croner v3.0.1
[INFO] [stderr]    Compiling tinystr v0.8.4
[INFO] [stderr]    Compiling potential_utf v0.1.6
[INFO] [stderr]    Compiling tracing-serde v0.2.0
[INFO] [stderr]    Compiling tracing-subscriber v0.3.23
[INFO] [stderr]    Compiling icu_collections v2.3.0
[INFO] [stderr]    Compiling icu_locale_core v2.3.0
[INFO] [stderr]    Compiling nest-rs-schedule-macros v6.1.0
[INFO] [stderr]    Compiling icu_provider v2.3.0
[INFO] [stderr]    Compiling icu_properties v2.3.0
[INFO] [stderr]    Compiling icu_normalizer v2.3.0
[INFO] [stderr]    Compiling schemars v1.2.2
[INFO] [stderr]    Compiling idna_adapter v1.2.2
[INFO] [stderr]    Compiling idna v1.1.0
[INFO] [stderr]    Compiling url v2.5.8
[INFO] [stderr]    Compiling tokio-util v0.7.19
[INFO] [stderr]    Compiling validator v0.21.0
[INFO] [stderr]    Compiling nest-rs-core v6.1.0
[INFO] [stderr]    Compiling nest-rs-schedule v6.1.0 (/opt/rustwide/workdir)
[INFO] [stderr]     Finished `release` profile [optimized] target(s) in 1m 00s
[INFO] running `Command { std: "docker" "inspect" "988b7787667f27bfa6f2a10ab322f8f9c0c4fd6c5940da83dca7ec2b19f593e6", kill_on_drop: false }`
[INFO] running `Command { std: "docker" "exec" "-e" "SOURCE_DIR=/opt/rustwide/workdir" "-e" "CARGO_HOME=/opt/rustwide/cargo-home" "-e" "RUSTUP_HOME=/opt/rustwide/rustup-home" "-e" "CARGO_TARGET_DIR=/opt/rustwide/target" "-e" "CARGO_INCREMENTAL=0" "-e" "RUST_BACKTRACE=full" "-e" "RUSTFLAGS=--cap-lints=warn" "-e" "RUSTDOCFLAGS=--cap-lints=warn" "-w" "/opt/rustwide/workdir" "--user" "0:0" "988b7787667f27bfa6f2a10ab322f8f9c0c4fd6c5940da83dca7ec2b19f593e6" "/opt/rustwide/cargo-home/bin/cargo" "+1.100.0-beta.1" "test" "--frozen" "--no-run" "--message-format=json" "--release", kill_on_drop: false }`
[INFO] [stderr]    Compiling winnow v1.0.4
[INFO] [stderr]    Compiling target-triple v1.0.1
[INFO] [stderr]    Compiling serde_spanned v1.1.1
[INFO] [stderr]    Compiling toml_datetime v1.1.1+spec-1.1.0
[INFO] [stderr]    Compiling toml_writer v1.1.2+spec-1.1.0
[INFO] [stderr]    Compiling glob v0.3.4
[INFO] [stderr]    Compiling termcolor v1.4.1
[INFO] [stderr]    Compiling toml_parser v1.1.3+spec-1.1.0
[INFO] [stderr]    Compiling toml v1.1.4+spec-1.1.0
[INFO] [stderr]    Compiling trybuild v1.0.120
[INFO] [stderr]    Compiling nest-rs-schedule v6.1.0 (/opt/rustwide/workdir)
[INFO] [stdout] error[E0432]: unresolved import `nest_rs_testing`
[INFO] [stdout]   --> tests/integration/scheduler.rs:14:5
[INFO] [stdout]    |
[INFO] [stdout] 14 | use nest_rs_testing::LogCapture;
[INFO] [stdout]    |     ^^^^^^^^^^^^^^^ use of unresolved module or unlinked crate `nest_rs_testing`
[INFO] [stdout]    |
[INFO] [stdout]    = help: if you wanted to use a crate named `nest_rs_testing`, use `cargo add nest_rs_testing` to add it to your `Cargo.toml`
[INFO] [stdout] 
[INFO] [stdout] 
[INFO] [stdout] error[E0433]: cannot find module or crate `nest_rs_testing` in this scope
[INFO] [stdout]    --> tests/integration/scheduler.rs:315:16
[INFO] [stdout]     |
[INFO] [stdout] 315 |     let logs = nest_rs_testing::LogCapture::install();
[INFO] [stdout]     |                ^^^^^^^^^^^^^^^ use of unresolved module or unlinked crate `nest_rs_testing`
[INFO] [stdout]     |
[INFO] [stdout]     = help: if you wanted to use a crate named `nest_rs_testing`, use `cargo add nest_rs_testing` to add it to your `Cargo.toml`
[INFO] [stdout] 
[INFO] [stdout] 
[INFO] [stdout] error[E0433]: cannot find module or crate `nest_rs_testing` in this scope
[INFO] [stdout]    --> tests/integration/scheduler.rs:386:16
[INFO] [stdout]     |
[INFO] [stdout] 386 |     let logs = nest_rs_testing::LogCapture::install();
[INFO] [stdout]     |                ^^^^^^^^^^^^^^^ use of unresolved module or unlinked crate `nest_rs_testing`
[INFO] [stdout]     |
[INFO] [stdout]     = help: if you wanted to use a crate named `nest_rs_testing`, use `cargo add nest_rs_testing` to add it to your `Cargo.toml`
[INFO] [stdout] 
[INFO] [stdout] 
[INFO] [stdout] Some errors have detailed explanations: E0432, E0433.
[INFO] [stdout] 
[INFO] [stdout] For more information about an error, try `rustc --explain E0432`.
[INFO] [stdout] 
[INFO] [stderr] error: could not compile `nest-rs-schedule` (test "integration") due to 3 previous errors
[INFO] [stderr] warning: build failed, waiting for other jobs to finish...
[INFO] running `Command { std: "docker" "inspect" "988b7787667f27bfa6f2a10ab322f8f9c0c4fd6c5940da83dca7ec2b19f593e6", kill_on_drop: false }`
[INFO] running `Command { std: "docker" "rm" "-f" "988b7787667f27bfa6f2a10ab322f8f9c0c4fd6c5940da83dca7ec2b19f593e6", kill_on_drop: false }`
[INFO] [stdout] 988b7787667f27bfa6f2a10ab322f8f9c0c4fd6c5940da83dca7ec2b19f593e6
