[INFO] fetching crate nest-rs-oauth-resource 6.1.0...
[INFO] testing nest-rs-oauth-resource-6.1.0 against 1.99.0-beta.8+cargoflags=--release for beta-release-1.100-2
[INFO] extracting crate nest-rs-oauth-resource 6.1.0 into /workspace/builds/worker-1-tc1/source
[INFO] started tweaking crates.io crate nest-rs-oauth-resource 6.1.0
[INFO] removed 0 missing tests
[INFO] finished tweaking crates.io crate nest-rs-oauth-resource 6.1.0
[INFO] tweaked toml for crates.io crate nest-rs-oauth-resource 6.1.0 written to /workspace/builds/worker-1-tc1/source/Cargo.toml
[INFO] validating manifest of crates.io crate nest-rs-oauth-resource 6.1.0 on toolchain 1.99.0-beta.8
[INFO] running `Command { std: CARGO_HOME="/workspace/cargo-home" RUSTUP_HOME="/workspace/rustup-home" "/workspace/cargo-home/bin/cargo" "+1.99.0-beta.8" "metadata" "--manifest-path" "Cargo.toml" "--no-deps", kill_on_drop: false }`
[INFO] crate crates.io crate nest-rs-oauth-resource 6.1.0 already has a lockfile, it will not be regenerated
[INFO] running `Command { std: CARGO_HOME="/workspace/cargo-home" RUSTUP_HOME="/workspace/rustup-home" "/workspace/cargo-home/bin/cargo" "+1.99.0-beta.8" "fetch" "--manifest-path" "Cargo.toml", kill_on_drop: false }`
[INFO] [stderr]     Updating crates.io index
[INFO] [stderr]  Downloading crates ...
[INFO] [stderr]   Downloaded rfc7239 v0.1.3
[INFO] [stderr]   Downloaded poem-derive v3.1.12
[INFO] [stderr]   Downloaded nest-rs-interceptors v6.1.0
[INFO] [stderr]   Downloaded validator v0.21.0
[INFO] [stderr]   Downloaded poem v3.1.12
[INFO] [stderr]   Downloaded nest-rs-core-macros v6.1.0
[INFO] [stderr]   Downloaded nest-rs-config-macros v6.1.0
[INFO] [stderr]   Downloaded nest-rs-filters v6.1.0
[INFO] [stderr]   Downloaded nest-rs-pipes v6.1.0
[INFO] [stderr]   Downloaded nest-rs-exception-filters v6.1.0
[INFO] [stderr]   Downloaded nest-rs-http-macros v6.1.0
[INFO] [stderr]   Downloaded nest-rs-config v6.1.0
[INFO] [stderr]   Downloaded nest-rs-guards v6.1.0
[INFO] [stderr]   Downloaded nest-rs-codegen v6.1.0
[INFO] [stderr]   Downloaded nest-rs-core v6.1.0
[INFO] [stderr]   Downloaded nest-rs-http v6.1.0
[INFO] [stderr]   Downloaded nest-rs-authn v6.1.0
[INFO] [stderr]   Downloaded jsonwebtoken v11.0.0
[INFO] running `Command { std: "docker" "create" "-v" "/var/lib/crater-agent-workspace/builds/worker-1-tc1/source:/opt/rustwide/workdir:ro,Z" "-v" "/var/lib/crater-agent-workspace/builds/worker-1-tc1/target:/opt/rustwide/target:rw,Z" "-v" "/var/lib/crater-agent-workspace/cargo-home:/opt/rustwide/cargo-home:ro,Z" "-v" "/var/lib/crater-agent-workspace/rustup-home:/opt/rustwide/rustup-home:ro,Z" "-m" "1610612736" "--network" "none" "ghcr.io/rust-lang/crates-build-env/linux@sha256:77db811e55d90add9212f6832c23229e3de5f1c1f9905e8cb07319ea15df73ac" "sleep" "infinity", kill_on_drop: false }`
[INFO] [stdout] a9da00c37ed442dbe1336f464476298179a83e9aab86a097da19b2e30d798c13
[INFO] running `Command { std: "docker" "start" "a9da00c37ed442dbe1336f464476298179a83e9aab86a097da19b2e30d798c13", kill_on_drop: false }`
[INFO] running `Command { std: "docker" "inspect" "a9da00c37ed442dbe1336f464476298179a83e9aab86a097da19b2e30d798c13", kill_on_drop: false }`
[INFO] running `Command { std: "docker" "exec" "-e" "SOURCE_DIR=/opt/rustwide/workdir" "-e" "CARGO_HOME=/opt/rustwide/cargo-home" "-e" "RUSTUP_HOME=/opt/rustwide/rustup-home" "-e" "CARGO_TARGET_DIR=/opt/rustwide/target" "-w" "/opt/rustwide/workdir" "--user" "0:0" "a9da00c37ed442dbe1336f464476298179a83e9aab86a097da19b2e30d798c13" "/opt/rustwide/cargo-home/bin/cargo" "+1.99.0-beta.8" "metadata" "--no-deps" "--format-version=1", kill_on_drop: false }`
[INFO] running `Command { std: "docker" "inspect" "a9da00c37ed442dbe1336f464476298179a83e9aab86a097da19b2e30d798c13", kill_on_drop: false }`
[INFO] running `Command { std: "docker" "exec" "-e" "SOURCE_DIR=/opt/rustwide/workdir" "-e" "CARGO_HOME=/opt/rustwide/cargo-home" "-e" "RUSTUP_HOME=/opt/rustwide/rustup-home" "-e" "CARGO_TARGET_DIR=/opt/rustwide/target" "-e" "CARGO_INCREMENTAL=0" "-e" "RUST_BACKTRACE=full" "-e" "RUSTFLAGS=--cap-lints=warn" "-e" "RUSTDOCFLAGS=--cap-lints=warn" "-w" "/opt/rustwide/workdir" "--user" "0:0" "a9da00c37ed442dbe1336f464476298179a83e9aab86a097da19b2e30d798c13" "/opt/rustwide/cargo-home/bin/cargo" "+1.99.0-beta.8" "build" "--frozen" "--message-format=json" "--release", kill_on_drop: false }`
[INFO] [stderr]    Compiling libc v0.2.189
[INFO] [stderr]    Compiling find-msvc-tools v0.1.11
[INFO] [stderr]    Compiling syn v3.0.3
[INFO] [stderr]    Compiling zeroize_derive v1.5.0
[INFO] [stderr]    Compiling num-traits v0.2.19
[INFO] [stderr]    Compiling spin v0.9.9
[INFO] [stderr]    Compiling tracing v0.1.44
[INFO] [stderr]    Compiling aho-corasick v1.1.5
[INFO] [stderr]    Compiling lazy_static v1.5.0
[INFO] [stderr]    Compiling cc v1.4.3
[INFO] [stderr]    Compiling aws-lc-rs v1.18.0
[INFO] [stderr]    Compiling proc-macro-error-attr3 v3.1.0
[INFO] [stderr]    Compiling ref-cast v1.0.26
[INFO] [stderr]    Compiling zeroize v1.9.0
[INFO] [stderr]    Compiling generic-array v0.14.9
[INFO] [stderr]    Compiling der v0.7.10
[INFO] [stderr]    Compiling zstd-safe v7.2.4
[INFO] [stderr]    Compiling rustls-pki-types v1.15.1
[INFO] [stderr]    Compiling block-buffer v0.10.4
[INFO] [stderr]    Compiling crypto-common v0.1.6
[INFO] [stderr]    Compiling cmake v0.1.58
[INFO] [stderr]    Compiling digest v0.10.7
[INFO] [stderr]    Compiling regex-automata v0.4.18
[INFO] [stderr]    Compiling miniz_oxide v0.8.9
[INFO] [stderr]    Compiling chrono v0.4.45
[INFO] [stderr]    Compiling parking_lot_core v0.9.12
[INFO] [stderr]    Compiling errno v0.3.14
[INFO] [stderr]    Compiling signal-hook-registry v1.4.8
[INFO] [stderr]    Compiling parking_lot v0.12.5
[INFO] [stderr]    Compiling getrandom v0.2.17
[INFO] [stderr]    Compiling mio v1.2.2
[INFO] [stderr]    Compiling socket2 v0.6.5
[INFO] [stderr]    Compiling rand_core v0.6.4
[INFO] [stderr]    Compiling aws-lc-sys v0.44.0
[INFO] [stderr]    Compiling zstd-sys v2.0.16+zstd.1.5.7
[INFO] [stderr]    Compiling spki v0.7.3
[INFO] [stderr]    Compiling pkcs8 v0.10.2
[INFO] [stderr]    Compiling nest-rs-codegen v6.1.0
[INFO] [stderr]    Compiling proc-macro-error3 v3.1.0
[INFO] [stderr]    Compiling serde_derive_internals v0.30.0
[INFO] [stderr]    Compiling getrandom v0.4.3
[INFO] [stderr]    Compiling uuid v1.24.1
[INFO] [stderr]    Compiling sharded-slab v0.1.7
[INFO] [stderr]    Compiling uncased v0.9.10
[INFO] [stderr]    Compiling rustls v0.23.43
[INFO] [stderr]    Compiling nix v0.30.1
[INFO] [stderr]    Compiling flate2 v1.1.9
[INFO] [stderr]    Compiling hmac v0.12.1
[INFO] [stderr]    Compiling zerovec-derive v0.11.5
[INFO] [stderr]    Compiling tokio-macros v2.7.2
[INFO] [stderr]    Compiling displaydoc v0.2.7
[INFO] [stderr]    Compiling futures-macro v0.3.34
[INFO] [stderr]    Compiling tokio v1.53.1
[INFO] [stderr]    Compiling serde_derive v1.0.229
[INFO] [stderr]    Compiling futures-util v0.3.34
[INFO] [stderr]    Compiling zerovec v0.11.7
[INFO] [stderr]    Compiling zerotrie v0.2.5
[INFO] [stderr]    Compiling tinystr v0.8.4
[INFO] [stderr]    Compiling potential_utf v0.1.6
[INFO] [stderr]    Compiling icu_locale_core v2.3.0
[INFO] [stderr]    Compiling icu_collections v2.3.0
[INFO] [stderr]    Compiling thiserror-impl v2.0.20
[INFO] [stderr]    Compiling icu_provider v2.3.0
[INFO] [stderr]    Compiling serde v1.0.229
[INFO] [stderr]    Compiling icu_normalizer v2.3.0
[INFO] [stderr]    Compiling icu_properties v2.3.0
[INFO] [stderr]    Compiling thiserror v2.0.20
[INFO] [stderr]    Compiling regex v1.13.1
[INFO] [stderr]    Compiling ref-cast-impl v1.0.26
[INFO] [stderr]    Compiling tracing-serde v0.2.0
[INFO] [stderr]    Compiling matchers v0.2.0
[INFO] [stderr]    Compiling idna_adapter v1.2.2
[INFO] [stderr]    Compiling idna v1.1.0
[INFO] [stderr]    Compiling schemars_derive v1.2.2
[INFO] [stderr]    Compiling url v2.5.8
[INFO] [stderr]    Compiling validator_derive v0.20.1
[INFO] [stderr]    Compiling tokio-util v0.7.19
[INFO] [stderr]    Compiling validator v0.21.0
[INFO] [stderr]    Compiling schemars v1.2.2
[INFO] [stderr]    Compiling h2 v0.4.16
[INFO] [stderr]    Compiling tracing-subscriber v0.3.23
[INFO] [stderr]    Compiling async-trait v0.1.92
[INFO] [stderr]    Compiling nest-rs-core-macros v6.1.0
[INFO] [stderr]    Compiling pin-project-internal v1.1.13
[INFO] [stderr]    Compiling multer v3.1.0
[INFO] [stderr]    Compiling zerocopy v0.8.56
[INFO] [stderr]    Compiling nest-rs-core v6.1.0
[INFO] [stderr]    Compiling pin-project v1.1.13
[INFO] [stderr]    Compiling hyper v1.11.0
[INFO] [stderr]    Compiling signature v2.2.0
[INFO] [stderr]    Compiling ff v0.13.1
[INFO] [stderr]    Compiling sha1 v0.10.7
[INFO] [stderr]    Compiling headers-core v0.3.0
[INFO] [stderr]    Compiling headers v0.4.1
[INFO] [stderr]    Compiling tower v0.4.13
[INFO] [stderr]    Compiling sec1 v0.7.3
[INFO] [stderr]    Compiling serde_urlencoded v0.7.1
[INFO] [stderr]    Compiling group v0.13.0
[INFO] [stderr]    Compiling rfc7239 v0.1.3
[INFO] [stderr]    Compiling hyper-util v0.1.20
[INFO] [stderr]    Compiling tokio-stream v0.1.19
[INFO] [stderr]    Compiling hkdf v0.12.4
[INFO] [stderr]    Compiling nest-rs-config-macros v6.1.0
[INFO] [stderr]    Compiling crypto-bigint v0.5.5
[INFO] [stderr]    Compiling num-integer v0.1.47
[INFO] [stderr]    Compiling rustls-pemfile v2.2.0
[INFO] [stderr]    Compiling poem-derive v3.1.12
[INFO] [stderr]    Compiling wildmatch v2.6.1
[INFO] [stderr]    Compiling nest-rs-config v6.1.0
[INFO] [stderr]    Compiling nest-rs-pipes v6.1.0
[INFO] [stderr]    Compiling nest-rs-http-macros v6.1.0
[INFO] [stderr]    Compiling rfc6979 v0.4.0
[INFO] [stderr]    Compiling sha2 v0.10.9
[INFO] [stderr]    Compiling elliptic-curve v0.13.8
[INFO] [stderr]    Compiling num-bigint-dig v0.8.6
[INFO] [stderr]    Compiling primeorder v0.13.6
[INFO] [stderr]    Compiling ecdsa v0.16.9
[INFO] [stderr]    Compiling num-iter v0.1.46
[INFO] [stderr]    Compiling curve25519-dalek-derive v0.1.1
[INFO] [stderr]    Compiling time v0.3.55
[INFO] [stderr]    Compiling num-bigint v0.4.8
[INFO] [stderr]    Compiling curve25519-dalek v4.1.3
[INFO] [stderr]    Compiling ed25519 v2.2.3
[INFO] [stderr]    Compiling pkcs1 v0.7.5
[INFO] [stderr]    Compiling p256 v0.13.2
[INFO] [stderr]    Compiling ppv-lite86 v0.2.21
[INFO] [stderr]    Compiling rand_chacha v0.3.1
[INFO] [stderr]    Compiling rand v0.8.7
[INFO] [stderr]    Compiling ed25519-dalek v2.2.0
[INFO] [stderr]    Compiling p384 v0.13.1
[INFO] [stderr]    Compiling pem v3.0.6
[INFO] [stderr]    Compiling simple_asn1 v0.6.4
[INFO] [stderr]    Compiling password-hash v0.5.0
[INFO] [stderr]    Compiling blake2 v0.10.6
[INFO] [stderr]    Compiling rsa v0.9.10
[INFO] [stderr]    Compiling argon2 v0.5.3
[INFO] [stderr]    Compiling jsonwebtoken v11.0.0
[INFO] [stderr]    Compiling zstd v0.13.3
[INFO] [stderr]    Compiling compression-codecs v0.4.38
[INFO] [stderr]    Compiling async-compression v0.4.43
[INFO] [stderr]    Compiling rustls-webpki v0.103.14
[INFO] [stderr]    Compiling tokio-rustls v0.26.4
[INFO] [stderr]    Compiling poem v3.1.12
[INFO] [stderr]    Compiling nest-rs-http v6.1.0
[INFO] [stderr]    Compiling nest-rs-exception-filters v6.1.0
[INFO] [stderr]    Compiling nest-rs-filters v6.1.0
[INFO] [stderr]    Compiling nest-rs-interceptors v6.1.0
[INFO] [stderr]    Compiling nest-rs-guards v6.1.0
[INFO] [stderr]    Compiling nest-rs-authn v6.1.0
[INFO] [stderr]    Compiling nest-rs-oauth-resource v6.1.0 (/opt/rustwide/workdir)
[INFO] [stderr]     Finished `release` profile [optimized] target(s) in 6m 03s
[INFO] running `Command { std: "docker" "inspect" "a9da00c37ed442dbe1336f464476298179a83e9aab86a097da19b2e30d798c13", kill_on_drop: false }`
[INFO] running `Command { std: "docker" "exec" "-e" "SOURCE_DIR=/opt/rustwide/workdir" "-e" "CARGO_HOME=/opt/rustwide/cargo-home" "-e" "RUSTUP_HOME=/opt/rustwide/rustup-home" "-e" "CARGO_TARGET_DIR=/opt/rustwide/target" "-e" "CARGO_INCREMENTAL=0" "-e" "RUST_BACKTRACE=full" "-e" "RUSTFLAGS=--cap-lints=warn" "-e" "RUSTDOCFLAGS=--cap-lints=warn" "-w" "/opt/rustwide/workdir" "--user" "0:0" "a9da00c37ed442dbe1336f464476298179a83e9aab86a097da19b2e30d798c13" "/opt/rustwide/cargo-home/bin/cargo" "+1.99.0-beta.8" "test" "--frozen" "--no-run" "--message-format=json" "--release", kill_on_drop: false }`
[INFO] [stderr]    Compiling nest-rs-oauth-resource v6.1.0 (/opt/rustwide/workdir)
[INFO] [stdout] error[E0432]: unresolved import `nest_rs_testing`
[INFO] [stdout]   --> tests/integration/controller.rs:24:5
[INFO] [stdout]    |
[INFO] [stdout] 24 | use nest_rs_testing::TestApp;
[INFO] [stdout]    |     ^^^^^^^^^^^^^^^ use of unresolved module or unlinked crate `nest_rs_testing`
[INFO] [stdout]    |
[INFO] [stdout] help: there is a crate or module with a similar name
[INFO] [stdout]    |
[INFO] [stdout] 24 - use nest_rs_testing::TestApp;
[INFO] [stdout] 24 + use nest_rs_authn::TestApp;
[INFO] [stdout]    |
[INFO] [stdout] 
[INFO] [stdout] 
[INFO] [stdout] error[E0432]: unresolved import `nest_rs_testing`
[INFO] [stdout]   --> tests/integration/interceptor.rs:29:5
[INFO] [stdout]    |
[INFO] [stdout] 29 | use nest_rs_testing::TestApp;
[INFO] [stdout]    |     ^^^^^^^^^^^^^^^ use of unresolved module or unlinked crate `nest_rs_testing`
[INFO] [stdout]    |
[INFO] [stdout] help: there is a crate or module with a similar name
[INFO] [stdout]    |
[INFO] [stdout] 29 - use nest_rs_testing::TestApp;
[INFO] [stdout] 29 + use nest_rs_authn::TestApp;
[INFO] [stdout]    |
[INFO] [stdout] 
[INFO] [stdout] 
[INFO] [stdout] error[E0432]: unresolved import `nest_rs_ws`
[INFO] [stdout]   --> tests/integration/interceptor.rs:30:5
[INFO] [stdout]    |
[INFO] [stdout] 30 | use nest_rs_ws::{WsModule, gateway, messages};
[INFO] [stdout]    |     ^^^^^^^^^^ use of unresolved module or unlinked crate `nest_rs_ws`
[INFO] [stdout]    |
[INFO] [stdout]    = help: if you wanted to use a crate named `nest_rs_ws`, use `cargo add nest_rs_ws` to add it to your `Cargo.toml`
[INFO] [stdout] 
[INFO] [stdout] 
[INFO] [stdout] error[E0432]: unresolved import `nest_rs_mcp`
[INFO] [stdout]   --> tests/integration/main.rs:13:5
[INFO] [stdout]    |
[INFO] [stdout] 13 | use nest_rs_mcp::{ServerHandler, mcp, rmcp, tool_handler, tool_router};
[INFO] [stdout]    |     ^^^^^^^^^^^ use of unresolved module or unlinked crate `nest_rs_mcp`
[INFO] [stdout]    |
[INFO] [stdout] help: there is a crate or module with a similar name
[INFO] [stdout]    |
[INFO] [stdout] 13 - use nest_rs_mcp::{ServerHandler, mcp, rmcp, tool_handler, tool_router};
[INFO] [stdout] 13 + use nest_rs_http::{ServerHandler, mcp, rmcp, tool_handler, tool_router};
[INFO] [stdout]    |
[INFO] [stdout] 
[INFO] [stdout] 
[INFO] [stdout] error[E0433]: cannot find module or crate `nest_rs_testing` in this scope
[INFO] [stdout]    --> src/config.rs:417:20
[INFO] [stdout]     |
[INFO] [stdout] 417 |         let logs = nest_rs_testing::LogCapture::install();
[INFO] [stdout]     |                    ^^^^^^^^^^^^^^^ use of unresolved module or unlinked crate `nest_rs_testing`
[INFO] [stdout]     |
[INFO] [stdout] help: there is a crate or module with a similar name
[INFO] [stdout]     |
[INFO] [stdout] 417 -         let logs = nest_rs_testing::LogCapture::install();
[INFO] [stdout] 417 +         let logs = nest_rs_authn::LogCapture::install();
[INFO] [stdout]     |
[INFO] [stdout] 
[INFO] [stdout] 
[INFO] [stdout] error: cannot find attribute `use_guards` in this scope
[INFO] [stdout]    --> tests/integration/interceptor.rs:101:3
[INFO] [stdout]     |
[INFO] [stdout] 101 | #[use_guards(AlwaysUnauthorized)]
[INFO] [stdout]     |   ^^^^^^^^^^
[INFO] [stdout] 
[INFO] [stdout] 
[INFO] [stdout] error[E0433]: cannot find module or crate `nest_rs_testing` in this scope
[INFO] [stdout]    --> src/config.rs:445:20
[INFO] [stdout]     |
[INFO] [stdout] 445 |         let logs = nest_rs_testing::LogCapture::install();
[INFO] [stdout]     |                    ^^^^^^^^^^^^^^^ use of unresolved module or unlinked crate `nest_rs_testing`
[INFO] [stdout]     |
[INFO] [stdout] help: there is a crate or module with a similar name
[INFO] [stdout]     |
[INFO] [stdout] 445 -         let logs = nest_rs_testing::LogCapture::install();
[INFO] [stdout] 445 +         let logs = nest_rs_authn::LogCapture::install();
[INFO] [stdout]     |
[INFO] [stdout] 
[INFO] [stdout] 
[INFO] [stdout] error: cannot find attribute `subscribe_message` in this scope
[INFO] [stdout]    --> tests/integration/interceptor.rs:106:7
[INFO] [stdout]     |
[INFO] [stdout] 106 |     #[subscribe_message("ping")]
[INFO] [stdout]     |       ^^^^^^^^^^^^^^^^^
[INFO] [stdout] 
[INFO] [stdout] 
[INFO] [stdout] error: cannot find attribute `public` in this scope
[INFO] [stdout]    --> tests/integration/interceptor.rs:107:7
[INFO] [stdout]     |
[INFO] [stdout] 107 |     #[public]
[INFO] [stdout]     |       ^^^^^^
[INFO] [stdout] 
[INFO] [stdout] 
[INFO] [stdout] error[E0433]: cannot find module or crate `nest_rs_testing` in this scope
[INFO] [stdout]    --> src/module.rs:194:20
[INFO] [stdout]     |
[INFO] [stdout] 194 |         let logs = nest_rs_testing::LogCapture::install();
[INFO] [stdout]     |                    ^^^^^^^^^^^^^^^ use of unresolved module or unlinked crate `nest_rs_testing`
[INFO] [stdout]     |
[INFO] [stdout] help: there is a crate or module with a similar name
[INFO] [stdout]     |
[INFO] [stdout] 194 -         let logs = nest_rs_testing::LogCapture::install();
[INFO] [stdout] 194 +         let logs = nest_rs_authn::LogCapture::install();
[INFO] [stdout]     |
[INFO] [stdout] 
[INFO] [stdout] 
[INFO] [stdout] error[E0433]: cannot find module or crate `nest_rs_testing` in this scope
[INFO] [stdout]    --> tests/integration/interceptor.rs:303:16
[INFO] [stdout]     |
[INFO] [stdout] 303 |     let logs = nest_rs_testing::LogCapture::install();
[INFO] [stdout]     |                ^^^^^^^^^^^^^^^ use of unresolved module or unlinked crate `nest_rs_testing`
[INFO] [stdout]     |
[INFO] [stdout] help: there is a crate or module with a similar name
[INFO] [stdout]     |
[INFO] [stdout] 303 -     let logs = nest_rs_testing::LogCapture::install();
[INFO] [stdout] 303 +     let logs = nest_rs_authn::LogCapture::install();
[INFO] [stdout]     |
[INFO] [stdout] 
[INFO] [stdout] 
[INFO] [stdout] error[E0433]: cannot find module or crate `nest_rs_testing` in this scope
[INFO] [stdout]    --> src/module.rs:221:20
[INFO] [stdout]     |
[INFO] [stdout] 221 |         let logs = nest_rs_testing::LogCapture::install();
[INFO] [stdout]     |                    ^^^^^^^^^^^^^^^ use of unresolved module or unlinked crate `nest_rs_testing`
[INFO] [stdout]     |
[INFO] [stdout] help: there is a crate or module with a similar name
[INFO] [stdout]     |
[INFO] [stdout] 221 -         let logs = nest_rs_testing::LogCapture::install();
[INFO] [stdout] 221 +         let logs = nest_rs_authn::LogCapture::install();
[INFO] [stdout]     |
[INFO] [stdout] 
[INFO] [stdout] 
[INFO] [stdout] error[E0433]: cannot find module or crate `nest_rs_testing` in this scope
[INFO] [stdout]    --> tests/integration/interceptor.rs:382:16
[INFO] [stdout]     |
[INFO] [stdout] 382 |     let logs = nest_rs_testing::LogCapture::install();
[INFO] [stdout]     |                ^^^^^^^^^^^^^^^ use of unresolved module or unlinked crate `nest_rs_testing`
[INFO] [stdout]     |
[INFO] [stdout] help: there is a crate or module with a similar name
[INFO] [stdout]     |
[INFO] [stdout] 382 -     let logs = nest_rs_testing::LogCapture::install();
[INFO] [stdout] 382 +     let logs = nest_rs_authn::LogCapture::install();
[INFO] [stdout]     |
[INFO] [stdout] 
[INFO] [stdout] 
[INFO] [stdout] Some errors have detailed explanations: E0432, E0433.
[INFO] [stdout] 
[INFO] [stdout] For more information about an error, try `rustc --explain E0432`.
[INFO] [stdout] 
[INFO] [stderr] error: could not compile `nest-rs-oauth-resource` (test "integration") due to 9 previous errors
[INFO] [stderr] warning: build failed, waiting for other jobs to finish...
[INFO] [stdout] For more information about this error, try `rustc --explain E0433`.
[INFO] [stdout] 
[INFO] [stderr] error: could not compile `nest-rs-oauth-resource` (lib test) due to 4 previous errors
[INFO] running `Command { std: "docker" "inspect" "a9da00c37ed442dbe1336f464476298179a83e9aab86a097da19b2e30d798c13", kill_on_drop: false }`
[INFO] running `Command { std: "docker" "rm" "-f" "a9da00c37ed442dbe1336f464476298179a83e9aab86a097da19b2e30d798c13", kill_on_drop: false }`
[INFO] [stdout] a9da00c37ed442dbe1336f464476298179a83e9aab86a097da19b2e30d798c13
