[INFO] fetching crate neptunium-http 0.8.2...
[INFO] testing neptunium-http-0.8.2 against 1.99.0-beta.8+cargoflags=--release for beta-release-1.100-2
[INFO] extracting crate neptunium-http 0.8.2 into /workspace/builds/worker-1-tc1/source
[INFO] started tweaking crates.io crate neptunium-http 0.8.2
[INFO] finished tweaking crates.io crate neptunium-http 0.8.2
[INFO] tweaked toml for crates.io crate neptunium-http 0.8.2 written to /workspace/builds/worker-1-tc1/source/Cargo.toml
[INFO] validating manifest of crates.io crate neptunium-http 0.8.2 on toolchain 1.99.0-beta.8
[INFO] running `Command { std: CARGO_HOME="/workspace/cargo-home" RUSTUP_HOME="/workspace/rustup-home" "/workspace/cargo-home/bin/cargo" "+1.99.0-beta.8" "metadata" "--manifest-path" "Cargo.toml" "--no-deps", kill_on_drop: false }`
[INFO] crate crates.io crate neptunium-http 0.8.2 already has a lockfile, it will not be regenerated
[INFO] running `Command { std: CARGO_HOME="/workspace/cargo-home" RUSTUP_HOME="/workspace/rustup-home" "/workspace/cargo-home/bin/cargo" "+1.99.0-beta.8" "fetch" "--manifest-path" "Cargo.toml", kill_on_drop: false }`
[INFO] [stderr]     Updating crates.io index
[INFO] [stderr]  Downloading crates ...
[INFO] [stderr]   Downloaded serde-bool v0.1.5
[INFO] [stderr]   Downloaded neptunium-model v0.8.2
[INFO] running `Command { std: "docker" "create" "-v" "/var/lib/crater-agent-workspace/builds/worker-1-tc1/source:/opt/rustwide/workdir:ro,Z" "-v" "/var/lib/crater-agent-workspace/builds/worker-1-tc1/target:/opt/rustwide/target:rw,Z" "-v" "/var/lib/crater-agent-workspace/cargo-home:/opt/rustwide/cargo-home:ro,Z" "-v" "/var/lib/crater-agent-workspace/rustup-home:/opt/rustwide/rustup-home:ro,Z" "-m" "1610612736" "--network" "none" "ghcr.io/rust-lang/crates-build-env/linux@sha256:77db811e55d90add9212f6832c23229e3de5f1c1f9905e8cb07319ea15df73ac" "sleep" "infinity", kill_on_drop: false }`
[INFO] [stdout] cff0eccdd863f28d885c65bb961ad062e468c810b6e317b7be2a1fe8b3e1b458
[INFO] running `Command { std: "docker" "start" "cff0eccdd863f28d885c65bb961ad062e468c810b6e317b7be2a1fe8b3e1b458", kill_on_drop: false }`
[INFO] running `Command { std: "docker" "inspect" "cff0eccdd863f28d885c65bb961ad062e468c810b6e317b7be2a1fe8b3e1b458", kill_on_drop: false }`
[INFO] running `Command { std: "docker" "exec" "-e" "SOURCE_DIR=/opt/rustwide/workdir" "-e" "CARGO_HOME=/opt/rustwide/cargo-home" "-e" "RUSTUP_HOME=/opt/rustwide/rustup-home" "-e" "CARGO_TARGET_DIR=/opt/rustwide/target" "-w" "/opt/rustwide/workdir" "--user" "0:0" "cff0eccdd863f28d885c65bb961ad062e468c810b6e317b7be2a1fe8b3e1b458" "/opt/rustwide/cargo-home/bin/cargo" "+1.99.0-beta.8" "metadata" "--no-deps" "--format-version=1", kill_on_drop: false }`
[INFO] running `Command { std: "docker" "inspect" "cff0eccdd863f28d885c65bb961ad062e468c810b6e317b7be2a1fe8b3e1b458", kill_on_drop: false }`
[INFO] running `Command { std: "docker" "exec" "-e" "SOURCE_DIR=/opt/rustwide/workdir" "-e" "CARGO_HOME=/opt/rustwide/cargo-home" "-e" "RUSTUP_HOME=/opt/rustwide/rustup-home" "-e" "CARGO_TARGET_DIR=/opt/rustwide/target" "-e" "CARGO_INCREMENTAL=0" "-e" "RUST_BACKTRACE=full" "-e" "RUSTFLAGS=--cap-lints=warn" "-e" "RUSTDOCFLAGS=--cap-lints=warn" "-w" "/opt/rustwide/workdir" "--user" "0:0" "cff0eccdd863f28d885c65bb961ad062e468c810b6e317b7be2a1fe8b3e1b458" "/opt/rustwide/cargo-home/bin/cargo" "+1.99.0-beta.8" "build" "--frozen" "--message-format=json" "--release", kill_on_drop: false }`
[INFO] [stderr]    Compiling find-msvc-tools v0.1.13
[INFO] [stderr]    Compiling yoke-derive v0.8.3
[INFO] [stderr]    Compiling smallvec v1.16.1
[INFO] [stderr]    Compiling aws-lc-rs v1.18.1
[INFO] [stderr]    Compiling mio v1.2.3
[INFO] [stderr]    Compiling futures-task v0.3.34
[INFO] [stderr]    Compiling serde v1.0.229
[INFO] [stderr]    Compiling rustls v0.23.45
[INFO] [stderr]    Compiling syn v2.0.119
[INFO] [stderr]    Compiling darling_core v0.24.1
[INFO] [stderr]    Compiling prettyplease v0.3.0
[INFO] [stderr]    Compiling futures-channel v0.3.34
[INFO] [stderr]    Compiling time v0.3.55
[INFO] [stderr]    Compiling serde_json v1.0.151
[INFO] [stderr]    Compiling serde_repr v0.1.21
[INFO] [stderr]    Compiling serde_path_to_error v0.1.20
[INFO] [stderr]    Compiling cc v1.4.7
[INFO] [stderr]    Compiling futures-util v0.3.34
[INFO] [stderr]    Compiling tokio v1.53.1
[INFO] [stderr]    Compiling yoke v0.8.3
[INFO] [stderr]    Compiling zerovec v0.11.8
[INFO] [stderr]    Compiling zerotrie v0.2.5
[INFO] [stderr]    Compiling zeroize v1.9.0
[INFO] [stderr]    Compiling language-tags v0.3.2
[INFO] [stderr]    Compiling serde_urlencoded v0.7.1
[INFO] [stderr]    Compiling serde-bool v0.1.5
[INFO] [stderr]    Compiling rustls-pki-types v1.15.1
[INFO] [stderr]    Compiling cmake v0.1.58
[INFO] [stderr]    Compiling rustls-native-certs v0.8.4
[INFO] [stderr]    Compiling aws-lc-sys v0.45.0
[INFO] [stderr]    Compiling tinystr v0.8.4
[INFO] [stderr]    Compiling potential_utf v0.1.6
[INFO] [stderr]    Compiling icu_collections v2.3.0
[INFO] [stderr]    Compiling icu_locale_core v2.3.0
[INFO] [stderr]    Compiling darling_macro v0.24.1
[INFO] [stderr]    Compiling darling v0.24.1
[INFO] [stderr]    Compiling bon-macros v3.10.1
[INFO] [stderr]    Compiling icu_provider v2.3.1
[INFO] [stderr]    Compiling icu_normalizer v2.3.0
[INFO] [stderr]    Compiling icu_properties v2.3.0
[INFO] [stderr]    Compiling tracing-attributes v0.1.31
[INFO] [stderr]    Compiling idna_adapter v1.2.2
[INFO] [stderr]    Compiling idna v1.1.0
[INFO] [stderr]    Compiling tracing v0.1.44
[INFO] [stderr]    Compiling url v2.5.8
[INFO] [stderr]    Compiling hyper v1.11.1
[INFO] [stderr]    Compiling tower v0.5.3
[INFO] [stderr]    Compiling tokio-util v0.7.19
[INFO] [stderr]    Compiling bon v3.10.1
[INFO] [stderr]    Compiling neptunium-model v0.8.2
[INFO] [stderr]    Compiling tower-http v0.6.11
[INFO] [stderr]    Compiling hyper-util v0.1.20
[INFO] [stderr]    Compiling rustls-webpki v0.103.15
[INFO] [stderr]    Compiling tokio-rustls v0.26.5
[INFO] [stderr]    Compiling rustls-platform-verifier v0.7.0
[INFO] [stderr]    Compiling hyper-rustls v0.27.10
[INFO] [stderr]    Compiling reqwest v0.13.5
[INFO] [stderr]    Compiling neptunium-http v0.8.2 (/opt/rustwide/workdir)
[INFO] [stderr]     Finished `release` profile [optimized] target(s) in 1m 29s
[INFO] running `Command { std: "docker" "inspect" "cff0eccdd863f28d885c65bb961ad062e468c810b6e317b7be2a1fe8b3e1b458", kill_on_drop: false }`
[INFO] running `Command { std: "docker" "exec" "-e" "SOURCE_DIR=/opt/rustwide/workdir" "-e" "CARGO_HOME=/opt/rustwide/cargo-home" "-e" "RUSTUP_HOME=/opt/rustwide/rustup-home" "-e" "CARGO_TARGET_DIR=/opt/rustwide/target" "-e" "CARGO_INCREMENTAL=0" "-e" "RUST_BACKTRACE=full" "-e" "RUSTFLAGS=--cap-lints=warn" "-e" "RUSTDOCFLAGS=--cap-lints=warn" "-w" "/opt/rustwide/workdir" "--user" "0:0" "cff0eccdd863f28d885c65bb961ad062e468c810b6e317b7be2a1fe8b3e1b458" "/opt/rustwide/cargo-home/bin/cargo" "+1.99.0-beta.8" "test" "--frozen" "--no-run" "--message-format=json" "--release", kill_on_drop: false }`
[INFO] [stderr]    Compiling neptunium-http v0.8.2 (/opt/rustwide/workdir)
[INFO] [stdout] error[E0433]: cannot find `auth` in `user`
[INFO] [stdout]   --> src/endpoints/auth/handoff_initiate.rs:3:11
[INFO] [stdout]    |
[INFO] [stdout]  3 |     user::auth::handoff::HandoffCode,
[INFO] [stdout]    |           ^^^^ could not find `auth` in `user`
[INFO] [stdout]    |
[INFO] [stdout] note: found an item that was configured out
[INFO] [stdout]   --> /opt/rustwide/cargo-home/registry/src/index.crates.io-1949cf8c6b5b557f/neptunium-model-0.8.2/src/user.rs:12:9
[INFO] [stdout]    |
[INFO] [stdout] 11 | #[cfg(feature = "user_api")]
[INFO] [stdout]    |       -------------------- the item is gated behind the `user_api` feature
[INFO] [stdout] 12 | pub mod auth;
[INFO] [stdout]    |         ^^^^
[INFO] [stdout] 
[INFO] [stdout] 
[INFO] [stdout] error[E0433]: cannot find `auth` in `user`
[INFO] [stdout]   --> src/endpoints/auth/handoff_complete.rs:3:11
[INFO] [stdout]    |
[INFO] [stdout]  3 |     user::auth::handoff::HandoffCode,
[INFO] [stdout]    |           ^^^^ could not find `auth` in `user`
[INFO] [stdout]    |
[INFO] [stdout] note: found an item that was configured out
[INFO] [stdout]   --> /opt/rustwide/cargo-home/registry/src/index.crates.io-1949cf8c6b5b557f/neptunium-model-0.8.2/src/user.rs:12:9
[INFO] [stdout]    |
[INFO] [stdout] 11 | #[cfg(feature = "user_api")]
[INFO] [stdout]    |       -------------------- the item is gated behind the `user_api` feature
[INFO] [stdout] 12 | pub mod auth;
[INFO] [stdout]    |         ^^^^
[INFO] [stdout] 
[INFO] [stdout] 
[INFO] [stdout] error[E0433]: cannot find `auth` in `user`
[INFO] [stdout]   --> src/endpoints/auth/handoff_status.rs:3:25
[INFO] [stdout]    |
[INFO] [stdout]  3 |     user::{PartialUser, auth::handoff::HandoffCode},
[INFO] [stdout]    |                         ^^^^ could not find `auth` in `user`
[INFO] [stdout]    |
[INFO] [stdout] note: found an item that was configured out
[INFO] [stdout]   --> /opt/rustwide/cargo-home/registry/src/index.crates.io-1949cf8c6b5b557f/neptunium-model-0.8.2/src/user.rs:12:9
[INFO] [stdout]    |
[INFO] [stdout] 11 | #[cfg(feature = "user_api")]
[INFO] [stdout]    |       -------------------- the item is gated behind the `user_api` feature
[INFO] [stdout] 12 | pub mod auth;
[INFO] [stdout]    |         ^^^^
[INFO] [stdout] 
[INFO] [stdout] 
[INFO] [stdout] error[E0433]: cannot find `auth` in `user`
[INFO] [stdout]   --> src/endpoints/auth/handoff_cancel.rs:1:28
[INFO] [stdout]    |
[INFO] [stdout]  1 | use neptunium_model::user::auth::handoff::HandoffCode;
[INFO] [stdout]    |                            ^^^^ could not find `auth` in `user`
[INFO] [stdout]    |
[INFO] [stdout] note: found an item that was configured out
[INFO] [stdout]   --> /opt/rustwide/cargo-home/registry/src/index.crates.io-1949cf8c6b5b557f/neptunium-model-0.8.2/src/user.rs:12:9
[INFO] [stdout]    |
[INFO] [stdout] 11 | #[cfg(feature = "user_api")]
[INFO] [stdout]    |       -------------------- the item is gated behind the `user_api` feature
[INFO] [stdout] 12 | pub mod auth;
[INFO] [stdout]    |         ^^^^
[INFO] [stdout] 
[INFO] [stdout] 
[INFO] [stdout] error[E0433]: cannot find `auth` in `user`
[INFO] [stdout]   --> src/endpoints/auth/get_handoff_info.rs:1:28
[INFO] [stdout]    |
[INFO] [stdout]  1 | use neptunium_model::user::auth::handoff::HandoffCode;
[INFO] [stdout]    |                            ^^^^ could not find `auth` in `user`
[INFO] [stdout]    |
[INFO] [stdout] note: found an item that was configured out
[INFO] [stdout]   --> /opt/rustwide/cargo-home/registry/src/index.crates.io-1949cf8c6b5b557f/neptunium-model-0.8.2/src/user.rs:12:9
[INFO] [stdout]    |
[INFO] [stdout] 11 | #[cfg(feature = "user_api")]
[INFO] [stdout]    |       -------------------- the item is gated behind the `user_api` feature
[INFO] [stdout] 12 | pub mod auth;
[INFO] [stdout]    |         ^^^^
[INFO] [stdout] 
[INFO] [stdout] 
[INFO] [stdout] For more information about this error, try `rustc --explain E0433`.
[INFO] [stdout] 
[INFO] [stderr] error: could not compile `neptunium-http` (lib test) due to 5 previous errors
[INFO] running `Command { std: "docker" "inspect" "cff0eccdd863f28d885c65bb961ad062e468c810b6e317b7be2a1fe8b3e1b458", kill_on_drop: false }`
[INFO] running `Command { std: "docker" "rm" "-f" "cff0eccdd863f28d885c65bb961ad062e468c810b6e317b7be2a1fe8b3e1b458", kill_on_drop: false }`
[INFO] [stdout] cff0eccdd863f28d885c65bb961ad062e468c810b6e317b7be2a1fe8b3e1b458
