[INFO] fetching crate nemotron-asr-sys 0.1.0...
[INFO] testing nemotron-asr-sys-0.1.0 against 1.99.0-beta.8+cargoflags=--release for beta-release-1.100-2
[INFO] extracting crate nemotron-asr-sys 0.1.0 into /workspace/builds/worker-0-tc1/source
[INFO] started tweaking crates.io crate nemotron-asr-sys 0.1.0
[INFO] finished tweaking crates.io crate nemotron-asr-sys 0.1.0
[INFO] tweaked toml for crates.io crate nemotron-asr-sys 0.1.0 written to /workspace/builds/worker-0-tc1/source/Cargo.toml
[INFO] validating manifest of crates.io crate nemotron-asr-sys 0.1.0 on toolchain 1.99.0-beta.8
[INFO] running `Command { std: CARGO_HOME="/workspace/cargo-home" RUSTUP_HOME="/workspace/rustup-home" "/workspace/cargo-home/bin/cargo" "+1.99.0-beta.8" "metadata" "--manifest-path" "Cargo.toml" "--no-deps", kill_on_drop: false }`
[INFO] crate crates.io crate nemotron-asr-sys 0.1.0 already has a lockfile, it will not be regenerated
[INFO] running `Command { std: CARGO_HOME="/workspace/cargo-home" RUSTUP_HOME="/workspace/rustup-home" "/workspace/cargo-home/bin/cargo" "+1.99.0-beta.8" "fetch" "--manifest-path" "Cargo.toml", kill_on_drop: false }`
[INFO] running `Command { std: "docker" "create" "-v" "/var/lib/crater-agent-workspace/builds/worker-0-tc1/source:/opt/rustwide/workdir:ro,Z" "-v" "/var/lib/crater-agent-workspace/builds/worker-0-tc1/target:/opt/rustwide/target:rw,Z" "-v" "/var/lib/crater-agent-workspace/cargo-home:/opt/rustwide/cargo-home:ro,Z" "-v" "/var/lib/crater-agent-workspace/rustup-home:/opt/rustwide/rustup-home:ro,Z" "-m" "1610612736" "--network" "none" "ghcr.io/rust-lang/crates-build-env/linux@sha256:77db811e55d90add9212f6832c23229e3de5f1c1f9905e8cb07319ea15df73ac" "sleep" "infinity", kill_on_drop: false }`
[INFO] [stdout] 9b702d7a55e93f43979feb6958705b6e787ef685f1f7c3c700e308f7d528bf88
[INFO] running `Command { std: "docker" "start" "9b702d7a55e93f43979feb6958705b6e787ef685f1f7c3c700e308f7d528bf88", kill_on_drop: false }`
[INFO] running `Command { std: "docker" "inspect" "9b702d7a55e93f43979feb6958705b6e787ef685f1f7c3c700e308f7d528bf88", kill_on_drop: false }`
[INFO] running `Command { std: "docker" "exec" "-e" "SOURCE_DIR=/opt/rustwide/workdir" "-e" "CARGO_HOME=/opt/rustwide/cargo-home" "-e" "RUSTUP_HOME=/opt/rustwide/rustup-home" "-e" "CARGO_TARGET_DIR=/opt/rustwide/target" "-w" "/opt/rustwide/workdir" "--user" "0:0" "9b702d7a55e93f43979feb6958705b6e787ef685f1f7c3c700e308f7d528bf88" "/opt/rustwide/cargo-home/bin/cargo" "+1.99.0-beta.8" "metadata" "--no-deps" "--format-version=1", kill_on_drop: false }`
[INFO] running `Command { std: "docker" "inspect" "9b702d7a55e93f43979feb6958705b6e787ef685f1f7c3c700e308f7d528bf88", kill_on_drop: false }`
[INFO] running `Command { std: "docker" "exec" "-e" "SOURCE_DIR=/opt/rustwide/workdir" "-e" "CARGO_HOME=/opt/rustwide/cargo-home" "-e" "RUSTUP_HOME=/opt/rustwide/rustup-home" "-e" "CARGO_TARGET_DIR=/opt/rustwide/target" "-e" "CARGO_INCREMENTAL=0" "-e" "RUST_BACKTRACE=full" "-e" "RUSTFLAGS=--cap-lints=warn" "-e" "RUSTDOCFLAGS=--cap-lints=warn" "-w" "/opt/rustwide/workdir" "--user" "0:0" "9b702d7a55e93f43979feb6958705b6e787ef685f1f7c3c700e308f7d528bf88" "/opt/rustwide/cargo-home/bin/cargo" "+1.99.0-beta.8" "build" "--frozen" "--message-format=json" "--release", kill_on_drop: false }`
[INFO] [stderr]    Compiling libc v0.2.185
[INFO] [stderr]    Compiling num_cpus v1.17.0
[INFO] [stderr]    Compiling nemotron-asr-sys v0.1.0 (/opt/rustwide/workdir)
[INFO] [stderr] error: failed to run custom build command for `nemotron-asr-sys v0.1.0 (/opt/rustwide/workdir)`
[INFO] [stderr] note: To improve backtraces for build dependencies, set the CARGO_PROFILE_RELEASE_BUILD_OVERRIDE_DEBUG=true environment variable to enable debug information generation.
[INFO] [stderr] 
[INFO] [stderr] Caused by:
[INFO] [stderr]   process didn't exit successfully: `/opt/rustwide/target/release/build/nemotron-asr-sys-9a9deb5327aab691/build-script-build` (exit status: 101)
[INFO] [stderr]   --- stdout
[INFO] [stderr]   cargo:rerun-if-changed=/opt/rustwide/workdir/nemotron-asr.cpp/src
[INFO] [stderr]   cargo:rerun-if-changed=/opt/rustwide/workdir/nemotron-asr.cpp/Makefile
[INFO] [stderr]   cargo:rerun-if-changed=/opt/rustwide/workdir/nemotron-asr.cpp/ggml
[INFO] [stderr]   cargo:rerun-if-env-changed=GGML_OPENMP
[INFO] [stderr]   cargo:rerun-if-env-changed=GGML_CPU
[INFO] [stderr]   cargo:rerun-if-env-changed=GGML_CUDA
[INFO] [stderr]   cargo:rerun-if-env-changed=GGML_VULKAN
[INFO] [stderr]   cargo:rerun-if-env-changed=GGML_METAL
[INFO] [stderr]   cargo:rerun-if-env-changed=GGML_SYCL
[INFO] [stderr]   cargo:rerun-if-env-changed=GGML_OPENCL
[INFO] [stderr]   cargo:rerun-if-env-changed=GGML_CANN
[INFO] [stderr]   -- The C compiler identification is GNU 15.2.0
[INFO] [stderr]   -- The CXX compiler identification is GNU 15.2.0
[INFO] [stderr]   -- The ASM compiler identification is GNU
[INFO] [stderr]   -- Found assembler: /usr/bin/cc
[INFO] [stderr]   -- Detecting C compiler ABI info
[INFO] [stderr]   -- Detecting C compiler ABI info - done
[INFO] [stderr]   -- Check for working C compiler: /usr/bin/cc - skipped
[INFO] [stderr]   -- Detecting C compile features
[INFO] [stderr]   -- Detecting C compile features - done
[INFO] [stderr]   -- Detecting CXX compiler ABI info
[INFO] [stderr]   -- Detecting CXX compiler ABI info - done
[INFO] [stderr]   -- Check for working CXX compiler: /usr/bin/c++ - skipped
[INFO] [stderr]   -- Detecting CXX compile features
[INFO] [stderr]   -- Detecting CXX compile features - done
[INFO] [stderr]   -- Performing Test CMAKE_HAVE_LIBC_PTHREAD
[INFO] [stderr]   -- Performing Test CMAKE_HAVE_LIBC_PTHREAD - Success
[INFO] [stderr]   -- Found Threads: TRUE
[INFO] [stderr]   -- Warning: ccache not found - consider installing it for faster compilation or disable this warning with GGML_CCACHE=OFF
[INFO] [stderr]   -- CMAKE_SYSTEM_PROCESSOR: x86_64
[INFO] [stderr]   -- GGML_SYSTEM_ARCH: x86
[INFO] [stderr]   -- Including CPU backend
[INFO] [stderr]   -- Found OpenMP_C: -fopenmp (found version "4.5")
[INFO] [stderr]   -- Found OpenMP_CXX: -fopenmp (found version "4.5")
[INFO] [stderr]   -- Found OpenMP: TRUE (found version "4.5")
[INFO] [stderr]   -- x86 detected
[INFO] [stderr]   -- Adding CPU backend variant ggml-cpu: -march=native 
[INFO] [stderr]   -- x86 detected
[INFO] [stderr]   -- Linux detected
[INFO] [stderr]   -- ggml version: 0.9.11
[INFO] [stderr]   -- ggml commit:  unknown
[INFO] [stderr]   -- Configuring done (2.7s)
[INFO] [stderr]   -- Generating done (0.2s)
[INFO] [stderr]   -- Build files have been written to: /opt/rustwide/target/release/build/nemotron-asr-sys-9f1c4add6640a655/out/nemotron-asr.cpp/ggml/build
[INFO] [stderr]   [  0%] Building CXX object examples/CMakeFiles/common.dir/common.cpp.o
[INFO] [stderr]   [  1%] Building C object src/CMakeFiles/ggml-base.dir/ggml.c.o
[INFO] [stderr]   [  2%] Building CXX object src/CMakeFiles/ggml-base.dir/ggml-backend.cpp.o
[INFO] [stderr]   [  3%] Building CXX object src/CMakeFiles/ggml-base.dir/ggml.cpp.o
[INFO] [stderr]   [  4%] Building C object src/CMakeFiles/ggml-base.dir/ggml-alloc.c.o
[INFO] [stderr]   [  5%] Building C object src/CMakeFiles/ggml-base.dir/ggml-quants.c.o
[INFO] [stderr]   [  6%] Building CXX object src/CMakeFiles/ggml-base.dir/ggml-threading.cpp.o
[INFO] [stderr]   [  7%] Building CXX object src/CMakeFiles/ggml-base.dir/ggml-opt.cpp.o
[INFO] [stderr]   [  8%] Building CXX object src/CMakeFiles/ggml-base.dir/gguf.cpp.o
[INFO] [stderr]   [  9%] Linking CXX static library libcommon.a
[INFO] [stderr]   [  9%] Built target common
[INFO] [stderr]   [ 10%] Linking CXX static library libggml-base.a
[INFO] [stderr]   [ 10%] Built target ggml-base
[INFO] [stderr]   [ 11%] Building CXX object src/CMakeFiles/ggml-cpu.dir/ggml-cpu/hbm.cpp.o
[INFO] [stderr]   [ 12%] Building CXX object src/CMakeFiles/ggml-cpu.dir/ggml-cpu/traits.cpp.o
[INFO] [stderr]   [ 13%] Building C object src/CMakeFiles/ggml-cpu.dir/ggml-cpu/ggml-cpu.c.o
[INFO] [stderr]   [ 14%] Building C object src/CMakeFiles/ggml-cpu.dir/ggml-cpu/quants.c.o
[INFO] [stderr]   [ 14%] Building CXX object src/CMakeFiles/ggml-cpu.dir/ggml-cpu/ggml-cpu.cpp.o
[INFO] [stderr]   [ 15%] Building CXX object src/CMakeFiles/ggml-cpu.dir/ggml-cpu/amx/amx.cpp.o
[INFO] [stderr]   [ 16%] Building CXX object src/CMakeFiles/ggml-cpu.dir/ggml-cpu/amx/mmq.cpp.o
[INFO] [stderr]   [ 17%] Building CXX object src/CMakeFiles/ggml-cpu.dir/ggml-cpu/repack.cpp.o
[INFO] [stderr]   [ 18%] Building CXX object src/CMakeFiles/ggml-cpu.dir/ggml-cpu/binary-ops.cpp.o
[INFO] [stderr]   [ 19%] Building CXX object src/CMakeFiles/ggml-cpu.dir/ggml-cpu/unary-ops.cpp.o
[INFO] [stderr]   [ 20%] Building CXX object src/CMakeFiles/ggml-cpu.dir/ggml-cpu/ops.cpp.o
[INFO] [stderr]   [ 21%] Building CXX object src/CMakeFiles/ggml-cpu.dir/ggml-cpu/vec.cpp.o
[INFO] [stderr]   [ 22%] Building C object src/CMakeFiles/ggml-cpu.dir/ggml-cpu/arch/x86/quants.c.o
[INFO] [stderr]   [ 23%] Building CXX object src/CMakeFiles/ggml-cpu.dir/ggml-cpu/arch/x86/repack.cpp.o
[INFO] [stderr]   [ 24%] Linking CXX static library libggml-cpu.a
[INFO] [stderr]   [ 24%] Built target ggml-cpu
[INFO] [stderr]   [ 25%] Building CXX object src/CMakeFiles/ggml.dir/ggml-backend-reg.cpp.o
[INFO] [stderr]   [ 26%] Building CXX object src/CMakeFiles/ggml.dir/ggml-backend-dl.cpp.o
[INFO] [stderr]   [ 27%] Linking CXX static library libggml.a
[INFO] [stderr]   [ 27%] Built target ggml
[INFO] [stderr]   [ 28%] Building CXX object tests/CMakeFiles/test-arange.dir/test-arange.cpp.o
[INFO] [stderr]   [ 29%] Building CXX object tests/CMakeFiles/test-backend-ops.dir/test-backend-ops.cpp.o
[INFO] [stderr]   [ 30%] Building CXX object tests/CMakeFiles/test-pad-reflect-1d.dir/test-pad-reflect-1d.cpp.o
[INFO] [stderr]   [ 31%] Building CXX object tests/CMakeFiles/test-quantize-perf.dir/test-quantize-perf.cpp.o
[INFO] [stderr]   [ 32%] Building CXX object tests/CMakeFiles/test-timestep_embedding.dir/test-timestep_embedding.cpp.o
[INFO] [stderr]   [ 33%] Building C object tests/CMakeFiles/test-pool.dir/test-pool.c.o
[INFO] [stderr]   [ 34%] Building CXX object tests/CMakeFiles/test-quantize-fns.dir/test-quantize-fns.cpp.o
[INFO] [stderr]   [ 35%] Building CXX object tests/CMakeFiles/test-opt.dir/test-opt.cpp.o
[INFO] [stderr]   [ 36%] Linking CXX executable ../bin/test-arange
[INFO] [stderr]   [ 37%] Linking CXX executable ../bin/test-pad-reflect-1d
[INFO] [stderr]   [ 37%] Built target test-arange
[INFO] [stderr]   [ 38%] Building CXX object tests/CMakeFiles/test-roll.dir/test-roll.cpp.o
[INFO] [stderr]   [ 39%] Linking CXX executable ../bin/test-pool
[INFO] [stderr]   [ 40%] Linking CXX executable ../bin/test-timestep_embedding
[INFO] [stderr]   [ 40%] Built target test-pad-reflect-1d
[INFO] [stderr]   [ 41%] Building C object tests/CMakeFiles/test-conv-transpose.dir/test-conv-transpose.c.o
[INFO] [stderr]   [ 41%] Built target test-pool
[INFO] [stderr]   [ 41%] Built target test-timestep_embedding
[INFO] [stderr]   [ 42%] Building CXX object tests/CMakeFiles/test-conv-transpose-1d.dir/test-conv-transpose-1d.cpp.o
[INFO] [stderr]   [ 43%] Building C object tests/CMakeFiles/test-dup.dir/test-dup.c.o
[INFO] [stderr]   [ 44%] Linking CXX executable ../bin/test-dup
[INFO] [stderr]   [ 45%] Linking CXX executable ../bin/test-conv-transpose
[INFO] [stderr]   [ 45%] Built target test-dup
[INFO] [stderr]   [ 46%] Linking CXX executable ../bin/test-quantize-fns
[INFO] [stderr]   [ 47%] Building C object tests/CMakeFiles/test-rel-pos.dir/test-rel-pos.c.o
[INFO] [stderr]   [ 48%] Linking CXX executable ../bin/test-roll
[INFO] [stderr]   [ 48%] Built target test-conv-transpose
[INFO] [stderr]   [ 49%] Linking CXX executable ../bin/test-rel-pos
[INFO] [stderr]   [ 50%] Building C object tests/CMakeFiles/test-customop.dir/test-customop.c.o
[INFO] [stderr]   [ 50%] Built target test-roll
[INFO] [stderr]   [ 51%] Building CXX object tests/CMakeFiles/test-conv1d.dir/test-conv1d.cpp.o
[INFO] [stderr]   [ 51%] Built target test-quantize-fns
[INFO] [stderr]   [ 52%] Building CXX object tests/CMakeFiles/test-conv1d-dw-c1.dir/test-conv1d-dw-c1.cpp.o
[INFO] [stderr]   [ 53%] Linking CXX executable ../bin/test-customop
[INFO] [stderr]   [ 53%] Built target test-rel-pos
[INFO] [stderr]   [ 54%] Building CXX object tests/CMakeFiles/test-conv1d-dw-c2.dir/test-conv1d-dw-c2.cpp.o
[INFO] [stderr]   [ 54%] Built target test-customop
[INFO] [stderr]   [ 55%] Building CXX object tests/CMakeFiles/test-conv2d.dir/test-conv2d.cpp.o
[INFO] [stderr]   [ 56%] Linking CXX executable ../bin/test-conv1d
[INFO] [stderr]   [ 57%] Linking CXX executable ../bin/test-conv1d-dw-c1
[INFO] [stderr]   [ 58%] Linking CXX executable ../bin/test-conv1d-dw-c2
[INFO] [stderr]   [ 58%] Built target test-conv1d
[INFO] [stderr]   [ 59%] Building CXX object tests/CMakeFiles/test-conv2d-dw.dir/test-conv2d-dw.cpp.o
[INFO] [stderr]   [ 59%] Built target test-conv1d-dw-c1
[INFO] [stderr]   [ 59%] Linking CXX executable ../bin/test-conv-transpose-1d
[INFO] [stderr]   [ 60%] Building C object tests/CMakeFiles/test-cont.dir/test-cont.c.o
[INFO] [stderr]   [ 60%] Built target test-conv1d-dw-c2
[INFO] [stderr]   [ 61%] Building CXX object tests/CMakeFiles/test-interpolate.dir/test-interpolate.cpp.o
[INFO] [stderr]   [ 62%] Linking CXX executable ../bin/test-conv2d
[INFO] [stderr]   [ 62%] Built target test-conv2d
[INFO] [stderr]   [ 63%] Building CXX object examples/CMakeFiles/common-ggml.dir/common-ggml.cpp.o
[INFO] [stderr]   [ 63%] Built target test-conv-transpose-1d
[INFO] [stderr]   [ 63%] Linking CXX executable ../bin/test-opt
[INFO] [stderr]   [ 64%] Building CXX object examples/yolo/CMakeFiles/yolov3-tiny.dir/yolov3-tiny.cpp.o
[INFO] [stderr]   [ 65%] Linking CXX executable ../bin/test-cont
[INFO] [stderr]   [ 65%] Built target test-opt
[INFO] [stderr]   [ 66%] Linking CXX executable ../bin/test-quantize-perf
[INFO] [stderr]   [ 67%] Building CXX object examples/mnist/CMakeFiles/mnist-common.dir/mnist-common.cpp.o
[INFO] [stderr]   [ 67%] Built target test-cont
[INFO] [stderr]   [ 68%] Building CXX object examples/sam/CMakeFiles/sam.dir/sam.cpp.o
[INFO] [stderr]   [ 69%] Linking CXX executable ../bin/test-interpolate
[INFO] [stderr]   [ 69%] Built target test-quantize-perf
[INFO] [stderr]   [ 70%] Building CXX object examples/simple/CMakeFiles/simple-ctx.dir/simple-ctx.cpp.o
[INFO] [stderr]   [ 71%] Linking CXX executable ../bin/test-conv2d-dw
[INFO] [stderr]   [ 71%] Built target test-interpolate
[INFO] [stderr]   [ 72%] Building CXX object examples/yolo/CMakeFiles/yolov3-tiny.dir/yolo-image.cpp.o
[INFO] [stderr]   [ 72%] Built target test-conv2d-dw
[INFO] [stderr]   [ 73%] Building CXX object examples/simple/CMakeFiles/simple-backend.dir/simple-backend.cpp.o
[INFO] [stderr]   [ 74%] Linking CXX executable ../../bin/simple-ctx
[INFO] [stderr]   [ 74%] Built target simple-ctx
[INFO] [stderr]   [ 75%] Linking CXX executable ../../bin/simple-backend
[INFO] [stderr]   [ 75%] Built target simple-backend
[INFO] [stderr]   [ 76%] Linking CXX static library libmnist-common.a
[INFO] [stderr]   [ 76%] Built target mnist-common
[INFO] [stderr]   [ 76%] Building CXX object examples/mnist/CMakeFiles/mnist-train.dir/mnist-train.cpp.o
[INFO] [stderr]   [ 77%] Building CXX object examples/mnist/CMakeFiles/mnist-eval.dir/mnist-eval.cpp.o
[INFO] [stderr]   [ 78%] Linking CXX executable ../../bin/mnist-train
[INFO] [stderr]   [ 79%] Linking CXX executable ../../bin/mnist-eval
[INFO] [stderr]   [ 79%] Built target mnist-eval
[INFO] [stderr]   [ 79%] Built target mnist-train
[INFO] [stderr]   [ 80%] Linking CXX static library libcommon-ggml.a
[INFO] [stderr]   [ 80%] Built target common-ggml
[INFO] [stderr]   [ 81%] Building CXX object examples/gpt-2/CMakeFiles/gpt-2-alloc.dir/main-alloc.cpp.o
[INFO] [stderr]   [ 82%] Building CXX object examples/gpt-2/CMakeFiles/gpt-2-ctx.dir/main-ctx.cpp.o
[INFO] [stderr]   [ 84%] Building CXX object examples/gpt-2/CMakeFiles/gpt-2-backend.dir/main-backend.cpp.o
[INFO] [stderr]   [ 84%] Building CXX object examples/gpt-2/CMakeFiles/gpt-2-sched.dir/main-sched.cpp.o
[INFO] [stderr]   [ 85%] Building CXX object examples/gpt-2/CMakeFiles/gpt-2-quantize.dir/quantize.cpp.o
[INFO] [stderr]   [ 86%] Linking CXX executable ../../bin/gpt-2-quantize
[INFO] [stderr]   [ 86%] Built target gpt-2-quantize
[INFO] [stderr]   [ 86%] Building CXX object examples/gpt-2/CMakeFiles/gpt-2-batched.dir/main-batched.cpp.o
[INFO] [stderr]   [ 87%] Linking CXX executable ../../bin/gpt-2-backend
[INFO] [stderr]   [ 88%] Linking CXX executable ../../bin/gpt-2-ctx
[INFO] [stderr]   [ 89%] Linking CXX executable ../../bin/gpt-2-alloc
[INFO] [stderr]   [ 89%] Built target gpt-2-alloc
[INFO] [stderr]   [ 89%] Built target gpt-2-backend
[INFO] [stderr]   [ 89%] Built target gpt-2-ctx
[INFO] [stderr]   [ 90%] Linking CXX executable ../../bin/gpt-2-batched
[INFO] [stderr]   [ 90%] Built target gpt-2-batched
[INFO] [stderr] 
[INFO] [stderr]   --- stderr
[INFO] [stderr]   In file included from /opt/rustwide/target/release/build/nemotron-asr-sys-9f1c4add6640a655/out/nemotron-asr.cpp/ggml/examples/yolo/yolo-image.cpp:2:
[INFO] [stderr]   /opt/rustwide/target/release/build/nemotron-asr-sys-9f1c4add6640a655/out/nemotron-asr.cpp/ggml/examples/stb_image.h: In function 'int stbi__parse_png_file(stbi__png*, int, int)':
[INFO] [stderr]   /opt/rustwide/target/release/build/nemotron-asr-sys-9f1c4add6640a655/out/nemotron-asr.cpp/ggml/examples/stb_image.h:5166:56: warning: writing 1 byte into a region of size 0 [-Wstringop-overflow=]
[INFO] [stderr]    5166 |                   for (k = 0; k < s->img_n; ++k) tc[k] = (stbi_uc)(stbi__get16be(s) & 255) * stbi__depth_scale_table[z->depth]; // non 8-bit images will be larger
[INFO] [stderr]         |                                                  ~~~~~~^~~~~~~~~~~~~~~~~~~~~~~~~~~~~~~~~~~~~~~~~~~~~~~~~~~~~~~~~~~~~~~~~~~~~~~
[INFO] [stderr]   /opt/rustwide/target/release/build/nemotron-asr-sys-9f1c4add6640a655/out/nemotron-asr.cpp/ggml/examples/stb_image.h:5082:25: note: at offset 3 into destination object 'tc' of size 3
[INFO] [stderr]    5082 |    stbi_uc has_trans=0, tc[3]={0};
[INFO] [stderr]         |                         ^~
[INFO] [stderr]   c++: fatal error: Killed signal terminated program cc1plus
[INFO] [stderr]   compilation terminated.
[INFO] [stderr]   gmake[2]: *** [tests/CMakeFiles/test-backend-ops.dir/build.make:79: tests/CMakeFiles/test-backend-ops.dir/test-backend-ops.cpp.o] Error 1
[INFO] [stderr]   gmake[1]: *** [CMakeFiles/Makefile2:529: tests/CMakeFiles/test-backend-ops.dir/all] Error 2
[INFO] [stderr]   gmake[1]: *** Waiting for unfinished jobs....
[INFO] [stderr]   c++: fatal error: Killed signal terminated program cc1plus
[INFO] [stderr]   compilation terminated.
[INFO] [stderr]   gmake[2]: *** [examples/gpt-2/CMakeFiles/gpt-2-sched.dir/build.make:79: examples/gpt-2/CMakeFiles/gpt-2-sched.dir/main-sched.cpp.o] Error 1
[INFO] [stderr]   gmake[1]: *** [CMakeFiles/Makefile2:1454: examples/gpt-2/CMakeFiles/gpt-2-sched.dir/all] Error 2
[INFO] [stderr]   c++: fatal error: Killed signal terminated program cc1plus
[INFO] [stderr]   compilation terminated.
[INFO] [stderr]   gmake[2]: *** [examples/yolo/CMakeFiles/yolov3-tiny.dir/build.make:93: examples/yolo/CMakeFiles/yolov3-tiny.dir/yolo-image.cpp.o] Error 1
[INFO] [stderr]   gmake[1]: *** [CMakeFiles/Makefile2:1310: examples/yolo/CMakeFiles/yolov3-tiny.dir/all] Error 2
[INFO] [stderr]   c++: fatal error: Killed signal terminated program cc1plus
[INFO] [stderr]   compilation terminated.
[INFO] [stderr]   gmake[2]: *** [examples/sam/CMakeFiles/sam.dir/build.make:79: examples/sam/CMakeFiles/sam.dir/sam.cpp.o] Error 1
[INFO] [stderr]   gmake[1]: *** [CMakeFiles/Makefile2:1740: examples/sam/CMakeFiles/sam.dir/all] Error 2
[INFO] [stderr]   gmake: *** [Makefile:146: all] Error 2
[INFO] [stderr] 
[INFO] [stderr]   thread 'main' (114) panicked at build.rs:166:9:
[INFO] [stderr]   GGML build failed
[INFO] [stderr]   stack backtrace:
[INFO] [stderr]      0:     0x57f188125a51 - <<std[70759c8f55707aa4]::sys::backtrace::BacktraceLock>::print::DisplayBacktrace as core[df12db4294e9bfd3]::fmt::Display>::fmt
[INFO] [stderr]      1:     0x57f1881373fa - core[df12db4294e9bfd3]::fmt::write
[INFO] [stderr]      2:     0x57f188129b8c - <std[70759c8f55707aa4]::sys::stdio::unix::Stderr as core[df12db4294e9bfd3]::io::write::Write>::write_fmt
[INFO] [stderr]      3:     0x57f188106b26 - std[70759c8f55707aa4]::panicking::default_hook::{closure#0}
[INFO] [stderr]      4:     0x57f18811fff1 - std[70759c8f55707aa4]::panicking::default_hook
[INFO] [stderr]      5:     0x57f1881201ab - std[70759c8f55707aa4]::panicking::panic_with_hook
[INFO] [stderr]      6:     0x57f188106c04 - std[70759c8f55707aa4]::panicking::panic_handler::{closure#0}
[INFO] [stderr]      7:     0x57f1880ff989 - std[70759c8f55707aa4]::sys::backtrace::__rust_end_short_backtrace::<std[70759c8f55707aa4]::panicking::panic_handler::{closure#0}, !>
[INFO] [stderr]      8:     0x57f1881073ed - __rustc[8fa7c3cbc660c2b3]::rust_begin_unwind
[INFO] [stderr]      9:     0x57f188137b6c - core[df12db4294e9bfd3]::panicking::panic_fmt
[INFO] [stderr]     10:     0x57f1880e6d07 - build_script_build[9c236a36c85d3e7e]::build_and_link_vendored
[INFO] [stderr]     11:     0x57f1880e828d - build_script_build[9c236a36c85d3e7e]::main
[INFO] [stderr]     12:     0x57f1880ea8c3 - <fn() as core[df12db4294e9bfd3]::ops::function::FnOnce<()>>::call_once
[INFO] [stderr]     13:     0x57f1880dee56 - std[70759c8f55707aa4]::sys::backtrace::__rust_begin_short_backtrace::<fn(), ()>
[INFO] [stderr]     14:     0x57f1880e5979 - std[70759c8f55707aa4]::rt::lang_start::<()>::{closure#0}
[INFO] [stderr]     15:     0x57f18811f429 - std[70759c8f55707aa4]::rt::lang_start_internal
[INFO] [stderr]     16:     0x57f1880e4ad1 - std[70759c8f55707aa4]::rt::lang_start::<()>
[INFO] [stderr]     17:     0x57f1880eaa85 - main
[INFO] [stderr]     18:     0x7c9e35bcf601 - <unknown>
[INFO] [stderr]     19:     0x7c9e35bcf718 - __libc_start_main
[INFO] [stderr]     20:     0x57f1880dd6b5 - _start
[INFO] [stderr]     21:                0x0 - <unknown>
[INFO] running `Command { std: "docker" "inspect" "9b702d7a55e93f43979feb6958705b6e787ef685f1f7c3c700e308f7d528bf88", kill_on_drop: false }`
[INFO] running `Command { std: "docker" "rm" "-f" "9b702d7a55e93f43979feb6958705b6e787ef685f1f7c3c700e308f7d528bf88", kill_on_drop: false }`
[INFO] [stdout] 9b702d7a55e93f43979feb6958705b6e787ef685f1f7c3c700e308f7d528bf88
