[INFO] fetching crate necessist 4.1.0...
[INFO] testing necessist-4.1.0 against 1.100.0-beta.1+cargoflags=--release for beta-release-1.100-2
[INFO] extracting crate necessist 4.1.0 into /workspace/builds/worker-6-tc2/source
[INFO] started tweaking crates.io crate necessist 4.1.0
[INFO] removed 0 missing tests
[INFO] finished tweaking crates.io crate necessist 4.1.0
[INFO] tweaked toml for crates.io crate necessist 4.1.0 written to /workspace/builds/worker-6-tc2/source/Cargo.toml
[INFO] validating manifest of crates.io crate necessist 4.1.0 on toolchain 1.100.0-beta.1
[INFO] running `Command { std: CARGO_HOME="/workspace/cargo-home" RUSTUP_HOME="/workspace/rustup-home" "/workspace/cargo-home/bin/cargo" "+1.100.0-beta.1" "metadata" "--manifest-path" "Cargo.toml" "--no-deps", kill_on_drop: false }`
[INFO] crate crates.io crate necessist 4.1.0 already has a lockfile, it will not be regenerated
[INFO] running `Command { std: CARGO_HOME="/workspace/cargo-home" RUSTUP_HOME="/workspace/rustup-home" "/workspace/cargo-home/bin/cargo" "+1.100.0-beta.1" "fetch" "--manifest-path" "Cargo.toml", kill_on_drop: false }`
[INFO] running `Command { std: "docker" "create" "-v" "/var/lib/crater-agent-workspace/builds/worker-6-tc2/source:/opt/rustwide/workdir:ro,Z" "-v" "/var/lib/crater-agent-workspace/builds/worker-6-tc2/target:/opt/rustwide/target:rw,Z" "-v" "/var/lib/crater-agent-workspace/cargo-home:/opt/rustwide/cargo-home:ro,Z" "-v" "/var/lib/crater-agent-workspace/rustup-home:/opt/rustwide/rustup-home:ro,Z" "-m" "1610612736" "--network" "none" "ghcr.io/rust-lang/crates-build-env/linux@sha256:77db811e55d90add9212f6832c23229e3de5f1c1f9905e8cb07319ea15df73ac" "sleep" "infinity", kill_on_drop: false }`
[INFO] [stdout] 245704b143d20488079bedf353df6fafe023e921d3ffdea9b5e598281f2139e5
[INFO] running `Command { std: "docker" "start" "245704b143d20488079bedf353df6fafe023e921d3ffdea9b5e598281f2139e5", kill_on_drop: false }`
[INFO] running `Command { std: "docker" "inspect" "245704b143d20488079bedf353df6fafe023e921d3ffdea9b5e598281f2139e5", kill_on_drop: false }`
[INFO] running `Command { std: "docker" "exec" "-e" "SOURCE_DIR=/opt/rustwide/workdir" "-e" "CARGO_HOME=/opt/rustwide/cargo-home" "-e" "RUSTUP_HOME=/opt/rustwide/rustup-home" "-e" "CARGO_TARGET_DIR=/opt/rustwide/target" "-w" "/opt/rustwide/workdir" "--user" "0:0" "245704b143d20488079bedf353df6fafe023e921d3ffdea9b5e598281f2139e5" "/opt/rustwide/cargo-home/bin/cargo" "+1.100.0-beta.1" "metadata" "--no-deps" "--format-version=1", kill_on_drop: false }`
[INFO] running `Command { std: "docker" "inspect" "245704b143d20488079bedf353df6fafe023e921d3ffdea9b5e598281f2139e5", kill_on_drop: false }`
[INFO] running `Command { std: "docker" "exec" "-e" "SOURCE_DIR=/opt/rustwide/workdir" "-e" "CARGO_HOME=/opt/rustwide/cargo-home" "-e" "RUSTUP_HOME=/opt/rustwide/rustup-home" "-e" "CARGO_TARGET_DIR=/opt/rustwide/target" "-e" "CARGO_INCREMENTAL=0" "-e" "RUST_BACKTRACE=full" "-e" "RUSTFLAGS=--cap-lints=warn" "-e" "RUSTDOCFLAGS=--cap-lints=warn" "-w" "/opt/rustwide/workdir" "--user" "0:0" "245704b143d20488079bedf353df6fafe023e921d3ffdea9b5e598281f2139e5" "/opt/rustwide/cargo-home/bin/cargo" "+1.100.0-beta.1" "build" "--frozen" "--message-format=json" "--release", kill_on_drop: false }`
[INFO] [stderr]    Compiling libc v0.2.189
[INFO] [stderr]    Compiling zerocopy v0.8.58
[INFO] [stderr]    Compiling serde_core v1.0.229
[INFO] [stderr]    Compiling find-msvc-tools v0.1.13
[INFO] [stderr]    Compiling smallvec v1.16.1
[INFO] [stderr]    Compiling siphasher v1.0.3
[INFO] [stderr]    Compiling syn v2.0.119
[INFO] [stderr]    Compiling zerofrom v0.1.8
[INFO] [stderr]    Compiling yoke-derive v0.8.3
[INFO] [stderr]    Compiling phf_shared v0.11.3
[INFO] [stderr]    Compiling serde v1.0.229
[INFO] [stderr]    Compiling either v1.18.0
[INFO] [stderr]    Compiling hashbrown v0.17.1
[INFO] [stderr]    Compiling proc-macro-utils v0.10.0
[INFO] [stderr]    Compiling litemap v0.8.3
[INFO] [stderr]    Compiling writeable v0.6.4
[INFO] [stderr]    Compiling aho-corasick v1.1.5
[INFO] [stderr]    Compiling yoke v0.8.3
[INFO] [stderr]    Compiling ahash v0.8.12
[INFO] [stderr]    Compiling castaway v0.2.4
[INFO] [stderr]    Compiling zerovec v0.11.8
[INFO] [stderr]    Compiling indexmap v2.14.2
[INFO] [stderr]    Compiling zerotrie v0.2.5
[INFO] [stderr]    Compiling jobserver v0.1.35
[INFO] [stderr]    Compiling cc v1.4.7
[INFO] [stderr]    Compiling getrandom v0.2.17
[INFO] [stderr]    Compiling rand_core v0.6.4
[INFO] [stderr]    Compiling tinystr v0.8.4
[INFO] [stderr]    Compiling potential_utf v0.1.6
[INFO] [stderr]    Compiling icu_collections v2.3.0
[INFO] [stderr]    Compiling icu_locale_core v2.3.0
[INFO] [stderr]    Compiling memchr v2.8.3
[INFO] [stderr]    Compiling allocator-api2 v0.2.21
[INFO] [stderr]    Compiling anyhow v1.0.104
[INFO] [stderr]    Compiling regex-automata v0.4.18
[INFO] [stderr]    Compiling manyhow-macros v0.11.4
[INFO] [stderr]    Compiling icu_provider v2.3.1
[INFO] [stderr]    Compiling swc_macros_common v1.0.1
[INFO] [stderr]    Compiling ppv-lite86 v0.2.21
[INFO] [stderr]    Compiling manyhow v0.11.4
[INFO] [stderr]    Compiling icu_normalizer v2.3.0
[INFO] [stderr]    Compiling icu_properties v2.3.0
[INFO] [stderr]    Compiling rand_chacha v0.3.1
[INFO] [stderr]    Compiling rand v0.8.8
[INFO] [stderr]    Compiling quote-use-macros v0.8.4
[INFO] [stderr]    Compiling phf_generator v0.11.3
[INFO] [stderr]    Compiling tracing-attributes v0.1.31
[INFO] [stderr]    Compiling phf_macros v0.11.3
[INFO] [stderr]    Compiling quote-use v0.8.4
[INFO] [stderr]    Compiling tracing-core v0.1.36
[INFO] [stderr]    Compiling log v0.4.34
[INFO] [stderr]    Compiling collection_literals v1.0.3
[INFO] [stderr]    Compiling interpolator v0.5.0
[INFO] [stderr]    Compiling phf v0.11.3
[INFO] [stderr]    Compiling idna_adapter v1.2.2
[INFO] [stderr]    Compiling attribute-derive-macro v0.10.5
[INFO] [stderr]    Compiling triomphe v0.1.16
[INFO] [stderr]    Compiling derive-where v1.7.0
[INFO] [stderr]    Compiling tracing v0.1.44
[INFO] [stderr]    Compiling tree-sitter-language v0.1.8
[INFO] [stderr]    Compiling percent-encoding v2.3.2
[INFO] [stderr]    Compiling form_urlencoded v1.2.2
[INFO] [stderr]    Compiling idna v1.1.0
[INFO] [stderr]    Compiling is-macro v0.3.8
[INFO] [stderr]    Compiling better_scoped_tls v1.0.1
[INFO] [stderr]    Compiling bytes-str v0.2.9
[INFO] [stderr]    Compiling num-bigint v0.4.8
[INFO] [stderr]    Compiling url v2.5.8
[INFO] [stderr]    Compiling from_variant v3.0.0
[INFO] [stderr]    Compiling ast_node v7.0.0
[INFO] [stderr]    Compiling hashbrown v0.14.5
[INFO] [stderr]    Compiling swc_eq_ignore_macros v1.0.1
[INFO] [stderr]    Compiling attribute-derive v0.10.5
[INFO] [stderr]    Compiling compact_str v0.10.0
[INFO] [stderr]    Compiling hstr v4.0.2
[INFO] [stderr]    Compiling ordermap v1.2.2
[INFO] [stderr]    Compiling get-size-derive2 v0.11.0
[INFO] [stderr]    Compiling dirs-sys-next v0.1.2
[INFO] [stderr]    Compiling swc_atoms v10.0.0
[INFO] [stderr]    Compiling swc_visit v2.0.2
[INFO] [stderr]    Compiling thin-vec v0.2.20
[INFO] [stderr]    Compiling swc_common v26.0.0
[INFO] [stderr]    Compiling darling_core v0.21.3
[INFO] [stderr]    Compiling get-size2 v0.11.0
[INFO] [stderr]    Compiling dirs-next v2.0.0
[INFO] [stderr]    Compiling object v0.39.1
[INFO] [stderr]    Compiling parking_lot_core v0.9.12
[INFO] [stderr]    Compiling bstr v1.13.1
[INFO] [stderr]    Compiling string_enum v1.0.2
[INFO] [stderr]    Compiling libz-sys v1.1.29
[INFO] [stderr]    Compiling proc-macro2 v1.0.107
[INFO] [stderr]    Compiling unicode-id-start v1.5.0
[INFO] [stderr]    Compiling regex-syntax v0.8.11
[INFO] [stderr]    Compiling getrandom v0.4.3
[INFO] [stderr]    Compiling serde_json v1.0.151
[INFO] [stderr]    Compiling unicode-width v0.2.2
[INFO] [stderr]    Compiling tiny-keccak v2.0.2
[INFO] [stderr]    Compiling getopts v0.2.24
[INFO] [stderr]    Compiling swc_ecma_ast v29.0.2
[INFO] [stderr]    Compiling parking_lot v0.12.5
[INFO] [stderr]    Compiling darling_macro v0.21.3
[INFO] [stderr]    Compiling term v0.7.0
[INFO] [stderr]    Compiling phf_codegen v0.11.3
[INFO] [stderr]    Compiling portable-atomic v1.15.0
[INFO] [stderr]    Compiling dragonbox_ecma v0.1.12
[INFO] [stderr]    Compiling bit-vec v0.6.3
[INFO] [stderr]    Compiling string_cache v0.8.9
[INFO] [stderr]    Compiling bit-set v0.5.3
[INFO] [stderr]    Compiling petgraph v0.6.5
[INFO] [stderr]    Compiling nix v0.31.3
[INFO] [stderr]    Compiling ar_archive_writer v0.5.3
[INFO] [stderr]    Compiling regex v1.13.1
[INFO] [stderr]    Compiling unicode_names2_generator v1.3.0
[INFO] [stderr]    Compiling ascii-canvas v3.0.0
[INFO] [stderr]    Compiling psm v0.1.32
[INFO] [stderr]    Compiling crossbeam-epoch v0.9.21
[INFO] [stderr]    Compiling darling v0.21.3
[INFO] [stderr]    Compiling ruff_text_size v0.0.14
[INFO] [stderr]    Compiling itertools v0.11.0
[INFO] [stderr]    Compiling ena v0.14.4
[INFO] [stderr]    Compiling libsqlite3-sys v0.38.2
[INFO] [stderr]    Compiling libgit2-sys v0.18.8+1.9.7
[INFO] [stderr]    Compiling itertools v0.15.0
[INFO] [stderr]    Compiling unicode-xid v0.2.6
[INFO] [stderr]    Compiling lalrpop-util v0.20.2
[INFO] [stderr]    Compiling diesel_derives v2.3.10
[INFO] [stderr]    Compiling digest v0.11.3
[INFO] [stderr]    Compiling tempfile v3.27.0
[INFO] [stderr]    Compiling lalrpop v0.20.2
[INFO] [stderr]    Compiling tree-sitter v0.27.0
[INFO] [stderr]    Compiling swc_ecma_visit v29.0.0
[INFO] [stderr]    Compiling ruff_source_file v0.0.14
[INFO] [stderr]    Compiling crossbeam-deque v0.8.8
[INFO] [stderr]    Compiling dsl_auto_type v0.2.0
[INFO] [stderr]    Compiling unicode_names2 v1.3.0
[INFO] [stderr]    Compiling globset v0.4.20
[INFO] [stderr]    Compiling compact_str v0.7.1
[INFO] [stderr]    Compiling diesel_table_macro_syntax v0.3.0
[INFO] [stderr]    Compiling stacker v0.1.25
[INFO] [stderr]    Compiling toml_datetime v1.1.1+spec-1.1.0
[INFO] [stderr]    Compiling par-core v2.0.0
[INFO] [stderr]    Compiling num_cpus v1.17.0
[INFO] [stderr]    Compiling predicates-core v1.0.10
[INFO] [stderr]    Compiling rlimit v0.11.0
[INFO] [stderr]    Compiling camino v1.2.6
[INFO] [stderr]    Compiling clap_builder v4.6.7
[INFO] [stderr]    Compiling swc_ecma_parser v45.1.5
[INFO] [stderr]    Compiling sha2 v0.11.0
[INFO] [stderr]    Compiling swc_ecma_utils v35.0.2
[INFO] [stderr]    Compiling ignore v0.4.33
[INFO] [stderr]    Compiling elaborate v2.2.0
[INFO] [stderr]    Compiling solang-parser v0.3.5
[INFO] [stderr]    Compiling ruff_python_trivia v0.0.14
[INFO] [stderr]    Compiling char_str v0.0.4
[INFO] [stderr]    Compiling console v0.16.6
[INFO] [stderr]    Compiling thiserror-impl v1.0.69
[INFO] [stderr]    Compiling tree-sitter-php v0.24.2
[INFO] [stderr]    Compiling tree-sitter-go v0.25.0
[INFO] [stderr]    Compiling bumpalo v3.20.3
[INFO] [stderr]    Compiling semver v1.0.28
[INFO] [stderr]    Compiling serde_spanned v1.1.1
[INFO] [stderr]    Compiling quote v1.0.47
[INFO] [stderr]    Compiling assert_cmd v2.2.2
[INFO] [stderr]    Compiling unit-prefix v0.5.2
[INFO] [stderr]    Compiling shell-escape v0.1.5
[INFO] [stderr]    Compiling swc_core v80.0.1
[INFO] [stderr]    Compiling downcast-rs v2.0.2
[INFO] [stderr]    Compiling libyaml-rs v0.3.0
[INFO] [stderr]    Compiling termtree v0.5.1
[INFO] [stderr]    Compiling arrayvec v0.7.8
[INFO] [stderr]    Compiling predicates-tree v1.0.13
[INFO] [stderr]    Compiling cargo-util v0.2.31
[INFO] [stderr]    Compiling ruff_python_ast v0.0.14
[INFO] [stderr]    Compiling diesel v2.3.13
[INFO] [stderr]    Compiling yaml_serde v0.10.7
[INFO] [stderr]    Compiling indicatif v0.18.6
[INFO] [stderr]    Compiling predicates v3.1.4
[INFO] [stderr]    Compiling clap v4.6.7
[INFO] [stderr]    Compiling toml v1.1.6+spec-1.1.0
[INFO] [stderr]    Compiling swc_allocator v5.0.0
[INFO] [stderr]    Compiling thiserror v1.0.69
[INFO] [stderr]    Compiling ctrlc v3.5.2
[INFO] [stderr]    Compiling necessist-backends v4.1.0
[INFO] [stderr]    Compiling swc_ecma_transforms_base v49.0.1
[INFO] [stderr]    Compiling rewriter v2.1.0
[INFO] [stderr]    Compiling strum_macros v0.28.0
[INFO] [stderr]    Compiling cargo-platform v0.3.3
[INFO] [stderr]    Compiling itertools v0.12.1
[INFO] [stderr]    Compiling vte v0.14.1
[INFO] [stderr]    Compiling remain v0.2.16
[INFO] [stderr]    Compiling subprocess v1.2.1
[INFO] [stderr]    Compiling wait-timeout v0.2.1
[INFO] [stderr]    Compiling jiff-core v0.1.1
[INFO] [stderr]    Compiling dunce v1.0.5
[INFO] [stderr]    Compiling heck v0.5.0
[INFO] [stderr]    Compiling drop_bomb v0.1.5
[INFO] [stderr]    Compiling ansi_term v0.12.1
[INFO] [stderr]    Compiling streaming-iterator v0.1.9
[INFO] [stderr]    Compiling strum v0.28.0
[INFO] [stderr]    Compiling jiff v0.2.37
[INFO] [stderr]    Compiling ruff_python_parser v0.0.14
[INFO] [stderr]    Compiling strip-ansi-escapes v0.2.1
[INFO] [stderr]    Compiling cargo_metadata v0.23.1
[INFO] [stderr]    Compiling syn v3.0.6
[INFO] [stderr]    Compiling toml_edit v0.25.15+spec-1.1.0
[INFO] [stderr]    Compiling env_filter v2.0.0
[INFO] [stderr]    Compiling env_logger v0.11.11
[INFO] [stderr]    Compiling git2 v0.21.0
[INFO] [stderr]    Compiling necessist-core v4.1.0
[INFO] [stderr]    Compiling necessist v4.1.0 (/opt/rustwide/workdir)
[INFO] [stderr]     Finished `release` profile [optimized] target(s) in 9m 03s
[INFO] [stderr] warning: the following packages contain code that will be rejected by a future version of Rust: attribute-derive-macro v0.10.5
[INFO] [stderr] note: to see what the problems were, use the option `--future-incompat-report`, or run `cargo report future-incompatibilities --id 1`
[INFO] running `Command { std: "docker" "inspect" "245704b143d20488079bedf353df6fafe023e921d3ffdea9b5e598281f2139e5", kill_on_drop: false }`
[INFO] running `Command { std: "docker" "exec" "-e" "SOURCE_DIR=/opt/rustwide/workdir" "-e" "CARGO_HOME=/opt/rustwide/cargo-home" "-e" "RUSTUP_HOME=/opt/rustwide/rustup-home" "-e" "CARGO_TARGET_DIR=/opt/rustwide/target" "-e" "CARGO_INCREMENTAL=0" "-e" "RUST_BACKTRACE=full" "-e" "RUSTFLAGS=--cap-lints=warn" "-e" "RUSTDOCFLAGS=--cap-lints=warn" "-w" "/opt/rustwide/workdir" "--user" "0:0" "245704b143d20488079bedf353df6fafe023e921d3ffdea9b5e598281f2139e5" "/opt/rustwide/cargo-home/bin/cargo" "+1.100.0-beta.1" "test" "--frozen" "--no-run" "--message-format=json" "--release", kill_on_drop: false }`
[INFO] [stderr]    Compiling serde_spanned v1.1.1
[INFO] [stderr]    Compiling normalize-line-endings v0.3.0
[INFO] [stderr]    Compiling similar v3.2.0
[INFO] [stderr]    Compiling ignore v0.4.33
[INFO] [stderr]    Compiling float-cmp v0.10.0
[INFO] [stderr]    Compiling typeid v1.0.3
[INFO] [stderr]    Compiling erased-serde v0.4.10
[INFO] [stderr]    Compiling snapbox-macros v1.1.0
[INFO] [stderr]    Compiling os_pipe v1.2.3
[INFO] [stderr]    Compiling predicates v3.1.4
[INFO] [stderr]    Compiling content_inspector v0.2.4
[INFO] [stderr]    Compiling toml v1.1.6+spec-1.1.0
[INFO] [stderr]    Compiling toml_edit v0.25.15+spec-1.1.0
[INFO] [stderr]    Compiling humantime-serde v1.1.1
[INFO] [stderr]    Compiling rayon v1.12.0
[INFO] [stderr]    Compiling shlex v1.3.0
[INFO] [stderr]    Compiling glob v0.3.4
[INFO] [stderr]    Compiling assert_cmd v2.2.2
[INFO] [stderr]    Compiling cargo-util v0.2.31
[INFO] [stderr]    Compiling necessist-core v4.1.0
[INFO] [stderr]    Compiling similar-asserts v2.0.0
[INFO] [stderr]    Compiling snapbox v1.2.2
[INFO] [stderr]    Compiling necessist-backends v4.1.0
[INFO] [stderr]    Compiling trycmd v1.2.1
[INFO] [stderr]    Compiling supply_chain v0.2.0
[INFO] [stderr]    Compiling serde-untagged v0.1.9
[INFO] [stderr]    Compiling necessist v4.1.0 (/opt/rustwide/workdir)
[INFO] [stdout] error[E0433]: cannot find module or crate `testing` in this scope
[INFO] [stdout]   --> tests/third_party_common/mod.rs:30:5
[INFO] [stdout]    |
[INFO] [stdout] 30 | use testing::{
[INFO] [stdout]    |     ^^^^^^^ use of unresolved module or unlinked crate `testing`
[INFO] [stdout]    |
[INFO] [stdout]    = help: if you wanted to use a crate named `testing`, use `cargo add testing` to add it to your `Cargo.toml`
[INFO] [stdout] 
[INFO] [stdout] 
[INFO] [stdout] error[E0433]: cannot find module or crate `testing` in this scope
[INFO] [stdout]   --> tests/ci.rs:15:5
[INFO] [stdout]    |
[INFO] [stdout] 15 | use testing::tempfile_util::tempdir;
[INFO] [stdout]    |     ^^^^^^^ use of unresolved module or unlinked crate `testing`
[INFO] [stdout]    |
[INFO] [stdout]    = help: if you wanted to use a crate named `testing`, use `cargo add testing` to add it to your `Cargo.toml`
[INFO] [stdout] 
[INFO] [stdout] 
[INFO] [stdout] For more information about this error, try `rustc --explain E0433`.
[INFO] [stdout] 
[INFO] [stderr] error: could not compile `necessist` (test "third_party_1") due to 1 previous error
[INFO] [stderr] warning: build failed, waiting for other jobs to finish...
[INFO] [stdout] error[E0433]: cannot find module or crate `testing` in this scope
[INFO] [stdout]  --> tests/general/main.rs:6:5
[INFO] [stdout]   |
[INFO] [stdout] 6 | use testing::tempfile_util::tempdir;
[INFO] [stdout]   |     ^^^^^^^ use of unresolved module or unlinked crate `testing`
[INFO] [stdout]   |
[INFO] [stdout]   = help: if you wanted to use a crate named `testing`, use `cargo add testing` to add it to your `Cargo.toml`
[INFO] [stdout] 
[INFO] [stdout] 
[INFO] [stdout] error[E0433]: cannot find module or crate `testing` in this scope
[INFO] [stdout]   --> tests/general/skill.rs:10:5
[INFO] [stdout]    |
[INFO] [stdout] 10 | use testing::tempfile_util::tempdir;
[INFO] [stdout]    |     ^^^^^^^ use of unresolved module or unlinked crate `testing`
[INFO] [stdout]    |
[INFO] [stdout]    = help: if you wanted to use a crate named `testing`, use `cargo add testing` to add it to your `Cargo.toml`
[INFO] [stdout] 
[INFO] [stdout] 
[INFO] [stdout] error[E0433]: cannot find module or crate `testing` in this scope
[INFO] [stdout]   --> tests/third_party_common/mod.rs:30:5
[INFO] [stdout]    |
[INFO] [stdout] 30 | use testing::{
[INFO] [stdout]    |     ^^^^^^^ use of unresolved module or unlinked crate `testing`
[INFO] [stdout]    |
[INFO] [stdout]    = help: if you wanted to use a crate named `testing`, use `cargo add testing` to add it to your `Cargo.toml`
[INFO] [stdout] 
[INFO] [stdout] 
[INFO] [stdout] For more information about this error, try `rustc --explain E0433`.
[INFO] [stdout] 
[INFO] [stderr] error: could not compile `necessist` (test "ci") due to 1 previous error
[INFO] [stdout] For more information about this error, try `rustc --explain E0433`.
[INFO] [stdout] 
[INFO] [stderr] error: could not compile `necessist` (test "general") due to 2 previous errors
[INFO] [stdout] For more information about this error, try `rustc --explain E0433`.
[INFO] [stdout] 
[INFO] [stderr] error: could not compile `necessist` (test "third_party_0") due to 1 previous error
[INFO] running `Command { std: "docker" "inspect" "245704b143d20488079bedf353df6fafe023e921d3ffdea9b5e598281f2139e5", kill_on_drop: false }`
[INFO] running `Command { std: "docker" "rm" "-f" "245704b143d20488079bedf353df6fafe023e921d3ffdea9b5e598281f2139e5", kill_on_drop: false }`
[INFO] [stdout] 245704b143d20488079bedf353df6fafe023e921d3ffdea9b5e598281f2139e5
