[INFO] fetching crate ndarray-linalg 0.18.1...
[INFO] testing ndarray-linalg-0.18.1 against 1.99.0-beta.8+cargoflags=--release for beta-release-1.100-2
[INFO] extracting crate ndarray-linalg 0.18.1 into /workspace/builds/worker-1-tc1/source
[INFO] started tweaking crates.io crate ndarray-linalg 0.18.1
[INFO] removed 0 missing examples
[INFO] removed 0 missing tests
[INFO] finished tweaking crates.io crate ndarray-linalg 0.18.1
[INFO] tweaked toml for crates.io crate ndarray-linalg 0.18.1 written to /workspace/builds/worker-1-tc1/source/Cargo.toml
[INFO] validating manifest of crates.io crate ndarray-linalg 0.18.1 on toolchain 1.99.0-beta.8
[INFO] running `Command { std: CARGO_HOME="/workspace/cargo-home" RUSTUP_HOME="/workspace/rustup-home" "/workspace/cargo-home/bin/cargo" "+1.99.0-beta.8" "metadata" "--manifest-path" "Cargo.toml" "--no-deps", kill_on_drop: false }`
[INFO] crate crates.io crate ndarray-linalg 0.18.1 already has a lockfile, it will not be regenerated
[INFO] running `Command { std: CARGO_HOME="/workspace/cargo-home" RUSTUP_HOME="/workspace/rustup-home" "/workspace/cargo-home/bin/cargo" "+1.99.0-beta.8" "fetch" "--manifest-path" "Cargo.toml", kill_on_drop: false }`
[INFO] [stderr]     Updating crates.io index
[INFO] [stderr]  Downloading crates ...
[INFO] [stderr]   Downloaded katexit v0.1.5
[INFO] [stderr]   Downloaded rand_pcg v0.3.1
[INFO] [stderr]   Downloaded cblas-sys v0.1.4
[INFO] [stderr]   Downloaded openblas-src v0.10.13
[INFO] [stderr]   Downloaded intel-mkl-src v0.8.1
[INFO] [stderr]   Downloaded ocipkg v0.2.9
[INFO] [stderr]   Downloaded openblas-build v0.10.13
[INFO] [stderr]   Downloaded base64ct v1.8.0
[INFO] [stderr]   Downloaded getset v0.1.6
[INFO] [stderr]   Downloaded cauchy v0.4.0
[INFO] [stderr]   Downloaded unicode-ident v1.0.20
[INFO] [stderr]   Downloaded lax v0.18.0
[INFO] [stderr]   Downloaded filetime v0.2.26
[INFO] [stderr]   Downloaded intel-mkl-tool v0.8.1
[INFO] [stderr]   Downloaded uuid v1.18.1
[INFO] [stderr]   Downloaded ureq-proto v0.5.2
[INFO] [stderr]   Downloaded oci-spec v0.6.8
[INFO] [stderr]   Downloaded cc v1.2.43
[INFO] [stderr]   Downloaded flate2 v1.1.5
[INFO] [stderr]   Downloaded rustls-pki-types v1.13.0
[INFO] [stderr]   Downloaded rustls-webpki v0.103.8
[INFO] [stderr]   Downloaded clap_lex v0.7.6
[INFO] [stderr]   Downloaded ndarray v0.17.1
[INFO] [stderr]   Downloaded ureq v3.1.2
[INFO] [stderr]   Downloaded clap v4.5.50
[INFO] [stderr]   Downloaded portable-atomic v1.11.1
[INFO] [stderr]   Downloaded webpki-root-certs v1.0.3
[INFO] [stderr]   Downloaded webpki-roots v1.0.3
[INFO] [stderr]   Downloaded clap_builder v4.5.50
[INFO] [stderr]   Downloaded regex v1.10.6
[INFO] [stderr]   Downloaded syn v2.0.108
[INFO] [stderr]   Downloaded rustls v0.23.34
[INFO] [stderr]   Downloaded netlib-src v0.9.0
[INFO] [stderr]   Downloaded lapack-sys v0.15.0
[INFO] running `Command { std: "docker" "create" "-v" "/var/lib/crater-agent-workspace/builds/worker-1-tc1/source:/opt/rustwide/workdir:ro,Z" "-v" "/var/lib/crater-agent-workspace/builds/worker-1-tc1/target:/opt/rustwide/target:rw,Z" "-v" "/var/lib/crater-agent-workspace/cargo-home:/opt/rustwide/cargo-home:ro,Z" "-v" "/var/lib/crater-agent-workspace/rustup-home:/opt/rustwide/rustup-home:ro,Z" "-m" "1610612736" "--network" "none" "ghcr.io/rust-lang/crates-build-env/linux@sha256:77db811e55d90add9212f6832c23229e3de5f1c1f9905e8cb07319ea15df73ac" "sleep" "infinity", kill_on_drop: false }`
[INFO] [stdout] b19c50d926952f8920e7b81f4ad7375aaa28626d55f33629e528700de0293a21
[INFO] running `Command { std: "docker" "start" "b19c50d926952f8920e7b81f4ad7375aaa28626d55f33629e528700de0293a21", kill_on_drop: false }`
[INFO] running `Command { std: "docker" "inspect" "b19c50d926952f8920e7b81f4ad7375aaa28626d55f33629e528700de0293a21", kill_on_drop: false }`
[INFO] running `Command { std: "docker" "exec" "-e" "SOURCE_DIR=/opt/rustwide/workdir" "-e" "CARGO_HOME=/opt/rustwide/cargo-home" "-e" "RUSTUP_HOME=/opt/rustwide/rustup-home" "-e" "CARGO_TARGET_DIR=/opt/rustwide/target" "-w" "/opt/rustwide/workdir" "--user" "0:0" "b19c50d926952f8920e7b81f4ad7375aaa28626d55f33629e528700de0293a21" "/opt/rustwide/cargo-home/bin/cargo" "+1.99.0-beta.8" "metadata" "--no-deps" "--format-version=1", kill_on_drop: false }`
[INFO] running `Command { std: "docker" "inspect" "b19c50d926952f8920e7b81f4ad7375aaa28626d55f33629e528700de0293a21", kill_on_drop: false }`
[INFO] running `Command { std: "docker" "exec" "-e" "SOURCE_DIR=/opt/rustwide/workdir" "-e" "CARGO_HOME=/opt/rustwide/cargo-home" "-e" "RUSTUP_HOME=/opt/rustwide/rustup-home" "-e" "CARGO_TARGET_DIR=/opt/rustwide/target" "-e" "CARGO_INCREMENTAL=0" "-e" "RUST_BACKTRACE=full" "-e" "RUSTFLAGS=--cap-lints=warn" "-e" "RUSTDOCFLAGS=--cap-lints=warn" "-w" "/opt/rustwide/workdir" "--user" "0:0" "b19c50d926952f8920e7b81f4ad7375aaa28626d55f33629e528700de0293a21" "/opt/rustwide/cargo-home/bin/cargo" "+1.99.0-beta.8" "build" "--frozen" "--message-format=json" "--release", kill_on_drop: false }`
[INFO] [stderr]    Compiling proc-macro2 v1.0.103
[INFO] [stderr]    Compiling unicode-ident v1.0.20
[INFO] [stderr]    Compiling quote v1.0.41
[INFO] [stderr]    Compiling libc v0.2.177
[INFO] [stderr]    Compiling zerocopy v0.8.27
[INFO] [stderr]    Compiling serde_core v1.0.228
[INFO] [stderr]    Compiling serde v1.0.228
[INFO] [stderr]    Compiling thiserror v2.0.17
[INFO] [stderr]    Compiling rawpointer v0.2.1
[INFO] [stderr]    Compiling num-traits v0.2.19
[INFO] [stderr]    Compiling matrixmultiply v0.3.10
[INFO] [stderr]    Compiling syn v2.0.108
[INFO] [stderr]    Compiling num-integer v0.1.46
[INFO] [stderr]    Compiling getrandom v0.2.16
[INFO] [stderr]    Compiling cblas-sys v0.1.4
[INFO] [stderr]    Compiling lapack-sys v0.15.0
[INFO] [stderr]    Compiling rand_core v0.6.4
[INFO] [stderr]    Compiling zerocopy-derive v0.8.27
[INFO] [stderr]    Compiling serde_derive v1.0.228
[INFO] [stderr]    Compiling thiserror-impl v2.0.17
[INFO] [stderr]    Compiling katexit v0.1.5
[INFO] [stderr]    Compiling ppv-lite86 v0.2.21
[INFO] [stderr]    Compiling rand_chacha v0.3.1
[INFO] [stderr]    Compiling rand v0.8.5
[INFO] [stderr]    Compiling num-complex v0.4.6
[INFO] [stderr]    Compiling approx v0.5.1
[INFO] [stderr]    Compiling cauchy v0.4.0
[INFO] [stderr]    Compiling lax v0.18.0
[INFO] [stderr]    Compiling ndarray v0.17.1
[INFO] [stderr]    Compiling ndarray-linalg v0.18.1 (/opt/rustwide/workdir)
[INFO] [stderr]     Finished `release` profile [optimized] target(s) in 28.27s
[INFO] running `Command { std: "docker" "inspect" "b19c50d926952f8920e7b81f4ad7375aaa28626d55f33629e528700de0293a21", kill_on_drop: false }`
[INFO] running `Command { std: "docker" "exec" "-e" "SOURCE_DIR=/opt/rustwide/workdir" "-e" "CARGO_HOME=/opt/rustwide/cargo-home" "-e" "RUSTUP_HOME=/opt/rustwide/rustup-home" "-e" "CARGO_TARGET_DIR=/opt/rustwide/target" "-e" "CARGO_INCREMENTAL=0" "-e" "RUST_BACKTRACE=full" "-e" "RUSTFLAGS=--cap-lints=warn" "-e" "RUSTDOCFLAGS=--cap-lints=warn" "-w" "/opt/rustwide/workdir" "--user" "0:0" "b19c50d926952f8920e7b81f4ad7375aaa28626d55f33629e528700de0293a21" "/opt/rustwide/cargo-home/bin/cargo" "+1.99.0-beta.8" "test" "--frozen" "--no-run" "--message-format=json" "--release", kill_on_drop: false }`
[INFO] [stderr]    Compiling crossbeam-utils v0.8.21
[INFO] [stderr]    Compiling either v1.15.0
[INFO] [stderr]    Compiling serde_json v1.0.145
[INFO] [stderr]    Compiling ryu v1.0.20
[INFO] [stderr]    Compiling memchr v2.7.6
[INFO] [stderr]    Compiling clap_lex v0.7.6
[INFO] [stderr]    Compiling anstyle v1.0.13
[INFO] [stderr]    Compiling ciborium-io v0.2.2
[INFO] [stderr]    Compiling plotters-backend v0.3.7
[INFO] [stderr]    Compiling regex-syntax v0.8.8
[INFO] [stderr]    Compiling paste v1.0.15
[INFO] [stderr]    Compiling cast v0.3.0
[INFO] [stderr]    Compiling half v2.7.1
[INFO] [stderr]    Compiling is-terminal v0.4.17
[INFO] [stderr]    Compiling anes v0.1.6
[INFO] [stderr]    Compiling oorandom v11.1.5
[INFO] [stderr]    Compiling once_cell v1.19.0
[INFO] [stderr]    Compiling rand_pcg v0.3.1
[INFO] [stderr]    Compiling clap_builder v4.5.50
[INFO] [stderr]    Compiling ciborium-ll v0.2.2
[INFO] [stderr]    Compiling itertools v0.10.5
[INFO] [stderr]    Compiling plotters-svg v0.3.7
[INFO] [stderr]    Compiling plotters v0.3.7
[INFO] [stderr]    Compiling ciborium v0.2.2
[INFO] [stderr]    Compiling crossbeam-epoch v0.9.18
[INFO] [stderr]    Compiling crossbeam-deque v0.8.6
[INFO] [stderr]    Compiling rayon-core v1.13.0
[INFO] [stderr]    Compiling regex-automata v0.4.13
[INFO] [stderr]    Compiling tinytemplate v1.2.1
[INFO] [stderr]    Compiling rayon v1.11.0
[INFO] [stderr]    Compiling clap v4.5.50
[INFO] [stderr]    Compiling criterion-plot v0.5.0
[INFO] [stderr]    Compiling regex v1.10.6
[INFO] [stderr]    Compiling criterion v0.5.1
[INFO] [stderr]    Compiling ndarray-linalg v0.18.1 (/opt/rustwide/workdir)
[INFO] [stdout] error: linking with `cc` failed: exit status: 1
[INFO] [stdout]   |
[INFO] [stdout]   = note:  "cc" "-m64" "/opt/rustwide/target/release/examples/rustc1SIAwC/symbols.o" "<5 object files omitted>" "-Wl,--as-needed" "-Wl,-Bstatic" "/opt/rustwide/target/release/deps/{libndarray_linalg-9fa6d14426fbe35a,liblax-756245660cefb2fe,liblapack_sys-e6c6ce4fb52e56ef,libthiserror-fa10a387af5aee38,libcauchy-a4418ba0b71a2c8a,libndarray-b2f911b3f9884d93,libmatrixmultiply-7e3eb8cb54c662fe,libapprox-9705aec715c75d60,libnum_complex-f5af7935e2e19bed,libserde-1fcffcc81e1dfdc7,libserde_core-4f65e16965cb3eb0,librand-59c9bb73984903b8,librand_chacha-d271bf7f6ac3e4d7,libppv_lite86-b9036e7c419c95ef,libzerocopy-9fbd4939301b7f1b,librand_core-ee774d6e2eb8233b,libgetrandom-4d2c978391e36df3,libcfg_if-6d8dca19095bb388,libnum_integer-46052c3841614b15,libnum_traits-af66b93df6dcecf9,librawpointer-e637704b8109ab79,libcblas_sys-daa2d89d96a2308a,liblibc-a940482f0e8d294f}.rlib" "<sysroot>/lib/rustlib/x86_64-unknown-linux-gnu/lib/{libstd-*,libpanic_unwind-*,libobject-*,libmemchr-*,libaddr2line-*,libgimli-*,libcfg_if-*,librustc_demangle-*,libstd_detect-*,libhashbrown-*,librustc_std_workspace_alloc-*,libminiz_oxide-*,libadler2-*,libunwind-*,liblibc-*,librustc_std_workspace_core-*,liballoc-*,libcore-*,libcompiler_builtins-*}.rlib" "-Wl,-Bdynamic" "-lgcc_s" "-lutil" "-lrt" "-lpthread" "-lm" "-ldl" "-lc" "-L" "/opt/rustwide/target/release/examples/rustc1SIAwC/raw-dylibs" "-B<sysroot>/lib/rustlib/x86_64-unknown-linux-gnu/bin/gcc-ld" "-fuse-ld=lld" "-Wl,--eh-frame-hdr" "-Wl,-z,noexecstack" "-L" "<sysroot>/lib/rustlib/x86_64-unknown-linux-gnu/lib" "-o" "/opt/rustwide/target/release/examples/eig-d84631f97460f3e6" "-Wl,--gc-sections" "-pie" "-Wl,-z,relro,-z,now" "-Wl,-O1" "-Wl,--strip-debug" "-nodefaultlibs"
[INFO] [stdout]   = note: some arguments are omitted. use `--verbose` to show all linker arguments
[INFO] [stdout]   = note: rust-lld: error: undefined symbol: cblas_zgemm
[INFO] [stdout]           >>> referenced by eig.403197818cb19653-cgu.3
[INFO] [stdout]           >>>               /opt/rustwide/target/release/examples/eig-d84631f97460f3e6.eig.403197818cb19653-cgu.3.rcgu.o:(ndarray::linalg::impl_linalg::mat_mul_impl::<num_complex::Complex<f64>>)
[INFO] [stdout]           
[INFO] [stdout]           rust-lld: error: undefined symbol: dgeev_
[INFO] [stdout]           >>> referenced by lax.66f2b4981fe54278-cgu.08
[INFO] [stdout]           >>>               lax-756245660cefb2fe.lax.66f2b4981fe54278-cgu.08.rcgu.o:(<lax::eig::EigWork<f64> as lax::eig::EigWorkImpl>::new) in archive /opt/rustwide/target/release/deps/liblax-756245660cefb2fe.rlib
[INFO] [stdout]           >>> referenced by lax.66f2b4981fe54278-cgu.08
[INFO] [stdout]           >>>               lax-756245660cefb2fe.lax.66f2b4981fe54278-cgu.08.rcgu.o:(<lax::eig::EigWork<f64> as lax::eig::EigWorkImpl>::calc) in archive /opt/rustwide/target/release/deps/liblax-756245660cefb2fe.rlib
[INFO] [stdout]           collect2: error: ld returned 1 exit status
[INFO] [stdout]           
[INFO] [stdout] 
[INFO] [stdout] 
[INFO] [stderr] error: could not compile `ndarray-linalg` (example "eig") due to 1 previous error
[INFO] [stderr] warning: build failed, waiting for other jobs to finish...
[INFO] [stdout] error: linking with `cc` failed: exit status: 1
[INFO] [stdout]   |
[INFO] [stdout]   = note:  "cc" "-m64" "/opt/rustwide/target/release/examples/rustcgC4aoy/symbols.o" "<7 object files omitted>" "-Wl,--as-needed" "-Wl,-Bstatic" "/opt/rustwide/target/release/deps/{libndarray_linalg-9fa6d14426fbe35a,liblax-756245660cefb2fe,liblapack_sys-e6c6ce4fb52e56ef,libthiserror-fa10a387af5aee38,libcauchy-a4418ba0b71a2c8a,libndarray-b2f911b3f9884d93,libmatrixmultiply-7e3eb8cb54c662fe,libapprox-9705aec715c75d60,libnum_complex-f5af7935e2e19bed,libserde-1fcffcc81e1dfdc7,libserde_core-4f65e16965cb3eb0,librand-59c9bb73984903b8,librand_chacha-d271bf7f6ac3e4d7,libppv_lite86-b9036e7c419c95ef,libzerocopy-9fbd4939301b7f1b,librand_core-ee774d6e2eb8233b,libgetrandom-4d2c978391e36df3,libcfg_if-6d8dca19095bb388,libnum_integer-46052c3841614b15,libnum_traits-af66b93df6dcecf9,librawpointer-e637704b8109ab79,libcblas_sys-daa2d89d96a2308a,liblibc-a940482f0e8d294f}.rlib" "<sysroot>/lib/rustlib/x86_64-unknown-linux-gnu/lib/{libstd-*,libpanic_unwind-*,libobject-*,libmemchr-*,libaddr2line-*,libgimli-*,libcfg_if-*,librustc_demangle-*,libstd_detect-*,libhashbrown-*,librustc_std_workspace_alloc-*,libminiz_oxide-*,libadler2-*,libunwind-*,liblibc-*,librustc_std_workspace_core-*,liballoc-*,libcore-*,libcompiler_builtins-*}.rlib" "-Wl,-Bdynamic" "-lgcc_s" "-lutil" "-lrt" "-lpthread" "-lm" "-ldl" "-lc" "-L" "/opt/rustwide/target/release/examples/rustcgC4aoy/raw-dylibs" "-B<sysroot>/lib/rustlib/x86_64-unknown-linux-gnu/bin/gcc-ld" "-fuse-ld=lld" "-Wl,--eh-frame-hdr" "-Wl,-z,noexecstack" "-L" "<sysroot>/lib/rustlib/x86_64-unknown-linux-gnu/lib" "-o" "/opt/rustwide/target/release/examples/solveh-0b4d9e54d7f9c387" "-Wl,--gc-sections" "-pie" "-Wl,-z,relro,-z,now" "-Wl,-O1" "-Wl,--strip-debug" "-nodefaultlibs"
[INFO] [stdout]   = note: some arguments are omitted. use `--verbose` to show all linker arguments
[INFO] [stdout]   = note: rust-lld: error: undefined symbol: cblas_dgemm
[INFO] [stdout]           >>> referenced by solveh.5d522c613d73d40-cgu.3
[INFO] [stdout]           >>>               /opt/rustwide/target/release/examples/solveh-0b4d9e54d7f9c387.solveh.5d522c613d73d40-cgu.3.rcgu.o:(ndarray::linalg::impl_linalg::mat_mul_impl::<f64>)
[INFO] [stdout]           
[INFO] [stdout]           rust-lld: error: undefined symbol: zhetrs_
[INFO] [stdout]           >>> referenced by lax.66f2b4981fe54278-cgu.02
[INFO] [stdout]           >>>               lax-756245660cefb2fe.lax.66f2b4981fe54278-cgu.02.rcgu.o:(<num_complex::Complex<f64> as lax::Lapack>::solveh) in archive /opt/rustwide/target/release/deps/liblax-756245660cefb2fe.rlib
[INFO] [stdout]           
[INFO] [stdout]           rust-lld: error: undefined symbol: zhetrf_
[INFO] [stdout]           >>> referenced by lax.66f2b4981fe54278-cgu.00
[INFO] [stdout]           >>>               lax-756245660cefb2fe.lax.66f2b4981fe54278-cgu.00.rcgu.o:(<lax::solveh::BkWork<num_complex::Complex<f64>> as lax::solveh::BkWorkImpl>::new) in archive /opt/rustwide/target/release/deps/liblax-756245660cefb2fe.rlib
[INFO] [stdout]           >>> referenced by lax.66f2b4981fe54278-cgu.00
[INFO] [stdout]           >>>               lax-756245660cefb2fe.lax.66f2b4981fe54278-cgu.00.rcgu.o:(<lax::solveh::BkWork<num_complex::Complex<f64>> as lax::solveh::BkWorkImpl>::eval) in archive /opt/rustwide/target/release/deps/liblax-756245660cefb2fe.rlib
[INFO] [stdout]           
[INFO] [stdout]           rust-lld: error: undefined symbol: dsytrf_
[INFO] [stdout]           >>> referenced by lax.66f2b4981fe54278-cgu.00
[INFO] [stdout]           >>>               lax-756245660cefb2fe.lax.66f2b4981fe54278-cgu.00.rcgu.o:(<lax::solveh::BkWork<f64> as lax::solveh::BkWorkImpl>::new) in archive /opt/rustwide/target/release/deps/liblax-756245660cefb2fe.rlib
[INFO] [stdout]           >>> referenced by lax.66f2b4981fe54278-cgu.00
[INFO] [stdout]           >>>               lax-756245660cefb2fe.lax.66f2b4981fe54278-cgu.00.rcgu.o:(<lax::solveh::BkWork<f64> as lax::solveh::BkWorkImpl>::eval) in archive /opt/rustwide/target/release/deps/liblax-756245660cefb2fe.rlib
[INFO] [stdout]           
[INFO] [stdout]           rust-lld: error: undefined symbol: dsytrs_
[INFO] [stdout]           >>> referenced by lax.66f2b4981fe54278-cgu.04
[INFO] [stdout]           >>>               lax-756245660cefb2fe.lax.66f2b4981fe54278-cgu.04.rcgu.o:(<f64 as lax::Lapack>::solveh) in archive /opt/rustwide/target/release/deps/liblax-756245660cefb2fe.rlib
[INFO] [stdout]           collect2: error: ld returned 1 exit status
[INFO] [stdout]           
[INFO] [stdout] 
[INFO] [stdout] 
[INFO] [stderr] error: could not compile `ndarray-linalg` (example "solveh") due to 1 previous error
[INFO] [stdout] error: linking with `cc` failed: exit status: 1
[INFO] [stdout]   |
[INFO] [stdout]   = note:  "cc" "-m64" "/opt/rustwide/target/release/deps/rustcnPNwe9/symbols.o" "<8 object files omitted>" "-Wl,--as-needed" "-Wl,-Bstatic" "/opt/rustwide/target/release/deps/librand_pcg-d2d7be9c35a8ae35.rlib" "<sysroot>/lib/rustlib/x86_64-unknown-linux-gnu/lib/{libtest-*,libgetopts-*,librustc_std_workspace_std-*}.rlib" "/opt/rustwide/target/release/deps/{libndarray_linalg-9fa6d14426fbe35a,liblax-756245660cefb2fe,liblapack_sys-e6c6ce4fb52e56ef,libthiserror-fa10a387af5aee38,libcauchy-a4418ba0b71a2c8a,libndarray-b2f911b3f9884d93,libmatrixmultiply-7e3eb8cb54c662fe,libapprox-9705aec715c75d60,libnum_complex-f5af7935e2e19bed,libserde-1fcffcc81e1dfdc7,libserde_core-4f65e16965cb3eb0,librand-59c9bb73984903b8,librand_chacha-d271bf7f6ac3e4d7,libppv_lite86-b9036e7c419c95ef,libzerocopy-9fbd4939301b7f1b,librand_core-ee774d6e2eb8233b,libgetrandom-4d2c978391e36df3,libcfg_if-6d8dca19095bb388,libnum_integer-46052c3841614b15,libnum_traits-af66b93df6dcecf9,librawpointer-e637704b8109ab79,libcblas_sys-daa2d89d96a2308a,liblibc-a940482f0e8d294f}.rlib" "<sysroot>/lib/rustlib/x86_64-unknown-linux-gnu/lib/{libstd-*,libpanic_unwind-*,libobject-*,libmemchr-*,libaddr2line-*,libgimli-*,libcfg_if-*,librustc_demangle-*,libstd_detect-*,libhashbrown-*,librustc_std_workspace_alloc-*,libminiz_oxide-*,libadler2-*,libunwind-*,liblibc-*,librustc_std_workspace_core-*,liballoc-*,libcore-*,libcompiler_builtins-*}.rlib" "-Wl,-Bdynamic" "-lgcc_s" "-lutil" "-lrt" "-lpthread" "-lm" "-ldl" "-lc" "-L" "/opt/rustwide/target/release/deps/rustcnPNwe9/raw-dylibs" "-B<sysroot>/lib/rustlib/x86_64-unknown-linux-gnu/bin/gcc-ld" "-fuse-ld=lld" "-Wl,--eh-frame-hdr" "-Wl,-z,noexecstack" "-L" "<sysroot>/lib/rustlib/x86_64-unknown-linux-gnu/lib" "-o" "/opt/rustwide/target/release/deps/svddc-41273ffde060bfba" "-Wl,--gc-sections" "-pie" "-Wl,-z,relro,-z,now" "-Wl,-O1" "-Wl,--strip-debug" "-nodefaultlibs"
[INFO] [stdout]   = note: some arguments are omitted. use `--verbose` to show all linker arguments
[INFO] [stdout]   = note: rust-lld: error: undefined symbol: cblas_zgemm
[INFO] [stdout]           >>> referenced by svddc.bb13452586b680f5-cgu.2
[INFO] [stdout]           >>>               /opt/rustwide/target/release/deps/svddc-41273ffde060bfba.svddc.bb13452586b680f5-cgu.2.rcgu.o:(ndarray::linalg::impl_linalg::mat_mul_impl::<num_complex::Complex<f64>>)
[INFO] [stdout]           
[INFO] [stdout]           rust-lld: error: undefined symbol: cblas_dgemm
[INFO] [stdout]           >>> referenced by svddc.bb13452586b680f5-cgu.2
[INFO] [stdout]           >>>               /opt/rustwide/target/release/deps/svddc-41273ffde060bfba.svddc.bb13452586b680f5-cgu.2.rcgu.o:(ndarray::linalg::impl_linalg::mat_mul_impl::<f64>)
[INFO] [stdout]           
[INFO] [stdout]           rust-lld: error: undefined symbol: zgesdd_
[INFO] [stdout]           >>> referenced by lax.66f2b4981fe54278-cgu.09
[INFO] [stdout]           >>>               lax-756245660cefb2fe.lax.66f2b4981fe54278-cgu.09.rcgu.o:(<lax::svddc::SvdDcWork<num_complex::Complex<f64>> as lax::svddc::SvdDcWorkImpl>::new) in archive /opt/rustwide/target/release/deps/liblax-756245660cefb2fe.rlib
[INFO] [stdout]           >>> referenced by lax.66f2b4981fe54278-cgu.09
[INFO] [stdout]           >>>               lax-756245660cefb2fe.lax.66f2b4981fe54278-cgu.09.rcgu.o:(<lax::svddc::SvdDcWork<num_complex::Complex<f64>> as lax::svddc::SvdDcWorkImpl>::calc) in archive /opt/rustwide/target/release/deps/liblax-756245660cefb2fe.rlib
[INFO] [stdout]           
[INFO] [stdout]           rust-lld: error: undefined symbol: dgesdd_
[INFO] [stdout]           >>> referenced by lax.66f2b4981fe54278-cgu.09
[INFO] [stdout]           >>>               lax-756245660cefb2fe.lax.66f2b4981fe54278-cgu.09.rcgu.o:(<lax::svddc::SvdDcWork<f64> as lax::svddc::SvdDcWorkImpl>::new) in archive /opt/rustwide/target/release/deps/liblax-756245660cefb2fe.rlib
[INFO] [stdout]           >>> referenced by lax.66f2b4981fe54278-cgu.09
[INFO] [stdout]           >>>               lax-756245660cefb2fe.lax.66f2b4981fe54278-cgu.09.rcgu.o:(<lax::svddc::SvdDcWork<f64> as lax::svddc::SvdDcWorkImpl>::calc) in archive /opt/rustwide/target/release/deps/liblax-756245660cefb2fe.rlib
[INFO] [stdout]           collect2: error: ld returned 1 exit status
[INFO] [stdout]           
[INFO] [stdout] 
[INFO] [stdout] 
[INFO] [stderr] error: could not compile `ndarray-linalg` (test "svddc") due to 1 previous error
[INFO] [stdout] error: linking with `cc` failed: exit status: 1
[INFO] [stdout]   |
[INFO] [stdout]   = note:  "cc" "-m64" "/opt/rustwide/target/release/deps/rustczEKlhX/symbols.o" "<8 object files omitted>" "-Wl,--as-needed" "-Wl,-Bstatic" "/opt/rustwide/target/release/deps/librand_pcg-d2d7be9c35a8ae35.rlib" "<sysroot>/lib/rustlib/x86_64-unknown-linux-gnu/lib/{libtest-*,libgetopts-*,librustc_std_workspace_std-*}.rlib" "/opt/rustwide/target/release/deps/{libndarray_linalg-9fa6d14426fbe35a,liblax-756245660cefb2fe,liblapack_sys-e6c6ce4fb52e56ef,libthiserror-fa10a387af5aee38,libcauchy-a4418ba0b71a2c8a,libndarray-b2f911b3f9884d93,libmatrixmultiply-7e3eb8cb54c662fe,libapprox-9705aec715c75d60,libnum_complex-f5af7935e2e19bed,libserde-1fcffcc81e1dfdc7,libserde_core-4f65e16965cb3eb0,librand-59c9bb73984903b8,librand_chacha-d271bf7f6ac3e4d7,libppv_lite86-b9036e7c419c95ef,libzerocopy-9fbd4939301b7f1b,librand_core-ee774d6e2eb8233b,libgetrandom-4d2c978391e36df3,libcfg_if-6d8dca19095bb388,libnum_integer-46052c3841614b15,libnum_traits-af66b93df6dcecf9,librawpointer-e637704b8109ab79,libcblas_sys-daa2d89d96a2308a,liblibc-a940482f0e8d294f}.rlib" "<sysroot>/lib/rustlib/x86_64-unknown-linux-gnu/lib/{libstd-*,libpanic_unwind-*,libobject-*,libmemchr-*,libaddr2line-*,libgimli-*,libcfg_if-*,librustc_demangle-*,libstd_detect-*,libhashbrown-*,librustc_std_workspace_alloc-*,libminiz_oxide-*,libadler2-*,libunwind-*,liblibc-*,librustc_std_workspace_core-*,liballoc-*,libcore-*,libcompiler_builtins-*}.rlib" "-Wl,-Bdynamic" "-lgcc_s" "-lutil" "-lrt" "-lpthread" "-lm" "-ldl" "-lc" "-L" "/opt/rustwide/target/release/deps/rustczEKlhX/raw-dylibs" "-B<sysroot>/lib/rustlib/x86_64-unknown-linux-gnu/bin/gcc-ld" "-fuse-ld=lld" "-Wl,--eh-frame-hdr" "-Wl,-z,noexecstack" "-L" "<sysroot>/lib/rustlib/x86_64-unknown-linux-gnu/lib" "-o" "/opt/rustwide/target/release/deps/eigh-51ce79f4e913578b" "-Wl,--gc-sections" "-pie" "-Wl,-z,relro,-z,now" "-Wl,-O1" "-Wl,--strip-debug" "-nodefaultlibs"
[INFO] [stdout]   = note: some arguments are omitted. use `--verbose` to show all linker arguments
[INFO] [stdout]   = note: rust-lld: error: undefined symbol: cblas_ddot
[INFO] [stdout]           >>> referenced by eigh.9afee5c188ae9e96-cgu.0
[INFO] [stdout]           >>>               /opt/rustwide/target/release/deps/eigh-51ce79f4e913578b.eigh.9afee5c188ae9e96-cgu.0.rcgu.o:(<ndarray::ArrayRef<f64, ndarray::dimension::dim::Dim<[usize; 1]>>>::dot_impl)
[INFO] [stdout]           >>> referenced by eigh.9afee5c188ae9e96-cgu.1
[INFO] [stdout]           >>>               /opt/rustwide/target/release/deps/eigh-51ce79f4e913578b.eigh.9afee5c188ae9e96-cgu.1.rcgu.o:(<ndarray::zip::Zip<(ndarray::iterators::AxisIter<f64, ndarray::dimension::dim::Dim<[usize; 1]>>, ndarray::ArrayBase<ndarray::RawViewRepr<*mut f64>, ndarray::dimension::dim::Dim<[usize; 1]>, f64>), ndarray::dimension::dim::Dim<[usize; 1]>>>::for_each::<ndarray::linalg::impl_linalg::general_mat_vec_mul_impl<f64>::{closure#1}>)
[INFO] [stdout]           
[INFO] [stdout]           rust-lld: error: undefined symbol: cblas_dgemm
[INFO] [stdout]           >>> referenced by eigh.9afee5c188ae9e96-cgu.6
[INFO] [stdout]           >>>               /opt/rustwide/target/release/deps/eigh-51ce79f4e913578b.eigh.9afee5c188ae9e96-cgu.6.rcgu.o:(ndarray::linalg::impl_linalg::mat_mul_impl::<f64>)
[INFO] [stdout]           
[INFO] [stdout]           rust-lld: error: undefined symbol: cblas_dgemv
[INFO] [stdout]           >>> referenced by eigh.9afee5c188ae9e96-cgu.6
[INFO] [stdout]           >>>               /opt/rustwide/target/release/deps/eigh-51ce79f4e913578b.eigh.9afee5c188ae9e96-cgu.6.rcgu.o:(ndarray::linalg::impl_linalg::general_mat_vec_mul_impl::<f64>)
[INFO] [stdout]           
[INFO] [stdout]           rust-lld: error: undefined symbol: dsygv_
[INFO] [stdout]           >>> referenced by lax.66f2b4981fe54278-cgu.05
[INFO] [stdout]           >>>               lax-756245660cefb2fe.lax.66f2b4981fe54278-cgu.05.rcgu.o:(<lax::eigh_generalized::EighGeneralizedWork<f64> as lax::eigh_generalized::EighGeneralizedWorkImpl>::new) in archive /opt/rustwide/target/release/deps/liblax-756245660cefb2fe.rlib
[INFO] [stdout]           >>> referenced by lax.66f2b4981fe54278-cgu.05
[INFO] [stdout]           >>>               lax-756245660cefb2fe.lax.66f2b4981fe54278-cgu.05.rcgu.o:(<lax::eigh_generalized::EighGeneralizedWork<f64> as lax::eigh_generalized::EighGeneralizedWorkImpl>::eval) in archive /opt/rustwide/target/release/deps/liblax-756245660cefb2fe.rlib
[INFO] [stdout]           
[INFO] [stdout]           rust-lld: error: undefined symbol: dsyev_
[INFO] [stdout]           >>> referenced by lax.66f2b4981fe54278-cgu.06
[INFO] [stdout]           >>>               lax-756245660cefb2fe.lax.66f2b4981fe54278-cgu.06.rcgu.o:(<lax::eigh::EighWork<f64> as lax::eigh::EighWorkImpl>::new) in archive /opt/rustwide/target/release/deps/liblax-756245660cefb2fe.rlib
[INFO] [stdout]           >>> referenced by lax.66f2b4981fe54278-cgu.06
[INFO] [stdout]           >>>               lax-756245660cefb2fe.lax.66f2b4981fe54278-cgu.06.rcgu.o:(<lax::eigh::EighWork<f64> as lax::eigh::EighWorkImpl>::eval) in archive /opt/rustwide/target/release/deps/liblax-756245660cefb2fe.rlib
[INFO] [stdout]           collect2: error: ld returned 1 exit status
[INFO] [stdout]           
[INFO] [stdout] 
[INFO] [stdout] 
[INFO] [stderr] error: could not compile `ndarray-linalg` (test "eigh") due to 1 previous error
[INFO] [stdout] error: linking with `cc` failed: exit status: 1
[INFO] [stdout]   |
[INFO] [stdout]   = note:  "cc" "-m64" "/opt/rustwide/target/release/deps/rustcr5MVfr/symbols.o" "<8 object files omitted>" "-Wl,--as-needed" "-Wl,-Bstatic" "/opt/rustwide/target/release/deps/librand_pcg-d2d7be9c35a8ae35.rlib" "<sysroot>/lib/rustlib/x86_64-unknown-linux-gnu/lib/{libtest-*,libgetopts-*,librustc_std_workspace_std-*}.rlib" "/opt/rustwide/target/release/deps/{libndarray_linalg-9fa6d14426fbe35a,liblax-756245660cefb2fe,liblapack_sys-e6c6ce4fb52e56ef,libthiserror-fa10a387af5aee38,libcauchy-a4418ba0b71a2c8a,libndarray-b2f911b3f9884d93,libmatrixmultiply-7e3eb8cb54c662fe,libapprox-9705aec715c75d60,libnum_complex-f5af7935e2e19bed,libserde-1fcffcc81e1dfdc7,libserde_core-4f65e16965cb3eb0,librand-59c9bb73984903b8,librand_chacha-d271bf7f6ac3e4d7,libppv_lite86-b9036e7c419c95ef,libzerocopy-9fbd4939301b7f1b,librand_core-ee774d6e2eb8233b,libgetrandom-4d2c978391e36df3,libcfg_if-6d8dca19095bb388,libnum_integer-46052c3841614b15,libnum_traits-af66b93df6dcecf9,librawpointer-e637704b8109ab79,libcblas_sys-daa2d89d96a2308a,liblibc-a940482f0e8d294f}.rlib" "<sysroot>/lib/rustlib/x86_64-unknown-linux-gnu/lib/{libstd-*,libpanic_unwind-*,libobject-*,libmemchr-*,libaddr2line-*,libgimli-*,libcfg_if-*,librustc_demangle-*,libstd_detect-*,libhashbrown-*,librustc_std_workspace_alloc-*,libminiz_oxide-*,libadler2-*,libunwind-*,liblibc-*,librustc_std_workspace_core-*,liballoc-*,libcore-*,libcompiler_builtins-*}.rlib" "-Wl,-Bdynamic" "-lgcc_s" "-lutil" "-lrt" "-lpthread" "-lm" "-ldl" "-lc" "-L" "/opt/rustwide/target/release/deps/rustcr5MVfr/raw-dylibs" "-B<sysroot>/lib/rustlib/x86_64-unknown-linux-gnu/bin/gcc-ld" "-fuse-ld=lld" "-Wl,--eh-frame-hdr" "-Wl,-z,noexecstack" "-L" "<sysroot>/lib/rustlib/x86_64-unknown-linux-gnu/lib" "-o" "/opt/rustwide/target/release/deps/mgs-8ae1088f6afa6285" "-Wl,--gc-sections" "-pie" "-Wl,-z,relro,-z,now" "-Wl,-O1" "-Wl,--strip-debug" "-nodefaultlibs"
[INFO] [stdout]   = note: some arguments are omitted. use `--verbose` to show all linker arguments
[INFO] [stdout]   = note: rust-lld: error: undefined symbol: cblas_zgemm
[INFO] [stdout]           >>> referenced by mgs.6150911e547f06c1-cgu.4
[INFO] [stdout]           >>>               /opt/rustwide/target/release/deps/mgs-8ae1088f6afa6285.mgs.6150911e547f06c1-cgu.4.rcgu.o:(ndarray::linalg::impl_linalg::mat_mul_impl::<num_complex::Complex<f64>>)
[INFO] [stdout]           
[INFO] [stdout]           rust-lld: error: undefined symbol: cblas_dgemm
[INFO] [stdout]           >>> referenced by mgs.6150911e547f06c1-cgu.4
[INFO] [stdout]           >>>               /opt/rustwide/target/release/deps/mgs-8ae1088f6afa6285.mgs.6150911e547f06c1-cgu.4.rcgu.o:(ndarray::linalg::impl_linalg::mat_mul_impl::<f64>)
[INFO] [stdout]           collect2: error: ld returned 1 exit status
[INFO] [stdout]           
[INFO] [stdout] 
[INFO] [stdout] 
[INFO] [stderr] error: could not compile `ndarray-linalg` (test "mgs") due to 1 previous error
[INFO] [stdout] error: linking with `cc` failed: exit status: 1
[INFO] [stdout]   |
[INFO] [stdout]   = note:  "cc" "-m64" "/opt/rustwide/target/release/deps/rustc3JNILl/symbols.o" "<11 object files omitted>" "-Wl,--as-needed" "-Wl,-Bstatic" "/opt/rustwide/target/release/deps/librand_pcg-d2d7be9c35a8ae35.rlib" "<sysroot>/lib/rustlib/x86_64-unknown-linux-gnu/lib/{libtest-*,libgetopts-*,librustc_std_workspace_std-*}.rlib" "/opt/rustwide/target/release/deps/{libndarray_linalg-9fa6d14426fbe35a,liblax-756245660cefb2fe,liblapack_sys-e6c6ce4fb52e56ef,libthiserror-fa10a387af5aee38,libcauchy-a4418ba0b71a2c8a,libndarray-b2f911b3f9884d93,libmatrixmultiply-7e3eb8cb54c662fe,libapprox-9705aec715c75d60,libnum_complex-f5af7935e2e19bed,libserde-1fcffcc81e1dfdc7,libserde_core-4f65e16965cb3eb0,librand-59c9bb73984903b8,librand_chacha-d271bf7f6ac3e4d7,libppv_lite86-b9036e7c419c95ef,libzerocopy-9fbd4939301b7f1b,librand_core-ee774d6e2eb8233b,libgetrandom-4d2c978391e36df3,libcfg_if-6d8dca19095bb388,libnum_integer-46052c3841614b15,libnum_traits-af66b93df6dcecf9,librawpointer-e637704b8109ab79,libcblas_sys-daa2d89d96a2308a,liblibc-a940482f0e8d294f}.rlib" "<sysroot>/lib/rustlib/x86_64-unknown-linux-gnu/lib/{libstd-*,libpanic_unwind-*,libobject-*,libmemchr-*,libaddr2line-*,libgimli-*,libcfg_if-*,librustc_demangle-*,libstd_detect-*,libhashbrown-*,librustc_std_workspace_alloc-*,libminiz_oxide-*,libadler2-*,libunwind-*,liblibc-*,librustc_std_workspace_core-*,liballoc-*,libcore-*,libcompiler_builtins-*}.rlib" "-Wl,-Bdynamic" "-lgcc_s" "-lutil" "-lrt" "-lpthread" "-lm" "-ldl" "-lc" "-L" "/opt/rustwide/target/release/deps/rustc3JNILl/raw-dylibs" "-B<sysroot>/lib/rustlib/x86_64-unknown-linux-gnu/bin/gcc-ld" "-fuse-ld=lld" "-Wl,--eh-frame-hdr" "-Wl,-z,noexecstack" "-L" "<sysroot>/lib/rustlib/x86_64-unknown-linux-gnu/lib" "-o" "/opt/rustwide/target/release/deps/tridiagonal-7434b2e587c5170f" "-Wl,--gc-sections" "-pie" "-Wl,-z,relro,-z,now" "-Wl,-O1" "-Wl,--strip-debug" "-nodefaultlibs"
[INFO] [stdout]   = note: some arguments are omitted. use `--verbose` to show all linker arguments
[INFO] [stdout]   = note: rust-lld: error: undefined symbol: cblas_ddot
[INFO] [stdout]           >>> referenced by tridiagonal.3c1577e6d04a526b-cgu.01
[INFO] [stdout]           >>>               /opt/rustwide/target/release/deps/tridiagonal-7434b2e587c5170f.tridiagonal.3c1577e6d04a526b-cgu.01.rcgu.o:(<ndarray::zip::Zip<(ndarray::iterators::AxisIter<f64, ndarray::dimension::dim::Dim<[usize; 1]>>, ndarray::ArrayBase<ndarray::RawViewRepr<*mut f64>, ndarray::dimension::dim::Dim<[usize; 1]>, f64>), ndarray::dimension::dim::Dim<[usize; 1]>>>::for_each::<ndarray::linalg::impl_linalg::general_mat_vec_mul_impl<f64>::{closure#1}>)
[INFO] [stdout]           >>> referenced by tridiagonal.3c1577e6d04a526b-cgu.00
[INFO] [stdout]           >>>               /opt/rustwide/target/release/deps/tridiagonal-7434b2e587c5170f.tridiagonal.3c1577e6d04a526b-cgu.00.rcgu.o:(<ndarray::ArrayRef<f64, ndarray::dimension::dim::Dim<[usize; 1]>>>::dot_impl)
[INFO] [stdout]           
[INFO] [stdout]           rust-lld: error: undefined symbol: cblas_dgemv
[INFO] [stdout]           >>> referenced by tridiagonal.3c1577e6d04a526b-cgu.07
[INFO] [stdout]           >>>               /opt/rustwide/target/release/deps/tridiagonal-7434b2e587c5170f.tridiagonal.3c1577e6d04a526b-cgu.07.rcgu.o:(ndarray::linalg::impl_linalg::general_mat_vec_mul_impl::<f64>)
[INFO] [stdout]           
[INFO] [stdout]           rust-lld: error: undefined symbol: zgtcon_
[INFO] [stdout]           >>> referenced by lax.66f2b4981fe54278-cgu.02
[INFO] [stdout]           >>>               lax-756245660cefb2fe.lax.66f2b4981fe54278-cgu.02.rcgu.o:(<num_complex::Complex<f64> as lax::Lapack>::rcond_tridiagonal) in archive /opt/rustwide/target/release/deps/liblax-756245660cefb2fe.rlib
[INFO] [stdout]           
[INFO] [stdout]           rust-lld: error: undefined symbol: zgecon_
[INFO] [stdout]           >>> referenced by lax.66f2b4981fe54278-cgu.02
[INFO] [stdout]           >>>               lax-756245660cefb2fe.lax.66f2b4981fe54278-cgu.02.rcgu.o:(<num_complex::Complex<f64> as lax::Lapack>::rcond) in archive /opt/rustwide/target/release/deps/liblax-756245660cefb2fe.rlib
[INFO] [stdout]           
[INFO] [stdout]           rust-lld: error: undefined symbol: zlange_
[INFO] [stdout]           >>> referenced by lax.66f2b4981fe54278-cgu.02
[INFO] [stdout]           >>>               lax-756245660cefb2fe.lax.66f2b4981fe54278-cgu.02.rcgu.o:(<num_complex::Complex<f64> as lax::Lapack>::opnorm) in archive /opt/rustwide/target/release/deps/liblax-756245660cefb2fe.rlib
[INFO] [stdout]           >>> referenced by lax.66f2b4981fe54278-cgu.02
[INFO] [stdout]           >>>               lax-756245660cefb2fe.lax.66f2b4981fe54278-cgu.02.rcgu.o:(<num_complex::Complex<f64> as lax::Lapack>::opnorm) in archive /opt/rustwide/target/release/deps/liblax-756245660cefb2fe.rlib
[INFO] [stdout]           
[INFO] [stdout]           rust-lld: error: undefined symbol: zgetrf_
[INFO] [stdout]           >>> referenced by lax.66f2b4981fe54278-cgu.02
[INFO] [stdout]           >>>               lax-756245660cefb2fe.lax.66f2b4981fe54278-cgu.02.rcgu.o:(<num_complex::Complex<f64> as lax::solve::LuImpl>::lu) in archive /opt/rustwide/target/release/deps/liblax-756245660cefb2fe.rlib
[INFO] [stdout]           
[INFO] [stdout]           rust-lld: error: undefined symbol: zgttrs_
[INFO] [stdout]           >>> referenced by lax.66f2b4981fe54278-cgu.02
[INFO] [stdout]           >>>               lax-756245660cefb2fe.lax.66f2b4981fe54278-cgu.02.rcgu.o:(<num_complex::Complex<f64> as lax::tridiagonal::solve::SolveTridiagonalImpl>::solve_tridiagonal) in archive /opt/rustwide/target/release/deps/liblax-756245660cefb2fe.rlib
[INFO] [stdout]           
[INFO] [stdout]           rust-lld: error: undefined symbol: cgtcon_
[INFO] [stdout]           >>> referenced by lax.66f2b4981fe54278-cgu.02
[INFO] [stdout]           >>>               lax-756245660cefb2fe.lax.66f2b4981fe54278-cgu.02.rcgu.o:(<num_complex::Complex<f32> as lax::Lapack>::rcond_tridiagonal) in archive /opt/rustwide/target/release/deps/liblax-756245660cefb2fe.rlib
[INFO] [stdout]           
[INFO] [stdout]           rust-lld: error: undefined symbol: zgttrf_
[INFO] [stdout]           >>> referenced by lax.66f2b4981fe54278-cgu.01
[INFO] [stdout]           >>>               lax-756245660cefb2fe.lax.66f2b4981fe54278-cgu.01.rcgu.o:(<lax::tridiagonal::lu::LuTridiagonalWork<num_complex::Complex<f64>> as lax::tridiagonal::lu::LuTridiagonalWorkImpl>::eval) in archive /opt/rustwide/target/release/deps/liblax-756245660cefb2fe.rlib
[INFO] [stdout]           
[INFO] [stdout]           rust-lld: error: undefined symbol: cgttrf_
[INFO] [stdout]           >>> referenced by lax.66f2b4981fe54278-cgu.01
[INFO] [stdout]           >>>               lax-756245660cefb2fe.lax.66f2b4981fe54278-cgu.01.rcgu.o:(<lax::tridiagonal::lu::LuTridiagonalWork<num_complex::Complex<f32>> as lax::tridiagonal::lu::LuTridiagonalWorkImpl>::eval) in archive /opt/rustwide/target/release/deps/liblax-756245660cefb2fe.rlib
[INFO] [stdout]           
[INFO] [stdout]           rust-lld: error: undefined symbol: dgttrf_
[INFO] [stdout]           >>> referenced by lax.66f2b4981fe54278-cgu.01
[INFO] [stdout]           >>>               lax-756245660cefb2fe.lax.66f2b4981fe54278-cgu.01.rcgu.o:(<lax::tridiagonal::lu::LuTridiagonalWork<f64> as lax::tridiagonal::lu::LuTridiagonalWorkImpl>::eval) in archive /opt/rustwide/target/release/deps/liblax-756245660cefb2fe.rlib
[INFO] [stdout]           
[INFO] [stdout]           rust-lld: error: undefined symbol: sgttrf_
[INFO] [stdout]           >>> referenced by lax.66f2b4981fe54278-cgu.01
[INFO] [stdout]           >>>               lax-756245660cefb2fe.lax.66f2b4981fe54278-cgu.01.rcgu.o:(<lax::tridiagonal::lu::LuTridiagonalWork<f32> as lax::tridiagonal::lu::LuTridiagonalWorkImpl>::eval) in archive /opt/rustwide/target/release/deps/liblax-756245660cefb2fe.rlib
[INFO] [stdout]           
[INFO] [stdout]           rust-lld: error: undefined symbol: dgetrf_
[INFO] [stdout]           >>> referenced by lax.66f2b4981fe54278-cgu.03
[INFO] [stdout]           >>>               lax-756245660cefb2fe.lax.66f2b4981fe54278-cgu.03.rcgu.o:(<f64 as lax::solve::LuImpl>::lu) in archive /opt/rustwide/target/release/deps/liblax-756245660cefb2fe.rlib
[INFO] [stdout]           
[INFO] [stdout]           rust-lld: error: undefined symbol: dgtcon_
[INFO] [stdout]           >>> referenced by lax.66f2b4981fe54278-cgu.04
[INFO] [stdout]           >>>               lax-756245660cefb2fe.lax.66f2b4981fe54278-cgu.04.rcgu.o:(<f64 as lax::Lapack>::rcond_tridiagonal) in archive /opt/rustwide/target/release/deps/liblax-756245660cefb2fe.rlib
[INFO] [stdout]           
[INFO] [stdout]           rust-lld: error: undefined symbol: dgecon_
[INFO] [stdout]           >>> referenced by lax.66f2b4981fe54278-cgu.04
[INFO] [stdout]           >>>               lax-756245660cefb2fe.lax.66f2b4981fe54278-cgu.04.rcgu.o:(<f64 as lax::Lapack>::rcond) in archive /opt/rustwide/target/release/deps/liblax-756245660cefb2fe.rlib
[INFO] [stdout]           
[INFO] [stdout]           rust-lld: error: undefined symbol: dgetrs_
[INFO] [stdout]           >>> referenced by lax.66f2b4981fe54278-cgu.04
[INFO] [stdout]           >>>               lax-756245660cefb2fe.lax.66f2b4981fe54278-cgu.04.rcgu.o:(<f64 as lax::Lapack>::solve) in archive /opt/rustwide/target/release/deps/liblax-756245660cefb2fe.rlib
[INFO] [stdout]           
[INFO] [stdout]           rust-lld: error: undefined symbol: dlange_
[INFO] [stdout]           >>> referenced by lax.66f2b4981fe54278-cgu.04
[INFO] [stdout]           >>>               lax-756245660cefb2fe.lax.66f2b4981fe54278-cgu.04.rcgu.o:(<f64 as lax::Lapack>::opnorm) in archive /opt/rustwide/target/release/deps/liblax-756245660cefb2fe.rlib
[INFO] [stdout]           >>> referenced by lax.66f2b4981fe54278-cgu.04
[INFO] [stdout]           >>>               lax-756245660cefb2fe.lax.66f2b4981fe54278-cgu.04.rcgu.o:(<f64 as lax::Lapack>::opnorm) in archive /opt/rustwide/target/release/deps/liblax-756245660cefb2fe.rlib
[INFO] [stdout]           
[INFO] [stdout]           rust-lld: error: undefined symbol: dgttrs_
[INFO] [stdout]           >>> referenced by lax.66f2b4981fe54278-cgu.04
[INFO] [stdout]           >>>               lax-756245660cefb2fe.lax.66f2b4981fe54278-cgu.04.rcgu.o:(<f64 as lax::tridiagonal::solve::SolveTridiagonalImpl>::solve_tridiagonal) in archive /opt/rustwide/target/release/deps/liblax-756245660cefb2fe.rlib
[INFO] [stdout]           
[INFO] [stdout]           rust-lld: error: undefined symbol: sgtcon_
[INFO] [stdout]           >>> referenced by lax.66f2b4981fe54278-cgu.04
[INFO] [stdout]           >>>               lax-756245660cefb2fe.lax.66f2b4981fe54278-cgu.04.rcgu.o:(<f32 as lax::Lapack>::rcond_tridiagonal) in archive /opt/rustwide/target/release/deps/liblax-756245660cefb2fe.rlib
[INFO] [stdout]           collect2: error: ld returned 1 exit status
[INFO] [stdout]           
[INFO] [stdout] 
[INFO] [stdout] 
[INFO] [stderr] error: could not compile `ndarray-linalg` (test "tridiagonal") due to 1 previous error
[INFO] [stderr] error: could not compile `ndarray-linalg` (test "inv") due to 1 previous error
[INFO] [stdout] error: linking with `cc` failed: exit status: 1
[INFO] [stdout]   |
[INFO] [stdout]   = note:  "cc" "-m64" "/opt/rustwide/target/release/deps/rustcK1tAFF/symbols.o" "<9 object files omitted>" "-Wl,--as-needed" "-Wl,-Bstatic" "/opt/rustwide/target/release/deps/librand_pcg-d2d7be9c35a8ae35.rlib" "<sysroot>/lib/rustlib/x86_64-unknown-linux-gnu/lib/{libtest-*,libgetopts-*,librustc_std_workspace_std-*}.rlib" "/opt/rustwide/target/release/deps/{libndarray_linalg-9fa6d14426fbe35a,liblax-756245660cefb2fe,liblapack_sys-e6c6ce4fb52e56ef,libthiserror-fa10a387af5aee38,libcauchy-a4418ba0b71a2c8a,libndarray-b2f911b3f9884d93,libmatrixmultiply-7e3eb8cb54c662fe,libapprox-9705aec715c75d60,libnum_complex-f5af7935e2e19bed,libserde-1fcffcc81e1dfdc7,libserde_core-4f65e16965cb3eb0,librand-59c9bb73984903b8,librand_chacha-d271bf7f6ac3e4d7,libppv_lite86-b9036e7c419c95ef,libzerocopy-9fbd4939301b7f1b,librand_core-ee774d6e2eb8233b,libgetrandom-4d2c978391e36df3,libcfg_if-6d8dca19095bb388,libnum_integer-46052c3841614b15,libnum_traits-af66b93df6dcecf9,librawpointer-e637704b8109ab79,libcblas_sys-daa2d89d96a2308a,liblibc-a940482f0e8d294f}.rlib" "<sysroot>/lib/rustlib/x86_64-unknown-linux-gnu/lib/{libstd-*,libpanic_unwind-*,libobject-*,libmemchr-*,libaddr2line-*,libgimli-*,libcfg_if-*,librustc_demangle-*,libstd_detect-*,libhashbrown-*,librustc_std_workspace_alloc-*,libminiz_oxide-*,libadler2-*,libunwind-*,liblibc-*,librustc_std_workspace_core-*,liballoc-*,libcore-*,libcompiler_builtins-*}.rlib" "-Wl,-Bdynamic" "-lgcc_s" "-lutil" "-lrt" "-lpthread" "-lm" "-ldl" "-lc" "-L" "/opt/rustwide/target/release/deps/rustcK1tAFF/raw-dylibs" "-B<sysroot>/lib/rustlib/x86_64-unknown-linux-gnu/bin/gcc-ld" "-fuse-ld=lld" "-Wl,--eh-frame-hdr" "-Wl,-z,noexecstack" "-L" "<sysroot>/lib/rustlib/x86_64-unknown-linux-gnu/lib" "-o" "/opt/rustwide/target/release/deps/inv-2b1a3e50f0ebfdd5" "-Wl,--gc-sections" "-pie" "-Wl,-z,relro,-z,now" "-Wl,-O1" "-Wl,--strip-debug" "-nodefaultlibs"
[INFO] [stdout]   = note: some arguments are omitted. use `--verbose` to show all linker arguments
[INFO] [stdout]   = note: rust-lld: error: undefined symbol: cblas_zgemm
[INFO] [stdout]           >>> referenced by inv.8f8a22cd4cd16927-cgu.3
[INFO] [stdout]           >>>               /opt/rustwide/target/release/deps/inv-2b1a3e50f0ebfdd5.inv.8f8a22cd4cd16927-cgu.3.rcgu.o:(ndarray::linalg::impl_linalg::mat_mul_impl::<num_complex::Complex<f64>>)
[INFO] [stdout]           
[INFO] [stdout]           rust-lld: error: undefined symbol: cblas_cgemm
[INFO] [stdout]           >>> referenced by inv.8f8a22cd4cd16927-cgu.3
[INFO] [stdout]           >>>               /opt/rustwide/target/release/deps/inv-2b1a3e50f0ebfdd5.inv.8f8a22cd4cd16927-cgu.3.rcgu.o:(ndarray::linalg::impl_linalg::mat_mul_impl::<num_complex::Complex<f32>>)
[INFO] [stdout]           
[INFO] [stdout]           rust-lld: error: undefined symbol: cblas_dgemm
[INFO] [stdout]           >>> referenced by inv.8f8a22cd4cd16927-cgu.3
[INFO] [stdout]           >>>               /opt/rustwide/target/release/deps/inv-2b1a3e50f0ebfdd5.inv.8f8a22cd4cd16927-cgu.3.rcgu.o:(ndarray::linalg::impl_linalg::mat_mul_impl::<f64>)
[INFO] [stdout]           
[INFO] [stdout]           rust-lld: error: undefined symbol: cblas_sgemm
[INFO] [stdout]           >>> referenced by inv.8f8a22cd4cd16927-cgu.3
[INFO] [stdout]           >>>               /opt/rustwide/target/release/deps/inv-2b1a3e50f0ebfdd5.inv.8f8a22cd4cd16927-cgu.3.rcgu.o:(ndarray::linalg::impl_linalg::mat_mul_impl::<f32>)
[INFO] [stdout]           
[INFO] [stdout]           rust-lld: error: undefined symbol: zgetri_
[INFO] [stdout]           >>> referenced by lax.66f2b4981fe54278-cgu.02
[INFO] [stdout]           >>>               lax-756245660cefb2fe.lax.66f2b4981fe54278-cgu.02.rcgu.o:(<num_complex::Complex<f64> as lax::Lapack>::inv) in archive /opt/rustwide/target/release/deps/liblax-756245660cefb2fe.rlib
[INFO] [stdout]           >>> referenced by lax.66f2b4981fe54278-cgu.03
[INFO] [stdout]           >>>               lax-756245660cefb2fe.lax.66f2b4981fe54278-cgu.03.rcgu.o:(<lax::solve::InvWork<num_complex::Complex<f64>> as lax::solve::InvWorkImpl>::new) in archive /opt/rustwide/target/release/deps/liblax-756245660cefb2fe.rlib
[INFO] [stdout]           
[INFO] [stdout]           rust-lld: error: undefined symbol: zgetrf_
[INFO] [stdout]           >>> referenced by lax.66f2b4981fe54278-cgu.02
[INFO] [stdout]           >>>               lax-756245660cefb2fe.lax.66f2b4981fe54278-cgu.02.rcgu.o:(<num_complex::Complex<f64> as lax::solve::LuImpl>::lu) in archive /opt/rustwide/target/release/deps/liblax-756245660cefb2fe.rlib
[INFO] [stdout]           
[INFO] [stdout]           rust-lld: error: undefined symbol: cgetri_
[INFO] [stdout]           >>> referenced by lax.66f2b4981fe54278-cgu.02
[INFO] [stdout]           >>>               lax-756245660cefb2fe.lax.66f2b4981fe54278-cgu.02.rcgu.o:(<num_complex::Complex<f32> as lax::Lapack>::inv) in archive /opt/rustwide/target/release/deps/liblax-756245660cefb2fe.rlib
[INFO] [stdout]           >>> referenced by lax.66f2b4981fe54278-cgu.03
[INFO] [stdout]           >>>               lax-756245660cefb2fe.lax.66f2b4981fe54278-cgu.03.rcgu.o:(<lax::solve::InvWork<num_complex::Complex<f32>> as lax::solve::InvWorkImpl>::new) in archive /opt/rustwide/target/release/deps/liblax-756245660cefb2fe.rlib
[INFO] [stdout]           
[INFO] [stdout]           rust-lld: error: undefined symbol: cgetrf_
[INFO] [stdout]           >>> referenced by lax.66f2b4981fe54278-cgu.02
[INFO] [stdout]           >>>               lax-756245660cefb2fe.lax.66f2b4981fe54278-cgu.02.rcgu.o:(<num_complex::Complex<f32> as lax::solve::LuImpl>::lu) in archive /opt/rustwide/target/release/deps/liblax-756245660cefb2fe.rlib
[INFO] [stdout]           
[INFO] [stdout]           rust-lld: error: undefined symbol: dgetrf_
[INFO] [stdout]           >>> referenced by lax.66f2b4981fe54278-cgu.03
[INFO] [stdout]           >>>               lax-756245660cefb2fe.lax.66f2b4981fe54278-cgu.03.rcgu.o:(<f64 as lax::solve::LuImpl>::lu) in archive /opt/rustwide/target/release/deps/liblax-756245660cefb2fe.rlib
[INFO] [stdout]           
[INFO] [stdout]           rust-lld: error: undefined symbol: sgetrf_
[INFO] [stdout]           >>> referenced by lax.66f2b4981fe54278-cgu.03
[INFO] [stdout]           >>>               lax-756245660cefb2fe.lax.66f2b4981fe54278-cgu.03.rcgu.o:(<f32 as lax::solve::LuImpl>::lu) in archive /opt/rustwide/target/release/deps/liblax-756245660cefb2fe.rlib
[INFO] [stdout]           
[INFO] [stdout]           rust-lld: error: undefined symbol: dgetri_
[INFO] [stdout]           >>> referenced by lax.66f2b4981fe54278-cgu.03
[INFO] [stdout]           >>>               lax-756245660cefb2fe.lax.66f2b4981fe54278-cgu.03.rcgu.o:(<lax::solve::InvWork<f64> as lax::solve::InvWorkImpl>::new) in archive /opt/rustwide/target/release/deps/liblax-756245660cefb2fe.rlib
[INFO] [stdout]           >>> referenced by lax.66f2b4981fe54278-cgu.04
[INFO] [stdout]           >>>               lax-756245660cefb2fe.lax.66f2b4981fe54278-cgu.04.rcgu.o:(<f64 as lax::Lapack>::inv) in archive /opt/rustwide/target/release/deps/liblax-756245660cefb2fe.rlib
[INFO] [stdout]           
[INFO] [stdout]           rust-lld: error: undefined symbol: sgetri_
[INFO] [stdout]           >>> referenced by lax.66f2b4981fe54278-cgu.03
[INFO] [stdout]           >>>               lax-756245660cefb2fe.lax.66f2b4981fe54278-cgu.03.rcgu.o:(<lax::solve::InvWork<f32> as lax::solve::InvWorkImpl>::new) in archive /opt/rustwide/target/release/deps/liblax-756245660cefb2fe.rlib
[INFO] [stdout]           >>> referenced by lax.66f2b4981fe54278-cgu.04
[INFO] [stdout]           >>>               lax-756245660cefb2fe.lax.66f2b4981fe54278-cgu.04.rcgu.o:(<f32 as lax::Lapack>::inv) in archive /opt/rustwide/target/release/deps/liblax-756245660cefb2fe.rlib
[INFO] [stdout]           collect2: error: ld returned 1 exit status
[INFO] [stdout]           
[INFO] [stdout] 
[INFO] [stdout] 
[INFO] [stdout] error: linking with `cc` failed: exit status: 1
[INFO] [stdout]   |
[INFO] [stdout]   = note:  "cc" "-m64" "/opt/rustwide/target/release/examples/rustcg4STVK/symbols.o" "<12 object files omitted>" "-Wl,--as-needed" "-Wl,-Bstatic" "/opt/rustwide/target/release/deps/{libndarray_linalg-9fa6d14426fbe35a,liblax-756245660cefb2fe,liblapack_sys-e6c6ce4fb52e56ef,libthiserror-fa10a387af5aee38,libcauchy-a4418ba0b71a2c8a,libndarray-b2f911b3f9884d93,libmatrixmultiply-7e3eb8cb54c662fe,libapprox-9705aec715c75d60,libnum_complex-f5af7935e2e19bed,libserde-1fcffcc81e1dfdc7,libserde_core-4f65e16965cb3eb0,librand-59c9bb73984903b8,librand_chacha-d271bf7f6ac3e4d7,libppv_lite86-b9036e7c419c95ef,libzerocopy-9fbd4939301b7f1b,librand_core-ee774d6e2eb8233b,libgetrandom-4d2c978391e36df3,libcfg_if-6d8dca19095bb388,libnum_integer-46052c3841614b15,libnum_traits-af66b93df6dcecf9,librawpointer-e637704b8109ab79,libcblas_sys-daa2d89d96a2308a,liblibc-a940482f0e8d294f}.rlib" "<sysroot>/lib/rustlib/x86_64-unknown-linux-gnu/lib/{libstd-*,libpanic_unwind-*,libobject-*,libmemchr-*,libaddr2line-*,libgimli-*,libcfg_if-*,librustc_demangle-*,libstd_detect-*,libhashbrown-*,librustc_std_workspace_alloc-*,libminiz_oxide-*,libadler2-*,libunwind-*,liblibc-*,librustc_std_workspace_core-*,liballoc-*,libcore-*,libcompiler_builtins-*}.rlib" "-Wl,-Bdynamic" "-lgcc_s" "-lutil" "-lrt" "-lpthread" "-lm" "-ldl" "-lc" "-L" "/opt/rustwide/target/release/examples/rustcg4STVK/raw-dylibs" "-B<sysroot>/lib/rustlib/x86_64-unknown-linux-gnu/bin/gcc-ld" "-fuse-ld=lld" "-Wl,--eh-frame-hdr" "-Wl,-z,noexecstack" "-L" "<sysroot>/lib/rustlib/x86_64-unknown-linux-gnu/lib" "-o" "/opt/rustwide/target/release/examples/truncated_svd-78a271e2f9ac6b25" "-Wl,--gc-sections" "-pie" "-Wl,-z,relro,-z,now" "-Wl,-O1" "-Wl,--strip-debug" "-nodefaultlibs"
[INFO] [stdout]   = note: some arguments are omitted. use `--verbose` to show all linker arguments
[INFO] [stdout]   = note: rust-lld: error: undefined symbol: cblas_dgemm
[INFO] [stdout]           >>> referenced by truncated_svd.78fece0d944e6605-cgu.04
[INFO] [stdout]           >>>               /opt/rustwide/target/release/examples/truncated_svd-78a271e2f9ac6b25.truncated_svd.78fece0d944e6605-cgu.04.rcgu.o:(ndarray::linalg::impl_linalg::mat_mul_impl::<f64>)
[INFO] [stdout]           
[INFO] [stdout]           rust-lld: error: undefined symbol: dpotrs_
[INFO] [stdout]           >>> referenced by lax.66f2b4981fe54278-cgu.04
[INFO] [stdout]           >>>               lax-756245660cefb2fe.lax.66f2b4981fe54278-cgu.04.rcgu.o:(<f64 as lax::Lapack>::solve_cholesky) in archive /opt/rustwide/target/release/deps/liblax-756245660cefb2fe.rlib
[INFO] [stdout]           
[INFO] [stdout]           rust-lld: error: undefined symbol: dsygv_
[INFO] [stdout]           >>> referenced by lax.66f2b4981fe54278-cgu.05
[INFO] [stdout]           >>>               lax-756245660cefb2fe.lax.66f2b4981fe54278-cgu.05.rcgu.o:(<lax::eigh_generalized::EighGeneralizedWork<f64> as lax::eigh_generalized::EighGeneralizedWorkImpl>::new) in archive /opt/rustwide/target/release/deps/liblax-756245660cefb2fe.rlib
[INFO] [stdout]           >>> referenced by lax.66f2b4981fe54278-cgu.05
[INFO] [stdout]           >>>               lax-756245660cefb2fe.lax.66f2b4981fe54278-cgu.05.rcgu.o:(<lax::eigh_generalized::EighGeneralizedWork<f64> as lax::eigh_generalized::EighGeneralizedWorkImpl>::eval) in archive /opt/rustwide/target/release/deps/liblax-756245660cefb2fe.rlib
[INFO] [stdout]           
[INFO] [stdout]           rust-lld: error: undefined symbol: dpotrf_
[INFO] [stdout]           >>> referenced by lax.66f2b4981fe54278-cgu.04
[INFO] [stdout]           >>>               lax-756245660cefb2fe.lax.66f2b4981fe54278-cgu.04.rcgu.o:(<f64 as lax::Lapack>::cholesky) in archive /opt/rustwide/target/release/deps/liblax-756245660cefb2fe.rlib
[INFO] [stdout]           
[INFO] [stdout]           rust-lld: error: undefined symbol: dtrtrs_
[INFO] [stdout]           >>> referenced by lax.66f2b4981fe54278-cgu.06
[INFO] [stdout]           >>>               lax-756245660cefb2fe.lax.66f2b4981fe54278-cgu.06.rcgu.o:(<f64 as lax::triangular::SolveTriangularImpl>::solve_triangular) in archive /opt/rustwide/target/release/deps/liblax-756245660cefb2fe.rlib
[INFO] [stdout]           
[INFO] [stdout]           rust-lld: error: undefined symbol: dsyev_
[INFO] [stdout]           >>> referenced by lax.66f2b4981fe54278-cgu.06
[INFO] [stdout]           >>>               lax-756245660cefb2fe.lax.66f2b4981fe54278-cgu.06.rcgu.o:(<lax::eigh::EighWork<f64> as lax::eigh::EighWorkImpl>::new) in archive /opt/rustwide/target/release/deps/liblax-756245660cefb2fe.rlib
[INFO] [stdout]           >>> referenced by lax.66f2b4981fe54278-cgu.06
[INFO] [stdout]           >>>               lax-756245660cefb2fe.lax.66f2b4981fe54278-cgu.06.rcgu.o:(<lax::eigh::EighWork<f64> as lax::eigh::EighWorkImpl>::eval) in archive /opt/rustwide/target/release/deps/liblax-756245660cefb2fe.rlib
[INFO] [stdout]           collect2: error: ld returned 1 exit status
[INFO] [stdout]           
[INFO] [stdout] 
[INFO] [stdout] 
[INFO] [stderr] error: could not compile `ndarray-linalg` (example "truncated_svd") due to 1 previous error
[INFO] [stdout] error: linking with `cc` failed: exit status: 1
[INFO] [stdout]   |
[INFO] [stdout]   = note:  "cc" "-m64" "/opt/rustwide/target/release/deps/rustcdYZJP4/symbols.o" "<12 object files omitted>" "-Wl,--as-needed" "-Wl,-Bstatic" "<sysroot>/lib/rustlib/x86_64-unknown-linux-gnu/lib/{libtest-*,libgetopts-*,librustc_std_workspace_std-*}.rlib" "/opt/rustwide/target/release/deps/{libndarray_linalg-9fa6d14426fbe35a,liblax-756245660cefb2fe,liblapack_sys-e6c6ce4fb52e56ef,libthiserror-fa10a387af5aee38,libcauchy-a4418ba0b71a2c8a,libndarray-b2f911b3f9884d93,libmatrixmultiply-7e3eb8cb54c662fe,libapprox-9705aec715c75d60,libnum_complex-f5af7935e2e19bed,libserde-1fcffcc81e1dfdc7,libserde_core-4f65e16965cb3eb0,librand-59c9bb73984903b8,librand_chacha-d271bf7f6ac3e4d7,libppv_lite86-b9036e7c419c95ef,libzerocopy-9fbd4939301b7f1b,librand_core-ee774d6e2eb8233b,libgetrandom-4d2c978391e36df3,libcfg_if-6d8dca19095bb388,libnum_integer-46052c3841614b15,libnum_traits-af66b93df6dcecf9,librawpointer-e637704b8109ab79,libcblas_sys-daa2d89d96a2308a,liblibc-a940482f0e8d294f}.rlib" "<sysroot>/lib/rustlib/x86_64-unknown-linux-gnu/lib/{libstd-*,libpanic_unwind-*,libobject-*,libmemchr-*,libaddr2line-*,libgimli-*,libcfg_if-*,librustc_demangle-*,libstd_detect-*,libhashbrown-*,librustc_std_workspace_alloc-*,libminiz_oxide-*,libadler2-*,libunwind-*,liblibc-*,librustc_std_workspace_core-*,liballoc-*,libcore-*,libcompiler_builtins-*}.rlib" "-Wl,-Bdynamic" "-lgcc_s" "-lutil" "-lrt" "-lpthread" "-lm" "-ldl" "-lc" "-L" "/opt/rustwide/target/release/deps/rustcdYZJP4/raw-dylibs" "-B<sysroot>/lib/rustlib/x86_64-unknown-linux-gnu/bin/gcc-ld" "-fuse-ld=lld" "-Wl,--eh-frame-hdr" "-Wl,-z,noexecstack" "-L" "<sysroot>/lib/rustlib/x86_64-unknown-linux-gnu/lib" "-o" "/opt/rustwide/target/release/deps/eig-e52778e813a71434" "-Wl,--gc-sections" "-pie" "-Wl,-z,relro,-z,now" "-Wl,-O1" "-Wl,--strip-debug" "-nodefaultlibs"
[INFO] [stdout]   = note: some arguments are omitted. use `--verbose` to show all linker arguments
[INFO] [stdout]   = note: rust-lld: error: undefined symbol: cgeev_
[INFO] [stdout]           >>> referenced by lax.66f2b4981fe54278-cgu.08
[INFO] [stdout]           >>>               lax-756245660cefb2fe.lax.66f2b4981fe54278-cgu.08.rcgu.o:(<lax::eig::EigWork<num_complex::Complex<f32>> as lax::eig::EigWorkImpl>::new) in archive /opt/rustwide/target/release/deps/liblax-756245660cefb2fe.rlib
[INFO] [stdout]           >>> referenced by lax.66f2b4981fe54278-cgu.08
[INFO] [stdout]           >>>               lax-756245660cefb2fe.lax.66f2b4981fe54278-cgu.08.rcgu.o:(<lax::eig::EigWork<num_complex::Complex<f32>> as lax::eig::EigWorkImpl>::calc) in archive /opt/rustwide/target/release/deps/liblax-756245660cefb2fe.rlib
[INFO] [stdout]           
[INFO] [stdout]           rust-lld: error: undefined symbol: zgeev_
[INFO] [stdout]           >>> referenced by lax.66f2b4981fe54278-cgu.08
[INFO] [stdout]           >>>               lax-756245660cefb2fe.lax.66f2b4981fe54278-cgu.08.rcgu.o:(<lax::eig::EigWork<num_complex::Complex<f64>> as lax::eig::EigWorkImpl>::new) in archive /opt/rustwide/target/release/deps/liblax-756245660cefb2fe.rlib
[INFO] [stdout]           >>> referenced by lax.66f2b4981fe54278-cgu.08
[INFO] [stdout]           >>>               lax-756245660cefb2fe.lax.66f2b4981fe54278-cgu.08.rcgu.o:(<lax::eig::EigWork<num_complex::Complex<f64>> as lax::eig::EigWorkImpl>::calc) in archive /opt/rustwide/target/release/deps/liblax-756245660cefb2fe.rlib
[INFO] [stdout]           
[INFO] [stdout]           rust-lld: error: undefined symbol: sgeev_
[INFO] [stdout]           >>> referenced by lax.66f2b4981fe54278-cgu.08
[INFO] [stdout]           >>>               lax-756245660cefb2fe.lax.66f2b4981fe54278-cgu.08.rcgu.o:(<lax::eig::EigWork<f32> as lax::eig::EigWorkImpl>::new) in archive /opt/rustwide/target/release/deps/liblax-756245660cefb2fe.rlib
[INFO] [stdout]           >>> referenced by lax.66f2b4981fe54278-cgu.08
[INFO] [stdout]           >>>               lax-756245660cefb2fe.lax.66f2b4981fe54278-cgu.08.rcgu.o:(<lax::eig::EigWork<f32> as lax::eig::EigWorkImpl>::calc) in archive /opt/rustwide/target/release/deps/liblax-756245660cefb2fe.rlib
[INFO] [stdout]           
[INFO] [stdout]           rust-lld: error: undefined symbol: dgeev_
[INFO] [stdout]           >>> referenced by lax.66f2b4981fe54278-cgu.08
[INFO] [stdout]           >>>               lax-756245660cefb2fe.lax.66f2b4981fe54278-cgu.08.rcgu.o:(<lax::eig::EigWork<f64> as lax::eig::EigWorkImpl>::new) in archive /opt/rustwide/target/release/deps/liblax-756245660cefb2fe.rlib
[INFO] [stdout]           >>> referenced by lax.66f2b4981fe54278-cgu.08
[INFO] [stdout]           >>>               lax-756245660cefb2fe.lax.66f2b4981fe54278-cgu.08.rcgu.o:(<lax::eig::EigWork<f64> as lax::eig::EigWorkImpl>::calc) in archive /opt/rustwide/target/release/deps/liblax-756245660cefb2fe.rlib
[INFO] [stdout]           collect2: error: ld returned 1 exit status
[INFO] [stdout]           
[INFO] [stdout] 
[INFO] [stdout] 
[INFO] [stderr] error: could not compile `ndarray-linalg` (test "eig") due to 1 previous error
[INFO] [stdout] error: linking with `cc` failed: exit status: 1
[INFO] [stdout]   |
[INFO] [stdout]   = note:  "cc" "-m64" "/opt/rustwide/target/release/deps/rustcmovqwZ/symbols.o" "<13 object files omitted>" "-Wl,--as-needed" "-Wl,-Bstatic" "/opt/rustwide/target/release/deps/librand_pcg-d2d7be9c35a8ae35.rlib" "<sysroot>/lib/rustlib/x86_64-unknown-linux-gnu/lib/{libtest-*,libgetopts-*,librustc_std_workspace_std-*}.rlib" "/opt/rustwide/target/release/deps/{libndarray_linalg-9fa6d14426fbe35a,liblax-756245660cefb2fe,liblapack_sys-e6c6ce4fb52e56ef,libthiserror-fa10a387af5aee38,libcauchy-a4418ba0b71a2c8a,libndarray-b2f911b3f9884d93,libmatrixmultiply-7e3eb8cb54c662fe,libnum_integer-46052c3841614b15,librawpointer-e637704b8109ab79,libcblas_sys-daa2d89d96a2308a,libapprox-9705aec715c75d60,libnum_complex-f5af7935e2e19bed,libserde-1fcffcc81e1dfdc7,libserde_core-4f65e16965cb3eb0,librand-59c9bb73984903b8,librand_chacha-d271bf7f6ac3e4d7,libppv_lite86-b9036e7c419c95ef,libzerocopy-9fbd4939301b7f1b,librand_core-ee774d6e2eb8233b,libgetrandom-4d2c978391e36df3,liblibc-a940482f0e8d294f,libcfg_if-6d8dca19095bb388,libnum_traits-af66b93df6dcecf9}.rlib" "<sysroot>/lib/rustlib/x86_64-unknown-linux-gnu/lib/{libstd-*,libpanic_unwind-*,libobject-*,libmemchr-*,libaddr2line-*,libgimli-*,libcfg_if-*,librustc_demangle-*,libstd_detect-*,libhashbrown-*,librustc_std_workspace_alloc-*,libminiz_oxide-*,libadler2-*,libunwind-*,liblibc-*,librustc_std_workspace_core-*,liballoc-*,libcore-*,libcompiler_builtins-*}.rlib" "-Wl,-Bdynamic" "-lgcc_s" "-lutil" "-lrt" "-lpthread" "-lm" "-ldl" "-lc" "-L" "/opt/rustwide/target/release/deps/rustcmovqwZ/raw-dylibs" "-B<sysroot>/lib/rustlib/x86_64-unknown-linux-gnu/bin/gcc-ld" "-fuse-ld=lld" "-Wl,--eh-frame-hdr" "-Wl,-z,noexecstack" "-L" "<sysroot>/lib/rustlib/x86_64-unknown-linux-gnu/lib" "-o" "/opt/rustwide/target/release/deps/least_squares-6d4152c8c62e8c22" "-Wl,--gc-sections" "-pie" "-Wl,-z,relro,-z,now" "-Wl,-O1" "-Wl,--strip-debug" "-nodefaultlibs"
[INFO] [stdout]   = note: some arguments are omitted. use `--verbose` to show all linker arguments
[INFO] [stdout]   = note: rust-lld: error: undefined symbol: cblas_ddot
[INFO] [stdout]           >>> referenced by least_squares.8501b7919f68a890-cgu.00
[INFO] [stdout]           >>>               /opt/rustwide/target/release/deps/least_squares-6d4152c8c62e8c22.least_squares.8501b7919f68a890-cgu.00.rcgu.o:(<ndarray::ArrayRef<f64, ndarray::dimension::dim::Dim<[usize; 1]>>>::dot_impl)
[INFO] [stdout]           >>> referenced by least_squares.8501b7919f68a890-cgu.02
[INFO] [stdout]           >>>               /opt/rustwide/target/release/deps/least_squares-6d4152c8c62e8c22.least_squares.8501b7919f68a890-cgu.02.rcgu.o:(<ndarray::zip::Zip<(ndarray::iterators::AxisIter<f64, ndarray::dimension::dim::Dim<[usize; 1]>>, ndarray::ArrayBase<ndarray::RawViewRepr<*mut f64>, ndarray::dimension::dim::Dim<[usize; 1]>, f64>), ndarray::dimension::dim::Dim<[usize; 1]>>>::for_each::<ndarray::linalg::impl_linalg::general_mat_vec_mul_impl<f64>::{closure#1}>)
[INFO] [stdout]           
[INFO] [stdout]           rust-lld: error: undefined symbol: cblas_sdot
[INFO] [stdout]           >>> referenced by least_squares.8501b7919f68a890-cgu.00
[INFO] [stdout]           >>>               /opt/rustwide/target/release/deps/least_squares-6d4152c8c62e8c22.least_squares.8501b7919f68a890-cgu.00.rcgu.o:(<ndarray::ArrayRef<f32, ndarray::dimension::dim::Dim<[usize; 1]>>>::dot_impl)
[INFO] [stdout]           >>> referenced by least_squares.8501b7919f68a890-cgu.02
[INFO] [stdout]           >>>               /opt/rustwide/target/release/deps/least_squares-6d4152c8c62e8c22.least_squares.8501b7919f68a890-cgu.02.rcgu.o:(<ndarray::zip::Zip<(ndarray::iterators::AxisIter<f32, ndarray::dimension::dim::Dim<[usize; 1]>>, ndarray::ArrayBase<ndarray::RawViewRepr<*mut f32>, ndarray::dimension::dim::Dim<[usize; 1]>, f32>), ndarray::dimension::dim::Dim<[usize; 1]>>>::for_each::<ndarray::linalg::impl_linalg::general_mat_vec_mul_impl<f32>::{closure#1}>)
[INFO] [stdout]           
[INFO] [stdout]           rust-lld: error: undefined symbol: cblas_dgemv
[INFO] [stdout]           >>> referenced by least_squares.8501b7919f68a890-cgu.11
[INFO] [stdout]           >>>               /opt/rustwide/target/release/deps/least_squares-6d4152c8c62e8c22.least_squares.8501b7919f68a890-cgu.11.rcgu.o:(ndarray::linalg::impl_linalg::general_mat_vec_mul_impl::<f64>)
[INFO] [stdout]           
[INFO] [stdout]           rust-lld: error: undefined symbol: cblas_sgemv
[INFO] [stdout]           >>> referenced by least_squares.8501b7919f68a890-cgu.11
[INFO] [stdout]           >>>               /opt/rustwide/target/release/deps/least_squares-6d4152c8c62e8c22.least_squares.8501b7919f68a890-cgu.11.rcgu.o:(ndarray::linalg::impl_linalg::general_mat_vec_mul_impl::<f32>)
[INFO] [stdout]           
[INFO] [stdout]           rust-lld: error: undefined symbol: zgelsd_
[INFO] [stdout]           >>> referenced by lax.66f2b4981fe54278-cgu.01
[INFO] [stdout]           >>>               lax-756245660cefb2fe.lax.66f2b4981fe54278-cgu.01.rcgu.o:(<lax::least_squares::LeastSquaresWork<num_complex::Complex<f64>> as lax::least_squares::LeastSquaresWorkImpl>::new) in archive /opt/rustwide/target/release/deps/liblax-756245660cefb2fe.rlib
[INFO] [stdout]           >>> referenced by lax.66f2b4981fe54278-cgu.01
[INFO] [stdout]           >>>               lax-756245660cefb2fe.lax.66f2b4981fe54278-cgu.01.rcgu.o:(<lax::least_squares::LeastSquaresWork<num_complex::Complex<f64>> as lax::least_squares::LeastSquaresWorkImpl>::calc) in archive /opt/rustwide/target/release/deps/liblax-756245660cefb2fe.rlib
[INFO] [stdout]           
[INFO] [stdout]           rust-lld: error: undefined symbol: dgelsd_
[INFO] [stdout]           >>> referenced by lax.66f2b4981fe54278-cgu.01
[INFO] [stdout]           >>>               lax-756245660cefb2fe.lax.66f2b4981fe54278-cgu.01.rcgu.o:(<lax::least_squares::LeastSquaresWork<f64> as lax::least_squares::LeastSquaresWorkImpl>::new) in archive /opt/rustwide/target/release/deps/liblax-756245660cefb2fe.rlib
[INFO] [stdout]           >>> referenced by lax.66f2b4981fe54278-cgu.01
[INFO] [stdout]           >>>               lax-756245660cefb2fe.lax.66f2b4981fe54278-cgu.01.rcgu.o:(<lax::least_squares::LeastSquaresWork<f64> as lax::least_squares::LeastSquaresWorkImpl>::calc) in archive /opt/rustwide/target/release/deps/liblax-756245660cefb2fe.rlib
[INFO] [stdout]           
[INFO] [stdout]           rust-lld: error: undefined symbol: sgelsd_
[INFO] [stdout]           >>> referenced by lax.66f2b4981fe54278-cgu.01
[INFO] [stdout]           >>>               lax-756245660cefb2fe.lax.66f2b4981fe54278-cgu.01.rcgu.o:(<lax::least_squares::LeastSquaresWork<f32> as lax::least_squares::LeastSquaresWorkImpl>::new) in archive /opt/rustwide/target/release/deps/liblax-756245660cefb2fe.rlib
[INFO] [stdout]           >>> referenced by lax.66f2b4981fe54278-cgu.01
[INFO] [stdout]           >>>               lax-756245660cefb2fe.lax.66f2b4981fe54278-cgu.01.rcgu.o:(<lax::least_squares::LeastSquaresWork<f32> as lax::least_squares::LeastSquaresWorkImpl>::calc) in archive /opt/rustwide/target/release/deps/liblax-756245660cefb2fe.rlib
[INFO] [stdout]           
[INFO] [stdout]           rust-lld: error: undefined symbol: cgelsd_
[INFO] [stdout]           >>> referenced by lax.66f2b4981fe54278-cgu.01
[INFO] [stdout]           >>>               lax-756245660cefb2fe.lax.66f2b4981fe54278-cgu.01.rcgu.o:(<lax::least_squares::LeastSquaresWork<num_complex::Complex<f32>> as lax::least_squares::LeastSquaresWorkImpl>::new) in archive /opt/rustwide/target/release/deps/liblax-756245660cefb2fe.rlib
[INFO] [stdout]           >>> referenced by lax.66f2b4981fe54278-cgu.01
[INFO] [stdout]           >>>               lax-756245660cefb2fe.lax.66f2b4981fe54278-cgu.01.rcgu.o:(<lax::least_squares::LeastSquaresWork<num_complex::Complex<f32>> as lax::least_squares::LeastSquaresWorkImpl>::calc) in archive /opt/rustwide/target/release/deps/liblax-756245660cefb2fe.rlib
[INFO] [stdout]           collect2: error: ld returned 1 exit status
[INFO] [stdout]           
[INFO] [stdout] 
[INFO] [stdout] 
[INFO] [stderr] error: could not compile `ndarray-linalg` (test "least_squares") due to 1 previous error
[INFO] [stdout] error: linking with `cc` failed: exit status: 1
[INFO] [stdout]   |
[INFO] [stdout]   = note:  "cc" "-m64" "/opt/rustwide/target/release/examples/rustcSdEcJv/symbols.o" "<12 object files omitted>" "-Wl,--as-needed" "-Wl,-Bstatic" "/opt/rustwide/target/release/deps/{libndarray_linalg-9fa6d14426fbe35a,liblax-756245660cefb2fe,liblapack_sys-e6c6ce4fb52e56ef,libthiserror-fa10a387af5aee38,libcauchy-a4418ba0b71a2c8a,libndarray-b2f911b3f9884d93,libmatrixmultiply-7e3eb8cb54c662fe,libapprox-9705aec715c75d60,libnum_complex-f5af7935e2e19bed,libserde-1fcffcc81e1dfdc7,libserde_core-4f65e16965cb3eb0,librand-59c9bb73984903b8,librand_chacha-d271bf7f6ac3e4d7,libppv_lite86-b9036e7c419c95ef,libzerocopy-9fbd4939301b7f1b,librand_core-ee774d6e2eb8233b,libgetrandom-4d2c978391e36df3,libcfg_if-6d8dca19095bb388,libnum_integer-46052c3841614b15,libnum_traits-af66b93df6dcecf9,librawpointer-e637704b8109ab79,libcblas_sys-daa2d89d96a2308a,liblibc-a940482f0e8d294f}.rlib" "<sysroot>/lib/rustlib/x86_64-unknown-linux-gnu/lib/{libstd-*,libpanic_unwind-*,libobject-*,libmemchr-*,libaddr2line-*,libgimli-*,libcfg_if-*,librustc_demangle-*,libstd_detect-*,libhashbrown-*,librustc_std_workspace_alloc-*,libminiz_oxide-*,libadler2-*,libunwind-*,liblibc-*,librustc_std_workspace_core-*,liballoc-*,libcore-*,libcompiler_builtins-*}.rlib" "-Wl,-Bdynamic" "-lgcc_s" "-lutil" "-lrt" "-lpthread" "-lm" "-ldl" "-lc" "-L" "/opt/rustwide/target/release/examples/rustcSdEcJv/raw-dylibs" "-B<sysroot>/lib/rustlib/x86_64-unknown-linux-gnu/bin/gcc-ld" "-fuse-ld=lld" "-Wl,--eh-frame-hdr" "-Wl,-z,noexecstack" "-L" "<sysroot>/lib/rustlib/x86_64-unknown-linux-gnu/lib" "-o" "/opt/rustwide/target/release/examples/truncated_eig-a3d33b47f3c90f52" "-Wl,--gc-sections" "-pie" "-Wl,-z,relro,-z,now" "-Wl,-O1" "-Wl,--strip-debug" "-nodefaultlibs"
[INFO] [stdout]   = note: some arguments are omitted. use `--verbose` to show all linker arguments
[INFO] [stdout]   = note: rust-lld: error: undefined symbol: cblas_dgemm
[INFO] [stdout]           >>> referenced by truncated_eig.7be150a0701c13e8-cgu.08
[INFO] [stdout]           >>>               /opt/rustwide/target/release/examples/truncated_eig-a3d33b47f3c90f52.truncated_eig.7be150a0701c13e8-cgu.08.rcgu.o:(ndarray::linalg::impl_linalg::mat_mul_impl::<f64>)
[INFO] [stdout]           
[INFO] [stdout]           rust-lld: error: undefined symbol: dpotrs_
[INFO] [stdout]           >>> referenced by lax.66f2b4981fe54278-cgu.04
[INFO] [stdout]           >>>               lax-756245660cefb2fe.lax.66f2b4981fe54278-cgu.04.rcgu.o:(<f64 as lax::Lapack>::solve_cholesky) in archive /opt/rustwide/target/release/deps/liblax-756245660cefb2fe.rlib
[INFO] [stdout]           
[INFO] [stdout]           rust-lld: error: undefined symbol: dorgqr_
[INFO] [stdout]           >>> referenced by lax.66f2b4981fe54278-cgu.04
[INFO] [stdout]           >>>               lax-756245660cefb2fe.lax.66f2b4981fe54278-cgu.04.rcgu.o:(<f64 as lax::Lapack>::q) in archive /opt/rustwide/target/release/deps/liblax-756245660cefb2fe.rlib
[INFO] [stdout]           >>> referenced by lax.66f2b4981fe54278-cgu.03
[INFO] [stdout]           >>>               lax-756245660cefb2fe.lax.66f2b4981fe54278-cgu.03.rcgu.o:(<lax::qr::QWork<f64> as lax::qr::QWorkImpl>::new) in archive /opt/rustwide/target/release/deps/liblax-756245660cefb2fe.rlib
[INFO] [stdout]           
[INFO] [stdout]           rust-lld: error: undefined symbol: dorglq_
[INFO] [stdout]           >>> referenced by lax.66f2b4981fe54278-cgu.04
[INFO] [stdout]           >>>               lax-756245660cefb2fe.lax.66f2b4981fe54278-cgu.04.rcgu.o:(<f64 as lax::Lapack>::q) in archive /opt/rustwide/target/release/deps/liblax-756245660cefb2fe.rlib
[INFO] [stdout]           >>> referenced by lax.66f2b4981fe54278-cgu.03
[INFO] [stdout]           >>>               lax-756245660cefb2fe.lax.66f2b4981fe54278-cgu.03.rcgu.o:(<lax::qr::QWork<f64> as lax::qr::QWorkImpl>::new) in archive /opt/rustwide/target/release/deps/liblax-756245660cefb2fe.rlib
[INFO] [stdout]           
[INFO] [stdout]           rust-lld: error: undefined symbol: dpotrf_
[INFO] [stdout]           >>> referenced by lax.66f2b4981fe54278-cgu.04
[INFO] [stdout]           >>>               lax-756245660cefb2fe.lax.66f2b4981fe54278-cgu.04.rcgu.o:(<f64 as lax::Lapack>::cholesky) in archive /opt/rustwide/target/release/deps/liblax-756245660cefb2fe.rlib
[INFO] [stdout]           
[INFO] [stdout]           rust-lld: error: undefined symbol: dgeqrf_
[INFO] [stdout]           >>> referenced by lax.66f2b4981fe54278-cgu.03
[INFO] [stdout]           >>>               lax-756245660cefb2fe.lax.66f2b4981fe54278-cgu.03.rcgu.o:(<lax::qr::HouseholderWork<f64> as lax::qr::HouseholderWorkImpl>::new) in archive /opt/rustwide/target/release/deps/liblax-756245660cefb2fe.rlib
[INFO] [stdout]           >>> referenced by lax.66f2b4981fe54278-cgu.03
[INFO] [stdout]           >>>               lax-756245660cefb2fe.lax.66f2b4981fe54278-cgu.03.rcgu.o:(<lax::qr::HouseholderWork<f64> as lax::qr::HouseholderWorkImpl>::eval) in archive /opt/rustwide/target/release/deps/liblax-756245660cefb2fe.rlib
[INFO] [stdout]           
[INFO] [stdout]           rust-lld: error: undefined symbol: dgelqf_
[INFO] [stdout]           >>> referenced by lax.66f2b4981fe54278-cgu.03
[INFO] [stdout]           >>>               lax-756245660cefb2fe.lax.66f2b4981fe54278-cgu.03.rcgu.o:(<lax::qr::HouseholderWork<f64> as lax::qr::HouseholderWorkImpl>::new) in archive /opt/rustwide/target/release/deps/liblax-756245660cefb2fe.rlib
[INFO] [stdout]           >>> referenced by lax.66f2b4981fe54278-cgu.03
[INFO] [stdout]           >>>               lax-756245660cefb2fe.lax.66f2b4981fe54278-cgu.03.rcgu.o:(<lax::qr::HouseholderWork<f64> as lax::qr::HouseholderWorkImpl>::eval) in archive /opt/rustwide/target/release/deps/liblax-756245660cefb2fe.rlib
[INFO] [stdout]           
[INFO] [stdout]           rust-lld: error: undefined symbol: dsygv_
[INFO] [stdout]           >>> referenced by lax.66f2b4981fe54278-cgu.05
[INFO] [stdout]           >>>               lax-756245660cefb2fe.lax.66f2b4981fe54278-cgu.05.rcgu.o:(<lax::eigh_generalized::EighGeneralizedWork<f64> as lax::eigh_generalized::EighGeneralizedWorkImpl>::new) in archive /opt/rustwide/target/release/deps/liblax-756245660cefb2fe.rlib
[INFO] [stdout]           >>> referenced by lax.66f2b4981fe54278-cgu.05
[INFO] [stdout]           >>>               lax-756245660cefb2fe.lax.66f2b4981fe54278-cgu.05.rcgu.o:(<lax::eigh_generalized::EighGeneralizedWork<f64> as lax::eigh_generalized::EighGeneralizedWorkImpl>::eval) in archive /opt/rustwide/target/release/deps/liblax-756245660cefb2fe.rlib
[INFO] [stdout]           
[INFO] [stdout]           rust-lld: error: undefined symbol: dtrtrs_
[INFO] [stdout]           >>> referenced by lax.66f2b4981fe54278-cgu.06
[INFO] [stdout]           >>>               lax-756245660cefb2fe.lax.66f2b4981fe54278-cgu.06.rcgu.o:(<f64 as lax::triangular::SolveTriangularImpl>::solve_triangular) in archive /opt/rustwide/target/release/deps/liblax-756245660cefb2fe.rlib
[INFO] [stdout]           
[INFO] [stdout]           rust-lld: error: undefined symbol: dsyev_
[INFO] [stdout]           >>> referenced by lax.66f2b4981fe54278-cgu.06
[INFO] [stdout]           >>>               lax-756245660cefb2fe.lax.66f2b4981fe54278-cgu.06.rcgu.o:(<lax::eigh::EighWork<f64> as lax::eigh::EighWorkImpl>::new) in archive /opt/rustwide/target/release/deps/liblax-756245660cefb2fe.rlib
[INFO] [stdout]           >>> referenced by lax.66f2b4981fe54278-cgu.06
[INFO] [stdout]           >>>               lax-756245660cefb2fe.lax.66f2b4981fe54278-cgu.06.rcgu.o:(<lax::eigh::EighWork<f64> as lax::eigh::EighWorkImpl>::eval) in archive /opt/rustwide/target/release/deps/liblax-756245660cefb2fe.rlib
[INFO] [stdout]           collect2: error: ld returned 1 exit status
[INFO] [stdout]           
[INFO] [stdout] 
[INFO] [stdout] 
[INFO] [stderr] error: could not compile `ndarray-linalg` (example "truncated_eig") due to 1 previous error
[INFO] [stdout] error: linking with `cc` failed: exit status: 1
[INFO] [stdout]   |
[INFO] [stdout]   = note:  "cc" "-m64" "/opt/rustwide/target/release/deps/rustcWLgEmM/symbols.o" "<13 object files omitted>" "-Wl,--as-needed" "-Wl,-Bstatic" "/opt/rustwide/target/release/deps/librand_pcg-d2d7be9c35a8ae35.rlib" "<sysroot>/lib/rustlib/x86_64-unknown-linux-gnu/lib/{libtest-*,libgetopts-*,librustc_std_workspace_std-*}.rlib" "/opt/rustwide/target/release/deps/{libndarray_linalg-9fa6d14426fbe35a,liblax-756245660cefb2fe,liblapack_sys-e6c6ce4fb52e56ef,libthiserror-fa10a387af5aee38,libcauchy-a4418ba0b71a2c8a,libndarray-b2f911b3f9884d93,libmatrixmultiply-7e3eb8cb54c662fe,libnum_integer-46052c3841614b15,librawpointer-e637704b8109ab79,libcblas_sys-daa2d89d96a2308a,libapprox-9705aec715c75d60,libnum_complex-f5af7935e2e19bed,libserde-1fcffcc81e1dfdc7,libserde_core-4f65e16965cb3eb0,librand-59c9bb73984903b8,librand_chacha-d271bf7f6ac3e4d7,libppv_lite86-b9036e7c419c95ef,libzerocopy-9fbd4939301b7f1b,librand_core-ee774d6e2eb8233b,libgetrandom-4d2c978391e36df3,liblibc-a940482f0e8d294f,libcfg_if-6d8dca19095bb388,libnum_traits-af66b93df6dcecf9}.rlib" "<sysroot>/lib/rustlib/x86_64-unknown-linux-gnu/lib/{libstd-*,libpanic_unwind-*,libobject-*,libmemchr-*,libaddr2line-*,libgimli-*,libcfg_if-*,librustc_demangle-*,libstd_detect-*,libhashbrown-*,librustc_std_workspace_alloc-*,libminiz_oxide-*,libadler2-*,libunwind-*,liblibc-*,librustc_std_workspace_core-*,liballoc-*,libcore-*,libcompiler_builtins-*}.rlib" "-Wl,-Bdynamic" "-lgcc_s" "-lutil" "-lrt" "-lpthread" "-lm" "-ldl" "-lc" "-L" "/opt/rustwide/target/release/deps/rustcWLgEmM/raw-dylibs" "-B<sysroot>/lib/rustlib/x86_64-unknown-linux-gnu/bin/gcc-ld" "-fuse-ld=lld" "-Wl,--eh-frame-hdr" "-Wl,-z,noexecstack" "-L" "<sysroot>/lib/rustlib/x86_64-unknown-linux-gnu/lib" "-o" "/opt/rustwide/target/release/deps/least_squares_nrhs-55e877264319145d" "-Wl,--gc-sections" "-pie" "-Wl,-z,relro,-z,now" "-Wl,-O1" "-Wl,--strip-debug" "-nodefaultlibs"
[INFO] [stdout]   = note: some arguments are omitted. use `--verbose` to show all linker arguments
[INFO] [stdout]   = note: rust-lld: error: undefined symbol: cblas_ddot
[INFO] [stdout]           >>> referenced by least_squares_nrhs.27d3e59356b57c5a-cgu.00
[INFO] [stdout]           >>>               /opt/rustwide/target/release/deps/least_squares_nrhs-55e877264319145d.least_squares_nrhs.27d3e59356b57c5a-cgu.00.rcgu.o:(<ndarray::ArrayRef<f64, ndarray::dimension::dim::Dim<[usize; 1]>>>::dot_impl)
[INFO] [stdout]           >>> referenced by least_squares_nrhs.27d3e59356b57c5a-cgu.01
[INFO] [stdout]           >>>               /opt/rustwide/target/release/deps/least_squares_nrhs-55e877264319145d.least_squares_nrhs.27d3e59356b57c5a-cgu.01.rcgu.o:(<ndarray::zip::Zip<(ndarray::iterators::AxisIter<f64, ndarray::dimension::dim::Dim<[usize; 1]>>, ndarray::ArrayBase<ndarray::RawViewRepr<*mut f64>, ndarray::dimension::dim::Dim<[usize; 1]>, f64>), ndarray::dimension::dim::Dim<[usize; 1]>>>::for_each::<ndarray::linalg::impl_linalg::general_mat_vec_mul_impl<f64>::{closure#1}>)
[INFO] [stdout]           
[INFO] [stdout]           rust-lld: error: undefined symbol: cblas_sdot
[INFO] [stdout]           >>> referenced by least_squares_nrhs.27d3e59356b57c5a-cgu.00
[INFO] [stdout]           >>>               /opt/rustwide/target/release/deps/least_squares_nrhs-55e877264319145d.least_squares_nrhs.27d3e59356b57c5a-cgu.00.rcgu.o:(<ndarray::ArrayRef<f32, ndarray::dimension::dim::Dim<[usize; 1]>>>::dot_impl)
[INFO] [stdout]           >>> referenced by least_squares_nrhs.27d3e59356b57c5a-cgu.01
[INFO] [stdout]           >>>               /opt/rustwide/target/release/deps/least_squares_nrhs-55e877264319145d.least_squares_nrhs.27d3e59356b57c5a-cgu.01.rcgu.o:(<ndarray::zip::Zip<(ndarray::iterators::AxisIter<f32, ndarray::dimension::dim::Dim<[usize; 1]>>, ndarray::ArrayBase<ndarray::RawViewRepr<*mut f32>, ndarray::dimension::dim::Dim<[usize; 1]>, f32>), ndarray::dimension::dim::Dim<[usize; 1]>>>::for_each::<ndarray::linalg::impl_linalg::general_mat_vec_mul_impl<f32>::{closure#1}>)
[INFO] [stdout]           
[INFO] [stdout]           rust-lld: error: undefined symbol: cblas_zgemm
[INFO] [stdout]           >>> referenced by least_squares_nrhs.27d3e59356b57c5a-cgu.03
[INFO] [stdout]           >>>               /opt/rustwide/target/release/deps/least_squares_nrhs-55e877264319145d.least_squares_nrhs.27d3e59356b57c5a-cgu.03.rcgu.o:(ndarray::linalg::impl_linalg::mat_mul_impl::<num_complex::Complex<f64>>)
[INFO] [stdout]           
[INFO] [stdout]           rust-lld: error: undefined symbol: cblas_cgemm
[INFO] [stdout]           >>> referenced by least_squares_nrhs.27d3e59356b57c5a-cgu.03
[INFO] [stdout]           >>>               /opt/rustwide/target/release/deps/least_squares_nrhs-55e877264319145d.least_squares_nrhs.27d3e59356b57c5a-cgu.03.rcgu.o:(ndarray::linalg::impl_linalg::mat_mul_impl::<num_complex::Complex<f32>>)
[INFO] [stdout]           
[INFO] [stdout]           rust-lld: error: undefined symbol: cblas_dgemm
[INFO] [stdout]           >>> referenced by least_squares_nrhs.27d3e59356b57c5a-cgu.03
[INFO] [stdout]           >>>               /opt/rustwide/target/release/deps/least_squares_nrhs-55e877264319145d.least_squares_nrhs.27d3e59356b57c5a-cgu.03.rcgu.o:(ndarray::linalg::impl_linalg::mat_mul_impl::<f64>)
[INFO] [stdout]           
[INFO] [stdout]           rust-lld: error: undefined symbol: cblas_sgemm
[INFO] [stdout]           >>> referenced by least_squares_nrhs.27d3e59356b57c5a-cgu.03
[INFO] [stdout]           >>>               /opt/rustwide/target/release/deps/least_squares_nrhs-55e877264319145d.least_squares_nrhs.27d3e59356b57c5a-cgu.03.rcgu.o:(ndarray::linalg::impl_linalg::mat_mul_impl::<f32>)
[INFO] [stdout]           
[INFO] [stdout]           rust-lld: error: undefined symbol: cblas_dgemv
[INFO] [stdout]           >>> referenced by least_squares_nrhs.27d3e59356b57c5a-cgu.03
[INFO] [stdout]           >>>               /opt/rustwide/target/release/deps/least_squares_nrhs-55e877264319145d.least_squares_nrhs.27d3e59356b57c5a-cgu.03.rcgu.o:(ndarray::linalg::impl_linalg::general_mat_vec_mul_impl::<f64>)
[INFO] [stdout]           
[INFO] [stdout]           rust-lld: error: undefined symbol: cblas_sgemv
[INFO] [stdout]           >>> referenced by least_squares_nrhs.27d3e59356b57c5a-cgu.03
[INFO] [stdout]           >>>               /opt/rustwide/target/release/deps/least_squares_nrhs-55e877264319145d.least_squares_nrhs.27d3e59356b57c5a-cgu.03.rcgu.o:(ndarray::linalg::impl_linalg::general_mat_vec_mul_impl::<f32>)
[INFO] [stdout]           
[INFO] [stdout]           rust-lld: error: undefined symbol: zgelsd_
[INFO] [stdout]           >>> referenced by lax.66f2b4981fe54278-cgu.01
[INFO] [stdout]           >>>               lax-756245660cefb2fe.lax.66f2b4981fe54278-cgu.01.rcgu.o:(<lax::least_squares::LeastSquaresWork<num_complex::Complex<f64>> as lax::least_squares::LeastSquaresWorkImpl>::new) in archive /opt/rustwide/target/release/deps/liblax-756245660cefb2fe.rlib
[INFO] [stdout]           >>> referenced by lax.66f2b4981fe54278-cgu.01
[INFO] [stdout]           >>>               lax-756245660cefb2fe.lax.66f2b4981fe54278-cgu.01.rcgu.o:(<lax::least_squares::LeastSquaresWork<num_complex::Complex<f64>> as lax::least_squares::LeastSquaresWorkImpl>::calc) in archive /opt/rustwide/target/release/deps/liblax-756245660cefb2fe.rlib
[INFO] [stdout]           
[INFO] [stdout]           rust-lld: error: undefined symbol: dgelsd_
[INFO] [stdout]           >>> referenced by lax.66f2b4981fe54278-cgu.01
[INFO] [stdout]           >>>               lax-756245660cefb2fe.lax.66f2b4981fe54278-cgu.01.rcgu.o:(<lax::least_squares::LeastSquaresWork<f64> as lax::least_squares::LeastSquaresWorkImpl>::new) in archive /opt/rustwide/target/release/deps/liblax-756245660cefb2fe.rlib
[INFO] [stdout]           >>> referenced by lax.66f2b4981fe54278-cgu.01
[INFO] [stdout]           >>>               lax-756245660cefb2fe.lax.66f2b4981fe54278-cgu.01.rcgu.o:(<lax::least_squares::LeastSquaresWork<f64> as lax::least_squares::LeastSquaresWorkImpl>::calc) in archive /opt/rustwide/target/release/deps/liblax-756245660cefb2fe.rlib
[INFO] [stdout]           
[INFO] [stdout]           rust-lld: error: undefined symbol: sgelsd_
[INFO] [stdout]           >>> referenced by lax.66f2b4981fe54278-cgu.01
[INFO] [stdout]           >>>               lax-756245660cefb2fe.lax.66f2b4981fe54278-cgu.01.rcgu.o:(<lax::least_squares::LeastSquaresWork<f32> as lax::least_squares::LeastSquaresWorkImpl>::new) in archive /opt/rustwide/target/release/deps/liblax-756245660cefb2fe.rlib
[INFO] [stdout]           >>> referenced by lax.66f2b4981fe54278-cgu.01
[INFO] [stdout]           >>>               lax-756245660cefb2fe.lax.66f2b4981fe54278-cgu.01.rcgu.o:(<lax::least_squares::LeastSquaresWork<f32> as lax::least_squares::LeastSquaresWorkImpl>::calc) in archive /opt/rustwide/target/release/deps/liblax-756245660cefb2fe.rlib
[INFO] [stdout]           
[INFO] [stdout]           rust-lld: error: undefined symbol: cgelsd_
[INFO] [stdout]           >>> referenced by lax.66f2b4981fe54278-cgu.01
[INFO] [stdout]           >>>               lax-756245660cefb2fe.lax.66f2b4981fe54278-cgu.01.rcgu.o:(<lax::least_squares::LeastSquaresWork<num_complex::Complex<f32>> as lax::least_squares::LeastSquaresWorkImpl>::new) in archive /opt/rustwide/target/release/deps/liblax-756245660cefb2fe.rlib
[INFO] [stdout]           >>> referenced by lax.66f2b4981fe54278-cgu.01
[INFO] [stdout]           >>>               lax-756245660cefb2fe.lax.66f2b4981fe54278-cgu.01.rcgu.o:(<lax::least_squares::LeastSquaresWork<num_complex::Complex<f32>> as lax::least_squares::LeastSquaresWorkImpl>::calc) in archive /opt/rustwide/target/release/deps/liblax-756245660cefb2fe.rlib
[INFO] [stdout]           collect2: error: ld returned 1 exit status
[INFO] [stdout]           
[INFO] [stdout] 
[INFO] [stdout] 
[INFO] [stderr] error: could not compile `ndarray-linalg` (test "least_squares_nrhs") due to 1 previous error
[INFO] [stdout] error: linking with `cc` failed: exit status: 1
[INFO] [stdout]   |
[INFO] [stdout]   = note:  "cc" "-m64" "/opt/rustwide/target/release/deps/rustcTC6Gu8/symbols.o" "<11 object files omitted>" "-Wl,--as-needed" "-Wl,-Bstatic" "/opt/rustwide/target/release/deps/librand_pcg-d2d7be9c35a8ae35.rlib" "<sysroot>/lib/rustlib/x86_64-unknown-linux-gnu/lib/{libtest-*,libgetopts-*,librustc_std_workspace_std-*}.rlib" "/opt/rustwide/target/release/deps/{libndarray_linalg-9fa6d14426fbe35a,liblax-756245660cefb2fe,liblapack_sys-e6c6ce4fb52e56ef,libthiserror-fa10a387af5aee38,libcauchy-a4418ba0b71a2c8a,libndarray-b2f911b3f9884d93,libmatrixmultiply-7e3eb8cb54c662fe,libapprox-9705aec715c75d60,libnum_complex-f5af7935e2e19bed,libserde-1fcffcc81e1dfdc7,libserde_core-4f65e16965cb3eb0,librand-59c9bb73984903b8,librand_chacha-d271bf7f6ac3e4d7,libppv_lite86-b9036e7c419c95ef,libzerocopy-9fbd4939301b7f1b,librand_core-ee774d6e2eb8233b,libgetrandom-4d2c978391e36df3,libcfg_if-6d8dca19095bb388,libnum_integer-46052c3841614b15,libnum_traits-af66b93df6dcecf9,librawpointer-e637704b8109ab79,libcblas_sys-daa2d89d96a2308a,liblibc-a940482f0e8d294f}.rlib" "<sysroot>/lib/rustlib/x86_64-unknown-linux-gnu/lib/{libstd-*,libpanic_unwind-*,libobject-*,libmemchr-*,libaddr2line-*,libgimli-*,libcfg_if-*,librustc_demangle-*,libstd_detect-*,libhashbrown-*,librustc_std_workspace_alloc-*,libminiz_oxide-*,libadler2-*,libunwind-*,liblibc-*,librustc_std_workspace_core-*,liballoc-*,libcore-*,libcompiler_builtins-*}.rlib" "-Wl,-Bdynamic" "-lgcc_s" "-lutil" "-lrt" "-lpthread" "-lm" "-ldl" "-lc" "-L" "/opt/rustwide/target/release/deps/rustcTC6Gu8/raw-dylibs" "-B<sysroot>/lib/rustlib/x86_64-unknown-linux-gnu/bin/gcc-ld" "-fuse-ld=lld" "-Wl,--eh-frame-hdr" "-Wl,-z,noexecstack" "-L" "<sysroot>/lib/rustlib/x86_64-unknown-linux-gnu/lib" "-o" "/opt/rustwide/target/release/deps/det-d33b89a4217721ae" "-Wl,--gc-sections" "-pie" "-Wl,-z,relro,-z,now" "-Wl,-O1" "-Wl,--strip-debug" "-nodefaultlibs"
[INFO] [stdout]   = note: some arguments are omitted. use `--verbose` to show all linker arguments
[INFO] [stdout]   = note: rust-lld: error: undefined symbol: cblas_zgemm
[INFO] [stdout]           >>> referenced by det.ad7865b744eb7f3b-cgu.05
[INFO] [stdout]           >>>               /opt/rustwide/target/release/deps/det-d33b89a4217721ae.det.ad7865b744eb7f3b-cgu.05.rcgu.o:(ndarray::linalg::impl_linalg::mat_mul_impl::<num_complex::Complex<f64>>)
[INFO] [stdout]           
[INFO] [stdout]           rust-lld: error: undefined symbol: cblas_cgemm
[INFO] [stdout]           >>> referenced by det.ad7865b744eb7f3b-cgu.05
[INFO] [stdout]           >>>               /opt/rustwide/target/release/deps/det-d33b89a4217721ae.det.ad7865b744eb7f3b-cgu.05.rcgu.o:(ndarray::linalg::impl_linalg::mat_mul_impl::<num_complex::Complex<f32>>)
[INFO] [stdout]           
[INFO] [stdout]           rust-lld: error: undefined symbol: cblas_dgemm
[INFO] [stdout]           >>> referenced by det.ad7865b744eb7f3b-cgu.05
[INFO] [stdout]           >>>               /opt/rustwide/target/release/deps/det-d33b89a4217721ae.det.ad7865b744eb7f3b-cgu.05.rcgu.o:(ndarray::linalg::impl_linalg::mat_mul_impl::<f64>)
[INFO] [stdout]           
[INFO] [stdout]           rust-lld: error: undefined symbol: cblas_sgemm
[INFO] [stdout]           >>> referenced by det.ad7865b744eb7f3b-cgu.05
[INFO] [stdout]           >>>               /opt/rustwide/target/release/deps/det-d33b89a4217721ae.det.ad7865b744eb7f3b-cgu.05.rcgu.o:(ndarray::linalg::impl_linalg::mat_mul_impl::<f32>)
[INFO] [stdout]           
[INFO] [stdout]           rust-lld: error: undefined symbol: zungqr_
[INFO] [stdout]           >>> referenced by lax.66f2b4981fe54278-cgu.02
[INFO] [stdout]           >>>               lax-756245660cefb2fe.lax.66f2b4981fe54278-cgu.02.rcgu.o:(<num_complex::Complex<f64> as lax::Lapack>::q) in archive /opt/rustwide/target/release/deps/liblax-756245660cefb2fe.rlib
[INFO] [stdout]           >>> referenced by lax.66f2b4981fe54278-cgu.03
[INFO] [stdout]           >>>               lax-756245660cefb2fe.lax.66f2b4981fe54278-cgu.03.rcgu.o:(<lax::qr::QWork<num_complex::Complex<f64>> as lax::qr::QWorkImpl>::new) in archive /opt/rustwide/target/release/deps/liblax-756245660cefb2fe.rlib
[INFO] [stdout]           
[INFO] [stdout]           rust-lld: error: undefined symbol: zunglq_
[INFO] [stdout]           >>> referenced by lax.66f2b4981fe54278-cgu.02
[INFO] [stdout]           >>>               lax-756245660cefb2fe.lax.66f2b4981fe54278-cgu.02.rcgu.o:(<num_complex::Complex<f64> as lax::Lapack>::q) in archive /opt/rustwide/target/release/deps/liblax-756245660cefb2fe.rlib
[INFO] [stdout]           >>> referenced by lax.66f2b4981fe54278-cgu.03
[INFO] [stdout]           >>>               lax-756245660cefb2fe.lax.66f2b4981fe54278-cgu.03.rcgu.o:(<lax::qr::QWork<num_complex::Complex<f64>> as lax::qr::QWorkImpl>::new) in archive /opt/rustwide/target/release/deps/liblax-756245660cefb2fe.rlib
[INFO] [stdout]           
[INFO] [stdout]           rust-lld: error: undefined symbol: zgetrf_
[INFO] [stdout]           >>> referenced by lax.66f2b4981fe54278-cgu.02
[INFO] [stdout]           >>>               lax-756245660cefb2fe.lax.66f2b4981fe54278-cgu.02.rcgu.o:(<num_complex::Complex<f64> as lax::solve::LuImpl>::lu) in archive /opt/rustwide/target/release/deps/liblax-756245660cefb2fe.rlib
[INFO] [stdout]           
[INFO] [stdout]           rust-lld: error: undefined symbol: cungqr_
[INFO] [stdout]           >>> referenced by lax.66f2b4981fe54278-cgu.02
[INFO] [stdout]           >>>               lax-756245660cefb2fe.lax.66f2b4981fe54278-cgu.02.rcgu.o:(<num_complex::Complex<f32> as lax::Lapack>::q) in archive /opt/rustwide/target/release/deps/liblax-756245660cefb2fe.rlib
[INFO] [stdout]           >>> referenced by lax.66f2b4981fe54278-cgu.03
[INFO] [stdout]           >>>               lax-756245660cefb2fe.lax.66f2b4981fe54278-cgu.03.rcgu.o:(<lax::qr::QWork<num_complex::Complex<f32>> as lax::qr::QWorkImpl>::new) in archive /opt/rustwide/target/release/deps/liblax-756245660cefb2fe.rlib
[INFO] [stdout]           
[INFO] [stdout]           rust-lld: error: undefined symbol: cunglq_
[INFO] [stdout]           >>> referenced by lax.66f2b4981fe54278-cgu.02
[INFO] [stdout]           >>>               lax-756245660cefb2fe.lax.66f2b4981fe54278-cgu.02.rcgu.o:(<num_complex::Complex<f32> as lax::Lapack>::q) in archive /opt/rustwide/target/release/deps/liblax-756245660cefb2fe.rlib
[INFO] [stdout]           >>> referenced by lax.66f2b4981fe54278-cgu.03
[INFO] [stdout]           >>>               lax-756245660cefb2fe.lax.66f2b4981fe54278-cgu.03.rcgu.o:(<lax::qr::QWork<num_complex::Complex<f32>> as lax::qr::QWorkImpl>::new) in archive /opt/rustwide/target/release/deps/liblax-756245660cefb2fe.rlib
[INFO] [stdout]           
[INFO] [stdout]           rust-lld: error: undefined symbol: cgetrf_
[INFO] [stdout]           >>> referenced by lax.66f2b4981fe54278-cgu.02
[INFO] [stdout]           >>>               lax-756245660cefb2fe.lax.66f2b4981fe54278-cgu.02.rcgu.o:(<num_complex::Complex<f32> as lax::solve::LuImpl>::lu) in archive /opt/rustwide/target/release/deps/liblax-756245660cefb2fe.rlib
[INFO] [stdout]           
[INFO] [stdout]           rust-lld: error: undefined symbol: zgeqrf_
[INFO] [stdout]           >>> referenced by lax.66f2b4981fe54278-cgu.03
[INFO] [stdout]           >>>               lax-756245660cefb2fe.lax.66f2b4981fe54278-cgu.03.rcgu.o:(<lax::qr::HouseholderWork<num_complex::Complex<f64>> as lax::qr::HouseholderWorkImpl>::new) in archive /opt/rustwide/target/release/deps/liblax-756245660cefb2fe.rlib
[INFO] [stdout]           >>> referenced by lax.66f2b4981fe54278-cgu.03
[INFO] [stdout]           >>>               lax-756245660cefb2fe.lax.66f2b4981fe54278-cgu.03.rcgu.o:(<lax::qr::HouseholderWork<num_complex::Complex<f64>> as lax::qr::HouseholderWorkImpl>::eval) in archive /opt/rustwide/target/release/deps/liblax-756245660cefb2fe.rlib
[INFO] [stdout]           
[INFO] [stdout]           rust-lld: error: undefined symbol: zgelqf_
[INFO] [stdout]           >>> referenced by lax.66f2b4981fe54278-cgu.03
[INFO] [stdout]           >>>               lax-756245660cefb2fe.lax.66f2b4981fe54278-cgu.03.rcgu.o:(<lax::qr::HouseholderWork<num_complex::Complex<f64>> as lax::qr::HouseholderWorkImpl>::new) in archive /opt/rustwide/target/release/deps/liblax-756245660cefb2fe.rlib
[INFO] [stdout]           >>> referenced by lax.66f2b4981fe54278-cgu.03
[INFO] [stdout]           >>>               lax-756245660cefb2fe.lax.66f2b4981fe54278-cgu.03.rcgu.o:(<lax::qr::HouseholderWork<num_complex::Complex<f64>> as lax::qr::HouseholderWorkImpl>::eval) in archive /opt/rustwide/target/release/deps/liblax-756245660cefb2fe.rlib
[INFO] [stdout]           
[INFO] [stdout]           rust-lld: error: undefined symbol: dgeqrf_
[INFO] [stdout]           >>> referenced by lax.66f2b4981fe54278-cgu.03
[INFO] [stdout]           >>>               lax-756245660cefb2fe.lax.66f2b4981fe54278-cgu.03.rcgu.o:(<lax::qr::HouseholderWork<f64> as lax::qr::HouseholderWorkImpl>::new) in archive /opt/rustwide/target/release/deps/liblax-756245660cefb2fe.rlib
[INFO] [stdout]           >>> referenced by lax.66f2b4981fe54278-cgu.03
[INFO] [stdout]           >>>               lax-756245660cefb2fe.lax.66f2b4981fe54278-cgu.03.rcgu.o:(<lax::qr::HouseholderWork<f64> as lax::qr::HouseholderWorkImpl>::eval) in archive /opt/rustwide/target/release/deps/liblax-756245660cefb2fe.rlib
[INFO] [stdout]           
[INFO] [stdout]           rust-lld: error: undefined symbol: dgelqf_
[INFO] [stdout]           >>> referenced by lax.66f2b4981fe54278-cgu.03
[INFO] [stdout]           >>>               lax-756245660cefb2fe.lax.66f2b4981fe54278-cgu.03.rcgu.o:(<lax::qr::HouseholderWork<f64> as lax::qr::HouseholderWorkImpl>::new) in archive /opt/rustwide/target/release/deps/liblax-756245660cefb2fe.rlib
[INFO] [stdout]           >>> referenced by lax.66f2b4981fe54278-cgu.03
[INFO] [stdout]           >>>               lax-756245660cefb2fe.lax.66f2b4981fe54278-cgu.03.rcgu.o:(<lax::qr::HouseholderWork<f64> as lax::qr::HouseholderWorkImpl>::eval) in archive /opt/rustwide/target/release/deps/liblax-756245660cefb2fe.rlib
[INFO] [stdout]           
[INFO] [stdout]           rust-lld: error: undefined symbol: dgetrf_
[INFO] [stdout]           >>> referenced by lax.66f2b4981fe54278-cgu.03
[INFO] [stdout]           >>>               lax-756245660cefb2fe.lax.66f2b4981fe54278-cgu.03.rcgu.o:(<f64 as lax::solve::LuImpl>::lu) in archive /opt/rustwide/target/release/deps/liblax-756245660cefb2fe.rlib
[INFO] [stdout]           
[INFO] [stdout]           rust-lld: error: undefined symbol: sgeqrf_
[INFO] [stdout]           >>> referenced by lax.66f2b4981fe54278-cgu.03
[INFO] [stdout]           >>>               lax-756245660cefb2fe.lax.66f2b4981fe54278-cgu.03.rcgu.o:(<lax::qr::HouseholderWork<f32> as lax::qr::HouseholderWorkImpl>::new) in archive /opt/rustwide/target/release/deps/liblax-756245660cefb2fe.rlib
[INFO] [stdout]           >>> referenced by lax.66f2b4981fe54278-cgu.03
[INFO] [stdout]           >>>               lax-756245660cefb2fe.lax.66f2b4981fe54278-cgu.03.rcgu.o:(<lax::qr::HouseholderWork<f32> as lax::qr::HouseholderWorkImpl>::eval) in archive /opt/rustwide/target/release/deps/liblax-756245660cefb2fe.rlib
[INFO] [stdout]           
[INFO] [stdout]           rust-lld: error: undefined symbol: sgelqf_
[INFO] [stdout]           >>> referenced by lax.66f2b4981fe54278-cgu.03
[INFO] [stdout]           >>>               lax-756245660cefb2fe.lax.66f2b4981fe54278-cgu.03.rcgu.o:(<lax::qr::HouseholderWork<f32> as lax::qr::HouseholderWorkImpl>::new) in archive /opt/rustwide/target/release/deps/liblax-756245660cefb2fe.rlib
[INFO] [stdout]           >>> referenced by lax.66f2b4981fe54278-cgu.03
[INFO] [stdout]           >>>               lax-756245660cefb2fe.lax.66f2b4981fe54278-cgu.03.rcgu.o:(<lax::qr::HouseholderWork<f32> as lax::qr::HouseholderWorkImpl>::eval) in archive /opt/rustwide/target/release/deps/liblax-756245660cefb2fe.rlib
[INFO] [stdout]           
[INFO] [stdout]           rust-lld: error: undefined symbol: sgetrf_
[INFO] [stdout]           >>> referenced by lax.66f2b4981fe54278-cgu.03
[INFO] [stdout]           >>>               lax-756245660cefb2fe.lax.66f2b4981fe54278-cgu.03.rcgu.o:(<f32 as lax::solve::LuImpl>::lu) in archive /opt/rustwide/target/release/deps/liblax-756245660cefb2fe.rlib
[INFO] [stdout]           
[INFO] [stdout]           rust-lld: error: undefined symbol: dorgqr_
[INFO] [stdout]           >>> referenced by lax.66f2b4981fe54278-cgu.03
[INFO] [stdout]           >>>               lax-756245660cefb2fe.lax.66f2b4981fe54278-cgu.03.rcgu.o:(<lax::qr::QWork<f64> as lax::qr::QWorkImpl>::new) in archive /opt/rustwide/target/release/deps/liblax-756245660cefb2fe.rlib
[INFO] [stdout]           >>> referenced by lax.66f2b4981fe54278-cgu.04
[INFO] [stdout]           >>>               lax-756245660cefb2fe.lax.66f2b4981fe54278-cgu.04.rcgu.o:(<f64 as lax::Lapack>::q) in archive /opt/rustwide/target/release/deps/liblax-756245660cefb2fe.rlib
[INFO] [stdout]           
[INFO] [stdout]           rust-lld: error: undefined symbol: dorglq_
[INFO] [stdout]           >>> referenced by lax.66f2b4981fe54278-cgu.03
[INFO] [stdout]           >>>               lax-756245660cefb2fe.lax.66f2b4981fe54278-cgu.03.rcgu.o:(<lax::qr::QWork<f64> as lax::qr::QWorkImpl>::new) in archive /opt/rustwide/target/release/deps/liblax-756245660cefb2fe.rlib
[INFO] [stdout]           >>> referenced by lax.66f2b4981fe54278-cgu.04
[INFO] [stdout]           >>>               lax-756245660cefb2fe.lax.66f2b4981fe54278-cgu.04.rcgu.o:(<f64 as lax::Lapack>::q) in archive /opt/rustwide/target/release/deps/liblax-756245660cefb2fe.rlib
[INFO] [stdout]           
[INFO] [stdout]           rust-lld: error: too many errors emitted, stopping now (use --error-limit=0 to see all errors)
[INFO] [stdout]           collect2: error: ld returned 1 exit status
[INFO] [stdout]           
[INFO] [stdout] 
[INFO] [stdout] 
[INFO] [stderr] error: could not compile `ndarray-linalg` (test "det") due to 1 previous error
[INFO] [stdout] error: linking with `cc` failed: exit status: 1
[INFO] [stdout]   |
[INFO] [stdout]   = note:  "cc" "-m64" "/opt/rustwide/target/release/deps/rustcMXhItd/symbols.o" "<17 object files omitted>" "-Wl,--as-needed" "-Wl,-Bstatic" "/opt/rustwide/target/release/deps/librand_pcg-d2d7be9c35a8ae35.rlib" "<sysroot>/lib/rustlib/x86_64-unknown-linux-gnu/lib/{libtest-*,libgetopts-*,librustc_std_workspace_std-*}.rlib" "/opt/rustwide/target/release/deps/{liblax-756245660cefb2fe,liblapack_sys-e6c6ce4fb52e56ef,libthiserror-fa10a387af5aee38,libcauchy-a4418ba0b71a2c8a,libndarray-b2f911b3f9884d93,libmatrixmultiply-7e3eb8cb54c662fe,libapprox-9705aec715c75d60,libnum_complex-f5af7935e2e19bed,libserde-1fcffcc81e1dfdc7,libserde_core-4f65e16965cb3eb0,librand-59c9bb73984903b8,librand_chacha-d271bf7f6ac3e4d7,libppv_lite86-b9036e7c419c95ef,libzerocopy-9fbd4939301b7f1b,librand_core-ee774d6e2eb8233b,libgetrandom-4d2c978391e36df3,libcfg_if-6d8dca19095bb388,libnum_integer-46052c3841614b15,libnum_traits-af66b93df6dcecf9,librawpointer-e637704b8109ab79,libcblas_sys-daa2d89d96a2308a,liblibc-a940482f0e8d294f}.rlib" "<sysroot>/lib/rustlib/x86_64-unknown-linux-gnu/lib/{libstd-*,libpanic_unwind-*,libobject-*,libmemchr-*,libaddr2line-*,libgimli-*,libcfg_if-*,librustc_demangle-*,libstd_detect-*,libhashbrown-*,librustc_std_workspace_alloc-*,libminiz_oxide-*,libadler2-*,libunwind-*,liblibc-*,librustc_std_workspace_core-*,liballoc-*,libcore-*,libcompiler_builtins-*}.rlib" "-Wl,-Bdynamic" "-lgcc_s" "-lutil" "-lrt" "-lpthread" "-lm" "-ldl" "-lc" "-L" "/opt/rustwide/target/release/deps/rustcMXhItd/raw-dylibs" "-B<sysroot>/lib/rustlib/x86_64-unknown-linux-gnu/bin/gcc-ld" "-fuse-ld=lld" "-Wl,--eh-frame-hdr" "-Wl,-z,noexecstack" "-L" "<sysroot>/lib/rustlib/x86_64-unknown-linux-gnu/lib" "-o" "/opt/rustwide/target/release/deps/ndarray_linalg-5be7820acc45d074" "-Wl,--gc-sections" "-pie" "-Wl,-z,relro,-z,now" "-Wl,-O1" "-Wl,--strip-debug" "-nodefaultlibs"
[INFO] [stdout]   = note: some arguments are omitted. use `--verbose` to show all linker arguments
[INFO] [stdout]   = note: rust-lld: error: undefined symbol: cblas_ddot
[INFO] [stdout]           >>> referenced by ndarray_linalg.69eb150d878f4f49-cgu.00
[INFO] [stdout]           >>>               /opt/rustwide/target/release/deps/ndarray_linalg-5be7820acc45d074.ndarray_linalg.69eb150d878f4f49-cgu.00.rcgu.o:(<ndarray::ArrayRef<f64, ndarray::dimension::dim::Dim<[usize; 1]>>>::dot_impl)
[INFO] [stdout]           >>> referenced by ndarray_linalg.69eb150d878f4f49-cgu.03
[INFO] [stdout]           >>>               /opt/rustwide/target/release/deps/ndarray_linalg-5be7820acc45d074.ndarray_linalg.69eb150d878f4f49-cgu.03.rcgu.o:(<ndarray::zip::Zip<(ndarray::iterators::AxisIter<f64, ndarray::dimension::dim::Dim<[usize; 1]>>, ndarray::ArrayBase<ndarray::RawViewRepr<*mut f64>, ndarray::dimension::dim::Dim<[usize; 1]>, f64>), ndarray::dimension::dim::Dim<[usize; 1]>>>::for_each::<ndarray::linalg::impl_linalg::general_mat_vec_mul_impl<f64>::{closure#1}>)
[INFO] [stdout]           
[INFO] [stdout]           rust-lld: error: undefined symbol: cblas_dgemm
[INFO] [stdout]           >>> referenced by ndarray_linalg.69eb150d878f4f49-cgu.10
[INFO] [stdout]           >>>               /opt/rustwide/target/release/deps/ndarray_linalg-5be7820acc45d074.ndarray_linalg.69eb150d878f4f49-cgu.10.rcgu.o:(ndarray::linalg::impl_linalg::mat_mul_impl::<f64>)
[INFO] [stdout]           
[INFO] [stdout]           rust-lld: error: undefined symbol: cblas_dgemv
[INFO] [stdout]           >>> referenced by ndarray_linalg.69eb150d878f4f49-cgu.10
[INFO] [stdout]           >>>               /opt/rustwide/target/release/deps/ndarray_linalg-5be7820acc45d074.ndarray_linalg.69eb150d878f4f49-cgu.10.rcgu.o:(ndarray::linalg::impl_linalg::general_mat_vec_mul_impl::<f64>)
[INFO] [stdout]           
[INFO] [stdout]           rust-lld: error: undefined symbol: dpotrs_
[INFO] [stdout]           >>> referenced by lax.66f2b4981fe54278-cgu.04
[INFO] [stdout]           >>>               lax-756245660cefb2fe.lax.66f2b4981fe54278-cgu.04.rcgu.o:(<f64 as lax::Lapack>::solve_cholesky) in archive /opt/rustwide/target/release/deps/liblax-756245660cefb2fe.rlib
[INFO] [stdout]           
[INFO] [stdout]           rust-lld: error: undefined symbol: dorgqr_
[INFO] [stdout]           >>> referenced by lax.66f2b4981fe54278-cgu.04
[INFO] [stdout]           >>>               lax-756245660cefb2fe.lax.66f2b4981fe54278-cgu.04.rcgu.o:(<f64 as lax::Lapack>::q) in archive /opt/rustwide/target/release/deps/liblax-756245660cefb2fe.rlib
[INFO] [stdout]           >>> referenced by lax.66f2b4981fe54278-cgu.03
[INFO] [stdout]           >>>               lax-756245660cefb2fe.lax.66f2b4981fe54278-cgu.03.rcgu.o:(<lax::qr::QWork<f64> as lax::qr::QWorkImpl>::new) in archive /opt/rustwide/target/release/deps/liblax-756245660cefb2fe.rlib
[INFO] [stdout]           
[INFO] [stdout]           rust-lld: error: undefined symbol: dorglq_
[INFO] [stdout]           >>> referenced by lax.66f2b4981fe54278-cgu.04
[INFO] [stdout]           >>>               lax-756245660cefb2fe.lax.66f2b4981fe54278-cgu.04.rcgu.o:(<f64 as lax::Lapack>::q) in archive /opt/rustwide/target/release/deps/liblax-756245660cefb2fe.rlib
[INFO] [stdout]           >>> referenced by lax.66f2b4981fe54278-cgu.03
[INFO] [stdout]           >>>               lax-756245660cefb2fe.lax.66f2b4981fe54278-cgu.03.rcgu.o:(<lax::qr::QWork<f64> as lax::qr::QWorkImpl>::new) in archive /opt/rustwide/target/release/deps/liblax-756245660cefb2fe.rlib
[INFO] [stdout]           
[INFO] [stdout]           rust-lld: error: undefined symbol: dgeqrf_
[INFO] [stdout]           >>> referenced by lax.66f2b4981fe54278-cgu.03
[INFO] [stdout]           >>>               lax-756245660cefb2fe.lax.66f2b4981fe54278-cgu.03.rcgu.o:(<lax::qr::HouseholderWork<f64> as lax::qr::HouseholderWorkImpl>::new) in archive /opt/rustwide/target/release/deps/liblax-756245660cefb2fe.rlib
[INFO] [stdout]           >>> referenced by lax.66f2b4981fe54278-cgu.03
[INFO] [stdout]           >>>               lax-756245660cefb2fe.lax.66f2b4981fe54278-cgu.03.rcgu.o:(<lax::qr::HouseholderWork<f64> as lax::qr::HouseholderWorkImpl>::eval) in archive /opt/rustwide/target/release/deps/liblax-756245660cefb2fe.rlib
[INFO] [stdout]           
[INFO] [stdout]           rust-lld: error: undefined symbol: dgelqf_
[INFO] [stdout]           >>> referenced by lax.66f2b4981fe54278-cgu.03
[INFO] [stdout]           >>>               lax-756245660cefb2fe.lax.66f2b4981fe54278-cgu.03.rcgu.o:(<lax::qr::HouseholderWork<f64> as lax::qr::HouseholderWorkImpl>::new) in archive /opt/rustwide/target/release/deps/liblax-756245660cefb2fe.rlib
[INFO] [stdout]           >>> referenced by lax.66f2b4981fe54278-cgu.03
[INFO] [stdout]           >>>               lax-756245660cefb2fe.lax.66f2b4981fe54278-cgu.03.rcgu.o:(<lax::qr::HouseholderWork<f64> as lax::qr::HouseholderWorkImpl>::eval) in archive /opt/rustwide/target/release/deps/liblax-756245660cefb2fe.rlib
[INFO] [stdout]           
[INFO] [stdout]           rust-lld: error: undefined symbol: dpotrf_
[INFO] [stdout]           >>> referenced by lax.66f2b4981fe54278-cgu.04
[INFO] [stdout]           >>>               lax-756245660cefb2fe.lax.66f2b4981fe54278-cgu.04.rcgu.o:(<f64 as lax::Lapack>::cholesky) in archive /opt/rustwide/target/release/deps/liblax-756245660cefb2fe.rlib
[INFO] [stdout]           
[INFO] [stdout]           rust-lld: error: undefined symbol: dgelsd_
[INFO] [stdout]           >>> referenced by lax.66f2b4981fe54278-cgu.01
[INFO] [stdout]           >>>               lax-756245660cefb2fe.lax.66f2b4981fe54278-cgu.01.rcgu.o:(<lax::least_squares::LeastSquaresWork<f64> as lax::least_squares::LeastSquaresWorkImpl>::new) in archive /opt/rustwide/target/release/deps/liblax-756245660cefb2fe.rlib
[INFO] [stdout]           >>> referenced by lax.66f2b4981fe54278-cgu.01
[INFO] [stdout]           >>>               lax-756245660cefb2fe.lax.66f2b4981fe54278-cgu.01.rcgu.o:(<lax::least_squares::LeastSquaresWork<f64> as lax::least_squares::LeastSquaresWorkImpl>::calc) in archive /opt/rustwide/target/release/deps/liblax-756245660cefb2fe.rlib
[INFO] [stdout]           
[INFO] [stdout]           rust-lld: error: undefined symbol: dsygv_
[INFO] [stdout]           >>> referenced by lax.66f2b4981fe54278-cgu.05
[INFO] [stdout]           >>>               lax-756245660cefb2fe.lax.66f2b4981fe54278-cgu.05.rcgu.o:(<lax::eigh_generalized::EighGeneralizedWork<f64> as lax::eigh_generalized::EighGeneralizedWorkImpl>::new) in archive /opt/rustwide/target/release/deps/liblax-756245660cefb2fe.rlib
[INFO] [stdout]           >>> referenced by lax.66f2b4981fe54278-cgu.05
[INFO] [stdout]           >>>               lax-756245660cefb2fe.lax.66f2b4981fe54278-cgu.05.rcgu.o:(<lax::eigh_generalized::EighGeneralizedWork<f64> as lax::eigh_generalized::EighGeneralizedWorkImpl>::eval) in archive /opt/rustwide/target/release/deps/liblax-756245660cefb2fe.rlib
[INFO] [stdout]           
[INFO] [stdout]           rust-lld: error: undefined symbol: dtrtrs_
[INFO] [stdout]           >>> referenced by lax.66f2b4981fe54278-cgu.06
[INFO] [stdout]           >>>               lax-756245660cefb2fe.lax.66f2b4981fe54278-cgu.06.rcgu.o:(<f64 as lax::triangular::SolveTriangularImpl>::solve_triangular) in archive /opt/rustwide/target/release/deps/liblax-756245660cefb2fe.rlib
[INFO] [stdout]           
[INFO] [stdout]           rust-lld: error: undefined symbol: dsyev_
[INFO] [stdout]           >>> referenced by lax.66f2b4981fe54278-cgu.06
[INFO] [stdout]           >>>               lax-756245660cefb2fe.lax.66f2b4981fe54278-cgu.06.rcgu.o:(<lax::eigh::EighWork<f64> as lax::eigh::EighWorkImpl>::new) in archive /opt/rustwide/target/release/deps/liblax-756245660cefb2fe.rlib
[INFO] [stdout]           >>> referenced by lax.66f2b4981fe54278-cgu.06
[INFO] [stdout]           >>>               lax-756245660cefb2fe.lax.66f2b4981fe54278-cgu.06.rcgu.o:(<lax::eigh::EighWork<f64> as lax::eigh::EighWorkImpl>::eval) in archive /opt/rustwide/target/release/deps/liblax-756245660cefb2fe.rlib
[INFO] [stdout]           collect2: error: ld returned 1 exit status
[INFO] [stdout]           
[INFO] [stdout] 
[INFO] [stdout] 
[INFO] [stderr] error: could not compile `ndarray-linalg` (lib test) due to 1 previous error
[INFO] [stdout] error: linking with `cc` failed: exit status: 1
[INFO] [stdout]   |
[INFO] [stdout]   = note:  "cc" "-m64" "/opt/rustwide/target/release/deps/rustcfGcou4/symbols.o" "<13 object files omitted>" "-Wl,--as-needed" "-Wl,-Bstatic" "/opt/rustwide/target/release/deps/librand_pcg-d2d7be9c35a8ae35.rlib" "<sysroot>/lib/rustlib/x86_64-unknown-linux-gnu/lib/{libtest-*,libgetopts-*,librustc_std_workspace_std-*}.rlib" "/opt/rustwide/target/release/deps/{libndarray_linalg-9fa6d14426fbe35a,liblax-756245660cefb2fe,liblapack_sys-e6c6ce4fb52e56ef,libthiserror-fa10a387af5aee38,libcauchy-a4418ba0b71a2c8a,libndarray-b2f911b3f9884d93,libmatrixmultiply-7e3eb8cb54c662fe,libapprox-9705aec715c75d60,libnum_complex-f5af7935e2e19bed,libserde-1fcffcc81e1dfdc7,libserde_core-4f65e16965cb3eb0,librand-59c9bb73984903b8,librand_chacha-d271bf7f6ac3e4d7,libppv_lite86-b9036e7c419c95ef,libzerocopy-9fbd4939301b7f1b,librand_core-ee774d6e2eb8233b,libgetrandom-4d2c978391e36df3,libcfg_if-6d8dca19095bb388,libnum_integer-46052c3841614b15,libnum_traits-af66b93df6dcecf9,librawpointer-e637704b8109ab79,libcblas_sys-daa2d89d96a2308a,liblibc-a940482f0e8d294f}.rlib" "<sysroot>/lib/rustlib/x86_64-unknown-linux-gnu/lib/{libstd-*,libpanic_unwind-*,libobject-*,libmemchr-*,libaddr2line-*,libgimli-*,libcfg_if-*,librustc_demangle-*,libstd_detect-*,libhashbrown-*,librustc_std_workspace_alloc-*,libminiz_oxide-*,libadler2-*,libunwind-*,liblibc-*,librustc_std_workspace_core-*,liballoc-*,libcore-*,libcompiler_builtins-*}.rlib" "-Wl,-Bdynamic" "-lgcc_s" "-lutil" "-lrt" "-lpthread" "-lm" "-ldl" "-lc" "-L" "/opt/rustwide/target/release/deps/rustcfGcou4/raw-dylibs" "-B<sysroot>/lib/rustlib/x86_64-unknown-linux-gnu/bin/gcc-ld" "-fuse-ld=lld" "-Wl,--eh-frame-hdr" "-Wl,-z,noexecstack" "-L" "<sysroot>/lib/rustlib/x86_64-unknown-linux-gnu/lib" "-o" "/opt/rustwide/target/release/deps/solve-c3fc3f49a61ca317" "-Wl,--gc-sections" "-pie" "-Wl,-z,relro,-z,now" "-Wl,-O1" "-Wl,--strip-debug" "-nodefaultlibs"
[INFO] [stdout]   = note: some arguments are omitted. use `--verbose` to show all linker arguments
[INFO] [stdout]   = note: rust-lld: error: undefined symbol: cblas_ddot
[INFO] [stdout]           >>> referenced by solve.1e6d3b3f846c9cca-cgu.00
[INFO] [stdout]           >>>               /opt/rustwide/target/release/deps/solve-c3fc3f49a61ca317.solve.1e6d3b3f846c9cca-cgu.00.rcgu.o:(<ndarray::ArrayRef<f64, ndarray::dimension::dim::Dim<[usize; 1]>>>::dot_impl)
[INFO] [stdout]           >>> referenced by solve.1e6d3b3f846c9cca-cgu.01
[INFO] [stdout]           >>>               /opt/rustwide/target/release/deps/solve-c3fc3f49a61ca317.solve.1e6d3b3f846c9cca-cgu.01.rcgu.o:(<ndarray::zip::Zip<(ndarray::iterators::AxisIter<f64, ndarray::dimension::dim::Dim<[usize; 1]>>, ndarray::ArrayBase<ndarray::RawViewRepr<*mut f64>, ndarray::dimension::dim::Dim<[usize; 1]>, f64>), ndarray::dimension::dim::Dim<[usize; 1]>>>::for_each::<ndarray::linalg::impl_linalg::general_mat_vec_mul_impl<f64>::{closure#1}>)
[INFO] [stdout]           
[INFO] [stdout]           rust-lld: error: undefined symbol: cblas_zgemm
[INFO] [stdout]           >>> referenced by solve.1e6d3b3f846c9cca-cgu.04
[INFO] [stdout]           >>>               /opt/rustwide/target/release/deps/solve-c3fc3f49a61ca317.solve.1e6d3b3f846c9cca-cgu.04.rcgu.o:(ndarray::linalg::impl_linalg::mat_mul_impl::<num_complex::Complex<f64>>)
[INFO] [stdout]           
[INFO] [stdout]           rust-lld: error: undefined symbol: cblas_sdot
[INFO] [stdout]           >>> referenced by solve.1e6d3b3f846c9cca-cgu.00
[INFO] [stdout]           >>>               /opt/rustwide/target/release/deps/solve-c3fc3f49a61ca317.solve.1e6d3b3f846c9cca-cgu.00.rcgu.o:(<ndarray::ArrayRef<f32, ndarray::dimension::dim::Dim<[usize; 1]>>>::dot_impl)
[INFO] [stdout]           >>> referenced by solve.1e6d3b3f846c9cca-cgu.01
[INFO] [stdout]           >>>               /opt/rustwide/target/release/deps/solve-c3fc3f49a61ca317.solve.1e6d3b3f846c9cca-cgu.01.rcgu.o:(<ndarray::zip::Zip<(ndarray::iterators::AxisIter<f32, ndarray::dimension::dim::Dim<[usize; 1]>>, ndarray::ArrayBase<ndarray::RawViewRepr<*mut f32>, ndarray::dimension::dim::Dim<[usize; 1]>, f32>), ndarray::dimension::dim::Dim<[usize; 1]>>>::for_each::<ndarray::linalg::impl_linalg::general_mat_vec_mul_impl<f32>::{closure#1}>)
[INFO] [stdout]           
[INFO] [stdout]           rust-lld: error: undefined symbol: zgetri_
[INFO] [stdout]           >>> referenced by lax.66f2b4981fe54278-cgu.02
[INFO] [stdout]           >>>               lax-756245660cefb2fe.lax.66f2b4981fe54278-cgu.02.rcgu.o:(<num_complex::Complex<f64> as lax::Lapack>::inv) in archive /opt/rustwide/target/release/deps/liblax-756245660cefb2fe.rlib
[INFO] [stdout]           >>> referenced by lax.66f2b4981fe54278-cgu.03
[INFO] [stdout]           >>>               lax-756245660cefb2fe.lax.66f2b4981fe54278-cgu.03.rcgu.o:(<lax::solve::InvWork<num_complex::Complex<f64>> as lax::solve::InvWorkImpl>::new) in archive /opt/rustwide/target/release/deps/liblax-756245660cefb2fe.rlib
[INFO] [stdout]           
[INFO] [stdout]           rust-lld: error: undefined symbol: zgecon_
[INFO] [stdout]           >>> referenced by lax.66f2b4981fe54278-cgu.02
[INFO] [stdout]           >>>               lax-756245660cefb2fe.lax.66f2b4981fe54278-cgu.02.rcgu.o:(<num_complex::Complex<f64> as lax::Lapack>::rcond) in archive /opt/rustwide/target/release/deps/liblax-756245660cefb2fe.rlib
[INFO] [stdout]           
[INFO] [stdout]           rust-lld: error: undefined symbol: zlange_
[INFO] [stdout]           >>> referenced by lax.66f2b4981fe54278-cgu.02
[INFO] [stdout]           >>>               lax-756245660cefb2fe.lax.66f2b4981fe54278-cgu.02.rcgu.o:(<num_complex::Complex<f64> as lax::Lapack>::opnorm) in archive /opt/rustwide/target/release/deps/liblax-756245660cefb2fe.rlib
[INFO] [stdout]           >>> referenced by lax.66f2b4981fe54278-cgu.02
[INFO] [stdout]           >>>               lax-756245660cefb2fe.lax.66f2b4981fe54278-cgu.02.rcgu.o:(<num_complex::Complex<f64> as lax::Lapack>::opnorm) in archive /opt/rustwide/target/release/deps/liblax-756245660cefb2fe.rlib
[INFO] [stdout]           
[INFO] [stdout]           rust-lld: error: undefined symbol: zgetrf_
[INFO] [stdout]           >>> referenced by lax.66f2b4981fe54278-cgu.02
[INFO] [stdout]           >>>               lax-756245660cefb2fe.lax.66f2b4981fe54278-cgu.02.rcgu.o:(<num_complex::Complex<f64> as lax::solve::LuImpl>::lu) in archive /opt/rustwide/target/release/deps/liblax-756245660cefb2fe.rlib
[INFO] [stdout]           
[INFO] [stdout]           rust-lld: error: undefined symbol: zgetrs_
[INFO] [stdout]           >>> referenced by lax.66f2b4981fe54278-cgu.02
[INFO] [stdout]           >>>               lax-756245660cefb2fe.lax.66f2b4981fe54278-cgu.02.rcgu.o:(<num_complex::Complex<f64> as lax::solve::SolveImpl>::solve) in archive /opt/rustwide/target/release/deps/liblax-756245660cefb2fe.rlib
[INFO] [stdout]           >>> referenced by lax.66f2b4981fe54278-cgu.02
[INFO] [stdout]           >>>               lax-756245660cefb2fe.lax.66f2b4981fe54278-cgu.02.rcgu.o:(<num_complex::Complex<f64> as lax::solve::SolveImpl>::solve) in archive /opt/rustwide/target/release/deps/liblax-756245660cefb2fe.rlib
[INFO] [stdout]           
[INFO] [stdout]           rust-lld: error: undefined symbol: cgetrs_
[INFO] [stdout]           >>> referenced by lax.66f2b4981fe54278-cgu.02
[INFO] [stdout]           >>>               lax-756245660cefb2fe.lax.66f2b4981fe54278-cgu.02.rcgu.o:(<num_complex::Complex<f32> as lax::solve::SolveImpl>::solve) in archive /opt/rustwide/target/release/deps/liblax-756245660cefb2fe.rlib
[INFO] [stdout]           >>> referenced by lax.66f2b4981fe54278-cgu.02
[INFO] [stdout]           >>>               lax-756245660cefb2fe.lax.66f2b4981fe54278-cgu.02.rcgu.o:(<num_complex::Complex<f32> as lax::solve::SolveImpl>::solve) in archive /opt/rustwide/target/release/deps/liblax-756245660cefb2fe.rlib
[INFO] [stdout]           
[INFO] [stdout]           rust-lld: error: undefined symbol: cgetri_
[INFO] [stdout]           >>> referenced by lax.66f2b4981fe54278-cgu.02
[INFO] [stdout]           >>>               lax-756245660cefb2fe.lax.66f2b4981fe54278-cgu.02.rcgu.o:(<num_complex::Complex<f32> as lax::Lapack>::inv) in archive /opt/rustwide/target/release/deps/liblax-756245660cefb2fe.rlib
[INFO] [stdout]           >>> referenced by lax.66f2b4981fe54278-cgu.03
[INFO] [stdout]           >>>               lax-756245660cefb2fe.lax.66f2b4981fe54278-cgu.03.rcgu.o:(<lax::solve::InvWork<num_complex::Complex<f32>> as lax::solve::InvWorkImpl>::new) in archive /opt/rustwide/target/release/deps/liblax-756245660cefb2fe.rlib
[INFO] [stdout]           
[INFO] [stdout]           rust-lld: error: undefined symbol: cgecon_
[INFO] [stdout]           >>> referenced by lax.66f2b4981fe54278-cgu.02
[INFO] [stdout]           >>>               lax-756245660cefb2fe.lax.66f2b4981fe54278-cgu.02.rcgu.o:(<num_complex::Complex<f32> as lax::Lapack>::rcond) in archive /opt/rustwide/target/release/deps/liblax-756245660cefb2fe.rlib
[INFO] [stdout]           
[INFO] [stdout]           rust-lld: error: undefined symbol: clange_
[INFO] [stdout]           >>> referenced by lax.66f2b4981fe54278-cgu.02
[INFO] [stdout]           >>>               lax-756245660cefb2fe.lax.66f2b4981fe54278-cgu.02.rcgu.o:(<num_complex::Complex<f32> as lax::Lapack>::opnorm) in archive /opt/rustwide/target/release/deps/liblax-756245660cefb2fe.rlib
[INFO] [stdout]           >>> referenced by lax.66f2b4981fe54278-cgu.02
[INFO] [stdout]           >>>               lax-756245660cefb2fe.lax.66f2b4981fe54278-cgu.02.rcgu.o:(<num_complex::Complex<f32> as lax::Lapack>::opnorm) in archive /opt/rustwide/target/release/deps/liblax-756245660cefb2fe.rlib
[INFO] [stdout]           
[INFO] [stdout]           rust-lld: error: undefined symbol: cgetrf_
[INFO] [stdout]           >>> referenced by lax.66f2b4981fe54278-cgu.02
[INFO] [stdout]           >>>               lax-756245660cefb2fe.lax.66f2b4981fe54278-cgu.02.rcgu.o:(<num_complex::Complex<f32> as lax::solve::LuImpl>::lu) in archive /opt/rustwide/target/release/deps/liblax-756245660cefb2fe.rlib
[INFO] [stdout]           
[INFO] [stdout]           rust-lld: error: undefined symbol: dgetrf_
[INFO] [stdout]           >>> referenced by lax.66f2b4981fe54278-cgu.03
[INFO] [stdout]           >>>               lax-756245660cefb2fe.lax.66f2b4981fe54278-cgu.03.rcgu.o:(<f64 as lax::solve::LuImpl>::lu) in archive /opt/rustwide/target/release/deps/liblax-756245660cefb2fe.rlib
[INFO] [stdout]           
[INFO] [stdout]           rust-lld: error: undefined symbol: sgetrf_
[INFO] [stdout]           >>> referenced by lax.66f2b4981fe54278-cgu.03
[INFO] [stdout]           >>>               lax-756245660cefb2fe.lax.66f2b4981fe54278-cgu.03.rcgu.o:(<f32 as lax::solve::LuImpl>::lu) in archive /opt/rustwide/target/release/deps/liblax-756245660cefb2fe.rlib
[INFO] [stdout]           
[INFO] [stdout]           rust-lld: error: undefined symbol: dgetri_
[INFO] [stdout]           >>> referenced by lax.66f2b4981fe54278-cgu.03
[INFO] [stdout]           >>>               lax-756245660cefb2fe.lax.66f2b4981fe54278-cgu.03.rcgu.o:(<lax::solve::InvWork<f64> as lax::solve::InvWorkImpl>::new) in archive /opt/rustwide/target/release/deps/liblax-756245660cefb2fe.rlib
[INFO] [stdout]           >>> referenced by lax.66f2b4981fe54278-cgu.04
[INFO] [stdout]           >>>               lax-756245660cefb2fe.lax.66f2b4981fe54278-cgu.04.rcgu.o:(<f64 as lax::Lapack>::inv) in archive /opt/rustwide/target/release/deps/liblax-756245660cefb2fe.rlib
[INFO] [stdout]           
[INFO] [stdout]           rust-lld: error: undefined symbol: sgetri_
[INFO] [stdout]           >>> referenced by lax.66f2b4981fe54278-cgu.03
[INFO] [stdout]           >>>               lax-756245660cefb2fe.lax.66f2b4981fe54278-cgu.03.rcgu.o:(<lax::solve::InvWork<f32> as lax::solve::InvWorkImpl>::new) in archive /opt/rustwide/target/release/deps/liblax-756245660cefb2fe.rlib
[INFO] [stdout]           >>> referenced by lax.66f2b4981fe54278-cgu.04
[INFO] [stdout]           >>>               lax-756245660cefb2fe.lax.66f2b4981fe54278-cgu.04.rcgu.o:(<f32 as lax::Lapack>::inv) in archive /opt/rustwide/target/release/deps/liblax-756245660cefb2fe.rlib
[INFO] [stdout]           
[INFO] [stdout]           rust-lld: error: undefined symbol: dgecon_
[INFO] [stdout]           >>> referenced by lax.66f2b4981fe54278-cgu.04
[INFO] [stdout]           >>>               lax-756245660cefb2fe.lax.66f2b4981fe54278-cgu.04.rcgu.o:(<f64 as lax::Lapack>::rcond) in archive /opt/rustwide/target/release/deps/liblax-756245660cefb2fe.rlib
[INFO] [stdout]           
[INFO] [stdout]           rust-lld: error: undefined symbol: dgetrs_
[INFO] [stdout]           >>> referenced by lax.66f2b4981fe54278-cgu.04
[INFO] [stdout]           >>>               lax-756245660cefb2fe.lax.66f2b4981fe54278-cgu.04.rcgu.o:(<f64 as lax::Lapack>::solve) in archive /opt/rustwide/target/release/deps/liblax-756245660cefb2fe.rlib
[INFO] [stdout]           
[INFO] [stdout]           rust-lld: error: undefined symbol: dlange_
[INFO] [stdout]           >>> referenced by lax.66f2b4981fe54278-cgu.04
[INFO] [stdout]           >>>               lax-756245660cefb2fe.lax.66f2b4981fe54278-cgu.04.rcgu.o:(<f64 as lax::Lapack>::opnorm) in archive /opt/rustwide/target/release/deps/liblax-756245660cefb2fe.rlib
[INFO] [stdout]           >>> referenced by lax.66f2b4981fe54278-cgu.04
[INFO] [stdout]           >>>               lax-756245660cefb2fe.lax.66f2b4981fe54278-cgu.04.rcgu.o:(<f64 as lax::Lapack>::opnorm) in archive /opt/rustwide/target/release/deps/liblax-756245660cefb2fe.rlib
[INFO] [stdout]           
[INFO] [stdout]           rust-lld: error: too many errors emitted, stopping now (use --error-limit=0 to see all errors)
[INFO] [stdout]           collect2: error: ld returned 1 exit status
[INFO] [stdout]           
[INFO] [stdout] 
[INFO] [stdout] 
[INFO] [stderr] error: could not compile `ndarray-linalg` (test "solve") due to 1 previous error
[INFO] running `Command { std: "docker" "inspect" "b19c50d926952f8920e7b81f4ad7375aaa28626d55f33629e528700de0293a21", kill_on_drop: false }`
[INFO] running `Command { std: "docker" "rm" "-f" "b19c50d926952f8920e7b81f4ad7375aaa28626d55f33629e528700de0293a21", kill_on_drop: false }`
[INFO] [stdout] b19c50d926952f8920e7b81f4ad7375aaa28626d55f33629e528700de0293a21
