[INFO] fetching crate nature_retry 0.15.0...
[INFO] testing nature_retry-0.15.0 against 1.99.0-beta.8+cargoflags=--release for beta-release-1.100-2
[INFO] extracting crate nature_retry 0.15.0 into /workspace/builds/worker-5-tc1/source
[INFO] started tweaking crates.io crate nature_retry 0.15.0
[INFO] finished tweaking crates.io crate nature_retry 0.15.0
[INFO] tweaked toml for crates.io crate nature_retry 0.15.0 written to /workspace/builds/worker-5-tc1/source/Cargo.toml
[INFO] validating manifest of crates.io crate nature_retry 0.15.0 on toolchain 1.99.0-beta.8
[INFO] running `Command { std: CARGO_HOME="/workspace/cargo-home" RUSTUP_HOME="/workspace/rustup-home" "/workspace/cargo-home/bin/cargo" "+1.99.0-beta.8" "metadata" "--manifest-path" "Cargo.toml" "--no-deps", kill_on_drop: false }`
[INFO] crate crates.io crate nature_retry 0.15.0 already has a lockfile, it will not be regenerated
[INFO] running `Command { std: CARGO_HOME="/workspace/cargo-home" RUSTUP_HOME="/workspace/rustup-home" "/workspace/cargo-home/bin/cargo" "+1.99.0-beta.8" "fetch" "--manifest-path" "Cargo.toml", kill_on_drop: false }`
[INFO] [stderr]     Updating crates.io index
[INFO] [stderr]     Blocking waiting for file lock on package cache
[INFO] [stderr]  Downloading crates ...
[INFO] [stderr]   Downloaded tokio-macros v0.2.5
[INFO] [stderr]   Downloaded proc-macro2 v1.0.19
[INFO] [stderr]   Downloaded signal-hook-registry v1.2.1
[INFO] [stderr]   Downloaded futures-core v0.3.5
[INFO] [stderr]   Downloaded wasm-bindgen-macro v0.2.67
[INFO] [stderr]   Downloaded fnv v1.0.6
[INFO] [stderr]   Downloaded either v1.6.0
[INFO] [stderr]   Downloaded itoa v0.4.3
[INFO] [stderr]   Downloaded hermit-abi v0.1.15
[INFO] [stderr]   Downloaded rand_xorshift v0.1.1
[INFO] [stderr]   Downloaded rand_chacha v0.1.1
[INFO] [stderr]   Downloaded rand_pcg v0.1.2
[INFO] [stderr]   Downloaded openssl-probe v0.1.2
[INFO] [stderr]   Downloaded tower-service v0.3.0
[INFO] [stderr]   Downloaded vcpkg v0.2.6
[INFO] [stderr]   Downloaded serde_urlencoded v0.6.1
[INFO] [stderr]   Downloaded futures-io v0.3.5
[INFO] [stderr]   Downloaded remove_dir_all v0.5.1
[INFO] [stderr]   Downloaded rand_hc v0.1.0
[INFO] [stderr]   Downloaded security-framework-sys v0.2.3
[INFO] [stderr]   Downloaded MacTypes-sys v2.1.0
[INFO] [stderr]   Downloaded want v0.3.0
[INFO] [stderr]   Downloaded try-lock v0.2.2
[INFO] [stderr]   Downloaded futures-sink v0.3.5
[INFO] [stderr]   Downloaded futures-task v0.3.5
[INFO] [stderr]   Downloaded wasm-bindgen-futures v0.4.17
[INFO] [stderr]   Downloaded rand_core v0.3.1
[INFO] [stderr]   Downloaded rand_isaac v0.1.1
[INFO] [stderr]   Downloaded version_check v0.9.2
[INFO] [stderr]   Downloaded proc-macro-hack v0.5.18
[INFO] [stderr]   Downloaded wasm-bindgen-shared v0.2.67
[INFO] [stderr]   Downloaded mime v0.3.13
[INFO] [stderr]   Downloaded proc-macro-nested v0.1.6
[INFO] [stderr]   Downloaded futures-macro v0.3.5
[INFO] [stderr]   Downloaded autocfg v0.1.2
[INFO] [stderr]   Downloaded dtoa v0.4.3
[INFO] [stderr]   Downloaded miow v0.3.5
[INFO] [stderr]   Downloaded miow v0.2.1
[INFO] [stderr]   Downloaded socket2 v0.3.12
[INFO] [stderr]   Downloaded redox_syscall v0.1.57
[INFO] [stderr]   Downloaded winreg v0.7.0
[INFO] [stderr]   Downloaded unicode-xid v0.1.0
[INFO] [stderr]   Downloaded quote v1.0.7
[INFO] [stderr]   Downloaded net2 v0.2.33
[INFO] [stderr]   Downloaded memchr v2.3.3
[INFO] [stderr]   Downloaded pin-project-lite v0.1.7
[INFO] [stderr]   Downloaded smallvec v0.6.9
[INFO] [stderr]   Downloaded tempfile v3.0.7
[INFO] [stderr]   Downloaded rand_core v0.4.0
[INFO] [stderr]   Downloaded rand_os v0.1.2
[INFO] [stderr]   Downloaded core-foundation-sys v0.5.1
[INFO] [stderr]   Downloaded core-foundation v0.5.1
[INFO] [stderr]   Downloaded pkg-config v0.3.14
[INFO] [stderr]   Downloaded mime_guess v2.0.3
[INFO] [stderr]   Downloaded once_cell v1.4.1
[INFO] [stderr]   Downloaded futures-channel v0.3.5
[INFO] [stderr]   Downloaded cloudabi v0.0.3
[INFO] [stderr]   Downloaded unicase v2.6.0
[INFO] [stderr]   Downloaded httparse v1.3.3
[INFO] [stderr]   Downloaded unicode-bidi v0.3.4
[INFO] [stderr]   Downloaded wasm-bindgen-backend v0.2.67
[INFO] [stderr]   Downloaded rand_jitter v0.1.3
[INFO] [stderr]   Downloaded ipnet v2.3.0
[INFO] [stderr]   Downloaded time v0.1.42
[INFO] [stderr]   Downloaded nature_db v0.15.0
[INFO] [stderr]   Downloaded quote v0.6.11
[INFO] [stderr]   Downloaded nature_common v0.15.0
[INFO] [stderr]   Downloaded log v0.4.11
[INFO] [stderr]   Downloaded ryu v0.2.7
[INFO] [stderr]   Downloaded security-framework v0.2.2
[INFO] [stderr]   Downloaded schannel v0.1.15
[INFO] [stderr]   Downloaded cc v1.0.30
[INFO] [stderr]   Downloaded pin-project-internal v0.4.23
[INFO] [stderr]   Downloaded indexmap v1.5.1
[INFO] [stderr]   Downloaded serde_derive v1.0.89
[INFO] [stderr]   Downloaded proc-macro2 v0.4.27
[INFO] [stderr]   Downloaded arc-swap v0.4.7
[INFO] [stderr]   Downloaded wasm-bindgen-macro-support v0.2.67
[INFO] [stderr]   Downloaded native-tls v0.2.2
[INFO] [stderr]   Downloaded openssl-sys v0.9.42
[INFO] [stderr]   Downloaded tracing-core v0.1.15
[INFO] [stderr]   Downloaded serde_json v1.0.39
[INFO] [stderr]   Downloaded js-sys v0.3.44
[INFO] [stderr]   Downloaded url v2.1.1
[INFO] [stderr]   Downloaded unicode-normalization v0.1.8
[INFO] [stderr]   Downloaded tracing v0.1.19
[INFO] [stderr]   Downloaded pin-project v0.4.23
[INFO] [stderr]   Downloaded hashbrown v0.8.2
[INFO] [stderr]   Downloaded enum-as-inner v0.3.3
[INFO] [stderr]   Downloaded mio v0.6.22
[INFO] [stderr]   Downloaded serde v1.0.89
[INFO] [stderr]   Downloaded http v0.2.1
[INFO] [stderr]   Downloaded rand v0.6.5
[INFO] [stderr]   Downloaded futures-util v0.3.5
[INFO] [stderr]   Downloaded reqwest v0.10.8
[INFO] [stderr]   Downloaded bumpalo v3.4.0
[INFO] [stderr]   Downloaded syn v1.0.39
[INFO] [stderr]   Downloaded wasm-bindgen v0.2.67
[INFO] [stderr]   Downloaded openssl v0.10.19
[INFO] [stderr]   Downloaded hyper v0.13.7
[INFO] [stderr]   Downloaded h2 v0.2.6
[INFO] [stderr]   Downloaded idna v0.2.0
[INFO] [stderr]   Downloaded rustc-demangle v0.1.13
[INFO] [stderr]   Downloaded tokio v0.2.22
[INFO] [stderr]   Downloaded ppv-lite86 v0.2.9
[INFO] [stderr]   Downloaded libc v0.2.76
[INFO] [stderr]   Downloaded smallvec v1.4.2
[INFO] [stderr]   Downloaded synstructure v0.12.4
[INFO] [stderr]   Downloaded web-sys v0.3.44
[INFO] [stderr]   Downloaded getrandom v0.1.14
[INFO] [stderr]   Downloaded actix-rt v1.1.1
[INFO] [stderr]   Downloaded actix-threadpool v0.3.3
[INFO] [stderr]   Downloaded instant v0.1.6
[INFO] [stderr]   Downloaded thiserror v1.0.20
[INFO] [stderr]   Downloaded memoffset v0.2.1
[INFO] [stderr]   Downloaded crossbeam-queue v0.2.3
[INFO] [stderr]   Downloaded maybe-uninit v2.0.0
[INFO] [stderr]   Downloaded encoding_rs v0.8.17
[INFO] [stderr]   Downloaded actix-codec v0.2.0
[INFO] [stderr]   Downloaded match_cfg v0.1.0
[INFO] [stderr]   Downloaded time-macros v0.1.0
[INFO] [stderr]   Downloaded base-x v0.2.6
[INFO] [stderr]   Downloaded adler v0.2.3
[INFO] [stderr]   Downloaded copyless v0.1.5
[INFO] [stderr]   Downloaded scopeguard v0.3.3
[INFO] [stderr]   Downloaded twox-hash v1.5.0
[INFO] [stderr]   Downloaded hostname v0.3.1
[INFO] [stderr]   Downloaded actix-macros v0.1.2
[INFO] [stderr]   Downloaded language-tags v0.2.2
[INFO] [stderr]   Downloaded memoffset v0.5.5
[INFO] [stderr]   Downloaded linked-hash-map v0.5.3
[INFO] [stderr]   Downloaded sha1 v0.6.0
[INFO] [stderr]   Downloaded time-macros-impl v0.1.1
[INFO] [stderr]   Downloaded dotenv v0.15.0
[INFO] [stderr]   Downloaded actix_derive v0.5.0
[INFO] [stderr]   Downloaded lru-cache v0.1.2
[INFO] [stderr]   Downloaded nodrop v0.1.13
[INFO] [stderr]   Downloaded actix-connect v1.0.2
[INFO] [stderr]   Downloaded lru_time_cache v0.10.0
[INFO] [stderr]   Downloaded futures-executor v0.3.5
[INFO] [stderr]   Downloaded num-integer v0.1.43
[INFO] [stderr]   Downloaded failure_derive v0.1.8
[INFO] [stderr]   Downloaded backtrace v0.3.14
[INFO] [stderr]   Downloaded cloudabi v0.1.0
[INFO] [stderr]   Downloaded num-traits v0.2.12
[INFO] [stderr]   Downloaded lock_api v0.3.4
[INFO] [stderr]   Downloaded thread_local v1.0.1
[INFO] [stderr]   Downloaded standback v0.2.10
[INFO] [stderr]   Downloaded ipconfig v0.2.2
[INFO] [stderr]   Downloaded winreg v0.6.2
[INFO] [stderr]   Downloaded crossbeam-utils v0.6.5
[INFO] [stderr]   Downloaded thiserror-impl v1.0.20
[INFO] [stderr]   Downloaded lock_api v0.4.1
[INFO] [stderr]   Downloaded arrayvec v0.5.1
[INFO] [stderr]   Downloaded crossbeam-deque v0.7.1
[INFO] [stderr]   Downloaded bigdecimal v0.1.2
[INFO] [stderr]   Downloaded resolv-conf v0.6.3
[INFO] [stderr]   Downloaded widestring v0.4.2
[INFO] [stderr]   Downloaded actix-utils v1.0.6
[INFO] [stderr]   Downloaded async-trait v0.1.39
[INFO] [stderr]   Downloaded byteorder v1.3.1
[INFO] [stderr]   Downloaded actix-service v1.0.6
[INFO] [stderr]   Downloaded generic-array v0.12.3
[INFO] [stderr]   Downloaded futures v0.3.5
[INFO] [stderr]   Downloaded arrayvec v0.4.10
[INFO] [stderr]   Downloaded failure v0.1.8
[INFO] [stderr]   Downloaded heck v0.3.1
[INFO] [stderr]   Downloaded parking_lot_core v0.7.2
[INFO] [stderr]   Downloaded crossbeam-utils v0.7.2
[INFO] [stderr]   Downloaded tokio-util v0.2.0
[INFO] [stderr]   Downloaded parking_lot_core v0.8.0
[INFO] [stderr]   Downloaded uuid v0.8.1
[INFO] [stderr]   Downloaded crossbeam-epoch v0.8.2
[INFO] [stderr]   Downloaded crossbeam-epoch v0.7.1
[INFO] [stderr]   Downloaded crc32fast v1.2.0
[INFO] [stderr]   Downloaded miniz_oxide v0.4.1
[INFO] [stderr]   Downloaded parking_lot v0.10.2
[INFO] [stderr]   Downloaded crossbeam v0.7.3
[INFO] [stderr]   Downloaded typenum v1.12.0
[INFO] [stderr]   Downloaded parking_lot v0.11.0
[INFO] [stderr]   Downloaded mysql_common v0.22.2
[INFO] [stderr]   Downloaded derive_more v0.99.9
[INFO] [stderr]   Downloaded mysql_async v0.23.1
[INFO] [stderr]   Downloaded trust-dns-resolver v0.18.0-alpha.2
[INFO] [stderr]   Downloaded actix v0.9.0
[INFO] [stderr]   Downloaded flate2 v1.0.17
[INFO] [stderr]   Downloaded rust_decimal v1.7.0
[INFO] [stderr]   Downloaded unicode-segmentation v1.6.0
[INFO] [stderr]   Downloaded crossbeam-channel v0.4.3
[INFO] [stderr]   Downloaded time v0.2.16
[INFO] [stderr]   Downloaded syn v0.15.27
[INFO] [stderr]   Downloaded aho-corasick v0.7.13
[INFO] [stderr]   Downloaded lexical v5.2.0
[INFO] [stderr]   Downloaded chrono v0.4.6
[INFO] [stderr]   Downloaded actix-http v1.0.1
[INFO] [stderr]   Downloaded trust-dns-proto v0.18.0-alpha.2
[INFO] [stderr]   Downloaded regex v1.3.9
[INFO] [stderr]   Downloaded fern v0.6.0
[INFO] [stderr]   Downloaded regex-syntax v0.6.18
[INFO] [stderr]   Downloaded lexical-core v0.7.4
[INFO] [stderr]   Downloaded backtrace-sys v0.1.28
[INFO] [stderr]   Downloaded libz-sys v1.1.0
[INFO] running `Command { std: "docker" "create" "-v" "/var/lib/crater-agent-workspace/builds/worker-5-tc1/source:/opt/rustwide/workdir:ro,Z" "-v" "/var/lib/crater-agent-workspace/builds/worker-5-tc1/target:/opt/rustwide/target:rw,Z" "-v" "/var/lib/crater-agent-workspace/cargo-home:/opt/rustwide/cargo-home:ro,Z" "-v" "/var/lib/crater-agent-workspace/rustup-home:/opt/rustwide/rustup-home:ro,Z" "-m" "1610612736" "--network" "none" "ghcr.io/rust-lang/crates-build-env/linux@sha256:77db811e55d90add9212f6832c23229e3de5f1c1f9905e8cb07319ea15df73ac" "sleep" "infinity", kill_on_drop: false }`
[INFO] [stdout] db448873611b86577ccec5f9596173470ca22854dbbb3900ee5e148e1981c2a5
[INFO] running `Command { std: "docker" "start" "db448873611b86577ccec5f9596173470ca22854dbbb3900ee5e148e1981c2a5", kill_on_drop: false }`
[INFO] running `Command { std: "docker" "inspect" "db448873611b86577ccec5f9596173470ca22854dbbb3900ee5e148e1981c2a5", kill_on_drop: false }`
[INFO] running `Command { std: "docker" "exec" "-e" "SOURCE_DIR=/opt/rustwide/workdir" "-e" "CARGO_HOME=/opt/rustwide/cargo-home" "-e" "RUSTUP_HOME=/opt/rustwide/rustup-home" "-e" "CARGO_TARGET_DIR=/opt/rustwide/target" "-w" "/opt/rustwide/workdir" "--user" "0:0" "db448873611b86577ccec5f9596173470ca22854dbbb3900ee5e148e1981c2a5" "/opt/rustwide/cargo-home/bin/cargo" "+1.99.0-beta.8" "metadata" "--no-deps" "--format-version=1", kill_on_drop: false }`
[INFO] running `Command { std: "docker" "inspect" "db448873611b86577ccec5f9596173470ca22854dbbb3900ee5e148e1981c2a5", kill_on_drop: false }`
[INFO] running `Command { std: "docker" "exec" "-e" "SOURCE_DIR=/opt/rustwide/workdir" "-e" "CARGO_HOME=/opt/rustwide/cargo-home" "-e" "RUSTUP_HOME=/opt/rustwide/rustup-home" "-e" "CARGO_TARGET_DIR=/opt/rustwide/target" "-e" "CARGO_INCREMENTAL=0" "-e" "RUST_BACKTRACE=full" "-e" "RUSTFLAGS=--cap-lints=warn" "-e" "RUSTDOCFLAGS=--cap-lints=warn" "-w" "/opt/rustwide/workdir" "--user" "0:0" "db448873611b86577ccec5f9596173470ca22854dbbb3900ee5e148e1981c2a5" "/opt/rustwide/cargo-home/bin/cargo" "+1.99.0-beta.8" "build" "--frozen" "--message-format=json" "--release", kill_on_drop: false }`
[INFO] [stderr]    Compiling cfg-if v0.1.10
[INFO] [stderr]    Compiling libc v0.2.76
[INFO] [stderr]    Compiling proc-macro2 v1.0.19
[INFO] [stderr]    Compiling unicode-xid v0.2.1
[INFO] [stderr]    Compiling syn v1.0.39
[INFO] [stderr]    Compiling autocfg v1.0.1
[INFO] [stderr]    Compiling lazy_static v1.4.0
[INFO] [stderr]    Compiling cc v1.0.30
[INFO] [stderr]    Compiling memchr v2.3.3
[INFO] [stderr]    Compiling log v0.4.11
[INFO] [stderr]    Compiling version_check v0.9.2
[INFO] [stderr]    Compiling slab v0.4.2
[INFO] [stderr]    Compiling futures-core v0.3.5
[INFO] [stderr]    Compiling proc-macro-hack v0.5.18
[INFO] [stderr]    Compiling autocfg v0.1.2
[INFO] [stderr]    Compiling futures-sink v0.3.5
[INFO] [stderr]    Compiling bytes v0.5.6
[INFO] [stderr]    Compiling pin-project-internal v0.4.23
[INFO] [stderr]    Compiling fnv v1.0.6
[INFO] [stderr]    Compiling proc-macro-nested v0.1.6
[INFO] [stderr]    Compiling arc-swap v0.4.7
[INFO] [stderr]    Compiling futures-channel v0.3.5
[INFO] [stderr]    Compiling once_cell v1.4.1
[INFO] [stderr]    Compiling pin-project-lite v0.1.7
[INFO] [stderr]    Compiling bitflags v1.2.1
[INFO] [stderr]    Compiling futures-task v0.3.5
[INFO] [stderr]    Compiling pin-utils v0.1.0
[INFO] [stderr]    Compiling futures-io v0.3.5
[INFO] [stderr]    Compiling pkg-config v0.3.14
[INFO] [stderr]    Compiling itoa v0.4.3
[INFO] [stderr]    Compiling semver-parser v0.7.0
[INFO] [stderr]    Compiling scopeguard v1.1.0
[INFO] [stderr]    Compiling getrandom v0.1.14
[INFO] [stderr]    Compiling serde v1.0.89
[INFO] [stderr]    Compiling smallvec v1.4.2
[INFO] [stderr]    Compiling unicase v2.6.0
[INFO] [stderr]    Compiling num-traits v0.2.12
[INFO] [stderr]    Compiling smallvec v0.6.9
[INFO] [stderr]    Compiling semver v0.9.0
[INFO] [stderr]    Compiling matches v0.1.8
[INFO] [stderr]    Compiling rand_core v0.4.0
[INFO] [stderr]    Compiling backtrace v0.3.14
[INFO] [stderr]    Compiling unicode-bidi v0.3.4
[INFO] [stderr]    Compiling net2 v0.2.33
[INFO] [stderr]    Compiling num_cpus v1.13.0
[INFO] [stderr]    Compiling iovec v0.1.4
[INFO] [stderr]    Compiling signal-hook-registry v1.2.1
[INFO] [stderr]    Compiling unicode-normalization v0.1.8
[INFO] [stderr]    Compiling failure_derive v0.1.8
[INFO] [stderr]    Compiling hashbrown v0.8.2
[INFO] [stderr]    Compiling backtrace-sys v0.1.28
[INFO] [stderr]    Compiling num-integer v0.1.43
[INFO] [stderr]    Compiling rustc_version v0.2.3
[INFO] [stderr]    Compiling percent-encoding v2.1.0
[INFO] [stderr]    Compiling byteorder v1.3.1
[INFO] [stderr]    Compiling rand_core v0.5.1
[INFO] [stderr]    Compiling rustc-demangle v0.1.13
[INFO] [stderr]    Compiling ppv-lite86 v0.2.9
[INFO] [stderr]    Compiling quote v1.0.7
[INFO] [stderr]    Compiling mio v0.6.22
[INFO] [stderr]    Compiling openssl-sys v0.9.42
[INFO] [stderr]    Compiling socket2 v0.3.12
[INFO] [stderr]    Compiling time v0.1.42
[INFO] [stderr]    Compiling http v0.2.1
[INFO] [stderr]    Compiling standback v0.2.10
[INFO] [stderr]    Compiling indexmap v1.5.1
[INFO] [stdout] error[E0512]: cannot transmute between types of different sizes, or dependently-sized types
[INFO] [stdout]    --> /opt/rustwide/cargo-home/registry/src/index.crates.io-1949cf8c6b5b557f/socket2-0.3.12/src/sockaddr.rs:176:9
[INFO] [stdout]     |
[INFO] [stdout] 176 |         mem::transmute::<SocketAddrV4, sockaddr_in>(v4);
[INFO] [stdout]     |         ^^^^^^^^^^^^^^^^^^^^^^^^^^^^^^^^^^^^^^^^^^^
[INFO] [stdout]     |
[INFO] [stdout]     = note: source type: `SocketAddrV4` (48 bits)
[INFO] [stdout]     = note: target type: `sockaddr_in` (128 bits)
[INFO] [stdout] 
[INFO] [stdout] 
[INFO] [stderr] warning: openssl-sys@0.9.42: build/expando.c:4:24: error: pasting "RUST_VERSION_OPENSSL_" and "(" does not give a valid preprocessing token
[INFO] [stderr] warning: openssl-sys@0.9.42:     4 | #define VERSION2(n, v) RUST_VERSION_##n##_##v
[INFO] [stderr] warning: openssl-sys@0.9.42:       |                        ^~~~~~~~~~~~~
[INFO] [stderr] warning: openssl-sys@0.9.42: build/expando.c:5:23: note: in expansion of macro 'VERSION2'
[INFO] [stderr] warning: openssl-sys@0.9.42:     5 | #define VERSION(n, v) VERSION2(n, v)
[INFO] [stderr] warning: openssl-sys@0.9.42:       |                       ^~~~~~~~
[INFO] [stderr] warning: openssl-sys@0.9.42: build/expando.c:10:1: note: in expansion of macro 'VERSION'
[INFO] [stderr] warning: openssl-sys@0.9.42:    10 | VERSION(OPENSSL, OPENSSL_VERSION_NUMBER)
[INFO] [stderr] warning: openssl-sys@0.9.42:       | ^~~~~~~
[INFO] [stderr] error: failed to run custom build command for `openssl-sys v0.9.42`
[INFO] [stderr] note: To improve backtraces for build dependencies, set the CARGO_PROFILE_RELEASE_BUILD_OVERRIDE_DEBUG=true environment variable to enable debug information generation.
[INFO] [stderr] 
[INFO] [stderr] Caused by:
[INFO] [stderr]   process didn't exit successfully: `/opt/rustwide/target/release/build/openssl-sys-b7fd345da7b5dac5/build-script-main` (exit status: 101)
[INFO] [stderr]   --- stdout
[INFO] [stderr]   cargo:rustc-cfg=const_fn
[INFO] [stderr]   cargo:rerun-if-env-changed=X86_64_UNKNOWN_LINUX_GNU_OPENSSL_LIB_DIR
[INFO] [stderr]   X86_64_UNKNOWN_LINUX_GNU_OPENSSL_LIB_DIR unset
[INFO] [stderr]   cargo:rerun-if-env-changed=OPENSSL_LIB_DIR
[INFO] [stderr]   OPENSSL_LIB_DIR unset
[INFO] [stderr]   cargo:rerun-if-env-changed=X86_64_UNKNOWN_LINUX_GNU_OPENSSL_INCLUDE_DIR
[INFO] [stderr]   X86_64_UNKNOWN_LINUX_GNU_OPENSSL_INCLUDE_DIR unset
[INFO] [stderr]   cargo:rerun-if-env-changed=OPENSSL_INCLUDE_DIR
[INFO] [stderr]   OPENSSL_INCLUDE_DIR unset
[INFO] [stderr]   cargo:rerun-if-env-changed=X86_64_UNKNOWN_LINUX_GNU_OPENSSL_DIR
[INFO] [stderr]   X86_64_UNKNOWN_LINUX_GNU_OPENSSL_DIR unset
[INFO] [stderr]   cargo:rerun-if-env-changed=OPENSSL_DIR
[INFO] [stderr]   OPENSSL_DIR unset
[INFO] [stderr]   cargo:rustc-link-lib=ssl
[INFO] [stderr]   cargo:rustc-link-lib=crypto
[INFO] [stderr]   OPT_LEVEL = Some("3")
[INFO] [stderr]   TARGET = Some("x86_64-unknown-linux-gnu")
[INFO] [stderr]   HOST = Some("x86_64-unknown-linux-gnu")
[INFO] [stderr]   CC_x86_64-unknown-linux-gnu = None
[INFO] [stderr]   CC_x86_64_unknown_linux_gnu = None
[INFO] [stderr]   HOST_CC = None
[INFO] [stderr]   CC = None
[INFO] [stderr]   CFLAGS_x86_64-unknown-linux-gnu = None
[INFO] [stderr]   CFLAGS_x86_64_unknown_linux_gnu = None
[INFO] [stderr]   HOST_CFLAGS = None
[INFO] [stderr]   CFLAGS = None
[INFO] [stderr]   CRATE_CC_NO_DEFAULTS = None
[INFO] [stderr]   DEBUG = Some("false")
[INFO] [stderr]   running: "cc" "-O3" "-ffunction-sections" "-fdata-sections" "-fPIC" "-m64" "-Wall" "-Wextra" "-E" "build/expando.c"
[INFO] [stderr]   cargo:warning=build/expando.c:4:24: error: pasting "RUST_VERSION_OPENSSL_" and "(" does not give a valid preprocessing token
[INFO] [stderr]   cargo:warning=    4 | #define VERSION2(n, v) RUST_VERSION_##n##_##v
[INFO] [stderr]   cargo:warning=      |                        ^~~~~~~~~~~~~
[INFO] [stderr]   cargo:warning=build/expando.c:5:23: note: in expansion of macro 'VERSION2'
[INFO] [stderr]   cargo:warning=    5 | #define VERSION(n, v) VERSION2(n, v)
[INFO] [stderr]   cargo:warning=      |                       ^~~~~~~~
[INFO] [stderr]   cargo:warning=build/expando.c:10:1: note: in expansion of macro 'VERSION'
[INFO] [stderr]   cargo:warning=   10 | VERSION(OPENSSL, OPENSSL_VERSION_NUMBER)
[INFO] [stderr]   cargo:warning=      | ^~~~~~~
[INFO] [stderr]   exit status: 1
[INFO] [stderr] 
[INFO] [stderr]   --- stderr
[INFO] [stderr] 
[INFO] [stderr]   thread 'main' (1147) panicked at /opt/rustwide/cargo-home/registry/src/index.crates.io-1949cf8c6b5b557f/openssl-sys-0.9.42/build/main.rs:126:13:
[INFO] [stderr] 
[INFO] [stderr]   Header expansion error:
[INFO] [stderr]   Error { kind: ToolExecError, message: "Command \"cc\" \"-O3\" \"-ffunction-sections\" \"-fdata-sections\" \"-fPIC\" \"-m64\" \"-Wall\" \"-Wextra\" \"-E\" \"build/expando.c\" with args \"cc\" did not execute successfully (status code exit status: 1)." }
[INFO] [stderr] 
[INFO] [stderr]   Failed to find OpenSSL development headers.
[INFO] [stderr] 
[INFO] [stderr]   You can try fixing this setting the `OPENSSL_DIR` environment variable
[INFO] [stderr]   pointing to your OpenSSL installation or installing OpenSSL headers package
[INFO] [stderr]   specific to your distribution:
[INFO] [stderr] 
[INFO] [stderr]       # On Ubuntu
[INFO] [stderr]       sudo apt-get install libssl-dev
[INFO] [stderr]       # On Arch Linux
[INFO] [stderr]       sudo pacman -S openssl
[INFO] [stderr]       # On Fedora
[INFO] [stderr]       sudo dnf install openssl-devel
[INFO] [stderr] 
[INFO] [stderr]   See rust-openssl README for more information:
[INFO] [stderr] 
[INFO] [stderr]       https://github.com/sfackler/rust-openssl#linux
[INFO] [stderr] 
[INFO] [stderr]   stack backtrace:
[INFO] [stderr]      0:     0x5bbfa8252a91 - <<std[70759c8f55707aa4]::sys::backtrace::BacktraceLock>::print::DisplayBacktrace as core[df12db4294e9bfd3]::fmt::Display>::fmt
[INFO] [stderr]      1:     0x5bbfa826723a - core[df12db4294e9bfd3]::fmt::write
[INFO] [stderr]      2:     0x5bbfa825891c - <std[70759c8f55707aa4]::sys::stdio::unix::Stderr as core[df12db4294e9bfd3]::io::write::Write>::write_fmt
[INFO] [stderr]      3:     0x5bbfa8232206 - std[70759c8f55707aa4]::panicking::default_hook::{closure#0}
[INFO] [stderr]      4:     0x5bbfa824d7a1 - std[70759c8f55707aa4]::panicking::default_hook
[INFO] [stderr]      5:     0x5bbfa824d95b - std[70759c8f55707aa4]::panicking::panic_with_hook
[INFO] [stderr]      6:     0x5bbfa82322b2 - std[70759c8f55707aa4]::panicking::panic_handler::{closure#0}
[INFO] [stderr]      7:     0x5bbfa822ad29 - std[70759c8f55707aa4]::sys::backtrace::__rust_end_short_backtrace::<std[70759c8f55707aa4]::panicking::panic_handler::{closure#0}, !>
[INFO] [stderr]      8:     0x5bbfa8232b6d - __rustc[8fa7c3cbc660c2b3]::rust_begin_unwind
[INFO] [stderr]      9:     0x5bbfa82679ac - core[df12db4294e9bfd3]::panicking::panic_fmt
[INFO] [stderr]     10:     0x5bbfa81c7d10 - build_script_main[d96255e7e28339ea]::validate_headers
[INFO] [stderr]     11:     0x5bbfa81cb2a3 - build_script_main[d96255e7e28339ea]::find::try_pkg_config
[INFO] [stderr]     12:     0x5bbfa81cb668 - build_script_main[d96255e7e28339ea]::find::find_openssl_dir
[INFO] [stderr]     13:     0x5bbfa81c63e7 - build_script_main[d96255e7e28339ea]::find::get_openssl::{closure#0}
[INFO] [stderr]     14:     0x5bbfa81c4ac0 - <core[df12db4294e9bfd3]::option::Option<std[70759c8f55707aa4]::ffi::os_str::OsString>>::unwrap_or_else::<build_script_main[d96255e7e28339ea]::find::get_openssl::{closure#0}>
[INFO] [stderr]     15:     0x5bbfa81cab9f - build_script_main[d96255e7e28339ea]::find::get_openssl
[INFO] [stderr]     16:     0x5bbfa81c8469 - build_script_main[d96255e7e28339ea]::main
[INFO] [stderr]     17:     0x5bbfa81d17f3 - <fn() as core[df12db4294e9bfd3]::ops::function::FnOnce<()>>::call_once
[INFO] [stderr]     18:     0x5bbfa81c515e - std[70759c8f55707aa4]::sys::backtrace::__rust_begin_short_backtrace::<fn(), ()>
[INFO] [stderr]     19:     0x5bbfa81c5859 - std[70759c8f55707aa4]::rt::lang_start::<()>::{closure#0}
[INFO] [stderr]     20:     0x5bbfa824cb69 - std[70759c8f55707aa4]::rt::lang_start_internal
[INFO] [stderr]     21:     0x5bbfa81c5061 - std[70759c8f55707aa4]::rt::lang_start::<()>
[INFO] [stderr]     22:     0x5bbfa81cdae5 - main
[INFO] [stderr]     23:     0x727d8bbcf601 - <unknown>
[INFO] [stderr]     24:     0x727d8bbcf718 - __libc_start_main
[INFO] [stderr]     25:     0x5bbfa81c4825 - _start
[INFO] [stderr]     26:                0x0 - <unknown>
[INFO] [stderr] warning: build failed, waiting for other jobs to finish...
[INFO] [stdout] For more information about this error, try `rustc --explain E0512`.
[INFO] [stdout] 
[INFO] [stderr] error: could not compile `socket2` (lib) due to 1 previous error
[INFO] running `Command { std: "docker" "inspect" "db448873611b86577ccec5f9596173470ca22854dbbb3900ee5e148e1981c2a5", kill_on_drop: false }`
[INFO] running `Command { std: "docker" "rm" "-f" "db448873611b86577ccec5f9596173470ca22854dbbb3900ee5e148e1981c2a5", kill_on_drop: false }`
[INFO] [stdout] db448873611b86577ccec5f9596173470ca22854dbbb3900ee5e148e1981c2a5
