[INFO] fetching crate nats-counters 0.1.0...
[INFO] testing nats-counters-0.1.0 against 1.99.0-beta.8+cargoflags=--release for beta-release-1.100-2
[INFO] extracting crate nats-counters 0.1.0 into /workspace/builds/worker-0-tc1/source
[INFO] started tweaking crates.io crate nats-counters 0.1.0
[INFO] removed 0 missing examples
[INFO] removed 0 missing tests
[INFO] finished tweaking crates.io crate nats-counters 0.1.0
[INFO] tweaked toml for crates.io crate nats-counters 0.1.0 written to /workspace/builds/worker-0-tc1/source/Cargo.toml
[INFO] validating manifest of crates.io crate nats-counters 0.1.0 on toolchain 1.99.0-beta.8
[INFO] running `Command { std: CARGO_HOME="/workspace/cargo-home" RUSTUP_HOME="/workspace/rustup-home" "/workspace/cargo-home/bin/cargo" "+1.99.0-beta.8" "metadata" "--manifest-path" "Cargo.toml" "--no-deps", kill_on_drop: false }`
[INFO] crate crates.io crate nats-counters 0.1.0 already has a lockfile, it will not be regenerated
[INFO] running `Command { std: CARGO_HOME="/workspace/cargo-home" RUSTUP_HOME="/workspace/rustup-home" "/workspace/cargo-home/bin/cargo" "+1.99.0-beta.8" "fetch" "--manifest-path" "Cargo.toml", kill_on_drop: false }`
[INFO] [stderr]     Updating crates.io index
[INFO] [stderr]  Downloading crates ...
[INFO] [stderr]   Downloaded tryhard v0.5.2
[INFO] [stderr]   Downloaded nuid v0.5.0
[INFO] [stderr]   Downloaded serde_nanos v0.1.4
[INFO] [stderr]   Downloaded jetstream-extra v0.2.1
[INFO] [stderr]   Downloaded rustls-native-certs v0.7.3
[INFO] [stderr]   Downloaded nkeys v0.4.5
[INFO] [stderr]   Downloaded tokio-websockets v0.10.1
[INFO] [stderr]   Downloaded signatory v0.27.1
[INFO] [stderr]   Downloaded async-nats v0.45.0
[INFO] running `Command { std: "docker" "create" "-v" "/var/lib/crater-agent-workspace/builds/worker-0-tc1/source:/opt/rustwide/workdir:ro,Z" "-v" "/var/lib/crater-agent-workspace/builds/worker-0-tc1/target:/opt/rustwide/target:rw,Z" "-v" "/var/lib/crater-agent-workspace/cargo-home:/opt/rustwide/cargo-home:ro,Z" "-v" "/var/lib/crater-agent-workspace/rustup-home:/opt/rustwide/rustup-home:ro,Z" "-m" "1610612736" "--network" "none" "ghcr.io/rust-lang/crates-build-env/linux@sha256:77db811e55d90add9212f6832c23229e3de5f1c1f9905e8cb07319ea15df73ac" "sleep" "infinity", kill_on_drop: false }`
[INFO] [stdout] c7de8acac67af9e6c15aacad42bb17d21f67d3341eeebff825d82ce39c2abb25
[INFO] running `Command { std: "docker" "start" "c7de8acac67af9e6c15aacad42bb17d21f67d3341eeebff825d82ce39c2abb25", kill_on_drop: false }`
[INFO] running `Command { std: "docker" "inspect" "c7de8acac67af9e6c15aacad42bb17d21f67d3341eeebff825d82ce39c2abb25", kill_on_drop: false }`
[INFO] running `Command { std: "docker" "exec" "-e" "SOURCE_DIR=/opt/rustwide/workdir" "-e" "CARGO_HOME=/opt/rustwide/cargo-home" "-e" "RUSTUP_HOME=/opt/rustwide/rustup-home" "-e" "CARGO_TARGET_DIR=/opt/rustwide/target" "-w" "/opt/rustwide/workdir" "--user" "0:0" "c7de8acac67af9e6c15aacad42bb17d21f67d3341eeebff825d82ce39c2abb25" "/opt/rustwide/cargo-home/bin/cargo" "+1.99.0-beta.8" "metadata" "--no-deps" "--format-version=1", kill_on_drop: false }`
[INFO] running `Command { std: "docker" "inspect" "c7de8acac67af9e6c15aacad42bb17d21f67d3341eeebff825d82ce39c2abb25", kill_on_drop: false }`
[INFO] running `Command { std: "docker" "exec" "-e" "SOURCE_DIR=/opt/rustwide/workdir" "-e" "CARGO_HOME=/opt/rustwide/cargo-home" "-e" "RUSTUP_HOME=/opt/rustwide/rustup-home" "-e" "CARGO_TARGET_DIR=/opt/rustwide/target" "-e" "CARGO_INCREMENTAL=0" "-e" "RUST_BACKTRACE=full" "-e" "RUSTFLAGS=--cap-lints=warn" "-e" "RUSTDOCFLAGS=--cap-lints=warn" "-w" "/opt/rustwide/workdir" "--user" "0:0" "c7de8acac67af9e6c15aacad42bb17d21f67d3341eeebff825d82ce39c2abb25" "/opt/rustwide/cargo-home/bin/cargo" "+1.99.0-beta.8" "build" "--frozen" "--message-format=json" "--release", kill_on_drop: false }`
[INFO] [stderr]    Compiling syn v2.0.108
[INFO] [stderr]    Compiling zerocopy v0.8.27
[INFO] [stderr]    Compiling semver v1.0.27
[INFO] [stderr]    Compiling generic-array v0.14.9
[INFO] [stderr]    Compiling getrandom v0.2.16
[INFO] [stderr]    Compiling cc v1.2.44
[INFO] [stderr]    Compiling base64ct v1.8.0
[INFO] [stderr]    Compiling rustls v0.23.34
[INFO] [stderr]    Compiling portable-atomic v1.11.1
[INFO] [stderr]    Compiling deranged v0.5.5
[INFO] [stderr]    Compiling regex-automata v0.4.13
[INFO] [stderr]    Compiling tracing-core v0.1.34
[INFO] [stderr]    Compiling rustls-pemfile v2.2.0
[INFO] [stderr]    Compiling log v0.4.28
[INFO] [stderr]    Compiling data-encoding v2.9.0
[INFO] [stderr]    Compiling serde_json v1.0.145
[INFO] [stderr]    Compiling rustls-webpki v0.102.8
[INFO] [stderr]    Compiling rand_core v0.6.4
[INFO] [stderr]    Compiling pem-rfc7468 v0.7.0
[INFO] [stderr]    Compiling rustc_version v0.4.1
[INFO] [stderr]    Compiling rustls-native-certs v0.7.3
[INFO] [stderr]    Compiling der v0.7.10
[INFO] [stderr]    Compiling curve25519-dalek v4.1.3
[INFO] [stderr]    Compiling block-buffer v0.10.4
[INFO] [stderr]    Compiling crypto-common v0.1.6
[INFO] [stderr]    Compiling digest v0.10.7
[INFO] [stderr]    Compiling ring v0.17.14
[INFO] [stderr]    Compiling signature v2.2.0
[INFO] [stderr]    Compiling sha2 v0.10.9
[INFO] [stderr]    Compiling ed25519 v2.2.3
[INFO] [stderr]    Compiling spki v0.7.3
[INFO] [stderr]    Compiling pkcs8 v0.10.2
[INFO] [stderr]    Compiling signatory v0.27.1
[INFO] [stderr]    Compiling ppv-lite86 v0.2.21
[INFO] [stderr]    Compiling regex v1.12.2
[INFO] [stderr]    Compiling rand_chacha v0.3.1
[INFO] [stderr]    Compiling rand v0.8.5
[INFO] [stderr]    Compiling nuid v0.5.0
[INFO] [stderr]    Compiling synstructure v0.13.2
[INFO] [stderr]    Compiling zerofrom-derive v0.1.6
[INFO] [stderr]    Compiling yoke-derive v0.8.1
[INFO] [stderr]    Compiling zerovec-derive v0.11.2
[INFO] [stderr]    Compiling displaydoc v0.2.5
[INFO] [stderr]    Compiling serde_derive v1.0.228
[INFO] [stderr]    Compiling tokio-macros v2.6.0
[INFO] [stderr]    Compiling curve25519-dalek-derive v0.1.1
[INFO] [stderr]    Compiling futures-macro v0.3.31
[INFO] [stderr]    Compiling thiserror-impl v1.0.69
[INFO] [stderr]    Compiling tracing-attributes v0.1.30
[INFO] [stderr]    Compiling pin-project-internal v1.1.10
[INFO] [stderr]    Compiling serde_repr v0.1.20
[INFO] [stderr]    Compiling futures-util v0.3.31
[INFO] [stderr]    Compiling thiserror v1.0.69
[INFO] [stderr]    Compiling tracing v0.1.41
[INFO] [stderr]    Compiling zerofrom v0.1.6
[INFO] [stderr]    Compiling ed25519-dalek v2.2.0
[INFO] [stderr]    Compiling pin-project v1.1.10
[INFO] [stderr]    Compiling yoke v0.8.1
[INFO] [stderr]    Compiling nkeys v0.4.5
[INFO] [stderr]    Compiling zerovec v0.11.5
[INFO] [stderr]    Compiling zerotrie v0.2.3
[INFO] [stderr]    Compiling tinystr v0.8.2
[INFO] [stderr]    Compiling potential_utf v0.1.4
[INFO] [stderr]    Compiling icu_collections v2.1.1
[INFO] [stderr]    Compiling icu_locale_core v2.1.1
[INFO] [stderr]    Compiling serde v1.0.228
[INFO] [stderr]    Compiling icu_provider v2.1.1
[INFO] [stderr]    Compiling icu_properties v2.1.1
[INFO] [stderr]    Compiling icu_normalizer v2.1.1
[INFO] [stderr]    Compiling bytes v1.10.1
[INFO] [stderr]    Compiling time v0.3.44
[INFO] [stderr]    Compiling serde_nanos v0.1.4
[INFO] [stderr]    Compiling futures-executor v0.3.31
[INFO] [stderr]    Compiling tokio v1.48.0
[INFO] [stderr]    Compiling futures v0.3.31
[INFO] [stderr]    Compiling idna_adapter v1.2.1
[INFO] [stderr]    Compiling idna v1.1.0
[INFO] [stderr]    Compiling url v2.5.7
[INFO] [stderr]    Compiling rustls-webpki v0.103.8
[INFO] [stderr]    Compiling tokio-stream v0.1.17
[INFO] [stderr]    Compiling tokio-util v0.7.17
[INFO] [stderr]    Compiling tryhard v0.5.2
[INFO] [stderr]    Compiling tokio-rustls v0.26.4
[INFO] [stderr]    Compiling async-nats v0.45.0
[INFO] [stderr]    Compiling jetstream-extra v0.2.1
[INFO] [stderr]    Compiling nats-counters v0.1.0 (/opt/rustwide/workdir)
[INFO] [stderr]     Finished `release` profile [optimized] target(s) in 1m 13s
[INFO] running `Command { std: "docker" "inspect" "c7de8acac67af9e6c15aacad42bb17d21f67d3341eeebff825d82ce39c2abb25", kill_on_drop: false }`
[INFO] running `Command { std: "docker" "exec" "-e" "SOURCE_DIR=/opt/rustwide/workdir" "-e" "CARGO_HOME=/opt/rustwide/cargo-home" "-e" "RUSTUP_HOME=/opt/rustwide/rustup-home" "-e" "CARGO_TARGET_DIR=/opt/rustwide/target" "-e" "CARGO_INCREMENTAL=0" "-e" "RUST_BACKTRACE=full" "-e" "RUSTFLAGS=--cap-lints=warn" "-e" "RUSTDOCFLAGS=--cap-lints=warn" "-w" "/opt/rustwide/workdir" "--user" "0:0" "c7de8acac67af9e6c15aacad42bb17d21f67d3341eeebff825d82ce39c2abb25" "/opt/rustwide/cargo-home/bin/cargo" "+1.99.0-beta.8" "test" "--frozen" "--no-run" "--message-format=json" "--release", kill_on_drop: false }`
[INFO] [stderr]    Compiling tokio-stream v0.1.17
[INFO] [stderr]    Compiling async-nats v0.45.0
[INFO] [stderr]    Compiling jetstream-extra v0.2.1
[INFO] [stderr]    Compiling nats-counters v0.1.0 (/opt/rustwide/workdir)
[INFO] [stdout] error[E0432]: unresolved import `nats_server`
[INFO] [stdout]   --> tests/common/mod.rs:17:5
[INFO] [stdout]    |
[INFO] [stdout] 17 | use nats_server::Server;
[INFO] [stdout]    |     ^^^^^^^^^^^ use of unresolved module or unlinked crate `nats_server`
[INFO] [stdout]    |
[INFO] [stdout]    = help: if you wanted to use a crate named `nats_server`, use `cargo add nats_server` to add it to your `Cargo.toml`
[INFO] [stdout] 
[INFO] [stdout] 
[INFO] [stdout] error[E0432]: unresolved import `nats_server`
[INFO] [stdout]   --> tests/common/mod.rs:17:5
[INFO] [stdout]    |
[INFO] [stdout] 17 | use nats_server::Server;
[INFO] [stdout]    |     ^^^^^^^^^^^ use of unresolved module or unlinked crate `nats_server`
[INFO] [stdout]    |
[INFO] [stdout]    = help: if you wanted to use a crate named `nats_server`, use `cargo add nats_server` to add it to your `Cargo.toml`
[INFO] [stdout] 
[INFO] [stdout] 
[INFO] [stdout] error[E0432]: unresolved import `nats_server`
[INFO] [stdout]   --> tests/common/mod.rs:17:5
[INFO] [stdout]    |
[INFO] [stdout] 17 | use nats_server::Server;
[INFO] [stdout]    |     ^^^^^^^^^^^ use of unresolved module or unlinked crate `nats_server`
[INFO] [stdout]    |
[INFO] [stdout]    = help: if you wanted to use a crate named `nats_server`, use `cargo add nats_server` to add it to your `Cargo.toml`
[INFO] [stdout] 
[INFO] [stdout] 
[INFO] [stdout] error[E0433]: cannot find module or crate `nats_server` in this scope
[INFO] [stdout]   --> tests/common/mod.rs:21:5
[INFO] [stdout]    |
[INFO] [stdout] 21 |     nats_server::run_server("tests/configs/jetstream.conf")
[INFO] [stdout]    |     ^^^^^^^^^^^ use of unresolved module or unlinked crate `nats_server`
[INFO] [stdout]    |
[INFO] [stdout]    = help: if you wanted to use a crate named `nats_server`, use `cargo add nats_server` to add it to your `Cargo.toml`
[INFO] [stdout] 
[INFO] [stdout] 
[INFO] [stdout] error[E0433]: cannot find module or crate `nats_server` in this scope
[INFO] [stdout]   --> tests/common/mod.rs:21:5
[INFO] [stdout]    |
[INFO] [stdout] 21 |     nats_server::run_server("tests/configs/jetstream.conf")
[INFO] [stdout]    |     ^^^^^^^^^^^ use of unresolved module or unlinked crate `nats_server`
[INFO] [stdout]    |
[INFO] [stdout]    = help: if you wanted to use a crate named `nats_server`, use `cargo add nats_server` to add it to your `Cargo.toml`
[INFO] [stdout] 
[INFO] [stdout] 
[INFO] [stdout] Some errors have detailed explanations: E0432, E0433.
[INFO] [stdout] 
[INFO] [stdout] For more information about an error, try `rustc --explain E0432`.
[INFO] [stdout] 
[INFO] [stderr] error: could not compile `nats-counters` (test "counter_source_tracking") due to 2 previous errors
[INFO] [stderr] warning: build failed, waiting for other jobs to finish...
[INFO] [stdout] error[E0433]: cannot find module or crate `nats_server` in this scope
[INFO] [stdout]   --> tests/common/mod.rs:21:5
[INFO] [stdout]    |
[INFO] [stdout] 21 |     nats_server::run_server("tests/configs/jetstream.conf")
[INFO] [stdout]    |     ^^^^^^^^^^^ use of unresolved module or unlinked crate `nats_server`
[INFO] [stdout]    |
[INFO] [stdout]    = help: if you wanted to use a crate named `nats_server`, use `cargo add nats_server` to add it to your `Cargo.toml`
[INFO] [stdout] 
[INFO] [stdout] 
[INFO] [stdout] Some errors have detailed explanations: E0432, E0433.
[INFO] [stdout] 
[INFO] [stdout] For more information about an error, try `rustc --explain E0432`.
[INFO] [stdout] 
[INFO] [stderr] error: could not compile `nats-counters` (test "counter_basic_tests") due to 2 previous errors
[INFO] [stdout] Some errors have detailed explanations: E0432, E0433.
[INFO] [stdout] 
[INFO] [stdout] For more information about an error, try `rustc --explain E0432`.
[INFO] [stdout] 
[INFO] [stderr] error: could not compile `nats-counters` (test "counter_edge_cases_tests") due to 2 previous errors
[INFO] running `Command { std: "docker" "inspect" "c7de8acac67af9e6c15aacad42bb17d21f67d3341eeebff825d82ce39c2abb25", kill_on_drop: false }`
[INFO] running `Command { std: "docker" "rm" "-f" "c7de8acac67af9e6c15aacad42bb17d21f67d3341eeebff825d82ce39c2abb25", kill_on_drop: false }`
[INFO] [stdout] c7de8acac67af9e6c15aacad42bb17d21f67d3341eeebff825d82ce39c2abb25
