[INFO] fetching crate nanosql 0.12.0...
[INFO] testing nanosql-0.12.0 against 1.100.0-beta.1+cargoflags=--release for beta-release-1.100-2
[INFO] extracting crate nanosql 0.12.0 into /workspace/builds/worker-6-tc2/source
[INFO] started tweaking crates.io crate nanosql 0.12.0
[INFO] removed 0 missing examples
[INFO] removed 0 missing tests
[INFO] finished tweaking crates.io crate nanosql 0.12.0
[INFO] tweaked toml for crates.io crate nanosql 0.12.0 written to /workspace/builds/worker-6-tc2/source/Cargo.toml
[INFO] validating manifest of crates.io crate nanosql 0.12.0 on toolchain 1.100.0-beta.1
[INFO] running `Command { std: CARGO_HOME="/workspace/cargo-home" RUSTUP_HOME="/workspace/rustup-home" "/workspace/cargo-home/bin/cargo" "+1.100.0-beta.1" "metadata" "--manifest-path" "Cargo.toml" "--no-deps", kill_on_drop: false }`
[INFO] crate crates.io crate nanosql 0.12.0 already has a lockfile, it will not be regenerated
[INFO] running `Command { std: CARGO_HOME="/workspace/cargo-home" RUSTUP_HOME="/workspace/rustup-home" "/workspace/cargo-home/bin/cargo" "+1.100.0-beta.1" "fetch" "--manifest-path" "Cargo.toml", kill_on_drop: false }`
[INFO] running `Command { std: "docker" "create" "-v" "/var/lib/crater-agent-workspace/builds/worker-6-tc2/source:/opt/rustwide/workdir:ro,Z" "-v" "/var/lib/crater-agent-workspace/builds/worker-6-tc2/target:/opt/rustwide/target:rw,Z" "-v" "/var/lib/crater-agent-workspace/cargo-home:/opt/rustwide/cargo-home:ro,Z" "-v" "/var/lib/crater-agent-workspace/rustup-home:/opt/rustwide/rustup-home:ro,Z" "-m" "1610612736" "--network" "none" "ghcr.io/rust-lang/crates-build-env/linux@sha256:77db811e55d90add9212f6832c23229e3de5f1c1f9905e8cb07319ea15df73ac" "sleep" "infinity", kill_on_drop: false }`
[INFO] [stdout] 526b59458fe6908513ca789baf84181a53cd1ebfd67d4c8d010e083f1a92aa23
[INFO] running `Command { std: "docker" "start" "526b59458fe6908513ca789baf84181a53cd1ebfd67d4c8d010e083f1a92aa23", kill_on_drop: false }`
[INFO] running `Command { std: "docker" "inspect" "526b59458fe6908513ca789baf84181a53cd1ebfd67d4c8d010e083f1a92aa23", kill_on_drop: false }`
[INFO] running `Command { std: "docker" "exec" "-e" "SOURCE_DIR=/opt/rustwide/workdir" "-e" "CARGO_HOME=/opt/rustwide/cargo-home" "-e" "RUSTUP_HOME=/opt/rustwide/rustup-home" "-e" "CARGO_TARGET_DIR=/opt/rustwide/target" "-w" "/opt/rustwide/workdir" "--user" "0:0" "526b59458fe6908513ca789baf84181a53cd1ebfd67d4c8d010e083f1a92aa23" "/opt/rustwide/cargo-home/bin/cargo" "+1.100.0-beta.1" "metadata" "--no-deps" "--format-version=1", kill_on_drop: false }`
[INFO] running `Command { std: "docker" "inspect" "526b59458fe6908513ca789baf84181a53cd1ebfd67d4c8d010e083f1a92aa23", kill_on_drop: false }`
[INFO] running `Command { std: "docker" "exec" "-e" "SOURCE_DIR=/opt/rustwide/workdir" "-e" "CARGO_HOME=/opt/rustwide/cargo-home" "-e" "RUSTUP_HOME=/opt/rustwide/rustup-home" "-e" "CARGO_TARGET_DIR=/opt/rustwide/target" "-e" "CARGO_INCREMENTAL=0" "-e" "RUST_BACKTRACE=full" "-e" "RUSTFLAGS=--cap-lints=warn" "-e" "RUSTDOCFLAGS=--cap-lints=warn" "-w" "/opt/rustwide/workdir" "--user" "0:0" "526b59458fe6908513ca789baf84181a53cd1ebfd67d4c8d010e083f1a92aa23" "/opt/rustwide/cargo-home/bin/cargo" "+1.100.0-beta.1" "build" "--frozen" "--message-format=json" "--release", kill_on_drop: false }`
[INFO] [stderr]    Compiling unicode-ident v1.0.16
[INFO] [stderr]    Compiling equivalent v1.0.1
[INFO] [stderr]    Compiling hashbrown v0.15.2
[INFO] [stderr]    Compiling toml_datetime v0.6.8
[INFO] [stderr]    Compiling arrayvec v0.7.6
[INFO] [stderr]    Compiling once_cell v1.20.2
[INFO] [stderr]    Compiling pkg-config v0.3.31
[INFO] [stderr]    Compiling heck v0.4.1
[INFO] [stderr]    Compiling libc v0.2.169
[INFO] [stderr]    Compiling if_chain v1.0.2
[INFO] [stderr]    Compiling log v0.4.25
[INFO] [stderr]    Compiling psm v0.1.24
[INFO] [stderr]    Compiling stacker v0.1.17
[INFO] [stderr]    Compiling hashbrown v0.16.1
[INFO] [stderr]    Compiling bitflags v2.8.0
[INFO] [stderr]    Compiling proc-macro2 v1.0.106
[INFO] [stderr]    Compiling hashlink v0.11.0
[INFO] [stderr]    Compiling libsqlite3-sys v0.37.0
[INFO] [stderr]    Compiling quote v1.0.45
[INFO] [stderr]    Compiling syn v2.0.117
[INFO] [stderr]    Compiling rusqlite v0.39.0
[INFO] [stderr]    Compiling indexmap v2.7.1
[INFO] [stderr]    Compiling toml_edit v0.19.15
[INFO] [stderr]    Compiling proc-macro-crate v1.3.1
[INFO] [stderr]    Compiling deluxe-core v0.5.0
[INFO] [stderr]    Compiling recursive-proc-macro-impl v0.1.1
[INFO] [stderr]    Compiling thiserror-impl v2.0.18
[INFO] [stderr]    Compiling recursive v0.1.1
[INFO] [stderr]    Compiling sqlparser v0.62.0
[INFO] [stderr]    Compiling deluxe-macros v0.5.0
[INFO] [stderr]    Compiling thiserror v2.0.18
[INFO] [stderr]    Compiling deluxe v0.5.0
[INFO] [stderr]    Compiling nanosql_macros v0.12.0
[INFO] [stderr]    Compiling nanosql v0.12.0 (/opt/rustwide/workdir)
[INFO] [stderr]     Finished `release` profile [optimized] target(s) in 33.60s
[INFO] running `Command { std: "docker" "inspect" "526b59458fe6908513ca789baf84181a53cd1ebfd67d4c8d010e083f1a92aa23", kill_on_drop: false }`
[INFO] running `Command { std: "docker" "exec" "-e" "SOURCE_DIR=/opt/rustwide/workdir" "-e" "CARGO_HOME=/opt/rustwide/cargo-home" "-e" "RUSTUP_HOME=/opt/rustwide/rustup-home" "-e" "CARGO_TARGET_DIR=/opt/rustwide/target" "-e" "CARGO_INCREMENTAL=0" "-e" "RUST_BACKTRACE=full" "-e" "RUSTFLAGS=--cap-lints=warn" "-e" "RUSTDOCFLAGS=--cap-lints=warn" "-w" "/opt/rustwide/workdir" "--user" "0:0" "526b59458fe6908513ca789baf84181a53cd1ebfd67d4c8d010e083f1a92aa23" "/opt/rustwide/cargo-home/bin/cargo" "+1.100.0-beta.1" "test" "--frozen" "--no-run" "--message-format=json" "--release", kill_on_drop: false }`
[INFO] [stderr]    Compiling memchr v2.7.4
[INFO] [stderr]    Compiling serde_derive v1.0.228
[INFO] [stderr]    Compiling dirs-sys-next v0.1.2
[INFO] [stderr]    Compiling thiserror-impl v1.0.69
[INFO] [stderr]    Compiling tracing-core v0.1.33
[INFO] [stderr]    Compiling regex-syntax v0.8.5
[INFO] [stderr]    Compiling unicode-width v0.1.14
[INFO] [stderr]    Compiling itoa v1.0.14
[INFO] [stderr]    Compiling num_cpus v1.16.0
[INFO] [stderr]    Compiling compiletest_rs v0.11.2
[INFO] [stderr]    Compiling filetime v0.2.25
[INFO] [stderr]    Compiling log v0.4.25
[INFO] [stderr]    Compiling diff v0.1.13
[INFO] [stderr]    Compiling dirs-next v2.0.0
[INFO] [stderr]    Compiling term v0.7.0
[INFO] [stderr]    Compiling getopts v0.2.21
[INFO] [stderr]    Compiling tracing v0.1.41
[INFO] [stderr]    Compiling tester v0.9.1
[INFO] [stderr]    Compiling thiserror v1.0.69
[INFO] [stderr]    Compiling aho-corasick v1.1.3
[INFO] [stderr]    Compiling serde_json v1.0.149
[INFO] [stderr]    Compiling serde v1.0.228
[INFO] [stderr]    Compiling regex-automata v0.4.9
[INFO] [stderr]    Compiling rustfix v0.8.7
[INFO] [stderr]    Compiling regex v1.11.1
[INFO] [stderr]    Compiling nanosql v0.12.0 (/opt/rustwide/workdir)
[INFO] [stdout] warning: fields `name_id`, `tax_id`, `name`, and `kind` are never read
[INFO] [stdout]   --> examples/realistic.rs:48:5
[INFO] [stdout]    |
[INFO] [stdout] 46 | struct Name {
[INFO] [stdout]    |        ---- fields in this struct
[INFO] [stdout] 47 |     #[nanosql(pk)]
[INFO] [stdout] 48 |     name_id: u64,
[INFO] [stdout]    |     ^^^^^^^
[INFO] [stdout] 49 |     #[nanosql(fk = Taxon::tax_id)]
[INFO] [stdout] 50 |     tax_id: u64,
[INFO] [stdout]    |     ^^^^^^
[INFO] [stdout] 51 |     #[nanosql(index)]
[INFO] [stdout] 52 |     name: String,
[INFO] [stdout]    |     ^^^^
[INFO] [stdout] 53 |     kind: NameKind,
[INFO] [stdout]    |     ^^^^
[INFO] [stdout]    |
[INFO] [stdout]    = note: `Name` has derived impls for the traits `Debug` and `Clone`, but these are intentionally ignored during dead code analysis
[INFO] [stdout]    = note: `#[warn(dead_code)]` (part of `#[warn(unused)]`) on by default
[INFO] [stdout] 
[INFO] [stdout] 
[INFO] [stdout] warning: fields `rank`, `parent_id`, and `name_kind` are never read
[INFO] [stdout]   --> examples/realistic.rs:84:5
[INFO] [stdout]    |
[INFO] [stdout] 82 | struct NamedTaxon {
[INFO] [stdout]    |        ---------- fields in this struct
[INFO] [stdout] 83 |     tax_id: u64,
[INFO] [stdout] 84 |     rank: Rank,
[INFO] [stdout]    |     ^^^^
[INFO] [stdout] 85 |     parent_id: Option<u64>,
[INFO] [stdout]    |     ^^^^^^^^^
[INFO] [stdout] ...
[INFO] [stdout] 89 |     name_kind: Option<NameKind>,
[INFO] [stdout]    |     ^^^^^^^^^
[INFO] [stdout]    |
[INFO] [stdout]    = note: `NamedTaxon` has derived impls for the traits `Debug` and `Clone`, but these are intentionally ignored during dead code analysis
[INFO] [stdout] 
[INFO] [stdout] 
[INFO] [stdout] error[E0432]: unresolved imports `nanosql::DateTime`, `nanosql::Utc`, `nanosql::FixedOffset`, `nanosql::Uuid`, `nanosql::JsonValue`
[INFO] [stdout]   --> tests/external_types.rs:3:15
[INFO] [stdout]    |
[INFO] [stdout]  3 | use nanosql::{DateTime, Utc, FixedOffset, Uuid, JsonValue};
[INFO] [stdout]    |               ^^^^^^^^  ^^^  ^^^^^^^^^^^  ^^^^  ^^^^^^^^^ no `JsonValue` in the root
[INFO] [stdout]    |               |         |    |            |
[INFO] [stdout]    |               |         |    |            no `Uuid` in the root
[INFO] [stdout]    |               |         |    no `FixedOffset` in the root
[INFO] [stdout]    |               |         no `Utc` in the root
[INFO] [stdout]    |               no `DateTime` in the root
[INFO] [stdout]    |
[INFO] [stdout] note: found an item that was configured out
[INFO] [stdout]   --> src/lib.rs:37:18
[INFO] [stdout]    |
[INFO] [stdout] 36 | #[cfg(feature = "chrono")]
[INFO] [stdout]    |       ------------------ the item is gated behind the `chrono` feature
[INFO] [stdout] 37 | pub use chrono::{DateTime, FixedOffset, Utc};
[INFO] [stdout]    |                  ^^^^^^^^
[INFO] [stdout] note: found an item that was configured out
[INFO] [stdout]   --> src/lib.rs:37:41
[INFO] [stdout]    |
[INFO] [stdout] 36 | #[cfg(feature = "chrono")]
[INFO] [stdout]    |       ------------------ the item is gated behind the `chrono` feature
[INFO] [stdout] 37 | pub use chrono::{DateTime, FixedOffset, Utc};
[INFO] [stdout]    |                                         ^^^
[INFO] [stdout] note: found an item that was configured out
[INFO] [stdout]   --> src/lib.rs:37:28
[INFO] [stdout]    |
[INFO] [stdout] 36 | #[cfg(feature = "chrono")]
[INFO] [stdout]    |       ------------------ the item is gated behind the `chrono` feature
[INFO] [stdout] 37 | pub use chrono::{DateTime, FixedOffset, Utc};
[INFO] [stdout]    |                            ^^^^^^^^^^^
[INFO] [stdout] note: found an item that was configured out
[INFO] [stdout]   --> src/lib.rs:40:15
[INFO] [stdout]    |
[INFO] [stdout] 39 | #[cfg(feature = "uuid")]
[INFO] [stdout]    |       ---------------- the item is gated behind the `uuid` feature
[INFO] [stdout] 40 | pub use uuid::Uuid;
[INFO] [stdout]    |               ^^^^
[INFO] [stdout] note: found an item that was configured out
[INFO] [stdout]   --> src/lib.rs:43:30
[INFO] [stdout]    |
[INFO] [stdout] 42 | #[cfg(feature = "json")]
[INFO] [stdout]    |       ---------------- the item is gated behind the `json` feature
[INFO] [stdout] 43 | pub use serde_json::Value as JsonValue;
[INFO] [stdout]    |                              ^^^^^^^^^
[INFO] [stdout] 
[INFO] [stdout] 
[INFO] [stdout] error[E0433]: cannot find module or crate `serde_json` in this scope
[INFO] [stdout]   --> tests/external_types.rs:48:33
[INFO] [stdout]    |
[INFO] [stdout] 48 |     let json_value: JsonValue = serde_json::from_str(json_str).map_err(Error::other)?;
[INFO] [stdout]    |                                 ^^^^^^^^^^ use of unresolved module or unlinked crate `serde_json`
[INFO] [stdout]    |
[INFO] [stdout]    = help: if you wanted to use a crate named `serde_json`, use `cargo add serde_json` to add it to your `Cargo.toml`
[INFO] [stdout] 
[INFO] [stdout] 
[INFO] [stdout] error[E0433]: cannot find module or crate `serde_json` in this scope
[INFO] [stdout]    --> tests/external_types.rs:140:19
[INFO] [stdout]     |
[INFO] [stdout] 140 |             json: serde_json::from_str(r#"[2, 4, 7, -5, 0, 1]"#).unwrap(),
[INFO] [stdout]     |                   ^^^^^^^^^^ use of unresolved module or unlinked crate `serde_json`
[INFO] [stdout]     |
[INFO] [stdout]     = help: if you wanted to use a crate named `serde_json`, use `cargo add serde_json` to add it to your `Cargo.toml`
[INFO] [stdout] 
[INFO] [stdout] 
[INFO] [stdout] Some errors have detailed explanations: E0432, E0433.
[INFO] [stdout] 
[INFO] [stdout] For more information about an error, try `rustc --explain E0432`.
[INFO] [stdout] 
[INFO] [stderr] error: could not compile `nanosql` (test "external_types") due to 3 previous errors
[INFO] [stderr] warning: build failed, waiting for other jobs to finish...
[INFO] [stdout] warning: field `does_not_matter` is never read
[INFO] [stdout]   --> tests/ignore.rs:24:5
[INFO] [stdout]    |
[INFO] [stdout] 22 | struct IgnoredParamFirstNamed<'a> {
[INFO] [stdout]    |        ---------------------- field in this struct
[INFO] [stdout] 23 |     #[nanosql(ignore)]
[INFO] [stdout] 24 |     does_not_matter: i64,
[INFO] [stdout]    |     ^^^^^^^^^^^^^^^
[INFO] [stdout]    |
[INFO] [stdout]    = note: `IgnoredParamFirstNamed` has derived impls for the traits `Debug` and `Clone`, but these are intentionally ignored during dead code analysis
[INFO] [stdout]    = note: `#[warn(dead_code)]` (part of `#[warn(unused)]`) on by default
[INFO] [stdout] 
[INFO] [stdout] 
[INFO] [stdout] warning: field `trailing_junk` is never read
[INFO] [stdout]   --> tests/ignore.rs:32:5
[INFO] [stdout]    |
[INFO] [stdout] 29 | struct IgnoredParamLastNamed {
[INFO] [stdout]    |        --------------------- field in this struct
[INFO] [stdout] ...
[INFO] [stdout] 32 |     trailing_junk: Vec<DoesNotImplementDefaultOrToSqlOrParam>,
[INFO] [stdout]    |     ^^^^^^^^^^^^^
[INFO] [stdout]    |
[INFO] [stdout]    = note: `IgnoredParamLastNamed` has derived impls for the traits `Debug` and `Clone`, but these are intentionally ignored during dead code analysis
[INFO] [stdout] 
[INFO] [stdout] 
[INFO] [stdout] warning: fields `ignored_1` and `another_ignored` are never read
[INFO] [stdout]   --> tests/ignore.rs:39:5
[INFO] [stdout]    |
[INFO] [stdout] 36 | struct IgnoredParamManyNamed {
[INFO] [stdout]    |        --------------------- fields in this struct
[INFO] [stdout] ...
[INFO] [stdout] 39 |     ignored_1: f32,
[INFO] [stdout]    |     ^^^^^^^^^
[INFO] [stdout] ...
[INFO] [stdout] 42 |     another_ignored: Vec<Option<bool>>,
[INFO] [stdout]    |     ^^^^^^^^^^^^^^^
[INFO] [stdout]    |
[INFO] [stdout]    = note: `IgnoredParamManyNamed` has derived impls for the traits `Debug` and `Clone`, but these are intentionally ignored during dead code analysis
[INFO] [stdout] 
[INFO] [stdout] 
[INFO] [stdout] warning: field `2` is never read
[INFO] [stdout]   --> tests/ignore.rs:57:24
[INFO] [stdout]    |
[INFO] [stdout] 53 | struct IgnoredParamManyUnnamed<'p>(
[INFO] [stdout]    |        ----------------------- field in this struct
[INFO] [stdout] ...
[INFO] [stdout] 57 |     #[nanosql(ignore)] Cow<'static, str>,
[INFO] [stdout]    |                        ^^^^^^^^^^^^^^^^^
[INFO] [stdout]    |
[INFO] [stdout]    = note: `IgnoredParamManyUnnamed` has derived impls for the traits `Debug` and `Clone`, but these are intentionally ignored during dead code analysis
[INFO] [stdout] help: consider changing the field to be of unit type to suppress this warning while preserving the field numbering, or remove the field
[INFO] [stdout]    |
[INFO] [stdout] 57 -     #[nanosql(ignore)] Cow<'static, str>,
[INFO] [stdout] 57 +     #[nanosql(ignore)] (),
[INFO] [stdout]    |
[INFO] [stdout] 
[INFO] [stdout] 
[INFO] [stdout] warning: fields `first_ignored`, `payload`, and `second_ignored` are never read
[INFO] [stdout]    --> tests/ignore.rs:393:9
[INFO] [stdout]     |
[INFO] [stdout] 391 |     struct Test {
[INFO] [stdout]     |            ---- fields in this struct
[INFO] [stdout] 392 |         #[nanosql(ignore)]
[INFO] [stdout] 393 |         first_ignored: String,
[INFO] [stdout]     |         ^^^^^^^^^^^^^
[INFO] [stdout] 394 |         payload: i64,
[INFO] [stdout]     |         ^^^^^^^
[INFO] [stdout] 395 |         #[nanosql(ignore)]
[INFO] [stdout] 396 |         second_ignored: DoesNotImplementDefaultOrToSqlOrParam,
[INFO] [stdout]     |         ^^^^^^^^^^^^^^
[INFO] [stdout]     |
[INFO] [stdout]     = note: `Test` has a derived impl for the trait `Debug`, but this is intentionally ignored during dead code analysis
[INFO] [stdout] 
[INFO] [stdout] 
[INFO] [stdout] warning: fields `1` and `2` are never read
[INFO] [stdout]    --> tests/ignore.rs:407:9
[INFO] [stdout]     |
[INFO] [stdout] 405 |     struct Test(
[INFO] [stdout]     |            ---- fields in this struct
[INFO] [stdout] 406 |         #[nanosql(ignore)] DoesNotImplementDefaultOrToSqlOrParam,
[INFO] [stdout] 407 |         Box<str>,
[INFO] [stdout]     |         ^^^^^^^^
[INFO] [stdout] 408 |         #[nanosql(ignore)] Cow<'static, [u8]>,
[INFO] [stdout]     |                            ^^^^^^^^^^^^^^^^^^
[INFO] [stdout]     |
[INFO] [stdout]     = help: consider removing these fields
[INFO] [stdout]     = note: `Test` has a derived impl for the trait `Debug`, but this is intentionally ignored during dead code analysis
[INFO] [stdout] 
[INFO] [stdout] 
[INFO] [stdout] warning: fields `foo` and `bar` are never read
[INFO] [stdout]    --> tests/ignore.rs:419:9
[INFO] [stdout]     |
[INFO] [stdout] 417 |     struct Test<'lt> {
[INFO] [stdout]     |            ---- fields in this struct
[INFO] [stdout] 418 |         #[nanosql(ignore)]
[INFO] [stdout] 419 |         foo: DoesNotImplementDefaultOrToSqlOrParam,
[INFO] [stdout]     |         ^^^
[INFO] [stdout] ...
[INFO] [stdout] 422 |         bar: u32,
[INFO] [stdout]     |         ^^^
[INFO] [stdout] 
[INFO] [stdout] 
[INFO] [stdout] error[E0277]: `QueryPlan` doesn't implement `std::fmt::Display`
[INFO] [stdout]    --> src/explain.rs:467:19
[INFO] [stdout]     |
[INFO] [stdout] 467 |         println!("{eqp}");
[INFO] [stdout]     |                   ^^^^^ `QueryPlan` cannot be formatted with the default formatter
[INFO] [stdout]     |
[INFO] [stdout] help: the trait `std::fmt::Display` is not implemented for `QueryPlan`
[INFO] [stdout]    --> src/explain.rs:300:1
[INFO] [stdout]     |
[INFO] [stdout] 300 | pub struct QueryPlan {
[INFO] [stdout]     | ^^^^^^^^^^^^^^^^^^^^
[INFO] [stdout]     = note: in format strings you may be able to use `{:?}` (or `{:#?}` for pretty-print) instead
[INFO] [stdout] 
[INFO] [stdout] 
[INFO] [stderr] error: could not compile `nanosql` (lib test) due to 1 previous error
[INFO] [stdout] For more information about this error, try `rustc --explain E0277`.
[INFO] [stdout] 
[INFO] running `Command { std: "docker" "inspect" "526b59458fe6908513ca789baf84181a53cd1ebfd67d4c8d010e083f1a92aa23", kill_on_drop: false }`
[INFO] running `Command { std: "docker" "rm" "-f" "526b59458fe6908513ca789baf84181a53cd1ebfd67d4c8d010e083f1a92aa23", kill_on_drop: false }`
[INFO] [stdout] 526b59458fe6908513ca789baf84181a53cd1ebfd67d4c8d010e083f1a92aa23
