[INFO] fetching crate nam-wasmer 4.4.0-nam.0...
[INFO] testing nam-wasmer-4.4.0-nam.0 against 1.99.0-beta.8+cargoflags=--release for beta-release-1.100-2
[INFO] extracting crate nam-wasmer 4.4.0-nam.0 into /workspace/builds/worker-7-tc1/source
[INFO] started tweaking crates.io crate nam-wasmer 4.4.0-nam.0
[INFO] removed 0 missing tests
[INFO] finished tweaking crates.io crate nam-wasmer 4.4.0-nam.0
[INFO] tweaked toml for crates.io crate nam-wasmer 4.4.0-nam.0 written to /workspace/builds/worker-7-tc1/source/Cargo.toml
[INFO] validating manifest of crates.io crate nam-wasmer 4.4.0-nam.0 on toolchain 1.99.0-beta.8
[INFO] running `Command { std: CARGO_HOME="/workspace/cargo-home" RUSTUP_HOME="/workspace/rustup-home" "/workspace/cargo-home/bin/cargo" "+1.99.0-beta.8" "metadata" "--manifest-path" "Cargo.toml" "--no-deps", kill_on_drop: false }`
[INFO] crate crates.io crate nam-wasmer 4.4.0-nam.0 already has a lockfile, it will not be regenerated
[INFO] running `Command { std: CARGO_HOME="/workspace/cargo-home" RUSTUP_HOME="/workspace/rustup-home" "/workspace/cargo-home/bin/cargo" "+1.99.0-beta.8" "fetch" "--manifest-path" "Cargo.toml", kill_on_drop: false }`
[INFO] [stderr]     Updating crates.io index
[INFO] [stderr]  Downloading crates ...
[INFO] [stderr]   Downloaded wasm-encoder v0.32.0
[INFO] [stderr]   Downloaded wat v1.0.71
[INFO] [stderr]   Downloaded leb128 v0.2.5
[INFO] [stderr]   Downloaded wast v64.0.0
[INFO] [stderr]   Downloaded target-lexicon v0.12.15
[INFO] [stderr]   Downloaded rend v0.4.2
[INFO] [stderr]   Downloaded more-asserts v0.2.2
[INFO] [stderr]   Downloaded redox_syscall v0.5.3
[INFO] [stderr]   Downloaded cranelift-egraph v0.91.1
[INFO] [stderr]   Downloaded errno v0.3.9
[INFO] [stderr]   Downloaded nam-wasmer-derive v4.4.0-nam.0
[INFO] [stderr]   Downloaded fastrand v2.1.0
[INFO] [stderr]   Downloaded rusty_jsc_macros v0.1.0
[INFO] [stderr]   Downloaded wasm-bindgen-futures v0.4.42
[INFO] [stderr]   Downloaded shared-buffer v0.1.4
[INFO] [stderr]   Downloaded bytes v1.6.1
[INFO] [stderr]   Downloaded enum-iterator-derive v0.7.0
[INFO] [stderr]   Downloaded nam-wasmer-object v4.4.0-nam.0
[INFO] [stderr]   Downloaded bytecheck_derive v0.6.12
[INFO] [stderr]   Downloaded enum-iterator v0.7.0
[INFO] [stderr]   Downloaded ptr_meta_derive v0.1.4
[INFO] [stderr]   Downloaded rusty_jsc_sys v0.1.0
[INFO] [stderr]   Downloaded cranelift-codegen-shared v0.91.1
[INFO] [stderr]   Downloaded wasm-bindgen-test-macro v0.3.42
[INFO] [stderr]   Downloaded serde_bytes v0.11.15
[INFO] [stderr]   Downloaded ptr_meta v0.1.4
[INFO] [stderr]   Downloaded rusty_jsc v0.1.0
[INFO] [stderr]   Downloaded loupe v0.1.3
[INFO] [stderr]   Downloaded loupe-derive v0.1.3
[INFO] [stderr]   Downloaded inkwell_internals v0.7.0
[INFO] [stderr]   Downloaded slice-group-by v0.3.1
[INFO] [stderr]   Downloaded crossbeam-queue v0.3.11
[INFO] [stderr]   Downloaded self_cell v1.0.4
[INFO] [stderr]   Downloaded darling_macro v0.20.10
[INFO] [stderr]   Downloaded dynasmrt v1.2.3
[INFO] [stderr]   Downloaded seahash v4.1.0
[INFO] [stderr]   Downloaded enumset v1.1.5
[INFO] [stderr]   Downloaded darling v0.20.10
[INFO] [stderr]   Downloaded nam-macro-wasmer-universal-test v4.4.0-nam.0
[INFO] [stderr]   Downloaded proc-quote-impl v0.3.2
[INFO] [stderr]   Downloaded thiserror-impl v1.0.63
[INFO] [stderr]   Downloaded bytecheck v0.6.12
[INFO] [stderr]   Downloaded memmap2 v0.6.2
[INFO] [stderr]   Downloaded cpufeatures v0.2.12
[INFO] [stderr]   Downloaded enumset_derive v0.10.0
[INFO] [stderr]   Downloaded dashmap v6.0.1
[INFO] [stderr]   Downloaded fallible-iterator v0.2.0
[INFO] [stderr]   Downloaded cranelift-entity v0.91.1
[INFO] [stderr]   Downloaded cranelift-bforest v0.91.1
[INFO] [stderr]   Downloaded wasm-bindgen-test v0.3.42
[INFO] [stderr]   Downloaded thiserror v1.0.63
[INFO] [stderr]   Downloaded pkg-config v0.3.30
[INFO] [stderr]   Downloaded miniz_oxide v0.7.4
[INFO] [stderr]   Downloaded cranelift-frontend v0.91.1
[INFO] [stderr]   Downloaded semver v1.0.23
[INFO] [stderr]   Downloaded mach2 v0.4.2
[INFO] [stderr]   Downloaded xxhash-rust v0.8.11
[INFO] [stderr]   Downloaded uuid v1.10.0
[INFO] [stderr]   Downloaded rkyv_derive v0.7.44
[INFO] [stderr]   Downloaded proc-quote v0.4.0
[INFO] [stderr]   Downloaded region v3.0.2
[INFO] [stderr]   Downloaded tempfile v3.12.0
[INFO] [stderr]   Downloaded rustversion v1.0.17
[INFO] [stderr]   Downloaded simdutf8 v0.1.4
[INFO] [stderr]   Downloaded addr2line v0.22.0
[INFO] [stderr]   Downloaded llvm-sys v150.2.0
[INFO] [stderr]   Downloaded anyhow v1.0.86
[INFO] [stderr]   Downloaded nam-wasmer-types v4.4.0-nam.0
[INFO] [stderr]   Downloaded corosensei v0.1.4
[INFO] [stderr]   Downloaded nam-wasmer-compiler v4.4.0-nam.0
[INFO] [stderr]   Downloaded nam-wasmer-compiler-cranelift v4.4.0-nam.0
[INFO] [stderr]   Downloaded cranelift-codegen-meta v0.91.1
[INFO] [stderr]   Downloaded indexmap v2.2.6
[INFO] [stderr]   Downloaded backtrace v0.3.73
[INFO] [stderr]   Downloaded dynasm v1.2.3
[INFO] [stderr]   Downloaded nam-wasmer-compiler-llvm v4.4.0-nam.0
[INFO] [stderr]   Downloaded cranelift-isle v0.91.1
[INFO] [stderr]   Downloaded nam-wasmer-vm v4.4.0-nam.0
[INFO] [stderr]   Downloaded darling_core v0.20.10
[INFO] [stderr]   Downloaded wasmparser v0.121.2
[INFO] [stderr]   Downloaded rkyv v0.7.44
[INFO] [stderr]   Downloaded nam-wasmer-compiler-singlepass v4.4.0-nam.0
[INFO] [stderr]   Downloaded regalloc2 v0.5.1
[INFO] [stderr]   Downloaded inkwell v0.1.1
[INFO] [stderr]   Downloaded object v0.29.0
[INFO] [stderr]   Downloaded object v0.28.4
[INFO] [stderr]   Downloaded unicode-width v0.1.13
[INFO] [stderr]   Downloaded syn v2.0.72
[INFO] [stderr]   Downloaded gimli v0.29.0
[INFO] [stderr]   Downloaded object v0.36.1
[INFO] [stderr]   Downloaded rustix v0.38.34
[INFO] [stderr]   Downloaded windows_aarch64_msvc v0.33.0
[INFO] [stderr]   Downloaded gimli v0.26.2
[INFO] [stderr]   Downloaded windows_i686_msvc v0.33.0
[INFO] [stderr]   Downloaded windows_x86_64_msvc v0.33.0
[INFO] [stderr]   Downloaded windows_x86_64_gnu v0.33.0
[INFO] [stderr]   Downloaded windows_i686_gnu v0.33.0
[INFO] [stderr]   Downloaded cranelift-codegen v0.91.1
[INFO] [stderr]   Downloaded linux-raw-sys v0.4.14
[INFO] [stderr]   Downloaded windows-sys v0.33.0
[INFO] running `Command { std: "docker" "create" "-v" "/var/lib/crater-agent-workspace/builds/worker-7-tc1/source:/opt/rustwide/workdir:ro,Z" "-v" "/var/lib/crater-agent-workspace/builds/worker-7-tc1/target:/opt/rustwide/target:rw,Z" "-v" "/var/lib/crater-agent-workspace/cargo-home:/opt/rustwide/cargo-home:ro,Z" "-v" "/var/lib/crater-agent-workspace/rustup-home:/opt/rustwide/rustup-home:ro,Z" "-m" "1610612736" "--network" "none" "ghcr.io/rust-lang/crates-build-env/linux@sha256:77db811e55d90add9212f6832c23229e3de5f1c1f9905e8cb07319ea15df73ac" "sleep" "infinity", kill_on_drop: false }`
[INFO] [stdout] a515e95666d0d7b50877206cd1f3eaba632e02de64835ceeb38b21e2c7df32b6
[INFO] running `Command { std: "docker" "start" "a515e95666d0d7b50877206cd1f3eaba632e02de64835ceeb38b21e2c7df32b6", kill_on_drop: false }`
[INFO] running `Command { std: "docker" "inspect" "a515e95666d0d7b50877206cd1f3eaba632e02de64835ceeb38b21e2c7df32b6", kill_on_drop: false }`
[INFO] running `Command { std: "docker" "exec" "-e" "SOURCE_DIR=/opt/rustwide/workdir" "-e" "CARGO_HOME=/opt/rustwide/cargo-home" "-e" "RUSTUP_HOME=/opt/rustwide/rustup-home" "-e" "CARGO_TARGET_DIR=/opt/rustwide/target" "-w" "/opt/rustwide/workdir" "--user" "0:0" "a515e95666d0d7b50877206cd1f3eaba632e02de64835ceeb38b21e2c7df32b6" "/opt/rustwide/cargo-home/bin/cargo" "+1.99.0-beta.8" "metadata" "--no-deps" "--format-version=1", kill_on_drop: false }`
[INFO] running `Command { std: "docker" "inspect" "a515e95666d0d7b50877206cd1f3eaba632e02de64835ceeb38b21e2c7df32b6", kill_on_drop: false }`
[INFO] running `Command { std: "docker" "exec" "-e" "SOURCE_DIR=/opt/rustwide/workdir" "-e" "CARGO_HOME=/opt/rustwide/cargo-home" "-e" "RUSTUP_HOME=/opt/rustwide/rustup-home" "-e" "CARGO_TARGET_DIR=/opt/rustwide/target" "-e" "CARGO_INCREMENTAL=0" "-e" "RUST_BACKTRACE=full" "-e" "RUSTFLAGS=--cap-lints=warn" "-e" "RUSTDOCFLAGS=--cap-lints=warn" "-w" "/opt/rustwide/workdir" "--user" "0:0" "a515e95666d0d7b50877206cd1f3eaba632e02de64835ceeb38b21e2c7df32b6" "/opt/rustwide/cargo-home/bin/cargo" "+1.99.0-beta.8" "build" "--frozen" "--message-format=json" "--release", kill_on_drop: false }`
[INFO] [stderr]    Compiling proc-macro2 v1.0.86
[INFO] [stderr]    Compiling autocfg v1.3.0
[INFO] [stderr]    Compiling libc v0.2.155
[INFO] [stderr]    Compiling typenum v1.17.0
[INFO] [stderr]    Compiling crossbeam-utils v0.8.20
[INFO] [stderr]    Compiling smallvec v1.13.2
[INFO] [stderr]    Compiling target-lexicon v0.12.15
[INFO] [stderr]    Compiling cc v1.1.6
[INFO] [stderr]    Compiling bytecheck v0.6.12
[INFO] [stderr]    Compiling rend v0.4.2
[INFO] [stderr]    Compiling ahash v0.7.8
[INFO] [stderr]    Compiling generic-array v0.14.7
[INFO] [stderr]    Compiling rustversion v1.0.17
[INFO] [stderr]    Compiling memchr v2.7.4
[INFO] [stderr]    Compiling cranelift-isle v0.91.1
[INFO] [stderr]    Compiling simdutf8 v0.1.4
[INFO] [stderr]    Compiling rkyv v0.7.44
[INFO] [stderr]    Compiling cranelift-codegen-shared v0.91.1
[INFO] [stderr]    Compiling byteorder v1.5.0
[INFO] [stderr]    Compiling indexmap v1.9.3
[INFO] [stderr]    Compiling lock_api v0.4.12
[INFO] [stderr]    Compiling parking_lot_core v0.9.10
[INFO] [stderr]    Compiling scopeguard v1.2.0
[INFO] [stderr]    Compiling hashbrown v0.14.5
[INFO] [stderr]    Compiling thiserror v1.0.63
[INFO] [stderr]    Compiling memoffset v0.9.1
[INFO] [stderr]    Compiling corosensei v0.1.4
[INFO] [stderr]    Compiling cranelift-codegen-meta v0.91.1
[INFO] [stderr]    Compiling gimli v0.29.0
[INFO] [stderr]    Compiling seahash v4.1.0
[INFO] [stderr]    Compiling cranelift-entity v0.91.1
[INFO] [stderr]    Compiling fxhash v0.2.1
[INFO] [stderr]    Compiling semver v1.0.23
[INFO] [stderr]    Compiling leb128 v0.2.5
[INFO] [stderr]    Compiling getrandom v0.2.15
[INFO] [stderr]    Compiling cpufeatures v0.2.12
[INFO] [stderr]    Compiling quote v1.0.36
[INFO] [stderr]    Compiling miniz_oxide v0.7.4
[INFO] [stderr]    Compiling object v0.36.1
[INFO] [stderr]    Compiling crossbeam-epoch v0.9.18
[INFO] [stderr]    Compiling syn v1.0.109
[INFO] [stderr]    Compiling syn v2.0.72
[INFO] [stderr]    Compiling rayon-core v1.12.1
[INFO] [stderr]    Compiling fallible-iterator v0.2.0
[INFO] [stderr]    Compiling hashbrown v0.12.3
[INFO] [stderr]    Compiling xxhash-rust v0.8.11
[INFO] [stderr]    Compiling stable_deref_trait v1.2.0
[INFO] [stderr]    Compiling rustc-demangle v0.1.24
[INFO] [stderr]    Compiling more-asserts v0.2.2
[INFO] [stderr]    Compiling backtrace v0.3.73
[INFO] [stderr]    Compiling nam-wasmer-vm v4.4.0-nam.0
[INFO] [stderr]    Compiling slice-group-by v0.3.1
[INFO] [stderr]    Compiling dashmap v6.0.1
[INFO] [stderr]    Compiling indexmap v2.2.6
[INFO] [stderr]    Compiling crossbeam-deque v0.8.5
[INFO] [stderr]    Compiling region v3.0.2
[INFO] [stderr]    Compiling crossbeam-queue v0.3.11
[INFO] [stderr]    Compiling block-buffer v0.10.4
[INFO] [stderr]    Compiling crypto-common v0.1.6
[INFO] [stderr]    Compiling regalloc2 v0.5.1
[INFO] [stderr]    Compiling memmap2 v0.6.2
[INFO] [stderr]    Compiling cranelift-bforest v0.91.1
[INFO] [stderr]    Compiling digest v0.10.7
[INFO] [stderr]    Compiling bumpalo v3.16.0
[INFO] [stderr]    Compiling bytes v1.6.1
[INFO] [stderr]    Compiling arrayvec v0.7.4
[INFO] [stderr]    Compiling lazy_static v1.5.0
[INFO] [stderr]    Compiling bitflags v2.6.0
[INFO] [stderr]    Compiling proc-macro-error-attr v1.0.4
[INFO] [stderr]    Compiling sha2 v0.10.8
[INFO] [stderr]    Compiling wasm-encoder v0.32.0
[INFO] [stderr]    Compiling gimli v0.26.2
[INFO] [stderr]    Compiling cranelift-egraph v0.91.1
[INFO] [stderr]    Compiling wasmparser v0.121.2
[INFO] [stderr]    Compiling shared-buffer v0.1.4
[INFO] [stderr]    Compiling tracing-core v0.1.32
[INFO] [stderr]    Compiling either v1.13.0
[INFO] [stderr]    Compiling self_cell v1.0.4
[INFO] [stderr]    Compiling unicode-width v0.1.13
[INFO] [stderr]    Compiling nam-wasmer-compiler-cranelift v4.4.0-nam.0
[INFO] [stderr]    Compiling cranelift-codegen v0.91.1
[INFO] [stderr]    Compiling wast v64.0.0
[INFO] [stderr]    Compiling addr2line v0.22.0
[INFO] [stderr]    Compiling rayon v1.10.0
[INFO] [stderr]    Compiling proc-macro-error v1.0.4
[INFO] [stderr]    Compiling ptr_meta_derive v0.1.4
[INFO] [stderr]    Compiling bytecheck_derive v0.6.12
[INFO] [stderr]    Compiling enum-iterator-derive v0.7.0
[INFO] [stderr]    Compiling rkyv_derive v0.7.44
[INFO] [stderr]    Compiling derivative v2.2.0
[INFO] [stderr]    Compiling nam-wasmer-derive v4.4.0-nam.0
[INFO] [stderr]    Compiling ptr_meta v0.1.4
[INFO] [stderr]    Compiling enum-iterator v0.7.0
[INFO] [stderr]    Compiling darling_core v0.20.10
[INFO] [stderr]    Compiling thiserror-impl v1.0.63
[INFO] [stderr]    Compiling tracing-attributes v0.1.27
[INFO] [stderr]    Compiling tracing v0.1.40
[INFO] [stderr]    Compiling darling_macro v0.20.10
[INFO] [stderr]    Compiling darling v0.20.10
[INFO] [stderr]    Compiling enumset_derive v0.10.0
[INFO] [stderr]    Compiling enumset v1.1.5
[INFO] [stderr]    Compiling wat v1.0.71
[INFO] [stderr]    Compiling nam-wasmer-types v4.4.0-nam.0
[INFO] [stderr]    Compiling nam-wasmer-compiler v4.4.0-nam.0
[INFO] [stderr]    Compiling cranelift-frontend v0.91.1
[INFO] [stderr]    Compiling nam-wasmer v4.4.0-nam.0 (/opt/rustwide/workdir)
[INFO] [stdout] warning: lint `deprecated_cfg_attr_crate_type_name` has been removed: converted into hard error, see issue #91632 <https://github.com/rust-lang/rust/issues/91632> for more information
[INFO] [stdout]   --> src/lib.rs:22:10
[INFO] [stdout]    |
[INFO] [stdout] 22 | #![allow(deprecated_cfg_attr_crate_type_name)]
[INFO] [stdout]    |          ^^^^^^^^^^^^^^^^^^^^^^^^^^^^^^^^^^^
[INFO] [stdout]    |
[INFO] [stdout]    = note: `#[warn(renamed_and_removed_lints)]` on by default
[INFO] [stdout] 
[INFO] [stdout] 
[INFO] [stdout] warning: unnecessary parentheses around closure body
[INFO] [stdout]   --> src/imports.rs:78:38
[INFO] [stdout]    |
[INFO] [stdout] 78 |         self.map.keys().any(|(k, _)| (k == name))
[INFO] [stdout]    |                                      ^         ^
[INFO] [stdout]    |
[INFO] [stdout]    = note: `#[warn(unused_parens)]` (part of `#[warn(unused)]`) on by default
[INFO] [stdout] help: remove these parentheses
[INFO] [stdout]    |
[INFO] [stdout] 78 -         self.map.keys().any(|(k, _)| (k == name))
[INFO] [stdout] 78 +         self.map.keys().any(|(k, _)| k == name)
[INFO] [stdout]    |
[INFO] [stdout] 
[INFO] [stdout] 
[INFO] [stdout] warning: hiding a lifetime that's elided elsewhere is confusing
[INFO] [stdout]    --> src/engine.rs:110:22
[INFO] [stdout]     |
[INFO] [stdout] 110 |     fn as_engine_ref(&self) -> EngineRef {
[INFO] [stdout]     |                      ^^^^^     ^^^^^^^^^ the same lifetime is hidden here
[INFO] [stdout]     |                      |
[INFO] [stdout]     |                      the lifetime is elided here
[INFO] [stdout]     |
[INFO] [stdout]     = help: the same lifetime is referred to in inconsistent ways, making the signature confusing
[INFO] [stdout]     = note: `#[warn(mismatched_lifetime_syntaxes)]` on by default
[INFO] [stdout] help: use `'_` for type paths
[INFO] [stdout]     |
[INFO] [stdout] 110 |     fn as_engine_ref(&self) -> EngineRef<'_> {
[INFO] [stdout]     |                                         ++++
[INFO] [stdout] 
[INFO] [stdout] 
[INFO] [stdout] warning: hiding a lifetime that's elided elsewhere is confusing
[INFO] [stdout]    --> src/exports.rs:178:17
[INFO] [stdout]     |
[INFO] [stdout] 178 |     pub fn iter(&self) -> ExportsIterator<impl Iterator<Item = (&String, &Extern)>> {
[INFO] [stdout]     |                 ^^^^^     ^^^^^^^^^^^^^^^^^^^^^^^^^^^^^^^^^^^^^^^^^^^^^^^^^^^^^^^^^
[INFO] [stdout]     |                 |         |                                     |        |
[INFO] [stdout]     |                 |         |                                     |        the same lifetime is elided here
[INFO] [stdout]     |                 |         |                                     the same lifetime is elided here
[INFO] [stdout]     |                 |         the same lifetime is hidden here
[INFO] [stdout]     |                 the lifetime is elided here
[INFO] [stdout]     |
[INFO] [stdout]     = help: the same lifetime is referred to in inconsistent ways, making the signature confusing
[INFO] [stdout] help: use `'_` for type paths
[INFO] [stdout]     |
[INFO] [stdout] 178 |     pub fn iter(&self) -> ExportsIterator<'_, impl Iterator<Item = (&String, &Extern)>> {
[INFO] [stdout]     |                                           +++
[INFO] [stdout] 
[INFO] [stdout] 
[INFO] [stdout] warning: hiding a lifetime that's elided elsewhere is confusing
[INFO] [stdout]   --> src/function_env.rs:64:34
[INFO] [stdout]    |
[INFO] [stdout] 64 |     pub fn into_mut(self, store: &mut impl AsStoreMut) -> FunctionEnvMut<T>
[INFO] [stdout]    |                                  ^^^^^^^^^^^^^^^^^^^^     ^^^^^^^^^^^^^^^^^ the same lifetime is hidden here
[INFO] [stdout]    |                                  |
[INFO] [stdout]    |                                  the lifetime is elided here
[INFO] [stdout]    |
[INFO] [stdout]    = help: the same lifetime is referred to in inconsistent ways, making the signature confusing
[INFO] [stdout] help: use `'_` for type paths
[INFO] [stdout]    |
[INFO] [stdout] 64 |     pub fn into_mut(self, store: &mut impl AsStoreMut) -> FunctionEnvMut<'_, T>
[INFO] [stdout]    |                                                                          +++
[INFO] [stdout] 
[INFO] [stdout] 
[INFO] [stdout] warning: hiding a lifetime that's elided elsewhere is confusing
[INFO] [stdout]    --> src/function_env.rs:139:31
[INFO] [stdout]     |
[INFO] [stdout] 139 |     pub fn data_and_store_mut(&mut self) -> (&mut T, StoreMut) {
[INFO] [stdout]     |                               ^^^^^^^^^      ^^^^^^  ^^^^^^^^ the same lifetime is hidden here
[INFO] [stdout]     |                               |              |
[INFO] [stdout]     |                               |              the same lifetime is elided here
[INFO] [stdout]     |                               the lifetime is elided here
[INFO] [stdout]     |
[INFO] [stdout]     = help: the same lifetime is referred to in inconsistent ways, making the signature confusing
[INFO] [stdout] help: use `'_` for type paths
[INFO] [stdout]     |
[INFO] [stdout] 139 |     pub fn data_and_store_mut(&mut self) -> (&mut T, StoreMut<'_>) {
[INFO] [stdout]     |                                                              ++++
[INFO] [stdout] 
[INFO] [stdout] 
[INFO] [stderr]     Finished `release` profile [optimized] target(s) in 2m 19s
[INFO] running `Command { std: "docker" "inspect" "a515e95666d0d7b50877206cd1f3eaba632e02de64835ceeb38b21e2c7df32b6", kill_on_drop: false }`
[INFO] running `Command { std: "docker" "exec" "-e" "SOURCE_DIR=/opt/rustwide/workdir" "-e" "CARGO_HOME=/opt/rustwide/cargo-home" "-e" "RUSTUP_HOME=/opt/rustwide/rustup-home" "-e" "CARGO_TARGET_DIR=/opt/rustwide/target" "-e" "CARGO_INCREMENTAL=0" "-e" "RUST_BACKTRACE=full" "-e" "RUSTFLAGS=--cap-lints=warn" "-e" "RUSTDOCFLAGS=--cap-lints=warn" "-w" "/opt/rustwide/workdir" "--user" "0:0" "a515e95666d0d7b50877206cd1f3eaba632e02de64835ceeb38b21e2c7df32b6" "/opt/rustwide/cargo-home/bin/cargo" "+1.99.0-beta.8" "test" "--frozen" "--no-run" "--message-format=json" "--release", kill_on_drop: false }`
[INFO] [stderr]    Compiling bitflags v2.6.0
[INFO] [stderr]    Compiling rustix v0.38.34
[INFO] [stderr]    Compiling proc-quote-impl v0.3.2
[INFO] [stderr]    Compiling anyhow v1.0.86
[INFO] [stderr]    Compiling linux-raw-sys v0.4.14
[INFO] [stderr]    Compiling fastrand v2.1.0
[INFO] [stderr]    Compiling wasmparser v0.121.2
[INFO] [stderr]    Compiling proc-quote v0.4.0
[INFO] [stderr]    Compiling nam-macro-wasmer-universal-test v4.4.0-nam.0
[INFO] [stderr]    Compiling tempfile v3.12.0
[INFO] [stderr]    Compiling nam-wasmer-compiler v4.4.0-nam.0
[INFO] [stderr]    Compiling nam-wasmer-compiler-cranelift v4.4.0-nam.0
[INFO] [stderr]    Compiling nam-wasmer v4.4.0-nam.0 (/opt/rustwide/workdir)
[INFO] [stdout] warning: lint `deprecated_cfg_attr_crate_type_name` has been removed: converted into hard error, see issue #91632 <https://github.com/rust-lang/rust/issues/91632> for more information
[INFO] [stdout]   --> src/lib.rs:22:10
[INFO] [stdout]    |
[INFO] [stdout] 22 | #![allow(deprecated_cfg_attr_crate_type_name)]
[INFO] [stdout]    |          ^^^^^^^^^^^^^^^^^^^^^^^^^^^^^^^^^^^
[INFO] [stdout]    |
[INFO] [stdout]    = note: `#[warn(renamed_and_removed_lints)]` on by default
[INFO] [stdout] 
[INFO] [stdout] 
[INFO] [stdout] warning: unnecessary parentheses around closure body
[INFO] [stdout]   --> src/imports.rs:78:38
[INFO] [stdout]    |
[INFO] [stdout] 78 |         self.map.keys().any(|(k, _)| (k == name))
[INFO] [stdout]    |                                      ^         ^
[INFO] [stdout]    |
[INFO] [stdout]    = note: `#[warn(unused_parens)]` (part of `#[warn(unused)]`) on by default
[INFO] [stdout] help: remove these parentheses
[INFO] [stdout]    |
[INFO] [stdout] 78 -         self.map.keys().any(|(k, _)| (k == name))
[INFO] [stdout] 78 +         self.map.keys().any(|(k, _)| k == name)
[INFO] [stdout]    |
[INFO] [stdout] 
[INFO] [stdout] 
[INFO] [stdout] warning: lint `deprecated_cfg_attr_crate_type_name` has been removed: converted into hard error, see issue #91632 <https://github.com/rust-lang/rust/issues/91632> for more information
[INFO] [stdout]   --> src/lib.rs:22:10
[INFO] [stdout]    |
[INFO] [stdout] 22 | #![allow(deprecated_cfg_attr_crate_type_name)]
[INFO] [stdout]    |          ^^^^^^^^^^^^^^^^^^^^^^^^^^^^^^^^^^^
[INFO] [stdout]    |
[INFO] [stdout]    = note: `#[warn(renamed_and_removed_lints)]` on by default
[INFO] [stdout] 
[INFO] [stdout] 
[INFO] [stdout] warning: unnecessary parentheses around closure body
[INFO] [stdout]   --> src/imports.rs:78:38
[INFO] [stdout]    |
[INFO] [stdout] 78 |         self.map.keys().any(|(k, _)| (k == name))
[INFO] [stdout]    |                                      ^         ^
[INFO] [stdout]    |
[INFO] [stdout]    = note: `#[warn(unused_parens)]` (part of `#[warn(unused)]`) on by default
[INFO] [stdout] help: remove these parentheses
[INFO] [stdout]    |
[INFO] [stdout] 78 -         self.map.keys().any(|(k, _)| (k == name))
[INFO] [stdout] 78 +         self.map.keys().any(|(k, _)| k == name)
[INFO] [stdout]    |
[INFO] [stdout] 
[INFO] [stdout] 
[INFO] [stdout] warning: hiding a lifetime that's elided elsewhere is confusing
[INFO] [stdout]    --> src/engine.rs:110:22
[INFO] [stdout]     |
[INFO] [stdout] 110 |     fn as_engine_ref(&self) -> EngineRef {
[INFO] [stdout]     |                      ^^^^^     ^^^^^^^^^ the same lifetime is hidden here
[INFO] [stdout]     |                      |
[INFO] [stdout]     |                      the lifetime is elided here
[INFO] [stdout]     |
[INFO] [stdout]     = help: the same lifetime is referred to in inconsistent ways, making the signature confusing
[INFO] [stdout]     = note: `#[warn(mismatched_lifetime_syntaxes)]` on by default
[INFO] [stdout] help: use `'_` for type paths
[INFO] [stdout]     |
[INFO] [stdout] 110 |     fn as_engine_ref(&self) -> EngineRef<'_> {
[INFO] [stdout]     |                                         ++++
[INFO] [stdout] 
[INFO] [stdout] 
[INFO] [stdout] warning: hiding a lifetime that's elided elsewhere is confusing
[INFO] [stdout]    --> src/exports.rs:178:17
[INFO] [stdout]     |
[INFO] [stdout] 178 |     pub fn iter(&self) -> ExportsIterator<impl Iterator<Item = (&String, &Extern)>> {
[INFO] [stdout]     |                 ^^^^^     ^^^^^^^^^^^^^^^^^^^^^^^^^^^^^^^^^^^^^^^^^^^^^^^^^^^^^^^^^
[INFO] [stdout]     |                 |         |                                     |        |
[INFO] [stdout]     |                 |         |                                     |        the same lifetime is elided here
[INFO] [stdout]     |                 |         |                                     the same lifetime is elided here
[INFO] [stdout]     |                 |         the same lifetime is hidden here
[INFO] [stdout]     |                 the lifetime is elided here
[INFO] [stdout]     |
[INFO] [stdout]     = help: the same lifetime is referred to in inconsistent ways, making the signature confusing
[INFO] [stdout] help: use `'_` for type paths
[INFO] [stdout]     |
[INFO] [stdout] 178 |     pub fn iter(&self) -> ExportsIterator<'_, impl Iterator<Item = (&String, &Extern)>> {
[INFO] [stdout]     |                                           +++
[INFO] [stdout] 
[INFO] [stdout] 
[INFO] [stdout] warning: hiding a lifetime that's elided elsewhere is confusing
[INFO] [stdout]   --> src/function_env.rs:64:34
[INFO] [stdout]    |
[INFO] [stdout] 64 |     pub fn into_mut(self, store: &mut impl AsStoreMut) -> FunctionEnvMut<T>
[INFO] [stdout]    |                                  ^^^^^^^^^^^^^^^^^^^^     ^^^^^^^^^^^^^^^^^ the same lifetime is hidden here
[INFO] [stdout]    |                                  |
[INFO] [stdout]    |                                  the lifetime is elided here
[INFO] [stdout]    |
[INFO] [stdout]    = help: the same lifetime is referred to in inconsistent ways, making the signature confusing
[INFO] [stdout] help: use `'_` for type paths
[INFO] [stdout]    |
[INFO] [stdout] 64 |     pub fn into_mut(self, store: &mut impl AsStoreMut) -> FunctionEnvMut<'_, T>
[INFO] [stdout]    |                                                                          +++
[INFO] [stdout] 
[INFO] [stdout] 
[INFO] [stdout] warning: hiding a lifetime that's elided elsewhere is confusing
[INFO] [stdout]    --> src/function_env.rs:139:31
[INFO] [stdout]     |
[INFO] [stdout] 139 |     pub fn data_and_store_mut(&mut self) -> (&mut T, StoreMut) {
[INFO] [stdout]     |                               ^^^^^^^^^      ^^^^^^  ^^^^^^^^ the same lifetime is hidden here
[INFO] [stdout]     |                               |              |
[INFO] [stdout]     |                               |              the same lifetime is elided here
[INFO] [stdout]     |                               the lifetime is elided here
[INFO] [stdout]     |
[INFO] [stdout]     = help: the same lifetime is referred to in inconsistent ways, making the signature confusing
[INFO] [stdout] help: use `'_` for type paths
[INFO] [stdout]     |
[INFO] [stdout] 139 |     pub fn data_and_store_mut(&mut self) -> (&mut T, StoreMut<'_>) {
[INFO] [stdout]     |                                                              ++++
[INFO] [stdout] 
[INFO] [stdout] 
[INFO] [stdout] error[E0432]: unresolved import `wasmer`
[INFO] [stdout]  --> tests/function_env.rs:5:5
[INFO] [stdout]   |
[INFO] [stdout] 5 | use wasmer::*;
[INFO] [stdout]   |     ^^^^^^ use of unresolved module or unlinked crate `wasmer`
[INFO] [stdout]   |
[INFO] [stdout]   = help: if you wanted to use a crate named `wasmer`, use `cargo add wasmer` to add it to your `Cargo.toml`
[INFO] [stdout] 
[INFO] [stdout] 
[INFO] [stdout] error[E0432]: unresolved import `wasmer`
[INFO] [stdout]  --> tests/instance.rs:5:5
[INFO] [stdout]   |
[INFO] [stdout] 5 | use wasmer::*;
[INFO] [stdout]   |     ^^^^^^ use of unresolved module or unlinked crate `wasmer`
[INFO] [stdout]   |
[INFO] [stdout]   = help: if you wanted to use a crate named `wasmer`, use `cargo add wasmer` to add it to your `Cargo.toml`
[INFO] [stdout] 
[INFO] [stdout] 
[INFO] [stdout] error[E0432]: unresolved import `wasmer`
[INFO] [stdout]  --> tests/memory.rs:6:5
[INFO] [stdout]   |
[INFO] [stdout] 6 | use wasmer::{imports, Instance, Memory, MemoryLocation, MemoryType, Module, Store};
[INFO] [stdout]   |     ^^^^^^ use of unresolved module or unlinked crate `wasmer`
[INFO] [stdout]   |
[INFO] [stdout]   = help: if you wanted to use a crate named `wasmer`, use `cargo add wasmer` to add it to your `Cargo.toml`
[INFO] [stdout] 
[INFO] [stdout] 
[INFO] [stdout] error[E0432]: unresolved import `wasmer`
[INFO] [stdout]   --> tests/memory.rs:68:9
[INFO] [stdout]    |
[INFO] [stdout] 68 |     use wasmer::AtomicsError;
[INFO] [stdout]    |         ^^^^^^ use of unresolved module or unlinked crate `wasmer`
[INFO] [stdout]    |
[INFO] [stdout]    = help: if you wanted to use a crate named `wasmer`, use `cargo add wasmer` to add it to your `Cargo.toml`
[INFO] [stdout] 
[INFO] [stdout] 
[INFO] [stdout] error[E0432]: unresolved import `wasmer`
[INFO] [stdout]  --> tests/module.rs:5:5
[INFO] [stdout]   |
[INFO] [stdout] 5 | use wasmer::*;
[INFO] [stdout]   |     ^^^^^^ use of unresolved module or unlinked crate `wasmer`
[INFO] [stdout]   |
[INFO] [stdout]   = help: if you wanted to use a crate named `wasmer`, use `cargo add wasmer` to add it to your `Cargo.toml`
[INFO] [stdout] 
[INFO] [stdout] 
[INFO] [stdout] warning: method call on a diverging inference variable
[INFO] [stdout]   --> tests/memory.rs:38:20
[INFO] [stdout]    |
[INFO] [stdout] 38 |     let mem2 = mem.clone();
[INFO] [stdout]    |                    ^^^^^
[INFO] [stdout]    |
[INFO] [stdout]    = help: consider providing a type annotation
[INFO] [stdout]    = warning: this was previously accepted by the compiler but is being phased out; it will become a hard error in a future release!
[INFO] [stdout]    = note: for more information, see issue #156047 <https://github.com/rust-lang/rust/issues/156047>
[INFO] [stdout]    = note: `#[warn(method_call_on_diverging_infer_var)]` (part of `#[warn(future_incompatible)]`) on by default
[INFO] [stdout] 
[INFO] [stdout] 
[INFO] [stdout] warning: unreachable statement
[INFO] [stdout]   --> tests/memory.rs:39:5
[INFO] [stdout]    |
[INFO] [stdout] 38 |       let mem2 = mem.clone();
[INFO] [stdout]    |                  ----------- any code following this expression is unreachable
[INFO] [stdout] 39 | /     std::thread::spawn(move || loop {
[INFO] [stdout] 40 | |         if mem2.notify(MemoryLocation::new_32(10), 1).unwrap() > 0 {
[INFO] [stdout] 41 | |             break;
[INFO] [stdout] 42 | |         }
[INFO] [stdout] 43 | |     });
[INFO] [stdout]    | |_______^ unreachable statement
[INFO] [stdout]    |
[INFO] [stdout]    = note: `#[warn(unreachable_code)]` (part of `#[warn(unused)]`) on by default
[INFO] [stdout] 
[INFO] [stdout] 
[INFO] [stdout] warning: method call on a diverging inference variable
[INFO] [stdout]   --> tests/memory.rs:40:17
[INFO] [stdout]    |
[INFO] [stdout] 40 |         if mem2.notify(MemoryLocation::new_32(10), 1).unwrap() > 0 {
[INFO] [stdout]    |                 ^^^^^^
[INFO] [stdout]    |
[INFO] [stdout]    = help: consider providing a type annotation
[INFO] [stdout]    = warning: this was previously accepted by the compiler but is being phased out; it will become a hard error in a future release!
[INFO] [stdout]    = note: for more information, see issue #156047 <https://github.com/rust-lang/rust/issues/156047>
[INFO] [stdout] 
[INFO] [stdout] 
[INFO] [stdout] error: cannot find macro `imports` in this scope
[INFO] [stdout]    --> tests/module.rs:196:19
[INFO] [stdout]     |
[INFO] [stdout] 196 |     let imports = imports! {
[INFO] [stdout]     |                   ^^^^^^^
[INFO] [stdout]     |
[INFO] [stdout]     = note: `imports` is in scope, but it is a function, not a macro
[INFO] [stdout] 
[INFO] [stdout] 
[INFO] [stdout] error[E0432]: unresolved import `wasmer`
[INFO] [stdout]   --> tests/reference_types.rs:10:9
[INFO] [stdout]    |
[INFO] [stdout] 10 |     use wasmer::*;
[INFO] [stdout]    |         ^^^^^^ use of unresolved module or unlinked crate `wasmer`
[INFO] [stdout]    |
[INFO] [stdout]    = help: if you wanted to use a crate named `wasmer`, use `cargo add wasmer` to add it to your `Cargo.toml`
[INFO] [stdout] 
[INFO] [stdout] 
[INFO] [stdout] error[E0599]: no method named `notify` found for type `!` in the current scope
[INFO] [stdout]   --> tests/memory.rs:40:17
[INFO] [stdout]    |
[INFO] [stdout] 40 |         if mem2.notify(MemoryLocation::new_32(10), 1).unwrap() > 0 {
[INFO] [stdout]    |                 ^^^^^^
[INFO] [stdout]    |
[INFO] [stdout] help: there is a method `not` with a similar name, but with different arguments
[INFO] [stdout]   --> /rustc/dfb0accb7f508ae8be965d8629557221c889dd98/library/core/src/ops/bit.rs:52:4
[INFO] [stdout] 
[INFO] [stdout] 
[INFO] [stdout] error[E0432]: unresolved import `wasmer`
[INFO] [stdout]  --> tests/import_function.rs:6:5
[INFO] [stdout]   |
[INFO] [stdout] 6 | use wasmer::*;
[INFO] [stdout]   |     ^^^^^^ use of unresolved module or unlinked crate `wasmer`
[INFO] [stdout]   |
[INFO] [stdout]   = help: if you wanted to use a crate named `wasmer`, use `cargo add wasmer` to add it to your `Cargo.toml`
[INFO] [stdout] 
[INFO] [stdout] 
[INFO] [stdout] error: cannot find macro `imports` in this scope
[INFO] [stdout]   --> tests/import_function.rs:21:9
[INFO] [stdout]    |
[INFO] [stdout] 21 |         imports! {
[INFO] [stdout]    |         ^^^^^^^
[INFO] [stdout] 
[INFO] [stdout] 
[INFO] [stdout] error: cannot find macro `imports` in this scope
[INFO] [stdout]   --> tests/import_function.rs:63:9
[INFO] [stdout]    |
[INFO] [stdout] 63 |         imports! {
[INFO] [stdout]    |         ^^^^^^^
[INFO] [stdout] 
[INFO] [stdout] 
[INFO] [stdout] error[E0599]: no method named `wait` found for type `!` in the current scope
[INFO] [stdout]   --> tests/memory.rs:45:9
[INFO] [stdout]    |
[INFO] [stdout] 45 |     mem.wait(MemoryLocation::new_32(10), None).unwrap();
[INFO] [stdout]    |         ^^^^ method not found in `!`
[INFO] [stdout] 
[INFO] [stdout] 
[INFO] [stdout] error: cannot find macro `imports` in this scope
[INFO] [stdout]   --> tests/reference_types.rs:31:23
[INFO] [stdout]    |
[INFO] [stdout] 31 |         let imports = imports! {
[INFO] [stdout]    |                       ^^^^^^^
[INFO] [stdout] 
[INFO] [stdout] 
[INFO] [stdout] error: cannot find macro `imports` in this scope
[INFO] [stdout]    --> tests/import_function.rs:102:19
[INFO] [stdout]     |
[INFO] [stdout] 102 |     let imports = imports! {
[INFO] [stdout]     |                   ^^^^^^^
[INFO] [stdout] 
[INFO] [stdout] 
[INFO] [stdout] warning: unreachable expression
[INFO] [stdout]   --> tests/memory.rs:45:14
[INFO] [stdout]    |
[INFO] [stdout] 45 |     mem.wait(MemoryLocation::new_32(10), None).unwrap();
[INFO] [stdout]    |     ---      ^^^^^^^^^^^^^^^^^^^^^^^^^^ unreachable expression
[INFO] [stdout]    |     |
[INFO] [stdout]    |     any code following this expression is unreachable
[INFO] [stdout] 
[INFO] [stdout] 
[INFO] [stdout] warning: unreachable call
[INFO] [stdout]   --> tests/memory.rs:52:23
[INFO] [stdout]    |
[INFO] [stdout] 52 |         let mem = mem.clone();
[INFO] [stdout]    |                   --- ^^^^^ unreachable call
[INFO] [stdout]    |                   |
[INFO] [stdout]    |                   any code following this expression is unreachable
[INFO] [stdout] 
[INFO] [stdout] 
[INFO] [stdout] warning: method call on a diverging inference variable
[INFO] [stdout]   --> tests/memory.rs:56:21
[INFO] [stdout]    |
[INFO] [stdout] 56 |                 mem.wake_all_atomic_waiters().ok();
[INFO] [stdout]    |                     ^^^^^^^^^^^^^^^^^^^^^^^
[INFO] [stdout]    |
[INFO] [stdout]    = help: consider providing a type annotation
[INFO] [stdout]    = warning: this was previously accepted by the compiler but is being phased out; it will become a hard error in a future release!
[INFO] [stdout]    = note: for more information, see issue #156047 <https://github.com/rust-lang/rust/issues/156047>
[INFO] [stdout] 
[INFO] [stdout] 
[INFO] [stdout] error: cannot find macro `imports` in this scope
[INFO] [stdout]    --> tests/import_function.rs:139:25
[INFO] [stdout]     |
[INFO] [stdout] 139 |     let import_object = imports! {
[INFO] [stdout]     |                         ^^^^^^^
[INFO] [stdout] 
[INFO] [stdout] 
[INFO] [stdout] error: cannot find macro `imports` in this scope
[INFO] [stdout]   --> tests/reference_types.rs:95:23
[INFO] [stdout]    |
[INFO] [stdout] 95 |         let imports = imports! {
[INFO] [stdout]    |                       ^^^^^^^
[INFO] [stdout] 
[INFO] [stdout] 
[INFO] [stdout] error: cannot find macro `imports` in this scope
[INFO] [stdout]    --> tests/reference_types.rs:154:23
[INFO] [stdout]     |
[INFO] [stdout] 154 |         let imports = imports! {
[INFO] [stdout]     |                       ^^^^^^^
[INFO] [stdout] 
[INFO] [stdout] 
[INFO] [stdout] error: cannot find macro `imports` in this scope
[INFO] [stdout]    --> tests/reference_types.rs:232:60
[INFO] [stdout]     |
[INFO] [stdout] 232 |         let instance = Instance::new(&mut store, &module, &imports! {})?;
[INFO] [stdout]     |                                                            ^^^^^^^
[INFO] [stdout] 
[INFO] [stdout] 
[INFO] [stdout] error: cannot find macro `imports` in this scope
[INFO] [stdout]    --> tests/reference_types.rs:256:60
[INFO] [stdout]     |
[INFO] [stdout] 256 |         let instance = Instance::new(&mut store, &module, &imports! {})?;
[INFO] [stdout]     |                                                            ^^^^^^^
[INFO] [stdout] 
[INFO] [stdout] 
[INFO] [stdout] error: cannot find macro `imports` in this scope
[INFO] [stdout]    --> tests/reference_types.rs:325:60
[INFO] [stdout]     |
[INFO] [stdout] 325 |         let instance = Instance::new(&mut store, &module, &imports! {})?;
[INFO] [stdout]     |                                                            ^^^^^^^
[INFO] [stdout] 
[INFO] [stdout] 
[INFO] [stdout] error: cannot find macro `imports` in this scope
[INFO] [stdout]    --> tests/reference_types.rs:362:60
[INFO] [stdout]     |
[INFO] [stdout] 362 |         let instance = Instance::new(&mut store, &module, &imports! {})?;
[INFO] [stdout]     |                                                            ^^^^^^^
[INFO] [stdout] 
[INFO] [stdout] 
[INFO] [stdout] error: cannot find macro `imports` in this scope
[INFO] [stdout]    --> tests/reference_types.rs:390:60
[INFO] [stdout]     |
[INFO] [stdout] 390 |         let instance = Instance::new(&mut store, &module, &imports! {})?;
[INFO] [stdout]     |                                                            ^^^^^^^
[INFO] [stdout] 
[INFO] [stdout] 
[INFO] [stdout] error: cannot find macro `imports` in this scope
[INFO] [stdout]    --> tests/reference_types.rs:418:60
[INFO] [stdout]     |
[INFO] [stdout] 418 |         let instance = Instance::new(&mut store, &module, &imports! {})?;
[INFO] [stdout]     |                                                            ^^^^^^^
[INFO] [stdout] 
[INFO] [stdout] 
[INFO] [stdout] error[E0599]: no method named `wake_all_atomic_waiters` found for type `!` in the current scope
[INFO] [stdout]   --> tests/memory.rs:56:21
[INFO] [stdout]    |
[INFO] [stdout] 56 |                 mem.wake_all_atomic_waiters().ok();
[INFO] [stdout]    |                     ^^^^^^^^^^^^^^^^^^^^^^^ method not found in `!`
[INFO] [stdout] 
[INFO] [stdout] 
[INFO] [stdout] error[E0599]: no method named `wait` found for type `!` in the current scope
[INFO] [stdout]   --> tests/memory.rs:61:9
[INFO] [stdout]    |
[INFO] [stdout] 61 |     mem.wait(MemoryLocation::new_32(10), None).unwrap();
[INFO] [stdout]    |         ^^^^ method not found in `!`
[INFO] [stdout] 
[INFO] [stdout] 
[INFO] [stdout] warning: unreachable expression
[INFO] [stdout]   --> tests/memory.rs:61:14
[INFO] [stdout]    |
[INFO] [stdout] 61 |     mem.wait(MemoryLocation::new_32(10), None).unwrap();
[INFO] [stdout]    |     ---      ^^^^^^^^^^^^^^^^^^^^^^^^^^ unreachable expression
[INFO] [stdout]    |     |
[INFO] [stdout]    |     any code following this expression is unreachable
[INFO] [stdout] 
[INFO] [stdout] 
[INFO] [stdout] Some errors have detailed explanations: E0432, E0599.
[INFO] [stdout] 
[INFO] [stdout] For more information about an error, try `rustc --explain E0432`.
[INFO] [stdout] 
[INFO] [stderr] error: could not compile `nam-wasmer` (test "memory") due to 6 previous errors; 10 warnings emitted
[INFO] [stderr] warning: build failed, waiting for other jobs to finish...
[INFO] [stdout] error[E0432]: unresolved import `wasmer`
[INFO] [stdout]  --> tests/externals.rs:5:5
[INFO] [stdout]   |
[INFO] [stdout] 5 | use wasmer::*;
[INFO] [stdout]   |     ^^^^^^ use of unresolved module or unlinked crate `wasmer`
[INFO] [stdout]   |
[INFO] [stdout]   = help: if you wanted to use a crate named `wasmer`, use `cargo add wasmer` to add it to your `Cargo.toml`
[INFO] [stdout] 
[INFO] [stdout] 
[INFO] [stdout] For more information about this error, try `rustc --explain E0432`.
[INFO] [stdout] 
[INFO] [stderr] error: could not compile `nam-wasmer` (test "function_env") due to 1 previous error
[INFO] [stdout] For more information about this error, try `rustc --explain E0432`.
[INFO] [stdout] 
[INFO] [stderr] error: could not compile `nam-wasmer` (test "import_function") due to 5 previous errors
[INFO] [stdout] For more information about this error, try `rustc --explain E0432`.
[INFO] [stdout] 
[INFO] [stderr] error: could not compile `nam-wasmer` (test "instance") due to 1 previous error
[INFO] [stdout] warning: hiding a lifetime that's elided elsewhere is confusing
[INFO] [stdout]    --> src/engine.rs:110:22
[INFO] [stdout]     |
[INFO] [stdout] 110 |     fn as_engine_ref(&self) -> EngineRef {
[INFO] [stdout]     |                      ^^^^^     ^^^^^^^^^ the same lifetime is hidden here
[INFO] [stdout]     |                      |
[INFO] [stdout]     |                      the lifetime is elided here
[INFO] [stdout]     |
[INFO] [stdout]     = help: the same lifetime is referred to in inconsistent ways, making the signature confusing
[INFO] [stdout]     = note: `#[warn(mismatched_lifetime_syntaxes)]` on by default
[INFO] [stdout] help: use `'_` for type paths
[INFO] [stdout]     |
[INFO] [stdout] 110 |     fn as_engine_ref(&self) -> EngineRef<'_> {
[INFO] [stdout]     |                                         ++++
[INFO] [stdout] 
[INFO] [stdout] 
[INFO] [stdout] warning: hiding a lifetime that's elided elsewhere is confusing
[INFO] [stdout]    --> src/exports.rs:178:17
[INFO] [stdout]     |
[INFO] [stdout] 178 |     pub fn iter(&self) -> ExportsIterator<impl Iterator<Item = (&String, &Extern)>> {
[INFO] [stdout]     |                 ^^^^^     ^^^^^^^^^^^^^^^^^^^^^^^^^^^^^^^^^^^^^^^^^^^^^^^^^^^^^^^^^
[INFO] [stdout]     |                 |         |                                     |        |
[INFO] [stdout]     |                 |         |                                     |        the same lifetime is elided here
[INFO] [stdout]     |                 |         |                                     the same lifetime is elided here
[INFO] [stdout]     |                 |         the same lifetime is hidden here
[INFO] [stdout]     |                 the lifetime is elided here
[INFO] [stdout]     |
[INFO] [stdout]     = help: the same lifetime is referred to in inconsistent ways, making the signature confusing
[INFO] [stdout] help: use `'_` for type paths
[INFO] [stdout]     |
[INFO] [stdout] 178 |     pub fn iter(&self) -> ExportsIterator<'_, impl Iterator<Item = (&String, &Extern)>> {
[INFO] [stdout]     |                                           +++
[INFO] [stdout] 
[INFO] [stdout] 
[INFO] [stdout] warning: hiding a lifetime that's elided elsewhere is confusing
[INFO] [stdout]   --> src/function_env.rs:64:34
[INFO] [stdout]    |
[INFO] [stdout] 64 |     pub fn into_mut(self, store: &mut impl AsStoreMut) -> FunctionEnvMut<T>
[INFO] [stdout]    |                                  ^^^^^^^^^^^^^^^^^^^^     ^^^^^^^^^^^^^^^^^ the same lifetime is hidden here
[INFO] [stdout]    |                                  |
[INFO] [stdout]    |                                  the lifetime is elided here
[INFO] [stdout]    |
[INFO] [stdout]    = help: the same lifetime is referred to in inconsistent ways, making the signature confusing
[INFO] [stdout] help: use `'_` for type paths
[INFO] [stdout]    |
[INFO] [stdout] 64 |     pub fn into_mut(self, store: &mut impl AsStoreMut) -> FunctionEnvMut<'_, T>
[INFO] [stdout]    |                                                                          +++
[INFO] [stdout] 
[INFO] [stdout] 
[INFO] [stdout] warning: hiding a lifetime that's elided elsewhere is confusing
[INFO] [stdout]    --> src/function_env.rs:139:31
[INFO] [stdout]     |
[INFO] [stdout] 139 |     pub fn data_and_store_mut(&mut self) -> (&mut T, StoreMut) {
[INFO] [stdout]     |                               ^^^^^^^^^      ^^^^^^  ^^^^^^^^ the same lifetime is hidden here
[INFO] [stdout]     |                               |              |
[INFO] [stdout]     |                               |              the same lifetime is elided here
[INFO] [stdout]     |                               the lifetime is elided here
[INFO] [stdout]     |
[INFO] [stdout]     = help: the same lifetime is referred to in inconsistent ways, making the signature confusing
[INFO] [stdout] help: use `'_` for type paths
[INFO] [stdout]     |
[INFO] [stdout] 139 |     pub fn data_and_store_mut(&mut self) -> (&mut T, StoreMut<'_>) {
[INFO] [stdout]     |                                                              ++++
[INFO] [stdout] 
[INFO] [stdout] 
[INFO] [stdout] For more information about this error, try `rustc --explain E0432`.
[INFO] [stdout] 
[INFO] [stderr] error: could not compile `nam-wasmer` (test "reference_types") due to 10 previous errors
[INFO] [stdout] For more information about this error, try `rustc --explain E0432`.
[INFO] [stdout] 
[INFO] [stderr] error: could not compile `nam-wasmer` (test "module") due to 2 previous errors
[INFO] [stdout] For more information about this error, try `rustc --explain E0432`.
[INFO] [stdout] 
[INFO] [stderr] error: could not compile `nam-wasmer` (test "externals") due to 1 previous error
[INFO] running `Command { std: "docker" "inspect" "a515e95666d0d7b50877206cd1f3eaba632e02de64835ceeb38b21e2c7df32b6", kill_on_drop: false }`
[INFO] running `Command { std: "docker" "rm" "-f" "a515e95666d0d7b50877206cd1f3eaba632e02de64835ceeb38b21e2c7df32b6", kill_on_drop: false }`
[INFO] [stdout] a515e95666d0d7b50877206cd1f3eaba632e02de64835ceeb38b21e2c7df32b6
