[INFO] fetching crate naia-bevy-server 0.25.0...
[INFO] testing naia-bevy-server-0.25.0 against 1.99.0-beta.8+cargoflags=--release for beta-release-1.100-2
[INFO] extracting crate naia-bevy-server 0.25.0 into /workspace/builds/worker-6-tc1/source
[INFO] started tweaking crates.io crate naia-bevy-server 0.25.0
[INFO] removed 0 missing tests
[INFO] finished tweaking crates.io crate naia-bevy-server 0.25.0
[INFO] tweaked toml for crates.io crate naia-bevy-server 0.25.0 written to /workspace/builds/worker-6-tc1/source/Cargo.toml
[INFO] validating manifest of crates.io crate naia-bevy-server 0.25.0 on toolchain 1.99.0-beta.8
[INFO] running `Command { std: CARGO_HOME="/workspace/cargo-home" RUSTUP_HOME="/workspace/rustup-home" "/workspace/cargo-home/bin/cargo" "+1.99.0-beta.8" "metadata" "--manifest-path" "Cargo.toml" "--no-deps", kill_on_drop: false }`
[INFO] crate crates.io crate naia-bevy-server 0.25.0 already has a lockfile, it will not be regenerated
[INFO] running `Command { std: CARGO_HOME="/workspace/cargo-home" RUSTUP_HOME="/workspace/rustup-home" "/workspace/cargo-home/bin/cargo" "+1.99.0-beta.8" "fetch" "--manifest-path" "Cargo.toml", kill_on_drop: false }`
[INFO] [stderr]     Updating crates.io index
[INFO] [stderr]  Downloading crates ...
[INFO] [stderr]   Downloaded unicode-ident v1.0.13
[INFO] [stderr]   Downloaded redox_syscall v0.5.4
[INFO] [stderr]   Downloaded smol v1.3.0
[INFO] [stderr]   Downloaded blocking v1.6.1
[INFO] [stderr]   Downloaded piper v0.2.4
[INFO] [stderr]   Downloaded fastrand v2.1.1
[INFO] [stderr]   Downloaded event-listener-strategy v0.5.2
[INFO] [stderr]   Downloaded async-channel v2.3.1
[INFO] [stderr]   Downloaded hermit-abi v0.4.0
[INFO] [stderr]   Downloaded naia-serde-derive v0.25.0
[INFO] [stderr]   Downloaded naia-derive v0.25.0
[INFO] [stderr]   Downloaded naia-socket-shared v0.25.0
[INFO] [stderr]   Downloaded nonmax v0.5.5
[INFO] [stderr]   Downloaded event-listener v3.1.0
[INFO] [stderr]   Downloaded async-signal v0.2.10
[INFO] [stderr]   Downloaded async-net v1.8.0
[INFO] [stderr]   Downloaded async-process v1.8.1
[INFO] [stderr]   Downloaded naia-serde v0.25.0
[INFO] [stderr]   Downloaded bevy_utils v0.18.1
[INFO] [stderr]   Downloaded async-lock v3.4.0
[INFO] [stderr]   Downloaded async-executor v1.13.1
[INFO] [stderr]   Downloaded disqualified v1.0.0
[INFO] [stderr]   Downloaded bevy_macro_utils v0.18.1
[INFO] [stderr]   Downloaded async-dup v1.2.4
[INFO] [stderr]   Downloaded downcast-rs v2.0.1
[INFO] [stderr]   Downloaded bevy_derive v0.18.1
[INFO] [stderr]   Downloaded futures-lite v2.3.0
[INFO] [stderr]   Downloaded event-listener v5.3.1
[INFO] [stderr]   Downloaded async-fs v1.6.0
[INFO] [stderr]   Downloaded naia-server-socket v0.25.0
[INFO] [stderr]   Downloaded bevy_platform v0.18.1
[INFO] [stderr]   Downloaded pin-project-internal v1.1.5
[INFO] [stderr]   Downloaded bevy_ptr v0.18.1
[INFO] [stderr]   Downloaded bevy_ecs_macros v0.18.1
[INFO] [stderr]   Downloaded spin v0.10.0
[INFO] [stderr]   Downloaded bevy_tasks v0.18.1
[INFO] [stderr]   Downloaded naia-bevy-shared v0.25.0
[INFO] [stderr]   Downloaded polling v3.7.3
[INFO] [stderr]   Downloaded toml_parser v1.0.6+spec-1.1.0
[INFO] [stderr]   Downloaded webrtc-unreliable v0.5.3
[INFO] [stderr]   Downloaded pin-project v1.1.5
[INFO] [stderr]   Downloaded bevy_app v0.18.1
[INFO] [stderr]   Downloaded cc v1.1.20
[INFO] [stderr]   Downloaded bytes v1.7.1
[INFO] [stderr]   Downloaded naia-server v0.25.0
[INFO] [stderr]   Downloaded openssl-sys v0.9.103
[INFO] [stderr]   Downloaded naia-shared v0.25.0
[INFO] [stderr]   Downloaded openssl v0.10.66
[INFO] [stderr]   Downloaded rustix v0.38.37
[INFO] [stderr]   Downloaded bevy_ecs v0.18.1
[INFO] running `Command { std: "docker" "create" "-v" "/var/lib/crater-agent-workspace/builds/worker-6-tc1/source:/opt/rustwide/workdir:ro,Z" "-v" "/var/lib/crater-agent-workspace/builds/worker-6-tc1/target:/opt/rustwide/target:rw,Z" "-v" "/var/lib/crater-agent-workspace/cargo-home:/opt/rustwide/cargo-home:ro,Z" "-v" "/var/lib/crater-agent-workspace/rustup-home:/opt/rustwide/rustup-home:ro,Z" "-m" "1610612736" "--network" "none" "ghcr.io/rust-lang/crates-build-env/linux@sha256:77db811e55d90add9212f6832c23229e3de5f1c1f9905e8cb07319ea15df73ac" "sleep" "infinity", kill_on_drop: false }`
[INFO] [stdout] bb21bc21c5f094891b4f26d8801a2a44849aac9034463d89f6608174c50727df
[INFO] running `Command { std: "docker" "start" "bb21bc21c5f094891b4f26d8801a2a44849aac9034463d89f6608174c50727df", kill_on_drop: false }`
[INFO] running `Command { std: "docker" "inspect" "bb21bc21c5f094891b4f26d8801a2a44849aac9034463d89f6608174c50727df", kill_on_drop: false }`
[INFO] running `Command { std: "docker" "exec" "-e" "SOURCE_DIR=/opt/rustwide/workdir" "-e" "CARGO_HOME=/opt/rustwide/cargo-home" "-e" "RUSTUP_HOME=/opt/rustwide/rustup-home" "-e" "CARGO_TARGET_DIR=/opt/rustwide/target" "-w" "/opt/rustwide/workdir" "--user" "0:0" "bb21bc21c5f094891b4f26d8801a2a44849aac9034463d89f6608174c50727df" "/opt/rustwide/cargo-home/bin/cargo" "+1.99.0-beta.8" "metadata" "--no-deps" "--format-version=1", kill_on_drop: false }`
[INFO] running `Command { std: "docker" "inspect" "bb21bc21c5f094891b4f26d8801a2a44849aac9034463d89f6608174c50727df", kill_on_drop: false }`
[INFO] running `Command { std: "docker" "exec" "-e" "SOURCE_DIR=/opt/rustwide/workdir" "-e" "CARGO_HOME=/opt/rustwide/cargo-home" "-e" "RUSTUP_HOME=/opt/rustwide/rustup-home" "-e" "CARGO_TARGET_DIR=/opt/rustwide/target" "-e" "CARGO_INCREMENTAL=0" "-e" "RUST_BACKTRACE=full" "-e" "RUSTFLAGS=--cap-lints=warn" "-e" "RUSTDOCFLAGS=--cap-lints=warn" "-w" "/opt/rustwide/workdir" "--user" "0:0" "bb21bc21c5f094891b4f26d8801a2a44849aac9034463d89f6608174c50727df" "/opt/rustwide/cargo-home/bin/cargo" "+1.99.0-beta.8" "build" "--frozen" "--message-format=json" "--release", kill_on_drop: false }`
[INFO] [stderr]    Compiling unicode-ident v1.0.13
[INFO] [stderr]    Compiling proc-macro2 v1.0.95
[INFO] [stderr]    Compiling autocfg v1.3.0
[INFO] [stderr]    Compiling crossbeam-utils v0.8.20
[INFO] [stderr]    Compiling pin-project-lite v0.2.14
[INFO] [stderr]    Compiling cfg-if v1.0.0
[INFO] [stderr]    Compiling libc v0.2.185
[INFO] [stderr]    Compiling stable_deref_trait v1.2.0
[INFO] [stderr]    Compiling parking v2.2.1
[INFO] [stderr]    Compiling wasm-bindgen-shared v0.2.106
[INFO] [stderr]    Compiling bitflags v2.9.1
[INFO] [stderr]    Compiling smallvec v1.15.1
[INFO] [stderr]    Compiling log v0.4.22
[INFO] [stderr]    Compiling async-task v4.7.1
[INFO] [stderr]    Compiling futures-io v0.3.32
[INFO] [stderr]    Compiling winnow v0.7.14
[INFO] [stderr]    Compiling rustversion v1.0.21
[INFO] [stderr]    Compiling equivalent v1.0.1
[INFO] [stderr]    Compiling futures-lite v2.3.0
[INFO] [stderr]    Compiling indexmap v2.12.1
[INFO] [stderr]    Compiling hashbrown v0.16.1
[INFO] [stderr]    Compiling toml_datetime v0.7.5+spec-1.1.0
[INFO] [stderr]    Compiling convert_case v0.10.0
[INFO] [stderr]    Compiling event-listener v2.5.3
[INFO] [stderr]    Compiling slab v0.4.9
[INFO] [stderr]    Compiling bumpalo v3.16.0
[INFO] [stderr]    Compiling rustix v0.38.37
[INFO] [stderr]    Compiling io-lifetimes v1.0.11
[INFO] [stderr]    Compiling spin v0.10.0
[INFO] [stderr]    Compiling slotmap v1.0.7
[INFO] [stderr]    Compiling polling v2.8.0
[INFO] [stderr]    Compiling thiserror v2.0.12
[INFO] [stderr]    Compiling waker-fn v1.2.0
[INFO] [stderr]    Compiling memchr v2.7.4
[INFO] [stderr]    Compiling rustix v0.37.27
[INFO] [stderr]    Compiling fastrand v1.9.0
[INFO] [stderr]    Compiling tracing-core v0.1.36
[INFO] [stderr]    Compiling concurrent-queue v2.5.0
[INFO] [stderr]    Compiling fastrand v2.1.1
[INFO] [stderr]    Compiling wasm-bindgen v0.2.106
[INFO] [stderr]    Compiling linux-raw-sys v0.4.14
[INFO] [stderr]    Compiling quote v1.0.45
[INFO] [stderr]    Compiling rustix v1.1.4
[INFO] [stderr]    Compiling crossbeam-queue v0.3.12
[INFO] [stderr]    Compiling event-listener v5.3.1
[INFO] [stderr]    Compiling cc v1.1.20
[INFO] [stderr]    Compiling async-lock v2.8.0
[INFO] [stderr]    Compiling async-io v2.6.0
[INFO] [stderr]    Compiling lock_api v0.4.12
[INFO] [stderr]    Compiling async-io v1.13.0
[INFO] [stderr]    Compiling syn v2.0.117
[INFO] [stderr]    Compiling tracing v0.1.44
[INFO] [stderr]    Compiling event-listener-strategy v0.5.2
[INFO] [stderr]    Compiling percent-encoding v2.3.2
[INFO] [stderr]    Compiling once_cell v1.21.4
[INFO] [stderr]    Compiling disqualified v1.0.0
[INFO] [stderr]    Compiling linux-raw-sys v0.3.8
[INFO] [stderr]    Compiling futures-lite v1.13.0
[INFO] [stderr]    Compiling parking_lot_core v0.9.10
[INFO] [stderr]    Compiling bevy_platform v0.18.1
[INFO] [stderr]    Compiling form_urlencoded v1.2.2
[INFO] [stderr]    Compiling async-channel v2.3.1
[INFO] [stderr]    Compiling piper v0.2.4
[INFO] [stderr]    Compiling fixedbitset v0.5.7
[INFO] [stderr]    Compiling bevy_utils v0.18.1
[INFO] [stderr]    Compiling nonmax v0.5.5
[INFO] [stderr]    Compiling getrandom v0.2.15
[INFO] [stderr]    Compiling rand_core v0.6.4
[INFO] [stderr]    Compiling socket2 v0.4.10
[INFO] [stderr]    Compiling bevy_ptr v0.18.1
[INFO] [stderr]    Compiling signal-hook-registry v1.4.2
[INFO] [stderr]    Compiling blocking v1.6.1
[INFO] [stderr]    Compiling async-fs v1.6.0
[INFO] [stderr]    Compiling arrayvec v0.7.6
[INFO] [stderr]    Compiling event-listener v3.1.0
[INFO] [stderr]    Compiling async-executor v1.13.1
[INFO] [stderr]    Compiling async-channel v1.9.0
[INFO] [stderr]    Compiling downcast-rs v2.0.1
[INFO] [stderr]    Compiling parking_lot v0.12.3
[INFO] [stderr]    Compiling blake3 v1.8.4
[INFO] [stderr]    Compiling toml_parser v1.0.6+spec-1.1.0
[INFO] [stderr]    Compiling toml_edit v0.23.10+spec-1.0.0
[INFO] [stderr]    Compiling async-net v1.8.0
[INFO] [stderr]    Compiling polling v3.7.3
[INFO] [stderr]    Compiling synstructure v0.13.2
[INFO] [stderr]    Compiling bevy_macro_utils v0.18.1
[INFO] [stderr]    Compiling wasm-bindgen-macro-support v0.2.106
[INFO] [stderr]    Compiling zerovec-derive v0.11.3
[INFO] [stderr]    Compiling displaydoc v0.2.5
[INFO] [stderr]    Compiling zerocopy-derive v0.7.35
[INFO] [stderr]    Compiling derive_more-impl v2.1.1
[INFO] [stderr]    Compiling thiserror-impl v2.0.12
[INFO] [stderr]    Compiling naia-serde-derive v0.25.0
[INFO] [stderr]    Compiling bevy_ecs_macros v0.18.1
[INFO] [stderr]    Compiling variadics_please v1.1.0
[INFO] [stderr]    Compiling async-signal v0.2.10
[INFO] [stderr]    Compiling async-process v1.8.1
[INFO] [stderr]    Compiling bevy_derive v0.18.1
[INFO] [stderr]    Compiling zerofrom-derive v0.1.7
[INFO] [stderr]    Compiling yoke-derive v0.8.2
[INFO] [stderr]    Compiling naia-derive v0.25.0
[INFO] [stderr]    Compiling naia-serde v0.25.0
[INFO] [stderr]    Compiling zerocopy v0.7.35
[INFO] [stderr]    Compiling smol v1.3.0
[INFO] [stderr]    Compiling ppv-lite86 v0.2.20
[INFO] [stderr]    Compiling zerofrom v0.1.7
[INFO] [stderr]    Compiling yoke v0.8.2
[INFO] [stderr]    Compiling zerovec v0.11.6
[INFO] [stderr]    Compiling zerotrie v0.2.4
[INFO] [stderr]    Compiling rand_chacha v0.3.1
[INFO] [stderr]    Compiling rand v0.8.5
[INFO] [stderr]    Compiling tinystr v0.8.3
[INFO] [stderr]    Compiling potential_utf v0.1.5
[INFO] [stderr]    Compiling icu_collections v2.2.0
[INFO] [stderr]    Compiling icu_locale_core v2.2.0
[INFO] [stderr]    Compiling wasm-bindgen-macro v0.2.106
[INFO] [stderr]    Compiling derive_more v2.1.1
[INFO] [stderr]    Compiling bevy_tasks v0.18.1
[INFO] [stderr]    Compiling bevy_ecs v0.18.1
[INFO] [stderr]    Compiling js-sys v0.3.83
[INFO] [stderr]    Compiling icu_provider v2.2.0
[INFO] [stderr]    Compiling icu_normalizer v2.2.0
[INFO] [stderr]    Compiling icu_properties v2.2.0
[INFO] [stderr]    Compiling idna_adapter v1.2.1
[INFO] [stderr]    Compiling idna v1.1.0
[INFO] [stderr]    Compiling url v2.5.8
[INFO] [stderr]    Compiling naia-socket-shared v0.25.0
[INFO] [stderr]    Compiling naia-shared v0.25.0
[INFO] [stderr]    Compiling bevy_app v0.18.1
[INFO] [stderr]    Compiling naia-server v0.25.0
[INFO] [stderr]    Compiling naia-bevy-shared v0.25.0
[INFO] [stderr]    Compiling naia-bevy-server v0.25.0 (/opt/rustwide/workdir)
[INFO] [stderr]     Finished `release` profile [optimized] target(s) in 1m 03s
[INFO] running `Command { std: "docker" "inspect" "bb21bc21c5f094891b4f26d8801a2a44849aac9034463d89f6608174c50727df", kill_on_drop: false }`
[INFO] running `Command { std: "docker" "exec" "-e" "SOURCE_DIR=/opt/rustwide/workdir" "-e" "CARGO_HOME=/opt/rustwide/cargo-home" "-e" "RUSTUP_HOME=/opt/rustwide/rustup-home" "-e" "CARGO_TARGET_DIR=/opt/rustwide/target" "-e" "CARGO_INCREMENTAL=0" "-e" "RUST_BACKTRACE=full" "-e" "RUSTFLAGS=--cap-lints=warn" "-e" "RUSTDOCFLAGS=--cap-lints=warn" "-w" "/opt/rustwide/workdir" "--user" "0:0" "bb21bc21c5f094891b4f26d8801a2a44849aac9034463d89f6608174c50727df" "/opt/rustwide/cargo-home/bin/cargo" "+1.99.0-beta.8" "test" "--frozen" "--no-run" "--message-format=json" "--release", kill_on_drop: false }`
[INFO] [stderr]    Compiling naia-bevy-server v0.25.0 (/opt/rustwide/workdir)
[INFO] [stdout] error[E0433]: cannot find module or crate `naia_bevy_client` in this scope
[INFO] [stdout]   --> tests/authority_commands_bevy.rs:23:5
[INFO] [stdout]    |
[INFO] [stdout] 23 | use naia_bevy_client::{
[INFO] [stdout]    |     ^^^^^^^^^^^^^^^^ use of unresolved module or unlinked crate `naia_bevy_client`
[INFO] [stdout]    |
[INFO] [stdout]    = help: if you wanted to use a crate named `naia_bevy_client`, use `cargo add naia_bevy_client` to add it to your `Cargo.toml`
[INFO] [stdout] 
[INFO] [stdout] 
[INFO] [stdout] error[E0432]: unresolved import `naia_server::transport::local`
[INFO] [stdout]   --> tests/authority_commands_bevy.rs:35:29
[INFO] [stdout]    |
[INFO] [stdout] 35 | use naia_server::transport::local::{LocalServerSocket, Socket as ServerSocket};
[INFO] [stdout]    |                             ^^^^^ could not find `local` in `transport`
[INFO] [stdout] 
[INFO] [stdout] 
[INFO] [stdout] error[E0433]: cannot find module or crate `naia_client` in this scope
[INFO] [stdout]   --> tests/authority_commands_bevy.rs:32:5
[INFO] [stdout]    |
[INFO] [stdout] 32 | use naia_client::transport::local::{
[INFO] [stdout]    |     ^^^^^^^^^^^ use of unresolved module or unlinked crate `naia_client`
[INFO] [stdout]    |
[INFO] [stdout]    = help: if you wanted to use a crate named `naia_client`, use `cargo add naia_client` to add it to your `Cargo.toml`
[INFO] [stdout] 
[INFO] [stdout] 
[INFO] [stdout] error[E0433]: cannot find module or crate `naia_shared` in this scope
[INFO] [stdout]   --> tests/authority_commands_bevy.rs:36:5
[INFO] [stdout]    |
[INFO] [stdout] 36 | use naia_shared::{
[INFO] [stdout]    |     ^^^^^^^^^^^ use of unresolved module or unlinked crate `naia_shared`
[INFO] [stdout]    |
[INFO] [stdout]    = help: if you wanted to use a crate named `naia_shared`, use `cargo add naia_shared` to add it to your `Cargo.toml`
[INFO] [stdout] 
[INFO] [stdout] 
[INFO] [stdout] error[E0432]: unresolved import `naia_bevy_client`
[INFO] [stdout]   --> tests/authority_commands_bevy.rs:23:5
[INFO] [stdout]    |
[INFO] [stdout] 23 | use naia_bevy_client::{
[INFO] [stdout]    |     ^^^^^^^^^^^^^^^^ use of unresolved module or unlinked crate `naia_bevy_client`
[INFO] [stdout]    |
[INFO] [stdout]    = help: if you wanted to use a crate named `naia_bevy_client`, use `cargo add naia_bevy_client` to add it to your `Cargo.toml`
[INFO] [stdout] 
[INFO] [stdout] 
[INFO] [stdout] error[E0433]: cannot find module or crate `naia_test_harness` in this scope
[INFO] [stdout]   --> tests/authority_commands_bevy.rs:39:5
[INFO] [stdout]    |
[INFO] [stdout] 39 | use naia_test_harness::test_protocol::{Auth, Position, ReliableChannel};
[INFO] [stdout]    |     ^^^^^^^^^^^^^^^^^ use of unresolved module or unlinked crate `naia_test_harness`
[INFO] [stdout]    |
[INFO] [stdout]    = help: if you wanted to use a crate named `naia_test_harness`, use `cargo add naia_test_harness` to add it to your `Cargo.toml`
[INFO] [stdout] 
[INFO] [stdout] 
[INFO] [stdout] error[E0432]: unresolved import `naia_shared`
[INFO] [stdout]   --> tests/authority_commands_bevy.rs:36:5
[INFO] [stdout]    |
[INFO] [stdout] 36 | use naia_shared::{
[INFO] [stdout]    |     ^^^^^^^^^^^ use of unresolved module or unlinked crate `naia_shared`
[INFO] [stdout]    |
[INFO] [stdout]    = help: if you wanted to use a crate named `naia_shared`, use `cargo add naia_shared` to add it to your `Cargo.toml`
[INFO] [stdout] 
[INFO] [stdout] 
[INFO] [stdout] error[E0433]: cannot find module or crate `naia_bevy_client` in this scope
[INFO] [stdout]   --> tests/replicated_resources_bevy.rs:27:5
[INFO] [stdout]    |
[INFO] [stdout] 27 | use naia_bevy_client::{
[INFO] [stdout]    |     ^^^^^^^^^^^^^^^^ use of unresolved module or unlinked crate `naia_bevy_client`
[INFO] [stdout]    |
[INFO] [stdout]    = help: if you wanted to use a crate named `naia_bevy_client`, use `cargo add naia_bevy_client` to add it to your `Cargo.toml`
[INFO] [stdout] 
[INFO] [stdout] 
[INFO] [stdout] error[E0432]: unresolved import `naia_server::transport::local`
[INFO] [stdout]   --> tests/replicated_resources_bevy.rs:43:29
[INFO] [stdout]    |
[INFO] [stdout] 43 | use naia_server::transport::local::{LocalServerSocket, Socket as ServerSocket};
[INFO] [stdout]    |                             ^^^^^ could not find `local` in `transport`
[INFO] [stdout] 
[INFO] [stdout] 
[INFO] [stdout] error[E0433]: cannot find module or crate `naia_client` in this scope
[INFO] [stdout]   --> tests/replicated_resources_bevy.rs:40:5
[INFO] [stdout]    |
[INFO] [stdout] 40 | use naia_client::transport::local::{
[INFO] [stdout]    |     ^^^^^^^^^^^ use of unresolved module or unlinked crate `naia_client`
[INFO] [stdout]    |
[INFO] [stdout]    = help: if you wanted to use a crate named `naia_client`, use `cargo add naia_client` to add it to your `Cargo.toml`
[INFO] [stdout] 
[INFO] [stdout] 
[INFO] [stdout] error[E0433]: cannot find module or crate `naia_shared` in this scope
[INFO] [stdout]   --> tests/replicated_resources_bevy.rs:44:5
[INFO] [stdout]    |
[INFO] [stdout] 44 | use naia_shared::{transport::local::LocalTransportHub, ChannelDirection, ChannelMode, ReliableSettings};
[INFO] [stdout]    |     ^^^^^^^^^^^ use of unresolved module or unlinked crate `naia_shared`
[INFO] [stdout]    |
[INFO] [stdout]    = help: if you wanted to use a crate named `naia_shared`, use `cargo add naia_shared` to add it to your `Cargo.toml`
[INFO] [stdout] 
[INFO] [stdout] 
[INFO] [stdout] error[E0432]: unresolved import `naia_bevy_client`
[INFO] [stdout]   --> tests/replicated_resources_bevy.rs:27:5
[INFO] [stdout]    |
[INFO] [stdout] 27 | use naia_bevy_client::{
[INFO] [stdout]    |     ^^^^^^^^^^^^^^^^ use of unresolved module or unlinked crate `naia_bevy_client`
[INFO] [stdout]    |
[INFO] [stdout]    = help: if you wanted to use a crate named `naia_bevy_client`, use `cargo add naia_bevy_client` to add it to your `Cargo.toml`
[INFO] [stdout] 
[INFO] [stdout] 
[INFO] [stdout] error[E0433]: cannot find module or crate `naia_test_harness` in this scope
[INFO] [stdout]   --> tests/replicated_resources_bevy.rs:45:5
[INFO] [stdout]    |
[INFO] [stdout] 45 | use naia_test_harness::test_protocol::{Auth, ReliableChannel, TestScore};
[INFO] [stdout]    |     ^^^^^^^^^^^^^^^^^ use of unresolved module or unlinked crate `naia_test_harness`
[INFO] [stdout]    |
[INFO] [stdout]    = help: if you wanted to use a crate named `naia_test_harness`, use `cargo add naia_test_harness` to add it to your `Cargo.toml`
[INFO] [stdout] 
[INFO] [stdout] 
[INFO] [stdout] error[E0432]: unresolved import `naia_shared`
[INFO] [stdout]   --> tests/replicated_resources_bevy.rs:44:5
[INFO] [stdout]    |
[INFO] [stdout] 44 | use naia_shared::{transport::local::LocalTransportHub, ChannelDirection, ChannelMode, ReliableSettings};
[INFO] [stdout]    |     ^^^^^^^^^^^ use of unresolved module or unlinked crate `naia_shared`
[INFO] [stdout]    |
[INFO] [stdout]    = help: if you wanted to use a crate named `naia_shared`, use `cargo add naia_shared` to add it to your `Cargo.toml`
[INFO] [stdout] 
[INFO] [stdout] 
[INFO] [stdout] error[E0433]: cannot find `TestClock` in `naia_bevy_shared`
[INFO] [stdout]    --> tests/authority_commands_bevy.rs:326:27
[INFO] [stdout]     |
[INFO] [stdout] 326 |         naia_bevy_shared::TestClock::advance(60);
[INFO] [stdout]     |                           ^^^^^^^^^ could not find `TestClock` in `naia_bevy_shared`
[INFO] [stdout]     |
[INFO] [stdout] note: found an item that was configured out
[INFO] [stdout]    --> /opt/rustwide/cargo-home/registry/src/index.crates.io-1949cf8c6b5b557f/naia-bevy-shared-0.25.0/src/lib.rs:45:22
[INFO] [stdout]     |
[INFO] [stdout]  44 | #[cfg(all(feature = "test_time", not(target_arch = "wasm32")))]
[INFO] [stdout]     |           --------------------- the item is gated behind the `test_time` feature
[INFO] [stdout]  45 | pub use naia_shared::TestClock;
[INFO] [stdout]     |                      ^^^^^^^^^
[INFO] [stdout] 
[INFO] [stdout] 
[INFO] [stdout] error[E0433]: cannot find `TestClock` in `naia_bevy_shared`
[INFO] [stdout]    --> tests/replicated_resources_bevy.rs:225:27
[INFO] [stdout]     |
[INFO] [stdout] 225 |         naia_bevy_shared::TestClock::advance(60);
[INFO] [stdout]     |                           ^^^^^^^^^ could not find `TestClock` in `naia_bevy_shared`
[INFO] [stdout]     |
[INFO] [stdout] note: found an item that was configured out
[INFO] [stdout]    --> /opt/rustwide/cargo-home/registry/src/index.crates.io-1949cf8c6b5b557f/naia-bevy-shared-0.25.0/src/lib.rs:45:22
[INFO] [stdout]     |
[INFO] [stdout]  44 | #[cfg(all(feature = "test_time", not(target_arch = "wasm32")))]
[INFO] [stdout]     |           --------------------- the item is gated behind the `test_time` feature
[INFO] [stdout]  45 | pub use naia_shared::TestClock;
[INFO] [stdout]     |                      ^^^^^^^^^
[INFO] [stdout] 
[INFO] [stdout] 
[INFO] [stdout] error[E0433]: cannot find module or crate `naia_shared` in this scope
[INFO] [stdout]    --> tests/authority_commands_bevy.rs:294:69
[INFO] [stdout]     |
[INFO] [stdout] 294 |                     let identity_token = Arc::new(Mutex::new(None::<naia_shared::IdentityToken>));
[INFO] [stdout]     |                                                                     ^^^^^^^^^^^ use of unresolved module or unlinked crate `naia_shared`
[INFO] [stdout]     |
[INFO] [stdout]     = help: if you wanted to use a crate named `naia_shared`, use `cargo add naia_shared` to add it to your `Cargo.toml`
[INFO] [stdout] 
[INFO] [stdout] 
[INFO] [stdout] Some errors have detailed explanations: E0432, E0433.
[INFO] [stdout] 
[INFO] [stdout] For more information about an error, try `rustc --explain E0432`.
[INFO] [stdout] 
[INFO] [stderr] error: could not compile `naia-bevy-server` (test "authority_commands_bevy") due to 9 previous errors
[INFO] [stderr] warning: build failed, waiting for other jobs to finish...
[INFO] [stdout] error[E0433]: cannot find module or crate `naia_shared` in this scope
[INFO] [stdout]    --> tests/replicated_resources_bevy.rs:187:65
[INFO] [stdout]     |
[INFO] [stdout] 187 |                 let identity_token = Arc::new(Mutex::new(None::<naia_shared::IdentityToken>));
[INFO] [stdout]     |                                                                 ^^^^^^^^^^^ use of unresolved module or unlinked crate `naia_shared`
[INFO] [stdout]     |
[INFO] [stdout]     = help: if you wanted to use a crate named `naia_shared`, use `cargo add naia_shared` to add it to your `Cargo.toml`
[INFO] [stdout] 
[INFO] [stdout] 
[INFO] [stdout] Some errors have detailed explanations: E0432, E0433.
[INFO] [stdout] 
[INFO] [stdout] For more information about an error, try `rustc --explain E0432`.
[INFO] [stdout] 
[INFO] [stderr] error: could not compile `naia-bevy-server` (test "replicated_resources_bevy") due to 9 previous errors
[INFO] running `Command { std: "docker" "inspect" "bb21bc21c5f094891b4f26d8801a2a44849aac9034463d89f6608174c50727df", kill_on_drop: false }`
[INFO] running `Command { std: "docker" "rm" "-f" "bb21bc21c5f094891b4f26d8801a2a44849aac9034463d89f6608174c50727df", kill_on_drop: false }`
[INFO] [stdout] bb21bc21c5f094891b4f26d8801a2a44849aac9034463d89f6608174c50727df
