[INFO] fetching crate nacre-tess 0.0.1...
[INFO] testing nacre-tess-0.0.1 against 1.99.0-beta.8+cargoflags=--release for beta-release-1.100-2
[INFO] extracting crate nacre-tess 0.0.1 into /workspace/builds/worker-2-tc1/source
[INFO] started tweaking crates.io crate nacre-tess 0.0.1
[INFO] removed 0 missing examples
[INFO] finished tweaking crates.io crate nacre-tess 0.0.1
[INFO] tweaked toml for crates.io crate nacre-tess 0.0.1 written to /workspace/builds/worker-2-tc1/source/Cargo.toml
[INFO] validating manifest of crates.io crate nacre-tess 0.0.1 on toolchain 1.99.0-beta.8
[INFO] running `Command { std: CARGO_HOME="/workspace/cargo-home" RUSTUP_HOME="/workspace/rustup-home" "/workspace/cargo-home/bin/cargo" "+1.99.0-beta.8" "metadata" "--manifest-path" "Cargo.toml" "--no-deps", kill_on_drop: false }`
[INFO] crate crates.io crate nacre-tess 0.0.1 already has a lockfile, it will not be regenerated
[INFO] running `Command { std: CARGO_HOME="/workspace/cargo-home" RUSTUP_HOME="/workspace/rustup-home" "/workspace/cargo-home/bin/cargo" "+1.99.0-beta.8" "fetch" "--manifest-path" "Cargo.toml", kill_on_drop: false }`
[INFO] [stderr]     Updating crates.io index
[INFO] [stderr]  Downloading crates ...
[INFO] [stderr]   Downloaded nacre-math v0.0.1
[INFO] [stderr]   Downloaded nacre-store v0.0.1
[INFO] [stderr]   Downloaded astro-float v0.9.5
[INFO] [stderr]   Downloaded astro-float-macro v0.4.5
[INFO] [stderr]   Downloaded nacre-predicates v0.0.1
[INFO] [stderr]   Downloaded nacre-geom v0.0.1
[INFO] [stderr]   Downloaded zerocopy-derive v0.8.53
[INFO] [stderr]   Downloaded nacre-topo v0.0.1
[INFO] [stderr]   Downloaded zerocopy v0.8.53
[INFO] [stderr]   Downloaded astro-float-num v0.3.6
[INFO] [stderr]   Downloaded nacre-exact v0.0.1
[INFO] running `Command { std: "docker" "create" "-v" "/var/lib/crater-agent-workspace/builds/worker-2-tc1/source:/opt/rustwide/workdir:ro,Z" "-v" "/var/lib/crater-agent-workspace/builds/worker-2-tc1/target:/opt/rustwide/target:rw,Z" "-v" "/var/lib/crater-agent-workspace/cargo-home:/opt/rustwide/cargo-home:ro,Z" "-v" "/var/lib/crater-agent-workspace/rustup-home:/opt/rustwide/rustup-home:ro,Z" "-m" "1610612736" "--network" "none" "ghcr.io/rust-lang/crates-build-env/linux@sha256:77db811e55d90add9212f6832c23229e3de5f1c1f9905e8cb07319ea15df73ac" "sleep" "infinity", kill_on_drop: false }`
[INFO] [stdout] df36a1af6ee8f68197961f564b4336cc947d14c92523962812339789e01ceb0d
[INFO] running `Command { std: "docker" "start" "df36a1af6ee8f68197961f564b4336cc947d14c92523962812339789e01ceb0d", kill_on_drop: false }`
[INFO] running `Command { std: "docker" "inspect" "df36a1af6ee8f68197961f564b4336cc947d14c92523962812339789e01ceb0d", kill_on_drop: false }`
[INFO] running `Command { std: "docker" "exec" "-e" "SOURCE_DIR=/opt/rustwide/workdir" "-e" "CARGO_HOME=/opt/rustwide/cargo-home" "-e" "RUSTUP_HOME=/opt/rustwide/rustup-home" "-e" "CARGO_TARGET_DIR=/opt/rustwide/target" "-w" "/opt/rustwide/workdir" "--user" "0:0" "df36a1af6ee8f68197961f564b4336cc947d14c92523962812339789e01ceb0d" "/opt/rustwide/cargo-home/bin/cargo" "+1.99.0-beta.8" "metadata" "--no-deps" "--format-version=1", kill_on_drop: false }`
[INFO] running `Command { std: "docker" "inspect" "df36a1af6ee8f68197961f564b4336cc947d14c92523962812339789e01ceb0d", kill_on_drop: false }`
[INFO] running `Command { std: "docker" "exec" "-e" "SOURCE_DIR=/opt/rustwide/workdir" "-e" "CARGO_HOME=/opt/rustwide/cargo-home" "-e" "RUSTUP_HOME=/opt/rustwide/rustup-home" "-e" "CARGO_TARGET_DIR=/opt/rustwide/target" "-e" "CARGO_INCREMENTAL=0" "-e" "RUST_BACKTRACE=full" "-e" "RUSTFLAGS=--cap-lints=warn" "-e" "RUSTDOCFLAGS=--cap-lints=warn" "-w" "/opt/rustwide/workdir" "--user" "0:0" "df36a1af6ee8f68197961f564b4336cc947d14c92523962812339789e01ceb0d" "/opt/rustwide/cargo-home/bin/cargo" "+1.99.0-beta.8" "build" "--frozen" "--message-format=json" "--release", kill_on_drop: false }`
[INFO] [stderr]    Compiling libc v0.2.186
[INFO] [stderr]    Compiling zerocopy v0.8.53
[INFO] [stderr]    Compiling quote v1.0.46
[INFO] [stderr]    Compiling syn v1.0.109
[INFO] [stderr]    Compiling either v1.16.0
[INFO] [stderr]    Compiling serde v1.0.228
[INFO] [stderr]    Compiling lazy_static v1.5.0
[INFO] [stderr]    Compiling geometry-predicates v0.3.0
[INFO] [stderr]    Compiling nacre-math v0.0.1
[INFO] [stderr]    Compiling nacre-store v0.0.1
[INFO] [stderr]    Compiling num-integer v0.1.46
[INFO] [stderr]    Compiling num-bigint v0.4.8
[INFO] [stderr]    Compiling itertools v0.10.5
[INFO] [stderr]    Compiling nacre-predicates v0.0.1
[INFO] [stderr]    Compiling getrandom v0.2.17
[INFO] [stderr]    Compiling rand_core v0.6.4
[INFO] [stderr]    Compiling astro-float-num v0.3.6
[INFO] [stderr]    Compiling num-rational v0.4.2
[INFO] [stderr]    Compiling astro-float-macro v0.4.5
[INFO] [stderr]    Compiling ppv-lite86 v0.2.21
[INFO] [stderr]    Compiling rand_chacha v0.3.1
[INFO] [stderr]    Compiling rand v0.8.7
[INFO] [stderr]    Compiling astro-float v0.9.5
[INFO] [stderr]    Compiling nacre-exact v0.0.1
[INFO] [stderr]    Compiling nacre-geom v0.0.1
[INFO] [stderr]    Compiling nacre-topo v0.0.1
[INFO] [stderr]    Compiling nacre-tess v0.0.1 (/opt/rustwide/workdir)
[INFO] [stderr]     Finished `release` profile [optimized] target(s) in 20.46s
[INFO] running `Command { std: "docker" "inspect" "df36a1af6ee8f68197961f564b4336cc947d14c92523962812339789e01ceb0d", kill_on_drop: false }`
[INFO] running `Command { std: "docker" "exec" "-e" "SOURCE_DIR=/opt/rustwide/workdir" "-e" "CARGO_HOME=/opt/rustwide/cargo-home" "-e" "RUSTUP_HOME=/opt/rustwide/rustup-home" "-e" "CARGO_TARGET_DIR=/opt/rustwide/target" "-e" "CARGO_INCREMENTAL=0" "-e" "RUST_BACKTRACE=full" "-e" "RUSTFLAGS=--cap-lints=warn" "-e" "RUSTDOCFLAGS=--cap-lints=warn" "-w" "/opt/rustwide/workdir" "--user" "0:0" "df36a1af6ee8f68197961f564b4336cc947d14c92523962812339789e01ceb0d" "/opt/rustwide/cargo-home/bin/cargo" "+1.99.0-beta.8" "test" "--frozen" "--no-run" "--message-format=json" "--release", kill_on_drop: false }`
[INFO] [stderr]    Compiling getrandom v0.2.17
[INFO] [stderr]    Compiling bitflags v2.13.0
[INFO] [stderr]    Compiling fastrand v2.4.1
[INFO] [stderr]    Compiling wait-timeout v0.2.1
[INFO] [stderr]    Compiling getrandom v0.3.4
[INFO] [stderr]    Compiling bit-vec v0.8.0
[INFO] [stderr]    Compiling unarray v0.1.4
[INFO] [stderr]    Compiling rustix v1.1.4
[INFO] [stderr]    Compiling rand_core v0.9.5
[INFO] [stderr]    Compiling rand v0.9.4
[INFO] [stderr]    Compiling rand_xorshift v0.4.0
[INFO] [stderr]    Compiling rand_chacha v0.9.0
[INFO] [stderr]    Compiling bit-set v0.8.0
[INFO] [stderr]    Compiling rand_core v0.6.4
[INFO] [stderr]    Compiling rand_chacha v0.3.1
[INFO] [stderr]    Compiling rand v0.8.7
[INFO] [stderr]    Compiling astro-float-num v0.3.6
[INFO] [stderr]    Compiling tempfile v3.27.0
[INFO] [stderr]    Compiling rusty-fork v0.3.1
[INFO] [stderr]    Compiling proptest v1.11.0
[INFO] [stderr]    Compiling astro-float v0.9.5
[INFO] [stderr]    Compiling nacre-exact v0.0.1
[INFO] [stderr]    Compiling nacre-geom v0.0.1
[INFO] [stderr]    Compiling nacre-topo v0.0.1
[INFO] [stderr]    Compiling nacre-tess v0.0.1 (/opt/rustwide/workdir)
[INFO] [stdout] error[E0432]: unresolved import `nacre_ops`
[INFO] [stdout]   --> examples/dump_cylinder_obj.rs:10:5
[INFO] [stdout]    |
[INFO] [stdout] 10 | use nacre_ops::{DatumDef, OpOutput, Operation, Ring2d, SketchPlane, apply, from_paths};
[INFO] [stdout]    |     ^^^^^^^^^ use of unresolved module or unlinked crate `nacre_ops`
[INFO] [stdout]    |
[INFO] [stdout] help: there is a crate or module with a similar name
[INFO] [stdout]    |
[INFO] [stdout] 10 - use nacre_ops::{DatumDef, OpOutput, Operation, Ring2d, SketchPlane, apply, from_paths};
[INFO] [stdout] 10 + use nacre_topo::{DatumDef, OpOutput, Operation, Ring2d, SketchPlane, apply, from_paths};
[INFO] [stdout]    |
[INFO] [stdout] 
[INFO] [stdout] 
[INFO] [stdout] error[E0433]: cannot find module or crate `nacre_ops` in this scope
[INFO] [stdout]   --> examples/dump_cube.rs:12:5
[INFO] [stdout]    |
[INFO] [stdout] 12 |     nacre_ops::fixtures::cuboid(
[INFO] [stdout]    |     ^^^^^^^^^ use of unresolved module or unlinked crate `nacre_ops`
[INFO] [stdout]    |
[INFO] [stdout] help: there is a crate or module with a similar name
[INFO] [stdout]    |
[INFO] [stdout] 12 -     nacre_ops::fixtures::cuboid(
[INFO] [stdout] 12 +     nacre_topo::fixtures::cuboid(
[INFO] [stdout]    |
[INFO] [stdout] 
[INFO] [stdout] 
[INFO] [stdout] For more information about this error, try `rustc --explain E0432`.
[INFO] [stdout] 
[INFO] [stderr] error: could not compile `nacre-tess` (example "dump_cylinder_obj") due to 1 previous error
[INFO] [stdout] For more information about this error, try `rustc --explain E0433`.
[INFO] [stdout] 
[INFO] [stderr] warning: build failed, waiting for other jobs to finish...
[INFO] [stderr] error: could not compile `nacre-tess` (example "dump_cube") due to 1 previous error
[INFO] [stdout] error[E0433]: cannot find module or crate `nacre_ops` in this scope
[INFO] [stdout]  --> src/tests/lib.rs:8:5
[INFO] [stdout]   |
[INFO] [stdout] 8 |     nacre_ops::fixtures::cuboid(&mut m, Point3::from_array(min), Point3::from_array(max));
[INFO] [stdout]   |     ^^^^^^^^^ use of unresolved module or unlinked crate `nacre_ops`
[INFO] [stdout]   |
[INFO] [stdout] help: there is a crate or module with a similar name
[INFO] [stdout]   |
[INFO] [stdout] 8 -     nacre_ops::fixtures::cuboid(&mut m, Point3::from_array(min), Point3::from_array(max));
[INFO] [stdout] 8 +     nacre_topo::fixtures::cuboid(&mut m, Point3::from_array(min), Point3::from_array(max));
[INFO] [stdout]   |
[INFO] [stdout] 
[INFO] [stdout] 
[INFO] [stdout] error[E0433]: cannot find module or crate `nacre_ops` in this scope
[INFO] [stdout]   --> src/tests/lib.rs:14:5
[INFO] [stdout]    |
[INFO] [stdout] 14 |     nacre_ops::fixtures::cylinder(
[INFO] [stdout]    |     ^^^^^^^^^ use of unresolved module or unlinked crate `nacre_ops`
[INFO] [stdout]    |
[INFO] [stdout] help: there is a crate or module with a similar name
[INFO] [stdout]    |
[INFO] [stdout] 14 -     nacre_ops::fixtures::cylinder(
[INFO] [stdout] 14 +     nacre_topo::fixtures::cylinder(
[INFO] [stdout]    |
[INFO] [stdout] 
[INFO] [stdout] 
[INFO] [stdout] error[E0433]: cannot find module or crate `nacre_ops` in this scope
[INFO] [stdout]    --> src/tests/lib.rs:450:9
[INFO] [stdout]     |
[INFO] [stdout] 450 |         nacre_ops::fixtures::cuboid_on(&mut m, [min[0], min[1]], [min[0] + ext[0], min[1] + ext[1]], min[2], ext[2]);
[INFO] [stdout]     |         ^^^^^^^^^ use of unresolved module or unlinked crate `nacre_ops`
[INFO] [stdout]     |
[INFO] [stdout] help: there is a crate or module with a similar name
[INFO] [stdout]     |
[INFO] [stdout] 450 -         nacre_ops::fixtures::cuboid_on(&mut m, [min[0], min[1]], [min[0] + ext[0], min[1] + ext[1]], min[2], ext[2]);
[INFO] [stdout] 450 +         nacre_topo::fixtures::cuboid_on(&mut m, [min[0], min[1]], [min[0] + ext[0], min[1] + ext[1]], min[2], ext[2]);
[INFO] [stdout]     |
[INFO] [stdout] 
[INFO] [stdout] 
[INFO] [stdout] For more information about this error, try `rustc --explain E0433`.
[INFO] [stdout] 
[INFO] [stderr] error: could not compile `nacre-tess` (lib test) due to 3 previous errors
[INFO] running `Command { std: "docker" "inspect" "df36a1af6ee8f68197961f564b4336cc947d14c92523962812339789e01ceb0d", kill_on_drop: false }`
[INFO] running `Command { std: "docker" "rm" "-f" "df36a1af6ee8f68197961f564b4336cc947d14c92523962812339789e01ceb0d", kill_on_drop: false }`
[INFO] [stdout] df36a1af6ee8f68197961f564b4336cc947d14c92523962812339789e01ceb0d
