[INFO] fetching crate nacos-tonic-adapter 0.1.20...
[INFO] testing nacos-tonic-adapter-0.1.20 against 1.99.0-beta.8+cargoflags=--release for beta-release-1.100-2
[INFO] extracting crate nacos-tonic-adapter 0.1.20 into /workspace/builds/worker-6-tc1/source
[INFO] started tweaking crates.io crate nacos-tonic-adapter 0.1.20
[INFO] finished tweaking crates.io crate nacos-tonic-adapter 0.1.20
[INFO] tweaked toml for crates.io crate nacos-tonic-adapter 0.1.20 written to /workspace/builds/worker-6-tc1/source/Cargo.toml
[INFO] validating manifest of crates.io crate nacos-tonic-adapter 0.1.20 on toolchain 1.99.0-beta.8
[INFO] running `Command { std: CARGO_HOME="/workspace/cargo-home" RUSTUP_HOME="/workspace/rustup-home" "/workspace/cargo-home/bin/cargo" "+1.99.0-beta.8" "metadata" "--manifest-path" "Cargo.toml" "--no-deps", kill_on_drop: false }`
[INFO] running `Command { std: CARGO_HOME="/workspace/cargo-home" RUSTUP_HOME="/workspace/rustup-home" "/workspace/cargo-home/bin/cargo" "+1.99.0-beta.8" "generate-lockfile" "--manifest-path" "Cargo.toml", kill_on_drop: false }`
[INFO] [stderr]     Updating crates.io index
[INFO] [stderr]     Blocking waiting for file lock on package cache
[INFO] [stderr]      Locking 231 packages to highest compatible versions
[INFO] [stderr]       Adding env_logger v0.9.3 (available: v0.11.11)
[INFO] [stderr]       Adding matchit v0.8.4 (available: v0.8.6)
[INFO] [stderr]       Adding tower v0.4.13 (available: v0.5.3)
[INFO] running `Command { std: CARGO_HOME="/workspace/cargo-home" RUSTUP_HOME="/workspace/rustup-home" "/workspace/cargo-home/bin/cargo" "+1.99.0-beta.8" "fetch" "--manifest-path" "Cargo.toml", kill_on_drop: false }`
[INFO] [stderr]     Blocking waiting for file lock on package cache
[INFO] [stderr]  Downloading crates ...
[INFO] [stderr]   Downloaded nacos-naming-client v0.1.16
[INFO] [stderr]   Downloaded h2 v0.4.20
[INFO] [stderr]   Downloaded serde_repr v0.1.21
[INFO] [stderr]   Downloaded hyper-timeout v0.5.2
[INFO] [stderr]   Downloaded uuid v0.8.2
[INFO] [stderr]   Downloaded protobuf-support v3.7.2
[INFO] [stderr]   Downloaded nacos-sdk-core v0.1.0
[INFO] [stderr]   Downloaded local_ipaddress v0.1.3
[INFO] [stderr]   Downloaded tonic v0.14.6
[INFO] [stderr]   Downloaded combine v4.6.9
[INFO] [stderr]   Downloaded async_once v0.2.6
[INFO] [stderr]   Downloaded prometheus v0.14.0
[INFO] [stderr]   Downloaded itertools v0.15.0
[INFO] [stderr]   Downloaded aws-lc-rs v1.18.2
[INFO] [stderr]   Downloaded protobuf v3.7.2
[INFO] [stderr]   Downloaded aws-lc-sys v0.46.0
[INFO] running `Command { std: "docker" "create" "-v" "/var/lib/crater-agent-workspace/builds/worker-6-tc1/source:/opt/rustwide/workdir:ro,Z" "-v" "/var/lib/crater-agent-workspace/builds/worker-6-tc1/target:/opt/rustwide/target:rw,Z" "-v" "/var/lib/crater-agent-workspace/cargo-home:/opt/rustwide/cargo-home:ro,Z" "-v" "/var/lib/crater-agent-workspace/rustup-home:/opt/rustwide/rustup-home:ro,Z" "-m" "1610612736" "--network" "none" "ghcr.io/rust-lang/crates-build-env/linux@sha256:77db811e55d90add9212f6832c23229e3de5f1c1f9905e8cb07319ea15df73ac" "sleep" "infinity", kill_on_drop: false }`
[INFO] [stdout] ea0d72a6f03aa75c806049b3312c2a18048ce92e9d0ea3cca630f5cb8034253e
[INFO] running `Command { std: "docker" "start" "ea0d72a6f03aa75c806049b3312c2a18048ce92e9d0ea3cca630f5cb8034253e", kill_on_drop: false }`
[INFO] running `Command { std: "docker" "inspect" "ea0d72a6f03aa75c806049b3312c2a18048ce92e9d0ea3cca630f5cb8034253e", kill_on_drop: false }`
[INFO] running `Command { std: "docker" "exec" "-e" "SOURCE_DIR=/opt/rustwide/workdir" "-e" "CARGO_HOME=/opt/rustwide/cargo-home" "-e" "RUSTUP_HOME=/opt/rustwide/rustup-home" "-e" "CARGO_TARGET_DIR=/opt/rustwide/target" "-w" "/opt/rustwide/workdir" "--user" "0:0" "ea0d72a6f03aa75c806049b3312c2a18048ce92e9d0ea3cca630f5cb8034253e" "/opt/rustwide/cargo-home/bin/cargo" "+1.99.0-beta.8" "metadata" "--no-deps" "--format-version=1", kill_on_drop: false }`
[INFO] running `Command { std: "docker" "inspect" "ea0d72a6f03aa75c806049b3312c2a18048ce92e9d0ea3cca630f5cb8034253e", kill_on_drop: false }`
[INFO] running `Command { std: "docker" "exec" "-e" "SOURCE_DIR=/opt/rustwide/workdir" "-e" "CARGO_HOME=/opt/rustwide/cargo-home" "-e" "RUSTUP_HOME=/opt/rustwide/rustup-home" "-e" "CARGO_TARGET_DIR=/opt/rustwide/target" "-e" "CARGO_INCREMENTAL=0" "-e" "RUST_BACKTRACE=full" "-e" "RUSTFLAGS=--cap-lints=warn" "-e" "RUSTDOCFLAGS=--cap-lints=warn" "-w" "/opt/rustwide/workdir" "--user" "0:0" "ea0d72a6f03aa75c806049b3312c2a18048ce92e9d0ea3cca630f5cb8034253e" "/opt/rustwide/cargo-home/bin/cargo" "+1.99.0-beta.8" "build" "--frozen" "--message-format=json" "--release", kill_on_drop: false }`
[INFO] [stderr]    Compiling smallvec v1.16.3
[INFO] [stderr]    Compiling syn v2.0.119
[INFO] [stderr]    Compiling synstructure v0.14.0
[INFO] [stderr]    Compiling errno v0.3.14
[INFO] [stderr]    Compiling mio v1.2.4
[INFO] [stderr]    Compiling socket2 v0.6.5
[INFO] [stderr]    Compiling tokio-macros v2.7.2
[INFO] [stderr]    Compiling log v0.4.34
[INFO] [stderr]    Compiling zerovec-derive v0.11.6
[INFO] [stderr]    Compiling displaydoc v0.2.7
[INFO] [stderr]    Compiling dunce v1.0.5
[INFO] [stderr]    Compiling fs_extra v1.3.0
[INFO] [stderr]    Compiling cc v1.8.0
[INFO] [stderr]    Compiling http-body v1.1.0
[INFO] [stderr]    Compiling futures-task v0.3.34
[INFO] [stderr]    Compiling aws-lc-rs v1.18.2
[INFO] [stderr]    Compiling zeroize v1.9.1
[INFO] [stderr]    Compiling signal-hook-registry v1.4.8
[INFO] [stderr]    Compiling serde_core v1.0.229
[INFO] [stderr]    Compiling want v0.3.2
[INFO] [stderr]    Compiling sync_wrapper v1.0.2
[INFO] [stderr]    Compiling futures-channel v0.3.34
[INFO] [stderr]    Compiling parking_lot_core v0.9.12
[INFO] [stderr]    Compiling futures-util v0.3.34
[INFO] [stderr]    Compiling rustls-pki-types v1.15.1
[INFO] [stderr]    Compiling rustls v0.23.46
[INFO] [stderr]    Compiling crossbeam-utils v0.8.23
[INFO] [stderr]    Compiling parking_lot v0.12.5
[INFO] [stderr]    Compiling base64 v0.23.1
[INFO] [stderr]    Compiling ipnet v2.12.2
[INFO] [stderr]    Compiling zerofrom-derive v0.1.8
[INFO] [stderr]    Compiling yoke-derive v0.8.4
[INFO] [stderr]    Compiling tokio v1.53.3
[INFO] [stderr]    Compiling http-body-util v0.1.5
[INFO] [stderr]    Compiling serde_derive v1.0.229
[INFO] [stderr]    Compiling cmake v0.1.58
[INFO] [stderr]    Compiling encoding_rs v0.8.42
[INFO] [stderr]    Compiling crc32fast v1.5.2
[INFO] [stderr]    Compiling openssl-probe v0.2.1
[INFO] [stderr]    Compiling protobuf v3.7.2
[INFO] [stderr]    Compiling thiserror-impl v2.0.21
[INFO] [stderr]    Compiling prometheus v0.14.0
[INFO] [stderr]    Compiling rustls-native-certs v0.8.5
[INFO] [stderr]    Compiling core_detect v1.0.0
[INFO] [stderr]    Compiling simdutf8 v0.1.5
[INFO] [stderr]    Compiling multiversion_no_op v1.0.0
[INFO] [stderr]    Compiling crossbeam-deque v0.8.8
[INFO] [stderr]    Compiling crossbeam-epoch v0.9.21
[INFO] [stderr]    Compiling getrandom v0.4.3
[INFO] [stderr]    Compiling axum-core v0.5.6
[INFO] [stderr]    Compiling getrandom v0.2.17
[INFO] [stderr]    Compiling async-trait v0.1.92
[INFO] [stderr]    Compiling aws-lc-sys v0.46.0
[INFO] [stderr]    Compiling libz-sys v1.1.30
[INFO] [stderr]    Compiling matchit v0.8.4
[INFO] [stderr]    Compiling itertools v0.15.0
[INFO] [stderr]    Compiling zerofrom v0.1.8
[INFO] [stderr]    Compiling yoke v0.8.3
[INFO] [stderr]    Compiling zerovec v0.11.8
[INFO] [stderr]    Compiling zerotrie v0.2.5
[INFO] [stderr]    Compiling thiserror v2.0.21
[INFO] [stderr]    Compiling flate2 v1.1.10
[INFO] [stderr]    Compiling uuid v0.8.2
[INFO] [stderr]    Compiling rand v0.10.3
[INFO] [stderr]    Compiling crossbeam-queue v0.3.14
[INFO] [stderr]    Compiling crossbeam-channel v0.5.17
[INFO] [stderr]    Compiling serde_repr v0.1.21
[INFO] [stderr]    Compiling local_ipaddress v0.1.3
[INFO] [stderr]    Compiling tinystr v0.8.4
[INFO] [stderr]    Compiling potential_utf v0.1.6
[INFO] [stderr]    Compiling async_once v0.2.6
[INFO] [stderr]    Compiling icu_locale_core v2.3.0
[INFO] [stderr]    Compiling icu_collections v2.3.0
[INFO] [stderr]    Compiling crossbeam v0.8.5
[INFO] [stderr]    Compiling serde_json v1.0.154
[INFO] [stderr]    Compiling serde v1.0.229
[INFO] [stderr]    Compiling tracing-attributes v0.1.31
[INFO] [stderr]    Compiling thiserror-impl v1.0.69
[INFO] [stderr]    Compiling pin-project-internal v1.1.13
[INFO] [stderr]    Compiling serde_urlencoded v0.7.1
[INFO] [stderr]    Compiling icu_provider v2.3.1
[INFO] [stderr]    Compiling icu_normalizer v2.3.0
[INFO] [stderr]    Compiling icu_properties v2.3.0
[INFO] [stderr]    Compiling thiserror v1.0.69
[INFO] [stderr]    Compiling protobuf-support v3.7.2
[INFO] [stderr]    Compiling pin-project v1.1.13
[INFO] [stderr]    Compiling tracing v0.1.44
[INFO] [stderr]    Compiling tower v0.4.13
[INFO] [stderr]    Compiling idna_adapter v1.2.2
[INFO] [stderr]    Compiling idna v1.1.0
[INFO] [stderr]    Compiling url v2.5.8
[INFO] [stderr]    Compiling tokio-util v0.7.20
[INFO] [stderr]    Compiling nacos-sdk-core v0.1.0
[INFO] [stderr]    Compiling tokio-stream v0.1.19
[INFO] [stderr]    Compiling h2 v0.4.20
[INFO] [stderr]    Compiling tower v0.5.3
[INFO] [stderr]    Compiling tower-http v0.6.11
[INFO] [stderr]    Compiling axum v0.8.9
[INFO] [stderr]    Compiling hyper v1.12.0
[INFO] [stderr]    Compiling hyper-util v0.1.21
[INFO] [stderr]    Compiling hyper-timeout v0.5.2
[INFO] [stderr]    Compiling tonic v0.14.6
[INFO] [stderr]    Compiling rustls-webpki v0.103.15
[INFO] [stderr]    Compiling tokio-rustls v0.26.6
[INFO] [stderr]    Compiling rustls-platform-verifier v0.7.1
[INFO] [stderr]    Compiling hyper-rustls v0.27.10
[INFO] [stderr]    Compiling reqwest v0.13.5
[INFO] [stderr]    Compiling nacos-naming-client v0.1.16
[INFO] [stdout] error[E0277]: the trait bound `StandardUniform: rand::distr::Distribution<usize>` is not satisfied
[INFO] [stdout]    --> /opt/rustwide/cargo-home/registry/src/index.crates.io-1949cf8c6b5b557f/nacos-naming-client-0.1.16/src/net/http/client.rs:52:40
[INFO] [stdout]     |
[INFO] [stdout]  52 |         let mut index = rand::random::<usize>() % base.len();
[INFO] [stdout]     |                                        ^^^^^ the trait `rand::distr::Distribution<usize>` is not implemented for `StandardUniform`
[INFO] [stdout]     |
[INFO] [stdout]     = help: `StandardUniform` implements trait `rand::distr::Distribution<T>`:
[INFO] [stdout]               rand::distr::Distribution<()>
[INFO] [stdout]               rand::distr::Distribution<(A, B)>
[INFO] [stdout]               rand::distr::Distribution<(A, B, C)>
[INFO] [stdout]               rand::distr::Distribution<(A, B, C, D)>
[INFO] [stdout]               rand::distr::Distribution<(A, B, C, D, E)>
[INFO] [stdout]               rand::distr::Distribution<(A, B, C, D, E, F)>
[INFO] [stdout]               rand::distr::Distribution<(A, B, C, D, E, F, G)>
[INFO] [stdout]               rand::distr::Distribution<(A, B, C, D, E, F, G, H)>
[INFO] [stdout]             and 33 others
[INFO] [stdout] note: required by a bound in `rand::random`
[INFO] [stdout]    --> /opt/rustwide/cargo-home/registry/src/index.crates.io-1949cf8c6b5b557f/rand-0.10.3/src/lib.rs:192:22
[INFO] [stdout]     |
[INFO] [stdout] 190 | pub fn random<T>() -> T
[INFO] [stdout]     |        ------ required by a bound in this function
[INFO] [stdout] 191 | where
[INFO] [stdout] 192 |     StandardUniform: Distribution<T>,
[INFO] [stdout]     |                      ^^^^^^^^^^^^^^^ required by this bound in `random`
[INFO] [stdout] 
[INFO] [stdout] 
[INFO] [stdout] error[E0599]: no method named `query` found for struct `RequestBuilder` in the current scope
[INFO] [stdout]   --> /opt/rustwide/cargo-home/registry/src/index.crates.io-1949cf8c6b5b557f/nacos-naming-client-0.1.16/src/net/http/client.rs:74:36
[INFO] [stdout]    |
[INFO] [stdout] 74 |             Method::GET => request.query(data),
[INFO] [stdout]    |                                    ^^^^^ method not found in `RequestBuilder`
[INFO] [stdout] 
[INFO] [stdout] 
[INFO] [stdout] error[E0599]: no method named `form` found for struct `RequestBuilder` in the current scope
[INFO] [stdout]   --> /opt/rustwide/cargo-home/registry/src/index.crates.io-1949cf8c6b5b557f/nacos-naming-client-0.1.16/src/net/http/client.rs:75:26
[INFO] [stdout]    |
[INFO] [stdout] 75 |             _ => request.form(data)
[INFO] [stdout]    |                          ^^^^
[INFO] [stdout]    |
[INFO] [stdout] help: there is a method `or` with a similar name
[INFO] [stdout]    |
[INFO] [stdout] 75 -             _ => request.form(data)
[INFO] [stdout] 75 +             _ => request.or(data)
[INFO] [stdout]    |
[INFO] [stdout] 
[INFO] [stdout] 
[INFO] [stdout] error[E0599]: no method named `status` found for type `!` in the current scope
[INFO] [stdout]   --> /opt/rustwide/cargo-home/registry/src/index.crates.io-1949cf8c6b5b557f/nacos-naming-client-0.1.16/src/net/http/client.rs:81:22
[INFO] [stdout]    |
[INFO] [stdout] 81 |         match result.status() {
[INFO] [stdout]    |                      ^^^^^^ method not found in `!`
[INFO] [stdout] 
[INFO] [stdout] 
[INFO] [stdout] error[E0599]: no method named `text` found for type `!` in the current scope
[INFO] [stdout]   --> /opt/rustwide/cargo-home/registry/src/index.crates.io-1949cf8c6b5b557f/nacos-naming-client-0.1.16/src/net/http/client.rs:83:40
[INFO] [stdout]    |
[INFO] [stdout] 83 |                 let resp_text = result.text().await?;
[INFO] [stdout]    |                                        ^^^^ method not found in `!`
[INFO] [stdout] 
[INFO] [stdout] 
[INFO] [stdout] error[E0599]: no method named `text` found for type `!` in the current scope
[INFO] [stdout]   --> /opt/rustwide/cargo-home/registry/src/index.crates.io-1949cf8c6b5b557f/nacos-naming-client-0.1.16/src/net/http/client.rs:87:59
[INFO] [stdout]    |
[INFO] [stdout] 87 |             code@_ => Err(Error::NacosRemote(code, result.text().await?))
[INFO] [stdout]    |                                                           ^^^^ method not found in `!`
[INFO] [stdout] 
[INFO] [stdout] 
[INFO] [stdout] Some errors have detailed explanations: E0277, E0599.
[INFO] [stdout] 
[INFO] [stdout] For more information about an error, try `rustc --explain E0277`.
[INFO] [stdout] 
[INFO] [stderr] error: could not compile `nacos-naming-client` (lib) due to 6 previous errors; 1 warning emitted
[INFO] [stderr] warning: build failed, waiting for other jobs to finish...
[INFO] running `Command { std: "docker" "inspect" "ea0d72a6f03aa75c806049b3312c2a18048ce92e9d0ea3cca630f5cb8034253e", kill_on_drop: false }`
[INFO] running `Command { std: "docker" "rm" "-f" "ea0d72a6f03aa75c806049b3312c2a18048ce92e9d0ea3cca630f5cb8034253e", kill_on_drop: false }`
[INFO] [stdout] ea0d72a6f03aa75c806049b3312c2a18048ce92e9d0ea3cca630f5cb8034253e
