[INFO] fetching crate nachalnik 0.10.0...
[INFO] testing nachalnik-0.10.0 against 1.99.0-beta.8+cargoflags=--release for beta-release-1.100-2
[INFO] extracting crate nachalnik 0.10.0 into /workspace/builds/worker-1-tc1/source
[INFO] started tweaking crates.io crate nachalnik 0.10.0
[INFO] removed 0 missing examples
[INFO] removed 0 missing tests
[INFO] finished tweaking crates.io crate nachalnik 0.10.0
[INFO] tweaked toml for crates.io crate nachalnik 0.10.0 written to /workspace/builds/worker-1-tc1/source/Cargo.toml
[INFO] validating manifest of crates.io crate nachalnik 0.10.0 on toolchain 1.99.0-beta.8
[INFO] running `Command { std: CARGO_HOME="/workspace/cargo-home" RUSTUP_HOME="/workspace/rustup-home" "/workspace/cargo-home/bin/cargo" "+1.99.0-beta.8" "metadata" "--manifest-path" "Cargo.toml" "--no-deps", kill_on_drop: false }`
[INFO] crate crates.io crate nachalnik 0.10.0 already has a lockfile, it will not be regenerated
[INFO] running `Command { std: CARGO_HOME="/workspace/cargo-home" RUSTUP_HOME="/workspace/rustup-home" "/workspace/cargo-home/bin/cargo" "+1.99.0-beta.8" "fetch" "--manifest-path" "Cargo.toml", kill_on_drop: false }`
[INFO] [stderr]  Downloading crates ...
[INFO] [stderr]   Downloaded zerocopy v0.8.60
[INFO] [stderr]   Downloaded zerocopy-derive v0.8.60
[INFO] [stderr]   Downloaded libc v0.2.190
[INFO] [stderr]   Downloaded tokio v1.53.2
[INFO] running `Command { std: "docker" "create" "-v" "/var/lib/crater-agent-workspace/builds/worker-1-tc1/source:/opt/rustwide/workdir:ro,Z" "-v" "/var/lib/crater-agent-workspace/builds/worker-1-tc1/target:/opt/rustwide/target:rw,Z" "-v" "/var/lib/crater-agent-workspace/cargo-home:/opt/rustwide/cargo-home:ro,Z" "-v" "/var/lib/crater-agent-workspace/rustup-home:/opt/rustwide/rustup-home:ro,Z" "-m" "1610612736" "--network" "none" "ghcr.io/rust-lang/crates-build-env/linux@sha256:77db811e55d90add9212f6832c23229e3de5f1c1f9905e8cb07319ea15df73ac" "sleep" "infinity", kill_on_drop: false }`
[INFO] [stdout] b0b747fcd4e2c8821ee556a3e793e90d707d169dbb435fe10c055621beb90e15
[INFO] running `Command { std: "docker" "start" "b0b747fcd4e2c8821ee556a3e793e90d707d169dbb435fe10c055621beb90e15", kill_on_drop: false }`
[INFO] running `Command { std: "docker" "inspect" "b0b747fcd4e2c8821ee556a3e793e90d707d169dbb435fe10c055621beb90e15", kill_on_drop: false }`
[INFO] running `Command { std: "docker" "exec" "-e" "SOURCE_DIR=/opt/rustwide/workdir" "-e" "CARGO_HOME=/opt/rustwide/cargo-home" "-e" "RUSTUP_HOME=/opt/rustwide/rustup-home" "-e" "CARGO_TARGET_DIR=/opt/rustwide/target" "-w" "/opt/rustwide/workdir" "--user" "0:0" "b0b747fcd4e2c8821ee556a3e793e90d707d169dbb435fe10c055621beb90e15" "/opt/rustwide/cargo-home/bin/cargo" "+1.99.0-beta.8" "metadata" "--no-deps" "--format-version=1", kill_on_drop: false }`
[INFO] running `Command { std: "docker" "inspect" "b0b747fcd4e2c8821ee556a3e793e90d707d169dbb435fe10c055621beb90e15", kill_on_drop: false }`
[INFO] running `Command { std: "docker" "exec" "-e" "SOURCE_DIR=/opt/rustwide/workdir" "-e" "CARGO_HOME=/opt/rustwide/cargo-home" "-e" "RUSTUP_HOME=/opt/rustwide/rustup-home" "-e" "CARGO_TARGET_DIR=/opt/rustwide/target" "-e" "CARGO_INCREMENTAL=0" "-e" "RUST_BACKTRACE=full" "-e" "RUSTFLAGS=--cap-lints=warn" "-e" "RUSTDOCFLAGS=--cap-lints=warn" "-w" "/opt/rustwide/workdir" "--user" "0:0" "b0b747fcd4e2c8821ee556a3e793e90d707d169dbb435fe10c055621beb90e15" "/opt/rustwide/cargo-home/bin/cargo" "+1.99.0-beta.8" "build" "--frozen" "--message-format=json" "--release", kill_on_drop: false }`
[INFO] [stderr]    Compiling unicode-ident v1.0.26
[INFO] [stderr]    Compiling libc v0.2.190
[INFO] [stderr]    Compiling serde_core v1.0.229
[INFO] [stderr]    Compiling serde v1.0.229
[INFO] [stderr]    Compiling smallvec v1.16.2
[INFO] [stderr]    Compiling serde_json v1.0.151
[INFO] [stderr]    Compiling pin-project-lite v0.2.17
[INFO] [stderr]    Compiling tokio v1.53.2
[INFO] [stderr]    Compiling proc-macro2 v1.0.107
[INFO] [stderr]    Compiling quote v1.0.47
[INFO] [stderr]    Compiling syn v3.0.6
[INFO] [stderr]    Compiling parking_lot_core v0.9.12
[INFO] [stderr]    Compiling parking_lot v0.12.5
[INFO] [stderr]    Compiling serde_derive v1.0.229
[INFO] [stderr]    Compiling async-trait v0.1.92
[INFO] [stderr]    Compiling nachalnik v0.10.0 (/opt/rustwide/workdir)
[INFO] [stderr]     Finished `release` profile [optimized] target(s) in 18.54s
[INFO] running `Command { std: "docker" "inspect" "b0b747fcd4e2c8821ee556a3e793e90d707d169dbb435fe10c055621beb90e15", kill_on_drop: false }`
[INFO] running `Command { std: "docker" "exec" "-e" "SOURCE_DIR=/opt/rustwide/workdir" "-e" "CARGO_HOME=/opt/rustwide/cargo-home" "-e" "RUSTUP_HOME=/opt/rustwide/rustup-home" "-e" "CARGO_TARGET_DIR=/opt/rustwide/target" "-e" "CARGO_INCREMENTAL=0" "-e" "RUST_BACKTRACE=full" "-e" "RUSTFLAGS=--cap-lints=warn" "-e" "RUSTDOCFLAGS=--cap-lints=warn" "-w" "/opt/rustwide/workdir" "--user" "0:0" "b0b747fcd4e2c8821ee556a3e793e90d707d169dbb435fe10c055621beb90e15" "/opt/rustwide/cargo-home/bin/cargo" "+1.99.0-beta.8" "test" "--frozen" "--no-run" "--message-format=json" "--release", kill_on_drop: false }`
[INFO] [stderr]    Compiling zerocopy v0.8.60
[INFO] [stderr]    Compiling bitflags v2.13.2
[INFO] [stderr]    Compiling regex-syntax v0.8.11
[INFO] [stderr]    Compiling getrandom v0.3.4
[INFO] [stderr]    Compiling syn v3.0.6
[INFO] [stderr]    Compiling rand_core v0.9.5
[INFO] [stderr]    Compiling rand v0.9.5
[INFO] [stderr]    Compiling rand_xorshift v0.4.0
[INFO] [stderr]    Compiling serde_derive v1.0.229
[INFO] [stderr]    Compiling tokio-macros v2.7.2
[INFO] [stderr]    Compiling async-trait v0.1.92
[INFO] [stderr]    Compiling tokio v1.53.2
[INFO] [stderr]    Compiling ppv-lite86 v0.2.21
[INFO] [stderr]    Compiling rand_chacha v0.9.0
[INFO] [stderr]    Compiling serde v1.0.229
[INFO] [stderr]    Compiling proptest v1.11.0
[INFO] [stderr]    Compiling nachalnik v0.10.0 (/opt/rustwide/workdir)
[INFO] [stdout] error[E0432]: unresolved import `nachalnik::test`
[INFO] [stdout]    --> tests/crash.rs:25:5
[INFO] [stdout]     |
[INFO] [stdout]  25 |     test::{AllowAll, ScriptedProvider, call},
[INFO] [stdout]     |     ^^^^ could not find `test` in `nachalnik`
[INFO] [stdout]     |
[INFO] [stdout] note: found an item that was configured out
[INFO] [stdout]    --> src/lib.rs:235:9
[INFO] [stdout]     |
[INFO] [stdout] 234 | #[cfg(feature = "test")]
[INFO] [stdout]     |       ---------------- the item is gated behind the `test` feature
[INFO] [stdout] 235 | pub mod test;
[INFO] [stdout]     |         ^^^^
[INFO] [stdout] 
[INFO] [stdout] 
[INFO] [stdout] error[E0432]: unresolved import `nachalnik::selectors`
[INFO] [stdout]    --> examples/transparency.rs:20:5
[INFO] [stdout]     |
[INFO] [stdout]  20 |     selectors::Selector,
[INFO] [stdout]     |     ^^^^^^^^^ could not find `selectors` in `nachalnik`
[INFO] [stdout]     |
[INFO] [stdout] note: found an item that was configured out
[INFO] [stdout]    --> src/lib.rs:233:9
[INFO] [stdout]     |
[INFO] [stdout] 232 | #[cfg(feature = "selectors")]
[INFO] [stdout]     |       --------------------- the item is gated behind the `selectors` feature
[INFO] [stdout] 233 | pub mod selectors;
[INFO] [stdout]     |         ^^^^^^^^^
[INFO] [stdout] 
[INFO] [stdout] 
[INFO] [stdout] error[E0432]: unresolved import `nachalnik::test`
[INFO] [stdout]    --> tests/invariants.rs:38:17
[INFO] [stdout]     |
[INFO] [stdout]  38 |     ToolCallId, test::call,
[INFO] [stdout]     |                 ^^^^ could not find `test` in `nachalnik`
[INFO] [stdout]     |
[INFO] [stdout] note: found an item that was configured out
[INFO] [stdout]    --> src/lib.rs:235:9
[INFO] [stdout]     |
[INFO] [stdout] 234 | #[cfg(feature = "test")]
[INFO] [stdout]     |       ---------------- the item is gated behind the `test` feature
[INFO] [stdout] 235 | pub mod test;
[INFO] [stdout]     |         ^^^^
[INFO] [stdout] 
[INFO] [stdout] 
[INFO] [stdout] error[E0432]: unresolved import `nachalnik::test`
[INFO] [stdout]    --> tests/common/mod.rs:8:5
[INFO] [stdout]     |
[INFO] [stdout]   8 |     test::{AllowAll, ScriptedProvider},
[INFO] [stdout]     |     ^^^^ could not find `test` in `nachalnik`
[INFO] [stdout]     |
[INFO] [stdout] note: found an item that was configured out
[INFO] [stdout]    --> src/lib.rs:235:9
[INFO] [stdout]     |
[INFO] [stdout] 234 | #[cfg(feature = "test")]
[INFO] [stdout]     |       ---------------- the item is gated behind the `test` feature
[INFO] [stdout] 235 | pub mod test;
[INFO] [stdout]     |         ^^^^
[INFO] [stdout] 
[INFO] [stdout] 
[INFO] [stdout] error[E0432]: unresolved import `nachalnik::test`
[INFO] [stdout]    --> tests/blocks.rs:17:5
[INFO] [stdout]     |
[INFO] [stdout]  17 |     test::{ConstTool, call},
[INFO] [stdout]     |     ^^^^ could not find `test` in `nachalnik`
[INFO] [stdout]     |
[INFO] [stdout] note: found an item that was configured out
[INFO] [stdout]    --> src/lib.rs:235:9
[INFO] [stdout]     |
[INFO] [stdout] 234 | #[cfg(feature = "test")]
[INFO] [stdout]     |       ---------------- the item is gated behind the `test` feature
[INFO] [stdout] 235 | pub mod test;
[INFO] [stdout]     |         ^^^^
[INFO] [stdout] 
[INFO] [stdout] 
[INFO] [stdout] error[E0432]: unresolved import `nachalnik::test`
[INFO] [stdout]    --> tests/context/../common/mod.rs:8:5
[INFO] [stdout]     |
[INFO] [stdout]   8 |     test::{AllowAll, ScriptedProvider},
[INFO] [stdout]     |     ^^^^ could not find `test` in `nachalnik`
[INFO] [stdout]     |
[INFO] [stdout] note: found an item that was configured out
[INFO] [stdout]    --> src/lib.rs:235:9
[INFO] [stdout]     |
[INFO] [stdout] 234 | #[cfg(feature = "test")]
[INFO] [stdout]     |       ---------------- the item is gated behind the `test` feature
[INFO] [stdout] 235 | pub mod test;
[INFO] [stdout]     |         ^^^^
[INFO] [stdout] 
[INFO] [stdout] 
[INFO] [stdout] error[E0432]: unresolved import `nachalnik::test`
[INFO] [stdout]    --> tests/context/items.rs:10:55
[INFO] [stdout]     |
[INFO] [stdout]  10 | use nachalnik::{ContextId, ContextItem, ContextState, test::ConstTool};
[INFO] [stdout]     |                                                       ^^^^ could not find `test` in `nachalnik`
[INFO] [stdout]     |
[INFO] [stdout] note: found an item that was configured out
[INFO] [stdout]    --> src/lib.rs:235:9
[INFO] [stdout]     |
[INFO] [stdout] 234 | #[cfg(feature = "test")]
[INFO] [stdout]     |       ---------------- the item is gated behind the `test` feature
[INFO] [stdout] 235 | pub mod test;
[INFO] [stdout]     |         ^^^^
[INFO] [stdout] 
[INFO] [stdout] 
[INFO] [stdout] error[E0432]: unresolved import `nachalnik::test`
[INFO] [stdout]    --> tests/context/sending.rs:13:5
[INFO] [stdout]     |
[INFO] [stdout]  13 |     test::{ConstTool, EchoTool},
[INFO] [stdout]     |     ^^^^ could not find `test` in `nachalnik`
[INFO] [stdout]     |
[INFO] [stdout] note: found an item that was configured out
[INFO] [stdout]    --> src/lib.rs:235:9
[INFO] [stdout]     |
[INFO] [stdout] 234 | #[cfg(feature = "test")]
[INFO] [stdout]     |       ---------------- the item is gated behind the `test` feature
[INFO] [stdout] 235 | pub mod test;
[INFO] [stdout]     |         ^^^^
[INFO] [stdout] 
[INFO] [stdout] 
[INFO] [stdout] error[E0432]: unresolved import `nachalnik::test`
[INFO] [stdout]    --> tests/context/undo.rs:13:5
[INFO] [stdout]     |
[INFO] [stdout]  13 |     test::{AllowAll, ConstTool, ScriptedProvider, call},
[INFO] [stdout]     |     ^^^^ could not find `test` in `nachalnik`
[INFO] [stdout]     |
[INFO] [stdout] note: found an item that was configured out
[INFO] [stdout]    --> src/lib.rs:235:9
[INFO] [stdout]     |
[INFO] [stdout] 234 | #[cfg(feature = "test")]
[INFO] [stdout]     |       ---------------- the item is gated behind the `test` feature
[INFO] [stdout] 235 | pub mod test;
[INFO] [stdout]     |         ^^^^
[INFO] [stdout] 
[INFO] [stdout] 
[INFO] [stdout] error[E0432]: unresolved import `nachalnik::selectors`
[INFO] [stdout]    --> tests/context/main.rs:14:44
[INFO] [stdout]     |
[INFO] [stdout]  14 | use nachalnik::{Config, ContextId, Kernel, selectors::Selector};
[INFO] [stdout]     |                                            ^^^^^^^^^ could not find `selectors` in `nachalnik`
[INFO] [stdout]     |
[INFO] [stdout] note: found an item that was configured out
[INFO] [stdout]    --> src/lib.rs:233:9
[INFO] [stdout]     |
[INFO] [stdout] 232 | #[cfg(feature = "selectors")]
[INFO] [stdout]     |       --------------------- the item is gated behind the `selectors` feature
[INFO] [stdout] 233 | pub mod selectors;
[INFO] [stdout]     |         ^^^^^^^^^
[INFO] [stdout] 
[INFO] [stdout] 
[INFO] [stdout] error[E0432]: unresolved import `nachalnik_utils`
[INFO] [stdout]   --> examples/common/mod.rs:17:9
[INFO] [stdout]    |
[INFO] [stdout] 17 | pub use nachalnik_utils::{base_url, models, providers};
[INFO] [stdout]    |         ^^^^^^^^^^^^^^^ use of unresolved module or unlinked crate `nachalnik_utils`
[INFO] [stdout]    |
[INFO] [stdout]    = help: if you wanted to use a crate named `nachalnik_utils`, use `cargo add nachalnik_utils` to add it to your `Cargo.toml`
[INFO] [stdout] 
[INFO] [stdout] 
[INFO] [stdout] error[E0432]: unresolved import `nachalnik::selectors`
[INFO] [stdout]    --> examples/compare_models.rs:39:78
[INFO] [stdout]     |
[INFO] [stdout]  39 |     BoxError, Config, ContextItem, Kernel, ModelResponse, StopReason, Usage, selectors::Selector,
[INFO] [stdout]     |                                                                              ^^^^^^^^^ could not find `selectors` in `nachalnik`
[INFO] [stdout]     |
[INFO] [stdout] note: found an item that was configured out
[INFO] [stdout]    --> src/lib.rs:233:9
[INFO] [stdout]     |
[INFO] [stdout] 232 | #[cfg(feature = "selectors")]
[INFO] [stdout]     |       --------------------- the item is gated behind the `selectors` feature
[INFO] [stdout] 233 | pub mod selectors;
[INFO] [stdout]     |         ^^^^^^^^^
[INFO] [stdout] 
[INFO] [stdout] 
[INFO] [stdout] error[E0432]: unresolved import `nachalnik_utils`
[INFO] [stdout]   --> examples/common/mod.rs:17:9
[INFO] [stdout]    |
[INFO] [stdout] 17 | pub use nachalnik_utils::{base_url, models, providers};
[INFO] [stdout]    |         ^^^^^^^^^^^^^^^ use of unresolved module or unlinked crate `nachalnik_utils`
[INFO] [stdout]    |
[INFO] [stdout]    = help: if you wanted to use a crate named `nachalnik_utils`, use `cargo add nachalnik_utils` to add it to your `Cargo.toml`
[INFO] [stdout] 
[INFO] [stdout] 
[INFO] [stdout] error[E0432]: unresolved import `nachalnik::test`
[INFO] [stdout]    --> tests/tokens.rs:9:5
[INFO] [stdout]     |
[INFO] [stdout]   9 |     test::{AllowAll, ConstTool, ScriptedProvider, TooLongProvider, call},
[INFO] [stdout]     |     ^^^^ could not find `test` in `nachalnik`
[INFO] [stdout]     |
[INFO] [stdout] note: found an item that was configured out
[INFO] [stdout]    --> src/lib.rs:235:9
[INFO] [stdout]     |
[INFO] [stdout] 234 | #[cfg(feature = "test")]
[INFO] [stdout]     |       ---------------- the item is gated behind the `test` feature
[INFO] [stdout] 235 | pub mod test;
[INFO] [stdout]     |         ^^^^
[INFO] [stdout] 
[INFO] [stdout] 
[INFO] [stdout] error[E0432]: unresolved import `nachalnik::test`
[INFO] [stdout]    --> tests/common/mod.rs:8:5
[INFO] [stdout]     |
[INFO] [stdout]   8 |     test::{AllowAll, ScriptedProvider},
[INFO] [stdout]     |     ^^^^ could not find `test` in `nachalnik`
[INFO] [stdout]     |
[INFO] [stdout] note: found an item that was configured out
[INFO] [stdout]    --> src/lib.rs:235:9
[INFO] [stdout]     |
[INFO] [stdout] 234 | #[cfg(feature = "test")]
[INFO] [stdout]     |       ---------------- the item is gated behind the `test` feature
[INFO] [stdout] 235 | pub mod test;
[INFO] [stdout]     |         ^^^^
[INFO] [stdout] 
[INFO] [stdout] 
[INFO] [stdout] error[E0432]: unresolved import `nachalnik::test`
[INFO] [stdout]    --> tests/common/mod.rs:8:5
[INFO] [stdout]     |
[INFO] [stdout]   8 |     test::{AllowAll, ScriptedProvider},
[INFO] [stdout]     |     ^^^^ could not find `test` in `nachalnik`
[INFO] [stdout]     |
[INFO] [stdout] note: found an item that was configured out
[INFO] [stdout]    --> src/lib.rs:235:9
[INFO] [stdout]     |
[INFO] [stdout] 234 | #[cfg(feature = "test")]
[INFO] [stdout]     |       ---------------- the item is gated behind the `test` feature
[INFO] [stdout] 235 | pub mod test;
[INFO] [stdout]     |         ^^^^
[INFO] [stdout] 
[INFO] [stdout] 
[INFO] [stdout] error[E0432]: unresolved import `nachalnik::test`
[INFO] [stdout]    --> tests/concurrency.rs:16:5
[INFO] [stdout]     |
[INFO] [stdout]  16 |     test::{AllowAll, ConstTool, ScriptedProvider, call},
[INFO] [stdout]     |     ^^^^ could not find `test` in `nachalnik`
[INFO] [stdout]     |
[INFO] [stdout] note: found an item that was configured out
[INFO] [stdout]    --> src/lib.rs:235:9
[INFO] [stdout]     |
[INFO] [stdout] 234 | #[cfg(feature = "test")]
[INFO] [stdout]     |       ---------------- the item is gated behind the `test` feature
[INFO] [stdout] 235 | pub mod test;
[INFO] [stdout]     |         ^^^^
[INFO] [stdout] 
[INFO] [stdout] 
[INFO] [stdout] For more information about this error, try `rustc --explain E0432`.
[INFO] [stdout] 
[INFO] [stdout] error[E0432]: unresolved import `nachalnik::test`
[INFO] [stdout]    --> tests/common/mod.rs:8:5
[INFO] [stdout]     |
[INFO] [stdout]   8 |     test::{AllowAll, ScriptedProvider},
[INFO] [stdout]     |     ^^^^ could not find `test` in `nachalnik`
[INFO] [stdout]     |
[INFO] [stdout] note: found an item that was configured out
[INFO] [stdout]    --> src/lib.rs:235:9
[INFO] [stdout]     |
[INFO] [stdout] 234 | #[cfg(feature = "test")]
[INFO] [stdout]     |       ---------------- the item is gated behind the `test` feature
[INFO] [stdout] 235 | pub mod test;
[INFO] [stdout]     |         ^^^^
[INFO] [stdout] 
[INFO] [stdout] 
[INFO] [stdout] error[E0432]: unresolved imports `nachalnik::selectors`, `nachalnik::test`
[INFO] [stdout]    --> tests/live.rs:71:5
[INFO] [stdout]     |
[INFO] [stdout]  71 |     selectors::Selector,
[INFO] [stdout]     |     ^^^^^^^^^ could not find `selectors` in `nachalnik`
[INFO] [stdout]  72 |     test::{AllowAll, DenyAll, LargestFirstCompactor, call},
[INFO] [stdout]     |     ^^^^ could not find `test` in `nachalnik`
[INFO] [stdout]     |
[INFO] [stdout] note: found an item that was configured out
[INFO] [stdout]    --> src/lib.rs:233:9
[INFO] [stdout]     |
[INFO] [stdout] 232 | #[cfg(feature = "selectors")]
[INFO] [stdout]     |       --------------------- the item is gated behind the `selectors` feature
[INFO] [stdout] 233 | pub mod selectors;
[INFO] [stdout]     |         ^^^^^^^^^
[INFO] [stdout] note: found an item that was configured out
[INFO] [stdout]    --> src/lib.rs:235:9
[INFO] [stdout]     |
[INFO] [stdout] 234 | #[cfg(feature = "test")]
[INFO] [stdout]     |       ---------------- the item is gated behind the `test` feature
[INFO] [stdout] 235 | pub mod test;
[INFO] [stdout]     |         ^^^^
[INFO] [stdout] 
[INFO] [stdout] 
[INFO] [stdout] error[E0432]: unresolved import `nachalnik_providers`
[INFO] [stdout]   --> tests/live.rs:74:5
[INFO] [stdout]    |
[INFO] [stdout] 74 | use nachalnik_providers::{OpenAiCompatible, out_of_quota};
[INFO] [stdout]    |     ^^^^^^^^^^^^^^^^^^^ use of unresolved module or unlinked crate `nachalnik_providers`
[INFO] [stdout]    |
[INFO] [stdout]    = help: if you wanted to use a crate named `nachalnik_providers`, use `cargo add nachalnik_providers` to add it to your `Cargo.toml`
[INFO] [stdout] 
[INFO] [stdout] 
[INFO] [stdout] error[E0433]: cannot find `test` in `nachalnik`
[INFO] [stdout]    --> tests/context/sending.rs:319:29
[INFO] [stdout]     |
[INFO] [stdout] 319 |     let shared = nachalnik::test::call("c5", "grep", json!({}));
[INFO] [stdout]     |                             ^^^^ could not find `test` in `nachalnik`
[INFO] [stdout]     |
[INFO] [stdout] note: found an item that was configured out
[INFO] [stdout]    --> src/lib.rs:235:9
[INFO] [stdout]     |
[INFO] [stdout] 234 | #[cfg(feature = "test")]
[INFO] [stdout]     |       ---------------- the item is gated behind the `test` feature
[INFO] [stdout] 235 | pub mod test;
[INFO] [stdout]     |         ^^^^
[INFO] [stdout] 
[INFO] [stdout] 
[INFO] [stderr] error: could not compile `nachalnik` (example "transparency") due to 1 previous error
[INFO] [stderr] warning: build failed, waiting for other jobs to finish...
[INFO] [stdout] error[E0433]: cannot find `test` in `nachalnik`
[INFO] [stdout]    --> tests/context/sending.rs:377:28
[INFO] [stdout]     |
[INFO] [stdout] 377 |     let asked = nachalnik::test::call("c1", "read", json!({}));
[INFO] [stdout]     |                            ^^^^ could not find `test` in `nachalnik`
[INFO] [stdout]     |
[INFO] [stdout] note: found an item that was configured out
[INFO] [stdout]    --> src/lib.rs:235:9
[INFO] [stdout]     |
[INFO] [stdout] 234 | #[cfg(feature = "test")]
[INFO] [stdout]     |       ---------------- the item is gated behind the `test` feature
[INFO] [stdout] 235 | pub mod test;
[INFO] [stdout]     |         ^^^^
[INFO] [stdout] 
[INFO] [stdout] 
[INFO] [stdout] error[E0432]: unresolved import `nachalnik::test`
[INFO] [stdout]    --> tests/common/mod.rs:8:5
[INFO] [stdout]     |
[INFO] [stdout]   8 |     test::{AllowAll, ScriptedProvider},
[INFO] [stdout]     |     ^^^^ could not find `test` in `nachalnik`
[INFO] [stdout]     |
[INFO] [stdout] note: found an item that was configured out
[INFO] [stdout]    --> src/lib.rs:235:9
[INFO] [stdout]     |
[INFO] [stdout] 234 | #[cfg(feature = "test")]
[INFO] [stdout]     |       ---------------- the item is gated behind the `test` feature
[INFO] [stdout] 235 | pub mod test;
[INFO] [stdout]     |         ^^^^
[INFO] [stdout] 
[INFO] [stdout] 
[INFO] [stdout] error[E0432]: unresolved imports `nachalnik::selectors`, `nachalnik::test`
[INFO] [stdout]    --> tests/session.rs:11:5
[INFO] [stdout]     |
[INFO] [stdout]  11 |     selectors::Selector,
[INFO] [stdout]     |     ^^^^^^^^^ could not find `selectors` in `nachalnik`
[INFO] [stdout]  12 |     test::{ConstTool, ScriptedProvider, call},
[INFO] [stdout]     |     ^^^^ could not find `test` in `nachalnik`
[INFO] [stdout]     |
[INFO] [stdout] note: found an item that was configured out
[INFO] [stdout]    --> src/lib.rs:233:9
[INFO] [stdout]     |
[INFO] [stdout] 232 | #[cfg(feature = "selectors")]
[INFO] [stdout]     |       --------------------- the item is gated behind the `selectors` feature
[INFO] [stdout] 233 | pub mod selectors;
[INFO] [stdout]     |         ^^^^^^^^^
[INFO] [stdout] note: found an item that was configured out
[INFO] [stdout]    --> src/lib.rs:235:9
[INFO] [stdout]     |
[INFO] [stdout] 234 | #[cfg(feature = "test")]
[INFO] [stdout]     |       ---------------- the item is gated behind the `test` feature
[INFO] [stdout] 235 | pub mod test;
[INFO] [stdout]     |         ^^^^
[INFO] [stdout] 
[INFO] [stdout] 
[INFO] [stdout] error[E0432]: unresolved import `nachalnik::test`
[INFO] [stdout]    --> tests/common/mod.rs:8:5
[INFO] [stdout]     |
[INFO] [stdout]   8 |     test::{AllowAll, ScriptedProvider},
[INFO] [stdout]     |     ^^^^ could not find `test` in `nachalnik`
[INFO] [stdout]     |
[INFO] [stdout] note: found an item that was configured out
[INFO] [stdout]    --> src/lib.rs:235:9
[INFO] [stdout]     |
[INFO] [stdout] 234 | #[cfg(feature = "test")]
[INFO] [stdout]     |       ---------------- the item is gated behind the `test` feature
[INFO] [stdout] 235 | pub mod test;
[INFO] [stdout]     |         ^^^^
[INFO] [stdout] 
[INFO] [stdout] 
[INFO] [stdout] error[E0432]: unresolved import `nachalnik::test`
[INFO] [stdout]    --> tests/state.rs:12:5
[INFO] [stdout]     |
[INFO] [stdout]  12 |     test::{AllowAll, ConstTool, ScriptedProvider, TooLongProvider, call},
[INFO] [stdout]     |     ^^^^ could not find `test` in `nachalnik`
[INFO] [stdout]     |
[INFO] [stdout] note: found an item that was configured out
[INFO] [stdout]    --> src/lib.rs:235:9
[INFO] [stdout]     |
[INFO] [stdout] 234 | #[cfg(feature = "test")]
[INFO] [stdout]     |       ---------------- the item is gated behind the `test` feature
[INFO] [stdout] 235 | pub mod test;
[INFO] [stdout]     |         ^^^^
[INFO] [stdout] 
[INFO] [stdout] 
[INFO] [stdout] error[E0433]: cannot find `test` in `nachalnik`
[INFO] [stdout]    --> tests/concurrency.rs:318:20
[INFO] [stdout]     |
[INFO] [stdout] 318 |         nachalnik::test::Table::new(nachalnik::Verdict::Allow).rule(
[INFO] [stdout]     |                    ^^^^ could not find `test` in `nachalnik`
[INFO] [stdout]     |
[INFO] [stdout] note: found an item that was configured out
[INFO] [stdout]    --> src/lib.rs:235:9
[INFO] [stdout]     |
[INFO] [stdout] 234 | #[cfg(feature = "test")]
[INFO] [stdout]     |       ---------------- the item is gated behind the `test` feature
[INFO] [stdout] 235 | pub mod test;
[INFO] [stdout]     |         ^^^^
[INFO] [stdout] 
[INFO] [stdout] 
[INFO] [stdout] For more information about this error, try `rustc --explain E0432`.
[INFO] [stdout] 
[INFO] [stderr] error: could not compile `nachalnik` (test "crash") due to 1 previous error
[INFO] [stdout] error[E0433]: cannot find `test` in `nachalnik`
[INFO] [stdout]    --> tests/session.rs:124:44
[INFO] [stdout]     |
[INFO] [stdout] 124 |     resumed.set_policy(Arc::new(nachalnik::test::AllowAll));
[INFO] [stdout]     |                                            ^^^^ could not find `test` in `nachalnik`
[INFO] [stdout]     |
[INFO] [stdout] note: found an item that was configured out
[INFO] [stdout]    --> src/lib.rs:235:9
[INFO] [stdout]     |
[INFO] [stdout] 234 | #[cfg(feature = "test")]
[INFO] [stdout]     |       ---------------- the item is gated behind the `test` feature
[INFO] [stdout] 235 | pub mod test;
[INFO] [stdout]     |         ^^^^
[INFO] [stdout] 
[INFO] [stdout] 
[INFO] [stdout] error[E0433]: cannot find `test` in `nachalnik`
[INFO] [stdout]    --> tests/session.rs:522:43
[INFO] [stdout]     |
[INFO] [stdout] 522 |     kernel.set_policy(Arc::new(nachalnik::test::AllowAll));
[INFO] [stdout]     |                                           ^^^^ could not find `test` in `nachalnik`
[INFO] [stdout]     |
[INFO] [stdout] note: found an item that was configured out
[INFO] [stdout]    --> src/lib.rs:235:9
[INFO] [stdout]     |
[INFO] [stdout] 234 | #[cfg(feature = "test")]
[INFO] [stdout]     |       ---------------- the item is gated behind the `test` feature
[INFO] [stdout] 235 | pub mod test;
[INFO] [stdout]     |         ^^^^
[INFO] [stdout] 
[INFO] [stdout] 
[INFO] [stdout] error[E0433]: cannot find `test` in `nachalnik`
[INFO] [stdout]    --> tests/session.rs:526:20
[INFO] [stdout]     |
[INFO] [stdout] 526 |         nachalnik::test::LargestFirstCompactor::default(),
[INFO] [stdout]     |                    ^^^^ could not find `test` in `nachalnik`
[INFO] [stdout]     |
[INFO] [stdout] note: found an item that was configured out
[INFO] [stdout]    --> src/lib.rs:235:9
[INFO] [stdout]     |
[INFO] [stdout] 234 | #[cfg(feature = "test")]
[INFO] [stdout]     |       ---------------- the item is gated behind the `test` feature
[INFO] [stdout] 235 | pub mod test;
[INFO] [stdout]     |         ^^^^
[INFO] [stdout] 
[INFO] [stdout] 
[INFO] [stdout] error[E0433]: cannot find `test` in `nachalnik`
[INFO] [stdout]    --> tests/session.rs:668:44
[INFO] [stdout]     |
[INFO] [stdout] 668 |     resumed.set_policy(Arc::new(nachalnik::test::AllowAll));
[INFO] [stdout]     |                                            ^^^^ could not find `test` in `nachalnik`
[INFO] [stdout]     |
[INFO] [stdout] note: found an item that was configured out
[INFO] [stdout]    --> src/lib.rs:235:9
[INFO] [stdout]     |
[INFO] [stdout] 234 | #[cfg(feature = "test")]
[INFO] [stdout]     |       ---------------- the item is gated behind the `test` feature
[INFO] [stdout] 235 | pub mod test;
[INFO] [stdout]     |         ^^^^
[INFO] [stdout] 
[INFO] [stdout] 
[INFO] [stdout] error[E0432]: unresolved import `nachalnik::test`
[INFO] [stdout]    --> tests/kernel/../common/mod.rs:8:5
[INFO] [stdout]     |
[INFO] [stdout]   8 |     test::{AllowAll, ScriptedProvider},
[INFO] [stdout]     |     ^^^^ could not find `test` in `nachalnik`
[INFO] [stdout]     |
[INFO] [stdout] note: found an item that was configured out
[INFO] [stdout]    --> src/lib.rs:235:9
[INFO] [stdout]     |
[INFO] [stdout] 234 | #[cfg(feature = "test")]
[INFO] [stdout]     |       ---------------- the item is gated behind the `test` feature
[INFO] [stdout] 235 | pub mod test;
[INFO] [stdout]     |         ^^^^
[INFO] [stdout] 
[INFO] [stdout] 
[INFO] [stdout] error[E0432]: unresolved import `nachalnik::test`
[INFO] [stdout]    --> tests/kernel/components.rs:14:5
[INFO] [stdout]     |
[INFO] [stdout]  14 |     test::{AllowAll, DenyAll, LargestFirstCompactor, ScriptedProvider, call},
[INFO] [stdout]     |     ^^^^ could not find `test` in `nachalnik`
[INFO] [stdout]     |
[INFO] [stdout] note: found an item that was configured out
[INFO] [stdout]    --> src/lib.rs:235:9
[INFO] [stdout]     |
[INFO] [stdout] 234 | #[cfg(feature = "test")]
[INFO] [stdout]     |       ---------------- the item is gated behind the `test` feature
[INFO] [stdout] 235 | pub mod test;
[INFO] [stdout]     |         ^^^^
[INFO] [stdout] 
[INFO] [stdout] 
[INFO] [stdout] error[E0432]: unresolved import `nachalnik::test`
[INFO] [stdout]    --> tests/kernel/deciding.rs:17:5
[INFO] [stdout]     |
[INFO] [stdout]  17 |     test::{ConstTool, DenyAll, Table, call},
[INFO] [stdout]     |     ^^^^ could not find `test` in `nachalnik`
[INFO] [stdout]     |
[INFO] [stdout] note: found an item that was configured out
[INFO] [stdout]    --> src/lib.rs:235:9
[INFO] [stdout]     |
[INFO] [stdout] 234 | #[cfg(feature = "test")]
[INFO] [stdout]     |       ---------------- the item is gated behind the `test` feature
[INFO] [stdout] 235 | pub mod test;
[INFO] [stdout]     |         ^^^^
[INFO] [stdout] 
[INFO] [stdout] 
[INFO] [stdout] error[E0432]: unresolved import `nachalnik::test`
[INFO] [stdout]    --> tests/kernel/record.rs:15:5
[INFO] [stdout]     |
[INFO] [stdout]  15 |     test::{ConstTool, EchoTool, LargestFirstCompactor, ScriptedProvider, call},
[INFO] [stdout]     |     ^^^^ could not find `test` in `nachalnik`
[INFO] [stdout]     |
[INFO] [stdout] note: found an item that was configured out
[INFO] [stdout]    --> src/lib.rs:235:9
[INFO] [stdout]     |
[INFO] [stdout] 234 | #[cfg(feature = "test")]
[INFO] [stdout]     |       ---------------- the item is gated behind the `test` feature
[INFO] [stdout] 235 | pub mod test;
[INFO] [stdout]     |         ^^^^
[INFO] [stdout] 
[INFO] [stdout] 
[INFO] [stdout] error[E0432]: unresolved import `nachalnik::test`
[INFO] [stdout]    --> tests/kernel/running.rs:15:5
[INFO] [stdout]     |
[INFO] [stdout]  15 |     test::{AllowAll, BrokenTool, ConstTool, EchoTool, ScriptedProvider, call},
[INFO] [stdout]     |     ^^^^ could not find `test` in `nachalnik`
[INFO] [stdout]     |
[INFO] [stdout] note: found an item that was configured out
[INFO] [stdout]    --> src/lib.rs:235:9
[INFO] [stdout]     |
[INFO] [stdout] 234 | #[cfg(feature = "test")]
[INFO] [stdout]     |       ---------------- the item is gated behind the `test` feature
[INFO] [stdout] 235 | pub mod test;
[INFO] [stdout]     |         ^^^^
[INFO] [stdout] 
[INFO] [stdout] 
[INFO] [stdout] error[E0432]: unresolved import `nachalnik::test`
[INFO] [stdout]    --> tests/kernel/sending.rs:12:62
[INFO] [stdout]     |
[INFO] [stdout]  12 |     Projection, Projector, Role, Skipped, State, StopReason, test::ConstTool,
[INFO] [stdout]     |                                                              ^^^^ could not find `test` in `nachalnik`
[INFO] [stdout]     |
[INFO] [stdout] note: found an item that was configured out
[INFO] [stdout]    --> src/lib.rs:235:9
[INFO] [stdout]     |
[INFO] [stdout] 234 | #[cfg(feature = "test")]
[INFO] [stdout]     |       ---------------- the item is gated behind the `test` feature
[INFO] [stdout] 235 | pub mod test;
[INFO] [stdout]     |         ^^^^
[INFO] [stdout] 
[INFO] [stdout] 
[INFO] [stdout] error[E0432]: unresolved import `nachalnik::selectors`
[INFO] [stdout]    --> tests/kernel/main.rs:17:38
[INFO] [stdout]     |
[INFO] [stdout]  17 | use nachalnik::{ContextItem, Kernel, selectors::Selector};
[INFO] [stdout]     |                                      ^^^^^^^^^ could not find `selectors` in `nachalnik`
[INFO] [stdout]     |
[INFO] [stdout] note: found an item that was configured out
[INFO] [stdout]    --> src/lib.rs:233:9
[INFO] [stdout]     |
[INFO] [stdout] 232 | #[cfg(feature = "selectors")]
[INFO] [stdout]     |       --------------------- the item is gated behind the `selectors` feature
[INFO] [stdout] 233 | pub mod selectors;
[INFO] [stdout]     |         ^^^^^^^^^
[INFO] [stdout] 
[INFO] [stdout] 
[INFO] [stdout] error[E0433]: cannot find `test` in `nachalnik`
[INFO] [stdout]     --> tests/live.rs:1810:41
[INFO] [stdout]      |
[INFO] [stdout] 1810 |     kernel.add_tool(Arc::new(nachalnik::test::ConstTool::new(
[INFO] [stdout]      |                                         ^^^^ could not find `test` in `nachalnik`
[INFO] [stdout]      |
[INFO] [stdout] note: found an item that was configured out
[INFO] [stdout]     --> src/lib.rs:235:9
[INFO] [stdout]      |
[INFO] [stdout]  234 | #[cfg(feature = "test")]
[INFO] [stdout]      |       ---------------- the item is gated behind the `test` feature
[INFO] [stdout]  235 | pub mod test;
[INFO] [stdout]      |         ^^^^
[INFO] [stdout] 
[INFO] [stdout] 
[INFO] [stdout] For more information about this error, try `rustc --explain E0432`.
[INFO] [stdout] 
[INFO] [stdout] For more information about this error, try `rustc --explain E0432`.
[INFO] [stdout] 
[INFO] [stderr] error: could not compile `nachalnik` (test "invariants") due to 1 previous error
[INFO] [stderr] error: could not compile `nachalnik` (example "compare_models") due to 2 previous errors
[INFO] [stdout] error[E0433]: cannot find module or crate `nachalnik_utils` in this scope
[INFO] [stdout]    --> tests/live.rs:155:12
[INFO] [stdout]     |
[INFO] [stdout] 155 |     wired(&nachalnik_utils::test_model(DEFAULT_MODEL), config).await
[INFO] [stdout]     |            ^^^^^^^^^^^^^^^ use of unresolved module or unlinked crate `nachalnik_utils`
[INFO] [stdout]     |
[INFO] [stdout]     = help: if you wanted to use a crate named `nachalnik_utils`, use `cargo add nachalnik_utils` to add it to your `Cargo.toml`
[INFO] [stdout] 
[INFO] [stdout] 
[INFO] [stdout] error[E0433]: cannot find module or crate `nachalnik_utils` in this scope
[INFO] [stdout]    --> tests/live.rs:164:9
[INFO] [stdout]     |
[INFO] [stdout] 164 |         nachalnik_utils::provider(model)
[INFO] [stdout]     |         ^^^^^^^^^^^^^^^ use of unresolved module or unlinked crate `nachalnik_utils`
[INFO] [stdout]     |
[INFO] [stdout]     = help: if you wanted to use a crate named `nachalnik_utils`, use `cargo add nachalnik_utils` to add it to your `Cargo.toml`
[INFO] [stdout] 
[INFO] [stdout] 
[INFO] [stdout] For more information about this error, try `rustc --explain E0432`.
[INFO] [stdout] 
[INFO] [stderr] error: could not compile `nachalnik` (example "panel") due to 1 previous error
[INFO] [stdout] For more information about this error, try `rustc --explain E0432`.
[INFO] [stdout] 
[INFO] [stderr] error: could not compile `nachalnik` (test "tokens") due to 2 previous errors
[INFO] [stdout] For more information about this error, try `rustc --explain E0432`.
[INFO] [stdout] 
[INFO] [stderr] error: could not compile `nachalnik` (test "blocks") due to 2 previous errors
[INFO] [stdout] error[E0433]: cannot find module or crate `nachalnik_utils` in this scope
[INFO] [stdout]    --> tests/live.rs:961:29
[INFO] [stdout]     |
[INFO] [stdout] 961 |         .unwrap_or_else(|_| nachalnik_utils::test_model(DEFAULT_MODEL));
[INFO] [stdout]     |                             ^^^^^^^^^^^^^^^ use of unresolved module or unlinked crate `nachalnik_utils`
[INFO] [stdout]     |
[INFO] [stdout]     = help: if you wanted to use a crate named `nachalnik_utils`, use `cargo add nachalnik_utils` to add it to your `Cargo.toml`
[INFO] [stdout] 
[INFO] [stdout] 
[INFO] [stdout] error[E0433]: cannot find module or crate `nachalnik_utils` in this scope
[INFO] [stdout]    --> tests/live.rs:963:9
[INFO] [stdout]     |
[INFO] [stdout] 963 |         nachalnik_utils::provider(&model)
[INFO] [stdout]     |         ^^^^^^^^^^^^^^^ use of unresolved module or unlinked crate `nachalnik_utils`
[INFO] [stdout]     |
[INFO] [stdout]     = help: if you wanted to use a crate named `nachalnik_utils`, use `cargo add nachalnik_utils` to add it to your `Cargo.toml`
[INFO] [stdout] 
[INFO] [stdout] 
[INFO] [stdout] Some errors have detailed explanations: E0432, E0433.
[INFO] [stdout] 
[INFO] [stdout] For more information about an error, try `rustc --explain E0432`.
[INFO] [stdout] 
[INFO] [stderr] error: could not compile `nachalnik` (test "session") due to 6 previous errors
[INFO] [stdout] Some errors have detailed explanations: E0432, E0433.
[INFO] [stdout] 
[INFO] [stdout] For more information about an error, try `rustc --explain E0432`.
[INFO] [stdout] 
[INFO] [stderr] error: could not compile `nachalnik` (test "concurrency") due to 3 previous errors
[INFO] [stdout] Some errors have detailed explanations: E0432, E0433.
[INFO] [stdout] 
[INFO] [stdout] For more information about an error, try `rustc --explain E0432`.
[INFO] [stdout] 
[INFO] [stderr] error: could not compile `nachalnik` (test "context") due to 7 previous errors
[INFO] [stdout] For more information about this error, try `rustc --explain E0432`.
[INFO] [stdout] 
[INFO] [stderr] error: could not compile `nachalnik` (test "state") due to 2 previous errors
[INFO] [stdout] Some errors have detailed explanations: E0432, E0433.
[INFO] [stdout] 
[INFO] [stdout] For more information about an error, try `rustc --explain E0432`.
[INFO] [stdout] 
[INFO] [stderr] error: could not compile `nachalnik` (test "live") due to 8 previous errors
[INFO] [stdout] For more information about this error, try `rustc --explain E0432`.
[INFO] [stdout] 
[INFO] [stderr] error: could not compile `nachalnik` (test "kernel") due to 7 previous errors
[INFO] running `Command { std: "docker" "inspect" "b0b747fcd4e2c8821ee556a3e793e90d707d169dbb435fe10c055621beb90e15", kill_on_drop: false }`
[INFO] running `Command { std: "docker" "rm" "-f" "b0b747fcd4e2c8821ee556a3e793e90d707d169dbb435fe10c055621beb90e15", kill_on_drop: false }`
[INFO] [stdout] b0b747fcd4e2c8821ee556a3e793e90d707d169dbb435fe10c055621beb90e15
