[INFO] fetching crate nabled-dynamics 0.0.11...
[INFO] testing nabled-dynamics-0.0.11 against 1.100.0-beta.1+cargoflags=--release for beta-release-1.100-2
[INFO] extracting crate nabled-dynamics 0.0.11 into /workspace/builds/worker-5-tc2/source
[INFO] started tweaking crates.io crate nabled-dynamics 0.0.11
[INFO] finished tweaking crates.io crate nabled-dynamics 0.0.11
[INFO] tweaked toml for crates.io crate nabled-dynamics 0.0.11 written to /workspace/builds/worker-5-tc2/source/Cargo.toml
[INFO] validating manifest of crates.io crate nabled-dynamics 0.0.11 on toolchain 1.100.0-beta.1
[INFO] running `Command { std: CARGO_HOME="/workspace/cargo-home" RUSTUP_HOME="/workspace/rustup-home" "/workspace/cargo-home/bin/cargo" "+1.100.0-beta.1" "metadata" "--manifest-path" "Cargo.toml" "--no-deps", kill_on_drop: false }`
[INFO] crate crates.io crate nabled-dynamics 0.0.11 already has a lockfile, it will not be regenerated
[INFO] running `Command { std: CARGO_HOME="/workspace/cargo-home" RUSTUP_HOME="/workspace/rustup-home" "/workspace/cargo-home/bin/cargo" "+1.100.0-beta.1" "fetch" "--manifest-path" "Cargo.toml", kill_on_drop: false }`
[INFO] [stderr] warning: `package.homepage` is redundant with `package.repository`
[INFO] [stderr]   --> Cargo.toml:89:12
[INFO] [stderr]    |
[INFO] [stderr] 89 | homepage = "https://github.com/MontOpsInc/nabled"
[INFO] [stderr]    |            ^^^^^^^^^^^^^^^^^^^^^^^^^^^^^^^^^^^^^^
[INFO] [stderr] ...
[INFO] [stderr] 95 | repository = "https://github.com/MontOpsInc/nabled"
[INFO] [stderr]    |              --------------------------------------
[INFO] [stderr]    |
[INFO] [stderr]    = note: `cargo::redundant_homepage` is set to `warn` by default
[INFO] [stderr] help: consider removing `package.homepage`
[INFO] [stderr] warning: `nabled-dynamics` (manifest) generated 1 warning
[INFO] running `Command { std: "docker" "create" "-v" "/var/lib/crater-agent-workspace/builds/worker-5-tc2/source:/opt/rustwide/workdir:ro,Z" "-v" "/var/lib/crater-agent-workspace/builds/worker-5-tc2/target:/opt/rustwide/target:rw,Z" "-v" "/var/lib/crater-agent-workspace/cargo-home:/opt/rustwide/cargo-home:ro,Z" "-v" "/var/lib/crater-agent-workspace/rustup-home:/opt/rustwide/rustup-home:ro,Z" "-m" "1610612736" "--network" "none" "ghcr.io/rust-lang/crates-build-env/linux@sha256:77db811e55d90add9212f6832c23229e3de5f1c1f9905e8cb07319ea15df73ac" "sleep" "infinity", kill_on_drop: false }`
[INFO] [stdout] 062026db1a940c079f3f36b4a90bcfc1490ee277ba269e8becd558e48d9fddab
[INFO] running `Command { std: "docker" "start" "062026db1a940c079f3f36b4a90bcfc1490ee277ba269e8becd558e48d9fddab", kill_on_drop: false }`
[INFO] running `Command { std: "docker" "inspect" "062026db1a940c079f3f36b4a90bcfc1490ee277ba269e8becd558e48d9fddab", kill_on_drop: false }`
[INFO] running `Command { std: "docker" "exec" "-e" "SOURCE_DIR=/opt/rustwide/workdir" "-e" "CARGO_HOME=/opt/rustwide/cargo-home" "-e" "RUSTUP_HOME=/opt/rustwide/rustup-home" "-e" "CARGO_TARGET_DIR=/opt/rustwide/target" "-w" "/opt/rustwide/workdir" "--user" "0:0" "062026db1a940c079f3f36b4a90bcfc1490ee277ba269e8becd558e48d9fddab" "/opt/rustwide/cargo-home/bin/cargo" "+1.100.0-beta.1" "metadata" "--no-deps" "--format-version=1", kill_on_drop: false }`
[INFO] running `Command { std: "docker" "inspect" "062026db1a940c079f3f36b4a90bcfc1490ee277ba269e8becd558e48d9fddab", kill_on_drop: false }`
[INFO] running `Command { std: "docker" "exec" "-e" "SOURCE_DIR=/opt/rustwide/workdir" "-e" "CARGO_HOME=/opt/rustwide/cargo-home" "-e" "RUSTUP_HOME=/opt/rustwide/rustup-home" "-e" "CARGO_TARGET_DIR=/opt/rustwide/target" "-e" "CARGO_INCREMENTAL=0" "-e" "RUST_BACKTRACE=full" "-e" "RUSTFLAGS=--cap-lints=warn" "-e" "RUSTDOCFLAGS=--cap-lints=warn" "-w" "/opt/rustwide/workdir" "--user" "0:0" "062026db1a940c079f3f36b4a90bcfc1490ee277ba269e8becd558e48d9fddab" "/opt/rustwide/cargo-home/bin/cargo" "+1.100.0-beta.1" "build" "--frozen" "--message-format=json" "--release", kill_on_drop: false }`
[INFO] [stderr] warning: `package.homepage` is redundant with `package.repository`
[INFO] [stderr]   --> Cargo.toml:89:12
[INFO] [stderr]    |
[INFO] [stderr] 89 | homepage = "https://github.com/MontOpsInc/nabled"
[INFO] [stderr]    |            ^^^^^^^^^^^^^^^^^^^^^^^^^^^^^^^^^^^^^^
[INFO] [stderr] ...
[INFO] [stderr] 95 | repository = "https://github.com/MontOpsInc/nabled"
[INFO] [stderr]    |              --------------------------------------
[INFO] [stderr]    |
[INFO] [stderr]    = note: `cargo::redundant_homepage` is set to `warn` by default
[INFO] [stderr] help: consider removing `package.homepage`
[INFO] [stderr] warning: `nabled-dynamics` (manifest) generated 1 warning
[INFO] [stderr]    Compiling matrixmultiply v0.3.10
[INFO] [stderr]    Compiling rawpointer v0.2.1
[INFO] [stderr]    Compiling quick-xml v0.37.5
[INFO] [stderr]    Compiling syn v2.0.117
[INFO] [stderr]    Compiling num-complex v0.4.6
[INFO] [stderr]    Compiling num-integer v0.1.46
[INFO] [stderr]    Compiling serde_json v1.0.149
[INFO] [stderr]    Compiling serde_derive v1.0.228
[INFO] [stderr]    Compiling thiserror-impl v2.0.18
[INFO] [stderr]    Compiling thiserror v2.0.18
[INFO] [stderr]    Compiling serde v1.0.228
[INFO] [stderr]    Compiling ndarray v0.17.2
[INFO] [stderr]    Compiling nabled-core v0.0.11
[INFO] [stderr]    Compiling nabled-linalg v0.0.11
[INFO] [stderr]    Compiling nabled-kinematics v0.0.11
[INFO] [stderr]    Compiling nabled-model v0.0.11
[INFO] [stderr]    Compiling nabled-dynamics v0.0.11 (/opt/rustwide/workdir)
[INFO] [stderr]     Finished `release` profile [optimized] target(s) in 31.11s
[INFO] running `Command { std: "docker" "inspect" "062026db1a940c079f3f36b4a90bcfc1490ee277ba269e8becd558e48d9fddab", kill_on_drop: false }`
[INFO] running `Command { std: "docker" "exec" "-e" "SOURCE_DIR=/opt/rustwide/workdir" "-e" "CARGO_HOME=/opt/rustwide/cargo-home" "-e" "RUSTUP_HOME=/opt/rustwide/rustup-home" "-e" "CARGO_TARGET_DIR=/opt/rustwide/target" "-e" "CARGO_INCREMENTAL=0" "-e" "RUST_BACKTRACE=full" "-e" "RUSTFLAGS=--cap-lints=warn" "-e" "RUSTDOCFLAGS=--cap-lints=warn" "-w" "/opt/rustwide/workdir" "--user" "0:0" "062026db1a940c079f3f36b4a90bcfc1490ee277ba269e8becd558e48d9fddab" "/opt/rustwide/cargo-home/bin/cargo" "+1.100.0-beta.1" "test" "--frozen" "--no-run" "--message-format=json" "--release", kill_on_drop: false }`
[INFO] [stderr] warning: `package.homepage` is redundant with `package.repository`
[INFO] [stderr]   --> Cargo.toml:89:12
[INFO] [stderr]    |
[INFO] [stderr] 89 | homepage = "https://github.com/MontOpsInc/nabled"
[INFO] [stderr]    |            ^^^^^^^^^^^^^^^^^^^^^^^^^^^^^^^^^^^^^^
[INFO] [stderr] ...
[INFO] [stderr] 95 | repository = "https://github.com/MontOpsInc/nabled"
[INFO] [stderr]    |              --------------------------------------
[INFO] [stderr]    |
[INFO] [stderr]    = note: `cargo::redundant_homepage` is set to `warn` by default
[INFO] [stderr] help: consider removing `package.homepage`
[INFO] [stderr] warning: `nabled-dynamics` (manifest) generated 1 warning
[INFO] [stderr]    Compiling zerocopy v0.8.39
[INFO] [stderr]    Compiling libc v0.2.182
[INFO] [stderr]    Compiling syn v2.0.117
[INFO] [stderr]    Compiling regex-syntax v0.8.9
[INFO] [stderr]    Compiling alloca v0.4.0
[INFO] [stderr]    Compiling clap_lex v1.0.0
[INFO] [stderr]    Compiling itertools v0.13.0
[INFO] [stderr]    Compiling rayon-core v1.13.0
[INFO] [stderr]    Compiling clap_builder v4.5.60
[INFO] [stderr]    Compiling rayon v1.11.0
[INFO] [stderr]    Compiling page_size v0.6.0
[INFO] [stderr]    Compiling criterion-plot v0.8.2
[INFO] [stderr]    Compiling regex-automata v0.4.14
[INFO] [stderr]    Compiling clap v4.5.60
[INFO] [stderr]    Compiling serde_derive v1.0.228
[INFO] [stderr]    Compiling thiserror-impl v2.0.18
[INFO] [stderr]    Compiling zerocopy-derive v0.8.39
[INFO] [stderr]    Compiling regex v1.12.3
[INFO] [stderr]    Compiling thiserror v2.0.18
[INFO] [stderr]    Compiling serde v1.0.228
[INFO] [stderr]    Compiling ndarray v0.17.2
[INFO] [stderr]    Compiling tinytemplate v1.2.1
[INFO] [stderr]    Compiling half v2.7.1
[INFO] [stderr]    Compiling ciborium-ll v0.2.2
[INFO] [stderr]    Compiling ciborium v0.2.2
[INFO] [stderr]    Compiling criterion v0.8.2
[INFO] [stderr]    Compiling nabled-core v0.0.11
[INFO] [stderr]    Compiling nabled-linalg v0.0.11
[INFO] [stderr]    Compiling nabled-kinematics v0.0.11
[INFO] [stderr]    Compiling nabled-model v0.0.11
[INFO] [stderr]    Compiling nabled-dynamics v0.0.11 (/opt/rustwide/workdir)
[INFO] [stdout] error[E0277]: the trait bound `ArrayBase<OwnedRepr<f64>, Dim<[usize; 1]>, f64>: RelativeEq<_>` is not satisfied
[INFO] [stdout]    --> src/fd/mod.rs:97:9
[INFO] [stdout]     |
[INFO] [stdout]  97 |         assert_relative_eq!(recovered, qdd, epsilon = 1e-6);
[INFO] [stdout]     |         ^^^^^^^^^^^^^^^^^^^^^^^^^^^^^^^^^^^^^^^^^^^^^^^^^^^ the trait `RelativeEq<_>` is not implemented for `ArrayBase<OwnedRepr<f64>, Dim<[usize; 1]>, f64>`
[INFO] [stdout]     |
[INFO] [stdout]     = help: the following other types implement trait `RelativeEq<Rhs>`:
[INFO] [stdout]               `&'a T` implements `RelativeEq`
[INFO] [stdout]               `&'a mut T` implements `RelativeEq`
[INFO] [stdout]               `Cell<T>` implements `RelativeEq`
[INFO] [stdout]               `RefCell<T>` implements `RelativeEq`
[INFO] [stdout]               `[A]` implements `RelativeEq<[B]>`
[INFO] [stdout]               `f32` implements `RelativeEq`
[INFO] [stdout]               `f64` implements `RelativeEq`
[INFO] [stdout] note: required by a bound in `Relative`
[INFO] [stdout]    --> /opt/rustwide/cargo-home/registry/src/index.crates.io-1949cf8c6b5b557f/approx-0.5.1/src/lib.rs:257:8
[INFO] [stdout]     |
[INFO] [stdout] 255 | pub struct Relative<A, B = A>
[INFO] [stdout] 256 | where
[INFO] [stdout] 257 |     A: RelativeEq<B> + ?Sized,
[INFO] [stdout]     |        ^^^^^^^^^^^^^ required by this bound in `Relative`
[INFO] [stdout]     = note: this error originates in the macro `relative_eq` which comes from the expansion of the macro `assert_relative_eq` (in Nightly builds, run with -Z macro-backtrace for more info)
[INFO] [stdout] 
[INFO] [stdout] 
[INFO] [stdout] error[E0277]: the trait bound `ArrayBase<OwnedRepr<f64>, Dim<[usize; 1]>, f64>: AbsDiffEq` is not satisfied in `Relative<ArrayBase<OwnedRepr<f64>, Dim<[usize; 1]>, f64>>`
[INFO] [stdout]    --> src/fd/mod.rs:97:9
[INFO] [stdout]     |
[INFO] [stdout]  97 |         assert_relative_eq!(recovered, qdd, epsilon = 1e-6);
[INFO] [stdout]     |         ^^^^^^^^^^^^^^^^^^^^^^^^^^^^^^^^^^^^^^^^^^^^^^^^^^^ unsatisfied trait bound
[INFO] [stdout]     |
[INFO] [stdout]     = help: within `Relative<ArrayBase<OwnedRepr<f64>, Dim<[usize; 1]>, f64>>`, the trait `AbsDiffEq` is not implemented for `ArrayBase<OwnedRepr<f64>, Dim<[usize; 1]>, f64>`
[INFO] [stdout]     = help: the following other types implement trait `AbsDiffEq<Rhs>`:
[INFO] [stdout]               `&'a T` implements `AbsDiffEq`
[INFO] [stdout]               `&'a mut T` implements `AbsDiffEq`
[INFO] [stdout]               `Cell<T>` implements `AbsDiffEq`
[INFO] [stdout]               `RefCell<T>` implements `AbsDiffEq`
[INFO] [stdout]               `[A]` implements `AbsDiffEq<[B]>`
[INFO] [stdout]               `f32` implements `AbsDiffEq`
[INFO] [stdout]               `f64` implements `AbsDiffEq`
[INFO] [stdout]               `i16` implements `AbsDiffEq`
[INFO] [stdout]             and 9 others
[INFO] [stdout] note: required because it appears within the type `Relative<ArrayBase<OwnedRepr<f64>, Dim<[usize; 1]>, f64>>`
[INFO] [stdout]    --> /opt/rustwide/cargo-home/registry/src/index.crates.io-1949cf8c6b5b557f/approx-0.5.1/src/lib.rs:255:12
[INFO] [stdout]     |
[INFO] [stdout] 255 | pub struct Relative<A, B = A>
[INFO] [stdout]     |            ^^^^^^^^
[INFO] [stdout]     = note: the return type of a function must have a statically known size
[INFO] [stdout]     = note: this error originates in the macro `relative_eq` which comes from the expansion of the macro `assert_relative_eq` (in Nightly builds, run with -Z macro-backtrace for more info)
[INFO] [stdout] 
[INFO] [stdout] 
[INFO] [stdout] error[E0277]: the trait bound `ArrayBase<OwnedRepr<f64>, Dim<[usize; 1]>, f64>: RelativeEq<_>` is not satisfied
[INFO] [stdout]    --> src/fd/mod.rs:131:9
[INFO] [stdout]     |
[INFO] [stdout] 131 |         assert_relative_eq!(aba, lu, epsilon = 1e-6);
[INFO] [stdout]     |         ^^^^^^^^^^^^^^^^^^^^^^^^^^^^^^^^^^^^^^^^^^^^ the trait `RelativeEq<_>` is not implemented for `ArrayBase<OwnedRepr<f64>, Dim<[usize; 1]>, f64>`
[INFO] [stdout]     |
[INFO] [stdout]     = help: the following other types implement trait `RelativeEq<Rhs>`:
[INFO] [stdout]               `&'a T` implements `RelativeEq`
[INFO] [stdout]               `&'a mut T` implements `RelativeEq`
[INFO] [stdout]               `Cell<T>` implements `RelativeEq`
[INFO] [stdout]               `RefCell<T>` implements `RelativeEq`
[INFO] [stdout]               `[A]` implements `RelativeEq<[B]>`
[INFO] [stdout]               `f32` implements `RelativeEq`
[INFO] [stdout]               `f64` implements `RelativeEq`
[INFO] [stdout] note: required by a bound in `Relative`
[INFO] [stdout]    --> /opt/rustwide/cargo-home/registry/src/index.crates.io-1949cf8c6b5b557f/approx-0.5.1/src/lib.rs:257:8
[INFO] [stdout]     |
[INFO] [stdout] 255 | pub struct Relative<A, B = A>
[INFO] [stdout] 256 | where
[INFO] [stdout] 257 |     A: RelativeEq<B> + ?Sized,
[INFO] [stdout]     |        ^^^^^^^^^^^^^ required by this bound in `Relative`
[INFO] [stdout]     = note: this error originates in the macro `relative_eq` which comes from the expansion of the macro `assert_relative_eq` (in Nightly builds, run with -Z macro-backtrace for more info)
[INFO] [stdout] 
[INFO] [stdout] 
[INFO] [stdout] error[E0277]: the trait bound `ArrayBase<OwnedRepr<f64>, Dim<[usize; 1]>, f64>: RelativeEq<_>` is not satisfied
[INFO] [stdout]    --> src/fd/mod.rs:132:9
[INFO] [stdout]     |
[INFO] [stdout] 132 |         assert_relative_eq!(aba, qdd, epsilon = 1e-6);
[INFO] [stdout]     |         ^^^^^^^^^^^^^^^^^^^^^^^^^^^^^^^^^^^^^^^^^^^^^ the trait `RelativeEq<_>` is not implemented for `ArrayBase<OwnedRepr<f64>, Dim<[usize; 1]>, f64>`
[INFO] [stdout]     |
[INFO] [stdout]     = help: the following other types implement trait `RelativeEq<Rhs>`:
[INFO] [stdout]               `&'a T` implements `RelativeEq`
[INFO] [stdout]               `&'a mut T` implements `RelativeEq`
[INFO] [stdout]               `Cell<T>` implements `RelativeEq`
[INFO] [stdout]               `RefCell<T>` implements `RelativeEq`
[INFO] [stdout]               `[A]` implements `RelativeEq<[B]>`
[INFO] [stdout]               `f32` implements `RelativeEq`
[INFO] [stdout]               `f64` implements `RelativeEq`
[INFO] [stdout] note: required by a bound in `Relative`
[INFO] [stdout]    --> /opt/rustwide/cargo-home/registry/src/index.crates.io-1949cf8c6b5b557f/approx-0.5.1/src/lib.rs:257:8
[INFO] [stdout]     |
[INFO] [stdout] 255 | pub struct Relative<A, B = A>
[INFO] [stdout] 256 | where
[INFO] [stdout] 257 |     A: RelativeEq<B> + ?Sized,
[INFO] [stdout]     |        ^^^^^^^^^^^^^ required by this bound in `Relative`
[INFO] [stdout]     = note: this error originates in the macro `relative_eq` which comes from the expansion of the macro `assert_relative_eq` (in Nightly builds, run with -Z macro-backtrace for more info)
[INFO] [stdout] 
[INFO] [stdout] 
[INFO] [stdout] error[E0277]: the trait bound `ArrayBase<OwnedRepr<f64>, Dim<[usize; 1]>, f64>: AbsDiffEq` is not satisfied in `Relative<ArrayBase<OwnedRepr<f64>, Dim<[usize; 1]>, f64>>`
[INFO] [stdout]    --> src/fd/mod.rs:131:9
[INFO] [stdout]     |
[INFO] [stdout] 131 |         assert_relative_eq!(aba, lu, epsilon = 1e-6);
[INFO] [stdout]     |         ^^^^^^^^^^^^^^^^^^^^^^^^^^^^^^^^^^^^^^^^^^^^ unsatisfied trait bound
[INFO] [stdout]     |
[INFO] [stdout]     = help: within `Relative<ArrayBase<OwnedRepr<f64>, Dim<[usize; 1]>, f64>>`, the trait `AbsDiffEq` is not implemented for `ArrayBase<OwnedRepr<f64>, Dim<[usize; 1]>, f64>`
[INFO] [stdout]     = help: the following other types implement trait `AbsDiffEq<Rhs>`:
[INFO] [stdout]               `&'a T` implements `AbsDiffEq`
[INFO] [stdout]               `&'a mut T` implements `AbsDiffEq`
[INFO] [stdout]               `Cell<T>` implements `AbsDiffEq`
[INFO] [stdout]               `RefCell<T>` implements `AbsDiffEq`
[INFO] [stdout]               `[A]` implements `AbsDiffEq<[B]>`
[INFO] [stdout]               `f32` implements `AbsDiffEq`
[INFO] [stdout]               `f64` implements `AbsDiffEq`
[INFO] [stdout]               `i16` implements `AbsDiffEq`
[INFO] [stdout]             and 9 others
[INFO] [stdout] note: required because it appears within the type `Relative<ArrayBase<OwnedRepr<f64>, Dim<[usize; 1]>, f64>>`
[INFO] [stdout]    --> /opt/rustwide/cargo-home/registry/src/index.crates.io-1949cf8c6b5b557f/approx-0.5.1/src/lib.rs:255:12
[INFO] [stdout]     |
[INFO] [stdout] 255 | pub struct Relative<A, B = A>
[INFO] [stdout]     |            ^^^^^^^^
[INFO] [stdout]     = note: the return type of a function must have a statically known size
[INFO] [stdout]     = note: this error originates in the macro `relative_eq` which comes from the expansion of the macro `assert_relative_eq` (in Nightly builds, run with -Z macro-backtrace for more info)
[INFO] [stdout] 
[INFO] [stdout] 
[INFO] [stdout] error[E0277]: the trait bound `ArrayBase<OwnedRepr<f64>, Dim<[usize; 1]>, f64>: RelativeEq<_>` is not satisfied
[INFO] [stdout]    --> src/fd/mod.rs:148:9
[INFO] [stdout]     |
[INFO] [stdout] 148 |         assert_relative_eq!(qdd, buf, epsilon = 1e-12);
[INFO] [stdout]     |         ^^^^^^^^^^^^^^^^^^^^^^^^^^^^^^^^^^^^^^^^^^^^^^ the trait `RelativeEq<_>` is not implemented for `ArrayBase<OwnedRepr<f64>, Dim<[usize; 1]>, f64>`
[INFO] [stdout]     |
[INFO] [stdout]     = help: the following other types implement trait `RelativeEq<Rhs>`:
[INFO] [stdout]               `&'a T` implements `RelativeEq`
[INFO] [stdout]               `&'a mut T` implements `RelativeEq`
[INFO] [stdout]               `Cell<T>` implements `RelativeEq`
[INFO] [stdout]               `RefCell<T>` implements `RelativeEq`
[INFO] [stdout]               `[A]` implements `RelativeEq<[B]>`
[INFO] [stdout]               `f32` implements `RelativeEq`
[INFO] [stdout]               `f64` implements `RelativeEq`
[INFO] [stdout] note: required by a bound in `Relative`
[INFO] [stdout]    --> /opt/rustwide/cargo-home/registry/src/index.crates.io-1949cf8c6b5b557f/approx-0.5.1/src/lib.rs:257:8
[INFO] [stdout]     |
[INFO] [stdout] 255 | pub struct Relative<A, B = A>
[INFO] [stdout] 256 | where
[INFO] [stdout] 257 |     A: RelativeEq<B> + ?Sized,
[INFO] [stdout]     |        ^^^^^^^^^^^^^ required by this bound in `Relative`
[INFO] [stdout]     = note: this error originates in the macro `relative_eq` which comes from the expansion of the macro `assert_relative_eq` (in Nightly builds, run with -Z macro-backtrace for more info)
[INFO] [stdout] 
[INFO] [stdout] 
[INFO] [stdout] error[E0277]: the trait bound `ArrayBase<OwnedRepr<f64>, Dim<[usize; 1]>, f64>: AbsDiffEq` is not satisfied in `Relative<ArrayBase<OwnedRepr<f64>, Dim<[usize; 1]>, f64>>`
[INFO] [stdout]    --> src/fd/mod.rs:148:9
[INFO] [stdout]     |
[INFO] [stdout] 148 |         assert_relative_eq!(qdd, buf, epsilon = 1e-12);
[INFO] [stdout]     |         ^^^^^^^^^^^^^^^^^^^^^^^^^^^^^^^^^^^^^^^^^^^^^^ unsatisfied trait bound
[INFO] [stdout]     |
[INFO] [stdout]     = help: within `Relative<ArrayBase<OwnedRepr<f64>, Dim<[usize; 1]>, f64>>`, the trait `AbsDiffEq` is not implemented for `ArrayBase<OwnedRepr<f64>, Dim<[usize; 1]>, f64>`
[INFO] [stdout]     = help: the following other types implement trait `AbsDiffEq<Rhs>`:
[INFO] [stdout]               `&'a T` implements `AbsDiffEq`
[INFO] [stdout]               `&'a mut T` implements `AbsDiffEq`
[INFO] [stdout]               `Cell<T>` implements `AbsDiffEq`
[INFO] [stdout]               `RefCell<T>` implements `AbsDiffEq`
[INFO] [stdout]               `[A]` implements `AbsDiffEq<[B]>`
[INFO] [stdout]               `f32` implements `AbsDiffEq`
[INFO] [stdout]               `f64` implements `AbsDiffEq`
[INFO] [stdout]               `i16` implements `AbsDiffEq`
[INFO] [stdout]             and 9 others
[INFO] [stdout] note: required because it appears within the type `Relative<ArrayBase<OwnedRepr<f64>, Dim<[usize; 1]>, f64>>`
[INFO] [stdout]    --> /opt/rustwide/cargo-home/registry/src/index.crates.io-1949cf8c6b5b557f/approx-0.5.1/src/lib.rs:255:12
[INFO] [stdout]     |
[INFO] [stdout] 255 | pub struct Relative<A, B = A>
[INFO] [stdout]     |            ^^^^^^^^
[INFO] [stdout]     = note: the return type of a function must have a statically known size
[INFO] [stdout]     = note: this error originates in the macro `relative_eq` which comes from the expansion of the macro `assert_relative_eq` (in Nightly builds, run with -Z macro-backtrace for more info)
[INFO] [stdout] 
[INFO] [stdout] 
[INFO] [stdout] error[E0277]: the trait bound `ArrayBase<OwnedRepr<f64>, Dim<[usize; 1]>, f64>: RelativeEq<_>` is not satisfied
[INFO] [stdout]    --> src/id.rs:78:17
[INFO] [stdout]     |
[INFO] [stdout]  78 |                 assert_relative_eq!(tau, via_rnea, epsilon = 1e-6);
[INFO] [stdout]     |                 ^^^^^^^^^^^^^^^^^^^^^^^^^^^^^^^^^^^^^^^^^^^^^^^^^^ the trait `RelativeEq<_>` is not implemented for `ArrayBase<OwnedRepr<f64>, Dim<[usize; 1]>, f64>`
[INFO] [stdout]     |
[INFO] [stdout]     = help: the following other types implement trait `RelativeEq<Rhs>`:
[INFO] [stdout]               `&'a T` implements `RelativeEq`
[INFO] [stdout]               `&'a mut T` implements `RelativeEq`
[INFO] [stdout]               `Cell<T>` implements `RelativeEq`
[INFO] [stdout]               `RefCell<T>` implements `RelativeEq`
[INFO] [stdout]               `[A]` implements `RelativeEq<[B]>`
[INFO] [stdout]               `f32` implements `RelativeEq`
[INFO] [stdout]               `f64` implements `RelativeEq`
[INFO] [stdout] note: required by a bound in `Relative`
[INFO] [stdout]    --> /opt/rustwide/cargo-home/registry/src/index.crates.io-1949cf8c6b5b557f/approx-0.5.1/src/lib.rs:257:8
[INFO] [stdout]     |
[INFO] [stdout] 255 | pub struct Relative<A, B = A>
[INFO] [stdout] 256 | where
[INFO] [stdout] 257 |     A: RelativeEq<B> + ?Sized,
[INFO] [stdout]     |        ^^^^^^^^^^^^^ required by this bound in `Relative`
[INFO] [stdout]     = note: this error originates in the macro `relative_eq` which comes from the expansion of the macro `assert_relative_eq` (in Nightly builds, run with -Z macro-backtrace for more info)
[INFO] [stdout] 
[INFO] [stdout] 
[INFO] [stdout] error[E0277]: the trait bound `ArrayBase<OwnedRepr<f64>, Dim<[usize; 1]>, f64>: AbsDiffEq` is not satisfied in `Relative<ArrayBase<OwnedRepr<f64>, Dim<[usize; 1]>, f64>>`
[INFO] [stdout]    --> src/id.rs:78:17
[INFO] [stdout]     |
[INFO] [stdout]  78 |                 assert_relative_eq!(tau, via_rnea, epsilon = 1e-6);
[INFO] [stdout]     |                 ^^^^^^^^^^^^^^^^^^^^^^^^^^^^^^^^^^^^^^^^^^^^^^^^^^ unsatisfied trait bound
[INFO] [stdout]     |
[INFO] [stdout]     = help: within `Relative<ArrayBase<OwnedRepr<f64>, Dim<[usize; 1]>, f64>>`, the trait `AbsDiffEq` is not implemented for `ArrayBase<OwnedRepr<f64>, Dim<[usize; 1]>, f64>`
[INFO] [stdout]     = help: the following other types implement trait `AbsDiffEq<Rhs>`:
[INFO] [stdout]               `&'a T` implements `AbsDiffEq`
[INFO] [stdout]               `&'a mut T` implements `AbsDiffEq`
[INFO] [stdout]               `Cell<T>` implements `AbsDiffEq`
[INFO] [stdout]               `RefCell<T>` implements `AbsDiffEq`
[INFO] [stdout]               `[A]` implements `AbsDiffEq<[B]>`
[INFO] [stdout]               `f32` implements `AbsDiffEq`
[INFO] [stdout]               `f64` implements `AbsDiffEq`
[INFO] [stdout]               `i16` implements `AbsDiffEq`
[INFO] [stdout]             and 9 others
[INFO] [stdout] note: required because it appears within the type `Relative<ArrayBase<OwnedRepr<f64>, Dim<[usize; 1]>, f64>>`
[INFO] [stdout]    --> /opt/rustwide/cargo-home/registry/src/index.crates.io-1949cf8c6b5b557f/approx-0.5.1/src/lib.rs:255:12
[INFO] [stdout]     |
[INFO] [stdout] 255 | pub struct Relative<A, B = A>
[INFO] [stdout]     |            ^^^^^^^^
[INFO] [stdout]     = note: the return type of a function must have a statically known size
[INFO] [stdout]     = note: this error originates in the macro `relative_eq` which comes from the expansion of the macro `assert_relative_eq` (in Nightly builds, run with -Z macro-backtrace for more info)
[INFO] [stdout] 
[INFO] [stdout] 
[INFO] [stdout] error[E0277]: the trait bound `ArrayBase<OwnedRepr<f64>, Dim<[usize; 1]>, f64>: RelativeEq<_>` is not satisfied
[INFO] [stdout]    --> src/id.rs:105:9
[INFO] [stdout]     |
[INFO] [stdout] 105 |         assert_relative_eq!(tau, reconstructed, epsilon = 1e-6);
[INFO] [stdout]     |         ^^^^^^^^^^^^^^^^^^^^^^^^^^^^^^^^^^^^^^^^^^^^^^^^^^^^^^^ the trait `RelativeEq<_>` is not implemented for `ArrayBase<OwnedRepr<f64>, Dim<[usize; 1]>, f64>`
[INFO] [stdout]     |
[INFO] [stdout]     = help: the following other types implement trait `RelativeEq<Rhs>`:
[INFO] [stdout]               `&'a T` implements `RelativeEq`
[INFO] [stdout]               `&'a mut T` implements `RelativeEq`
[INFO] [stdout]               `Cell<T>` implements `RelativeEq`
[INFO] [stdout]               `RefCell<T>` implements `RelativeEq`
[INFO] [stdout]               `[A]` implements `RelativeEq<[B]>`
[INFO] [stdout]               `f32` implements `RelativeEq`
[INFO] [stdout]               `f64` implements `RelativeEq`
[INFO] [stdout] note: required by a bound in `Relative`
[INFO] [stdout]    --> /opt/rustwide/cargo-home/registry/src/index.crates.io-1949cf8c6b5b557f/approx-0.5.1/src/lib.rs:257:8
[INFO] [stdout]     |
[INFO] [stdout] 255 | pub struct Relative<A, B = A>
[INFO] [stdout] 256 | where
[INFO] [stdout] 257 |     A: RelativeEq<B> + ?Sized,
[INFO] [stdout]     |        ^^^^^^^^^^^^^ required by this bound in `Relative`
[INFO] [stdout]     = note: this error originates in the macro `relative_eq` which comes from the expansion of the macro `assert_relative_eq` (in Nightly builds, run with -Z macro-backtrace for more info)
[INFO] [stdout] 
[INFO] [stdout] 
[INFO] [stdout] error[E0277]: the trait bound `ArrayBase<OwnedRepr<f64>, Dim<[usize; 1]>, f64>: AbsDiffEq` is not satisfied in `Relative<ArrayBase<OwnedRepr<f64>, Dim<[usize; 1]>, f64>>`
[INFO] [stdout]    --> src/id.rs:105:9
[INFO] [stdout]     |
[INFO] [stdout] 105 |         assert_relative_eq!(tau, reconstructed, epsilon = 1e-6);
[INFO] [stdout]     |         ^^^^^^^^^^^^^^^^^^^^^^^^^^^^^^^^^^^^^^^^^^^^^^^^^^^^^^^ unsatisfied trait bound
[INFO] [stdout]     |
[INFO] [stdout]     = help: within `Relative<ArrayBase<OwnedRepr<f64>, Dim<[usize; 1]>, f64>>`, the trait `AbsDiffEq` is not implemented for `ArrayBase<OwnedRepr<f64>, Dim<[usize; 1]>, f64>`
[INFO] [stdout]     = help: the following other types implement trait `AbsDiffEq<Rhs>`:
[INFO] [stdout]               `&'a T` implements `AbsDiffEq`
[INFO] [stdout]               `&'a mut T` implements `AbsDiffEq`
[INFO] [stdout]               `Cell<T>` implements `AbsDiffEq`
[INFO] [stdout]               `RefCell<T>` implements `AbsDiffEq`
[INFO] [stdout]               `[A]` implements `AbsDiffEq<[B]>`
[INFO] [stdout]               `f32` implements `AbsDiffEq`
[INFO] [stdout]               `f64` implements `AbsDiffEq`
[INFO] [stdout]               `i16` implements `AbsDiffEq`
[INFO] [stdout]             and 9 others
[INFO] [stdout] note: required because it appears within the type `Relative<ArrayBase<OwnedRepr<f64>, Dim<[usize; 1]>, f64>>`
[INFO] [stdout]    --> /opt/rustwide/cargo-home/registry/src/index.crates.io-1949cf8c6b5b557f/approx-0.5.1/src/lib.rs:255:12
[INFO] [stdout]     |
[INFO] [stdout] 255 | pub struct Relative<A, B = A>
[INFO] [stdout]     |            ^^^^^^^^
[INFO] [stdout]     = note: the return type of a function must have a statically known size
[INFO] [stdout]     = note: this error originates in the macro `relative_eq` which comes from the expansion of the macro `assert_relative_eq` (in Nightly builds, run with -Z macro-backtrace for more info)
[INFO] [stdout] 
[INFO] [stdout] 
[INFO] [stdout] error[E0277]: the trait bound `ArrayBase<OwnedRepr<f64>, Dim<[usize; 1]>, f64>: RelativeEq<_>` is not satisfied
[INFO] [stdout]    --> src/id.rs:119:9
[INFO] [stdout]     |
[INFO] [stdout] 119 |         assert_relative_eq!(tau_id, tau_rnea, epsilon = 1e-12);
[INFO] [stdout]     |         ^^^^^^^^^^^^^^^^^^^^^^^^^^^^^^^^^^^^^^^^^^^^^^^^^^^^^^ the trait `RelativeEq<_>` is not implemented for `ArrayBase<OwnedRepr<f64>, Dim<[usize; 1]>, f64>`
[INFO] [stdout]     |
[INFO] [stdout]     = help: the following other types implement trait `RelativeEq<Rhs>`:
[INFO] [stdout]               `&'a T` implements `RelativeEq`
[INFO] [stdout]               `&'a mut T` implements `RelativeEq`
[INFO] [stdout]               `Cell<T>` implements `RelativeEq`
[INFO] [stdout]               `RefCell<T>` implements `RelativeEq`
[INFO] [stdout]               `[A]` implements `RelativeEq<[B]>`
[INFO] [stdout]               `f32` implements `RelativeEq`
[INFO] [stdout]               `f64` implements `RelativeEq`
[INFO] [stdout] note: required by a bound in `Relative`
[INFO] [stdout]    --> /opt/rustwide/cargo-home/registry/src/index.crates.io-1949cf8c6b5b557f/approx-0.5.1/src/lib.rs:257:8
[INFO] [stdout]     |
[INFO] [stdout] 255 | pub struct Relative<A, B = A>
[INFO] [stdout] 256 | where
[INFO] [stdout] 257 |     A: RelativeEq<B> + ?Sized,
[INFO] [stdout]     |        ^^^^^^^^^^^^^ required by this bound in `Relative`
[INFO] [stdout]     = note: this error originates in the macro `relative_eq` which comes from the expansion of the macro `assert_relative_eq` (in Nightly builds, run with -Z macro-backtrace for more info)
[INFO] [stdout] 
[INFO] [stdout] 
[INFO] [stdout] error[E0277]: the trait bound `ArrayBase<OwnedRepr<f64>, Dim<[usize; 1]>, f64>: AbsDiffEq` is not satisfied in `Relative<ArrayBase<OwnedRepr<f64>, Dim<[usize; 1]>, f64>>`
[INFO] [stdout]    --> src/id.rs:119:9
[INFO] [stdout]     |
[INFO] [stdout] 119 |         assert_relative_eq!(tau_id, tau_rnea, epsilon = 1e-12);
[INFO] [stdout]     |         ^^^^^^^^^^^^^^^^^^^^^^^^^^^^^^^^^^^^^^^^^^^^^^^^^^^^^^ unsatisfied trait bound
[INFO] [stdout]     |
[INFO] [stdout]     = help: within `Relative<ArrayBase<OwnedRepr<f64>, Dim<[usize; 1]>, f64>>`, the trait `AbsDiffEq` is not implemented for `ArrayBase<OwnedRepr<f64>, Dim<[usize; 1]>, f64>`
[INFO] [stdout]     = help: the following other types implement trait `AbsDiffEq<Rhs>`:
[INFO] [stdout]               `&'a T` implements `AbsDiffEq`
[INFO] [stdout]               `&'a mut T` implements `AbsDiffEq`
[INFO] [stdout]               `Cell<T>` implements `AbsDiffEq`
[INFO] [stdout]               `RefCell<T>` implements `AbsDiffEq`
[INFO] [stdout]               `[A]` implements `AbsDiffEq<[B]>`
[INFO] [stdout]               `f32` implements `AbsDiffEq`
[INFO] [stdout]               `f64` implements `AbsDiffEq`
[INFO] [stdout]               `i16` implements `AbsDiffEq`
[INFO] [stdout]             and 9 others
[INFO] [stdout] note: required because it appears within the type `Relative<ArrayBase<OwnedRepr<f64>, Dim<[usize; 1]>, f64>>`
[INFO] [stdout]    --> /opt/rustwide/cargo-home/registry/src/index.crates.io-1949cf8c6b5b557f/approx-0.5.1/src/lib.rs:255:12
[INFO] [stdout]     |
[INFO] [stdout] 255 | pub struct Relative<A, B = A>
[INFO] [stdout]     |            ^^^^^^^^
[INFO] [stdout]     = note: the return type of a function must have a statically known size
[INFO] [stdout]     = note: this error originates in the macro `relative_eq` which comes from the expansion of the macro `assert_relative_eq` (in Nightly builds, run with -Z macro-backtrace for more info)
[INFO] [stdout] 
[INFO] [stdout] 
[INFO] [stdout] error[E0277]: the trait bound `ArrayBase<OwnedRepr<f64>, Dim<[usize; 1]>, f64>: RelativeEq<_>` is not satisfied
[INFO] [stdout]    --> src/rnea.rs:298:9
[INFO] [stdout]     |
[INFO] [stdout] 298 |         assert_relative_eq!(output, tau, epsilon = 1e-12);
[INFO] [stdout]     |         ^^^^^^^^^^^^^^^^^^^^^^^^^^^^^^^^^^^^^^^^^^^^^^^^^ the trait `RelativeEq<_>` is not implemented for `ArrayBase<OwnedRepr<f64>, Dim<[usize; 1]>, f64>`
[INFO] [stdout]     |
[INFO] [stdout]     = help: the following other types implement trait `RelativeEq<Rhs>`:
[INFO] [stdout]               `&'a T` implements `RelativeEq`
[INFO] [stdout]               `&'a mut T` implements `RelativeEq`
[INFO] [stdout]               `Cell<T>` implements `RelativeEq`
[INFO] [stdout]               `RefCell<T>` implements `RelativeEq`
[INFO] [stdout]               `[A]` implements `RelativeEq<[B]>`
[INFO] [stdout]               `f32` implements `RelativeEq`
[INFO] [stdout]               `f64` implements `RelativeEq`
[INFO] [stdout] note: required by a bound in `Relative`
[INFO] [stdout]    --> /opt/rustwide/cargo-home/registry/src/index.crates.io-1949cf8c6b5b557f/approx-0.5.1/src/lib.rs:257:8
[INFO] [stdout]     |
[INFO] [stdout] 255 | pub struct Relative<A, B = A>
[INFO] [stdout] 256 | where
[INFO] [stdout] 257 |     A: RelativeEq<B> + ?Sized,
[INFO] [stdout]     |        ^^^^^^^^^^^^^ required by this bound in `Relative`
[INFO] [stdout]     = note: this error originates in the macro `relative_eq` which comes from the expansion of the macro `assert_relative_eq` (in Nightly builds, run with -Z macro-backtrace for more info)
[INFO] [stdout] 
[INFO] [stdout] 
[INFO] [stdout] error[E0277]: the trait bound `ArrayBase<OwnedRepr<f64>, Dim<[usize; 1]>, f64>: AbsDiffEq` is not satisfied in `Relative<ArrayBase<OwnedRepr<f64>, Dim<[usize; 1]>, f64>>`
[INFO] [stdout]    --> src/rnea.rs:298:9
[INFO] [stdout]     |
[INFO] [stdout] 298 |         assert_relative_eq!(output, tau, epsilon = 1e-12);
[INFO] [stdout]     |         ^^^^^^^^^^^^^^^^^^^^^^^^^^^^^^^^^^^^^^^^^^^^^^^^^ unsatisfied trait bound
[INFO] [stdout]     |
[INFO] [stdout]     = help: within `Relative<ArrayBase<OwnedRepr<f64>, Dim<[usize; 1]>, f64>>`, the trait `AbsDiffEq` is not implemented for `ArrayBase<OwnedRepr<f64>, Dim<[usize; 1]>, f64>`
[INFO] [stdout]     = help: the following other types implement trait `AbsDiffEq<Rhs>`:
[INFO] [stdout]               `&'a T` implements `AbsDiffEq`
[INFO] [stdout]               `&'a mut T` implements `AbsDiffEq`
[INFO] [stdout]               `Cell<T>` implements `AbsDiffEq`
[INFO] [stdout]               `RefCell<T>` implements `AbsDiffEq`
[INFO] [stdout]               `[A]` implements `AbsDiffEq<[B]>`
[INFO] [stdout]               `f32` implements `AbsDiffEq`
[INFO] [stdout]               `f64` implements `AbsDiffEq`
[INFO] [stdout]               `i16` implements `AbsDiffEq`
[INFO] [stdout]             and 9 others
[INFO] [stdout] note: required because it appears within the type `Relative<ArrayBase<OwnedRepr<f64>, Dim<[usize; 1]>, f64>>`
[INFO] [stdout]    --> /opt/rustwide/cargo-home/registry/src/index.crates.io-1949cf8c6b5b557f/approx-0.5.1/src/lib.rs:255:12
[INFO] [stdout]     |
[INFO] [stdout] 255 | pub struct Relative<A, B = A>
[INFO] [stdout]     |            ^^^^^^^^
[INFO] [stdout]     = note: the return type of a function must have a statically known size
[INFO] [stdout]     = note: this error originates in the macro `relative_eq` which comes from the expansion of the macro `assert_relative_eq` (in Nightly builds, run with -Z macro-backtrace for more info)
[INFO] [stdout] 
[INFO] [stdout] 
[INFO] [stdout] error[E0277]: the trait bound `ArrayBase<OwnedRepr<f64>, Dim<[usize; 1]>, f64>: RelativeEq<_>` is not satisfied
[INFO] [stdout]    --> src/tree.rs:318:9
[INFO] [stdout]     |
[INFO] [stdout] 318 |         assert_relative_eq!(tau_serial, tau_branch, epsilon = 1e-9);
[INFO] [stdout]     |         ^^^^^^^^^^^^^^^^^^^^^^^^^^^^^^^^^^^^^^^^^^^^^^^^^^^^^^^^^^^ the trait `RelativeEq<_>` is not implemented for `ArrayBase<OwnedRepr<f64>, Dim<[usize; 1]>, f64>`
[INFO] [stdout]     |
[INFO] [stdout]     = help: the following other types implement trait `RelativeEq<Rhs>`:
[INFO] [stdout]               `&'a T` implements `RelativeEq`
[INFO] [stdout]               `&'a mut T` implements `RelativeEq`
[INFO] [stdout]               `Cell<T>` implements `RelativeEq`
[INFO] [stdout]               `RefCell<T>` implements `RelativeEq`
[INFO] [stdout]               `[A]` implements `RelativeEq<[B]>`
[INFO] [stdout]               `f32` implements `RelativeEq`
[INFO] [stdout]               `f64` implements `RelativeEq`
[INFO] [stdout] note: required by a bound in `Relative`
[INFO] [stdout]    --> /opt/rustwide/cargo-home/registry/src/index.crates.io-1949cf8c6b5b557f/approx-0.5.1/src/lib.rs:257:8
[INFO] [stdout]     |
[INFO] [stdout] 255 | pub struct Relative<A, B = A>
[INFO] [stdout] 256 | where
[INFO] [stdout] 257 |     A: RelativeEq<B> + ?Sized,
[INFO] [stdout]     |        ^^^^^^^^^^^^^ required by this bound in `Relative`
[INFO] [stdout]     = note: this error originates in the macro `relative_eq` which comes from the expansion of the macro `assert_relative_eq` (in Nightly builds, run with -Z macro-backtrace for more info)
[INFO] [stdout] 
[INFO] [stdout] 
[INFO] [stdout] error[E0277]: the trait bound `ArrayBase<OwnedRepr<f64>, Dim<[usize; 1]>, f64>: AbsDiffEq` is not satisfied in `Relative<ArrayBase<OwnedRepr<f64>, Dim<[usize; 1]>, f64>>`
[INFO] [stdout]    --> src/tree.rs:318:9
[INFO] [stdout]     |
[INFO] [stdout] 318 |         assert_relative_eq!(tau_serial, tau_branch, epsilon = 1e-9);
[INFO] [stdout]     |         ^^^^^^^^^^^^^^^^^^^^^^^^^^^^^^^^^^^^^^^^^^^^^^^^^^^^^^^^^^^ unsatisfied trait bound
[INFO] [stdout]     |
[INFO] [stdout]     = help: within `Relative<ArrayBase<OwnedRepr<f64>, Dim<[usize; 1]>, f64>>`, the trait `AbsDiffEq` is not implemented for `ArrayBase<OwnedRepr<f64>, Dim<[usize; 1]>, f64>`
[INFO] [stdout]     = help: the following other types implement trait `AbsDiffEq<Rhs>`:
[INFO] [stdout]               `&'a T` implements `AbsDiffEq`
[INFO] [stdout]               `&'a mut T` implements `AbsDiffEq`
[INFO] [stdout]               `Cell<T>` implements `AbsDiffEq`
[INFO] [stdout]               `RefCell<T>` implements `AbsDiffEq`
[INFO] [stdout]               `[A]` implements `AbsDiffEq<[B]>`
[INFO] [stdout]               `f32` implements `AbsDiffEq`
[INFO] [stdout]               `f64` implements `AbsDiffEq`
[INFO] [stdout]               `i16` implements `AbsDiffEq`
[INFO] [stdout]             and 9 others
[INFO] [stdout] note: required because it appears within the type `Relative<ArrayBase<OwnedRepr<f64>, Dim<[usize; 1]>, f64>>`
[INFO] [stdout]    --> /opt/rustwide/cargo-home/registry/src/index.crates.io-1949cf8c6b5b557f/approx-0.5.1/src/lib.rs:255:12
[INFO] [stdout]     |
[INFO] [stdout] 255 | pub struct Relative<A, B = A>
[INFO] [stdout]     |            ^^^^^^^^
[INFO] [stdout]     = note: the return type of a function must have a statically known size
[INFO] [stdout]     = note: this error originates in the macro `relative_eq` which comes from the expansion of the macro `assert_relative_eq` (in Nightly builds, run with -Z macro-backtrace for more info)
[INFO] [stdout] 
[INFO] [stdout] 
[INFO] [stdout] error[E0277]: the trait bound `ArrayBase<OwnedRepr<f64>, Dim<[usize; 1]>, f64>: RelativeEq<_>` is not satisfied
[INFO] [stdout]    --> src/tree.rs:357:9
[INFO] [stdout]     |
[INFO] [stdout] 357 |         assert_relative_eq!(recovered, qdd_target, epsilon = 1e-6);
[INFO] [stdout]     |         ^^^^^^^^^^^^^^^^^^^^^^^^^^^^^^^^^^^^^^^^^^^^^^^^^^^^^^^^^^ the trait `RelativeEq<_>` is not implemented for `ArrayBase<OwnedRepr<f64>, Dim<[usize; 1]>, f64>`
[INFO] [stdout]     |
[INFO] [stdout]     = help: the following other types implement trait `RelativeEq<Rhs>`:
[INFO] [stdout]               `&'a T` implements `RelativeEq`
[INFO] [stdout]               `&'a mut T` implements `RelativeEq`
[INFO] [stdout]               `Cell<T>` implements `RelativeEq`
[INFO] [stdout]               `RefCell<T>` implements `RelativeEq`
[INFO] [stdout]               `[A]` implements `RelativeEq<[B]>`
[INFO] [stdout]               `f32` implements `RelativeEq`
[INFO] [stdout]               `f64` implements `RelativeEq`
[INFO] [stdout] note: required by a bound in `Relative`
[INFO] [stdout]    --> /opt/rustwide/cargo-home/registry/src/index.crates.io-1949cf8c6b5b557f/approx-0.5.1/src/lib.rs:257:8
[INFO] [stdout]     |
[INFO] [stdout] 255 | pub struct Relative<A, B = A>
[INFO] [stdout] 256 | where
[INFO] [stdout] 257 |     A: RelativeEq<B> + ?Sized,
[INFO] [stdout]     |        ^^^^^^^^^^^^^ required by this bound in `Relative`
[INFO] [stdout]     = note: this error originates in the macro `relative_eq` which comes from the expansion of the macro `assert_relative_eq` (in Nightly builds, run with -Z macro-backtrace for more info)
[INFO] [stdout] 
[INFO] [stdout] 
[INFO] [stdout] error[E0277]: the trait bound `ArrayBase<OwnedRepr<f64>, Dim<[usize; 1]>, f64>: AbsDiffEq` is not satisfied in `Relative<ArrayBase<OwnedRepr<f64>, Dim<[usize; 1]>, f64>>`
[INFO] [stdout]    --> src/tree.rs:357:9
[INFO] [stdout]     |
[INFO] [stdout] 357 |         assert_relative_eq!(recovered, qdd_target, epsilon = 1e-6);
[INFO] [stdout]     |         ^^^^^^^^^^^^^^^^^^^^^^^^^^^^^^^^^^^^^^^^^^^^^^^^^^^^^^^^^^ unsatisfied trait bound
[INFO] [stdout]     |
[INFO] [stdout]     = help: within `Relative<ArrayBase<OwnedRepr<f64>, Dim<[usize; 1]>, f64>>`, the trait `AbsDiffEq` is not implemented for `ArrayBase<OwnedRepr<f64>, Dim<[usize; 1]>, f64>`
[INFO] [stdout]     = help: the following other types implement trait `AbsDiffEq<Rhs>`:
[INFO] [stdout]               `&'a T` implements `AbsDiffEq`
[INFO] [stdout]               `&'a mut T` implements `AbsDiffEq`
[INFO] [stdout]               `Cell<T>` implements `AbsDiffEq`
[INFO] [stdout]               `RefCell<T>` implements `AbsDiffEq`
[INFO] [stdout]               `[A]` implements `AbsDiffEq<[B]>`
[INFO] [stdout]               `f32` implements `AbsDiffEq`
[INFO] [stdout]               `f64` implements `AbsDiffEq`
[INFO] [stdout]               `i16` implements `AbsDiffEq`
[INFO] [stdout]             and 9 others
[INFO] [stdout] note: required because it appears within the type `Relative<ArrayBase<OwnedRepr<f64>, Dim<[usize; 1]>, f64>>`
[INFO] [stdout]    --> /opt/rustwide/cargo-home/registry/src/index.crates.io-1949cf8c6b5b557f/approx-0.5.1/src/lib.rs:255:12
[INFO] [stdout]     |
[INFO] [stdout] 255 | pub struct Relative<A, B = A>
[INFO] [stdout]     |            ^^^^^^^^
[INFO] [stdout]     = note: the return type of a function must have a statically known size
[INFO] [stdout]     = note: this error originates in the macro `relative_eq` which comes from the expansion of the macro `assert_relative_eq` (in Nightly builds, run with -Z macro-backtrace for more info)
[INFO] [stdout] 
[INFO] [stdout] 
[INFO] [stdout] error[E0277]: the trait bound `ArrayBase<OwnedRepr<f64>, Dim<[usize; 1]>, f64>: RelativeEq<_>` is not satisfied
[INFO] [stdout]    --> src/tree.rs:473:9
[INFO] [stdout]     |
[INFO] [stdout] 473 |         assert_relative_eq!(output, tau, epsilon = 1e-12);
[INFO] [stdout]     |         ^^^^^^^^^^^^^^^^^^^^^^^^^^^^^^^^^^^^^^^^^^^^^^^^^ the trait `RelativeEq<_>` is not implemented for `ArrayBase<OwnedRepr<f64>, Dim<[usize; 1]>, f64>`
[INFO] [stdout]     |
[INFO] [stdout]     = help: the following other types implement trait `RelativeEq<Rhs>`:
[INFO] [stdout]               `&'a T` implements `RelativeEq`
[INFO] [stdout]               `&'a mut T` implements `RelativeEq`
[INFO] [stdout]               `Cell<T>` implements `RelativeEq`
[INFO] [stdout]               `RefCell<T>` implements `RelativeEq`
[INFO] [stdout]               `[A]` implements `RelativeEq<[B]>`
[INFO] [stdout]               `f32` implements `RelativeEq`
[INFO] [stdout]               `f64` implements `RelativeEq`
[INFO] [stdout] note: required by a bound in `Relative`
[INFO] [stdout]    --> /opt/rustwide/cargo-home/registry/src/index.crates.io-1949cf8c6b5b557f/approx-0.5.1/src/lib.rs:257:8
[INFO] [stdout]     |
[INFO] [stdout] 255 | pub struct Relative<A, B = A>
[INFO] [stdout] 256 | where
[INFO] [stdout] 257 |     A: RelativeEq<B> + ?Sized,
[INFO] [stdout]     |        ^^^^^^^^^^^^^ required by this bound in `Relative`
[INFO] [stdout]     = note: this error originates in the macro `relative_eq` which comes from the expansion of the macro `assert_relative_eq` (in Nightly builds, run with -Z macro-backtrace for more info)
[INFO] [stdout] 
[INFO] [stdout] 
[INFO] [stdout] error[E0277]: the trait bound `ArrayBase<OwnedRepr<f64>, Dim<[usize; 1]>, f64>: AbsDiffEq` is not satisfied in `Relative<ArrayBase<OwnedRepr<f64>, Dim<[usize; 1]>, f64>>`
[INFO] [stdout]    --> src/tree.rs:473:9
[INFO] [stdout]     |
[INFO] [stdout] 473 |         assert_relative_eq!(output, tau, epsilon = 1e-12);
[INFO] [stdout]     |         ^^^^^^^^^^^^^^^^^^^^^^^^^^^^^^^^^^^^^^^^^^^^^^^^^ unsatisfied trait bound
[INFO] [stdout]     |
[INFO] [stdout]     = help: within `Relative<ArrayBase<OwnedRepr<f64>, Dim<[usize; 1]>, f64>>`, the trait `AbsDiffEq` is not implemented for `ArrayBase<OwnedRepr<f64>, Dim<[usize; 1]>, f64>`
[INFO] [stdout]     = help: the following other types implement trait `AbsDiffEq<Rhs>`:
[INFO] [stdout]               `&'a T` implements `AbsDiffEq`
[INFO] [stdout]               `&'a mut T` implements `AbsDiffEq`
[INFO] [stdout]               `Cell<T>` implements `AbsDiffEq`
[INFO] [stdout]               `RefCell<T>` implements `AbsDiffEq`
[INFO] [stdout]               `[A]` implements `AbsDiffEq<[B]>`
[INFO] [stdout]               `f32` implements `AbsDiffEq`
[INFO] [stdout]               `f64` implements `AbsDiffEq`
[INFO] [stdout]               `i16` implements `AbsDiffEq`
[INFO] [stdout]             and 9 others
[INFO] [stdout] note: required because it appears within the type `Relative<ArrayBase<OwnedRepr<f64>, Dim<[usize; 1]>, f64>>`
[INFO] [stdout]    --> /opt/rustwide/cargo-home/registry/src/index.crates.io-1949cf8c6b5b557f/approx-0.5.1/src/lib.rs:255:12
[INFO] [stdout]     |
[INFO] [stdout] 255 | pub struct Relative<A, B = A>
[INFO] [stdout]     |            ^^^^^^^^
[INFO] [stdout]     = note: the return type of a function must have a statically known size
[INFO] [stdout]     = note: this error originates in the macro `relative_eq` which comes from the expansion of the macro `assert_relative_eq` (in Nightly builds, run with -Z macro-backtrace for more info)
[INFO] [stdout] 
[INFO] [stdout] 
[INFO] [stdout] error[E0277]: the trait bound `ArrayBase<OwnedRepr<f64>, Dim<[usize; 1]>, f64>: RelativeEq<_>` is not satisfied
[INFO] [stdout]    --> src/tree.rs:506:9
[INFO] [stdout]     |
[INFO] [stdout] 506 |         assert_relative_eq!(output, qdd, epsilon = 1e-12);
[INFO] [stdout]     |         ^^^^^^^^^^^^^^^^^^^^^^^^^^^^^^^^^^^^^^^^^^^^^^^^^ the trait `RelativeEq<_>` is not implemented for `ArrayBase<OwnedRepr<f64>, Dim<[usize; 1]>, f64>`
[INFO] [stdout]     |
[INFO] [stdout]     = help: the following other types implement trait `RelativeEq<Rhs>`:
[INFO] [stdout]               `&'a T` implements `RelativeEq`
[INFO] [stdout]               `&'a mut T` implements `RelativeEq`
[INFO] [stdout]               `Cell<T>` implements `RelativeEq`
[INFO] [stdout]               `RefCell<T>` implements `RelativeEq`
[INFO] [stdout]               `[A]` implements `RelativeEq<[B]>`
[INFO] [stdout]               `f32` implements `RelativeEq`
[INFO] [stdout]               `f64` implements `RelativeEq`
[INFO] [stdout] note: required by a bound in `Relative`
[INFO] [stdout]    --> /opt/rustwide/cargo-home/registry/src/index.crates.io-1949cf8c6b5b557f/approx-0.5.1/src/lib.rs:257:8
[INFO] [stdout]     |
[INFO] [stdout] 255 | pub struct Relative<A, B = A>
[INFO] [stdout] 256 | where
[INFO] [stdout] 257 |     A: RelativeEq<B> + ?Sized,
[INFO] [stdout]     |        ^^^^^^^^^^^^^ required by this bound in `Relative`
[INFO] [stdout]     = note: this error originates in the macro `relative_eq` which comes from the expansion of the macro `assert_relative_eq` (in Nightly builds, run with -Z macro-backtrace for more info)
[INFO] [stdout] 
[INFO] [stdout] 
[INFO] [stdout] error[E0277]: the trait bound `ArrayBase<OwnedRepr<f64>, Dim<[usize; 1]>, f64>: AbsDiffEq` is not satisfied in `Relative<ArrayBase<OwnedRepr<f64>, Dim<[usize; 1]>, f64>>`
[INFO] [stdout]    --> src/tree.rs:506:9
[INFO] [stdout]     |
[INFO] [stdout] 506 |         assert_relative_eq!(output, qdd, epsilon = 1e-12);
[INFO] [stdout]     |         ^^^^^^^^^^^^^^^^^^^^^^^^^^^^^^^^^^^^^^^^^^^^^^^^^ unsatisfied trait bound
[INFO] [stdout]     |
[INFO] [stdout]     = help: within `Relative<ArrayBase<OwnedRepr<f64>, Dim<[usize; 1]>, f64>>`, the trait `AbsDiffEq` is not implemented for `ArrayBase<OwnedRepr<f64>, Dim<[usize; 1]>, f64>`
[INFO] [stdout]     = help: the following other types implement trait `AbsDiffEq<Rhs>`:
[INFO] [stdout]               `&'a T` implements `AbsDiffEq`
[INFO] [stdout]               `&'a mut T` implements `AbsDiffEq`
[INFO] [stdout]               `Cell<T>` implements `AbsDiffEq`
[INFO] [stdout]               `RefCell<T>` implements `AbsDiffEq`
[INFO] [stdout]               `[A]` implements `AbsDiffEq<[B]>`
[INFO] [stdout]               `f32` implements `AbsDiffEq`
[INFO] [stdout]               `f64` implements `AbsDiffEq`
[INFO] [stdout]               `i16` implements `AbsDiffEq`
[INFO] [stdout]             and 9 others
[INFO] [stdout] note: required because it appears within the type `Relative<ArrayBase<OwnedRepr<f64>, Dim<[usize; 1]>, f64>>`
[INFO] [stdout]    --> /opt/rustwide/cargo-home/registry/src/index.crates.io-1949cf8c6b5b557f/approx-0.5.1/src/lib.rs:255:12
[INFO] [stdout]     |
[INFO] [stdout] 255 | pub struct Relative<A, B = A>
[INFO] [stdout]     |            ^^^^^^^^
[INFO] [stdout]     = note: the return type of a function must have a statically known size
[INFO] [stdout]     = note: this error originates in the macro `relative_eq` which comes from the expansion of the macro `assert_relative_eq` (in Nightly builds, run with -Z macro-backtrace for more info)
[INFO] [stdout] 
[INFO] [stdout] 
[INFO] [stdout] For more information about this error, try `rustc --explain E0277`.
[INFO] [stdout] 
[INFO] [stderr] error: could not compile `nabled-dynamics` (lib test) due to 23 previous errors
[INFO] running `Command { std: "docker" "inspect" "062026db1a940c079f3f36b4a90bcfc1490ee277ba269e8becd558e48d9fddab", kill_on_drop: false }`
[INFO] running `Command { std: "docker" "rm" "-f" "062026db1a940c079f3f36b4a90bcfc1490ee277ba269e8becd558e48d9fddab", kill_on_drop: false }`
[INFO] [stdout] 062026db1a940c079f3f36b4a90bcfc1490ee277ba269e8becd558e48d9fddab
