[INFO] fetching crate mxmon 0.2.0...
[INFO] testing mxmon-0.2.0 against 1.99.0-beta.8+cargoflags=--release for beta-release-1.100-2
[INFO] extracting crate mxmon 0.2.0 into /workspace/builds/worker-5-tc1/source
[INFO] started tweaking crates.io crate mxmon 0.2.0
[INFO] removed 0 missing tests
[INFO] finished tweaking crates.io crate mxmon 0.2.0
[INFO] tweaked toml for crates.io crate mxmon 0.2.0 written to /workspace/builds/worker-5-tc1/source/Cargo.toml
[INFO] validating manifest of crates.io crate mxmon 0.2.0 on toolchain 1.99.0-beta.8
[INFO] running `Command { std: CARGO_HOME="/workspace/cargo-home" RUSTUP_HOME="/workspace/rustup-home" "/workspace/cargo-home/bin/cargo" "+1.99.0-beta.8" "metadata" "--manifest-path" "Cargo.toml" "--no-deps", kill_on_drop: false }`
[INFO] crate crates.io crate mxmon 0.2.0 already has a lockfile, it will not be regenerated
[INFO] running `Command { std: CARGO_HOME="/workspace/cargo-home" RUSTUP_HOME="/workspace/rustup-home" "/workspace/cargo-home/bin/cargo" "+1.99.0-beta.8" "fetch" "--manifest-path" "Cargo.toml", kill_on_drop: false }`
[INFO] [stderr]     Updating crates.io index
[INFO] [stderr]  Downloading crates ...
[INFO] [stderr]   Downloaded lru v0.18.1
[INFO] [stderr]   Downloaded pest_derive v2.8.7
[INFO] [stderr]   Downloaded pest_generator v2.8.7
[INFO] [stderr]   Downloaded pest_meta v2.8.7
[INFO] [stderr]   Downloaded time v0.3.54
[INFO] [stderr]   Downloaded portable-atomic v1.14.0
[INFO] [stderr]   Downloaded pest v2.8.7
[INFO] [stderr]   Downloaded syn v3.0.2
[INFO] [stderr]   Downloaded serial2 v0.2.37
[INFO] [stderr]   Downloaded console v0.16.4
[INFO] [stderr]   Downloaded insta v1.48.0
[INFO] [stderr]   Downloaded clap_mangen v0.2.33
[INFO] [stderr]   Downloaded roff v1.1.1
[INFO] [stderr]   Downloaded clap_derive v4.6.3
[INFO] [stderr]   Downloaded clap_complete v4.6.7
[INFO] running `Command { std: "docker" "create" "-v" "/var/lib/crater-agent-workspace/builds/worker-5-tc1/source:/opt/rustwide/workdir:ro,Z" "-v" "/var/lib/crater-agent-workspace/builds/worker-5-tc1/target:/opt/rustwide/target:rw,Z" "-v" "/var/lib/crater-agent-workspace/cargo-home:/opt/rustwide/cargo-home:ro,Z" "-v" "/var/lib/crater-agent-workspace/rustup-home:/opt/rustwide/rustup-home:ro,Z" "-m" "1610612736" "--network" "none" "ghcr.io/rust-lang/crates-build-env/linux@sha256:77db811e55d90add9212f6832c23229e3de5f1c1f9905e8cb07319ea15df73ac" "sleep" "infinity", kill_on_drop: false }`
[INFO] [stdout] ac6a92c90c1a8bddb52181d8be5e6d282d725e58bfc5fa22e83b4ccc15ecf4a1
[INFO] running `Command { std: "docker" "start" "ac6a92c90c1a8bddb52181d8be5e6d282d725e58bfc5fa22e83b4ccc15ecf4a1", kill_on_drop: false }`
[INFO] running `Command { std: "docker" "inspect" "ac6a92c90c1a8bddb52181d8be5e6d282d725e58bfc5fa22e83b4ccc15ecf4a1", kill_on_drop: false }`
[INFO] running `Command { std: "docker" "exec" "-e" "SOURCE_DIR=/opt/rustwide/workdir" "-e" "CARGO_HOME=/opt/rustwide/cargo-home" "-e" "RUSTUP_HOME=/opt/rustwide/rustup-home" "-e" "CARGO_TARGET_DIR=/opt/rustwide/target" "-w" "/opt/rustwide/workdir" "--user" "0:0" "ac6a92c90c1a8bddb52181d8be5e6d282d725e58bfc5fa22e83b4ccc15ecf4a1" "/opt/rustwide/cargo-home/bin/cargo" "+1.99.0-beta.8" "metadata" "--no-deps" "--format-version=1", kill_on_drop: false }`
[INFO] running `Command { std: "docker" "inspect" "ac6a92c90c1a8bddb52181d8be5e6d282d725e58bfc5fa22e83b4ccc15ecf4a1", kill_on_drop: false }`
[INFO] running `Command { std: "docker" "exec" "-e" "SOURCE_DIR=/opt/rustwide/workdir" "-e" "CARGO_HOME=/opt/rustwide/cargo-home" "-e" "RUSTUP_HOME=/opt/rustwide/rustup-home" "-e" "CARGO_TARGET_DIR=/opt/rustwide/target" "-e" "CARGO_INCREMENTAL=0" "-e" "RUST_BACKTRACE=full" "-e" "RUSTFLAGS=--cap-lints=warn" "-e" "RUSTDOCFLAGS=--cap-lints=warn" "-w" "/opt/rustwide/workdir" "--user" "0:0" "ac6a92c90c1a8bddb52181d8be5e6d282d725e58bfc5fa22e83b4ccc15ecf4a1" "/opt/rustwide/cargo-home/bin/cargo" "+1.99.0-beta.8" "build" "--frozen" "--message-format=json" "--release", kill_on_drop: false }`
[INFO] [stderr]    Compiling proc-macro2 v1.0.107
[INFO] [stderr]    Compiling unicode-ident v1.0.24
[INFO] [stderr]    Compiling quote v1.0.47
[INFO] [stderr]    Compiling libc v0.2.186
[INFO] [stderr]    Compiling cfg-if v1.0.4
[INFO] [stderr]    Compiling heck v0.5.0
[INFO] [stderr]    Compiling equivalent v1.0.2
[INFO] [stderr]    Compiling allocator-api2 v0.2.21
[INFO] [stderr]    Compiling rustversion v1.0.23
[INFO] [stderr]    Compiling foldhash v0.2.0
[INFO] [stderr]    Compiling ident_case v1.0.1
[INFO] [stderr]    Compiling itoa v1.0.18
[INFO] [stderr]    Compiling bitflags v2.13.1
[INFO] [stderr]    Compiling thiserror v2.0.19
[INFO] [stderr]    Compiling serde_core v1.0.229
[INFO] [stderr]    Compiling strsim v0.11.1
[INFO] [stderr]    Compiling either v1.16.0
[INFO] [stderr]    Compiling once_cell v1.21.4
[INFO] [stderr]    Compiling utf8parse v0.2.2
[INFO] [stderr]    Compiling unicode-segmentation v1.13.3
[INFO] [stderr]    Compiling instability v0.3.12
[INFO] [stderr]    Compiling parking_lot_core v0.9.12
[INFO] [stderr]    Compiling signal-hook v0.3.18
[INFO] [stderr]    Compiling static_assertions v1.1.0
[INFO] [stderr]    Compiling unicode-width v0.2.2
[INFO] [stderr]    Compiling ryu v1.0.23
[INFO] [stderr]    Compiling anstyle-parse v1.0.0
[INFO] [stderr]    Compiling is_terminal_polyfill v1.70.2
[INFO] [stderr]    Compiling itertools v0.14.0
[INFO] [stderr]    Compiling tracing-core v0.1.36
[INFO] [stderr]    Compiling anstyle-query v1.1.5
[INFO] [stderr]    Compiling critical-section v1.2.0
[INFO] [stderr]    Compiling memchr v2.8.3
[INFO] [stderr]    Compiling smallvec v1.15.2
[INFO] [stderr]    Compiling colorchoice v1.0.5
[INFO] [stderr]    Compiling anstyle v1.0.14
[INFO] [stderr]    Compiling rustix v1.1.4
[INFO] [stderr]    Compiling log v0.4.33
[INFO] [stderr]    Compiling indoc v2.0.7
[INFO] [stderr]    Compiling lazy_static v1.5.0
[INFO] [stderr]    Compiling hashbrown v0.16.1
[INFO] [stderr]    Compiling hashbrown v0.17.1
[INFO] [stderr]    Compiling convert_case v0.10.0
[INFO] [stderr]    Compiling scopeguard v1.2.0
[INFO] [stderr]    Compiling sharded-slab v0.1.7
[INFO] [stderr]    Compiling anstream v1.0.0
[INFO] [stderr]    Compiling thread_local v1.1.10
[INFO] [stderr]    Compiling lock_api v0.4.14
[INFO] [stderr]    Compiling num-conv v0.2.2
[INFO] [stderr]    Compiling deranged v0.5.8
[INFO] [stderr]    Compiling object v0.37.3
[INFO] [stderr]    Compiling castaway v0.2.4
[INFO] [stderr]    Compiling compact_str v0.9.1
[INFO] [stderr]    Compiling zmij v1.0.23
[INFO] [stderr]    Compiling clap_lex v1.1.0
[INFO] [stderr]    Compiling syn v2.0.119
[INFO] [stderr]    Compiling syn v3.0.2
[INFO] [stderr]    Compiling pin-project-lite v0.2.17
[INFO] [stderr]    Compiling litrs v1.0.0
[INFO] [stderr]    Compiling owo-colors v4.3.0
[INFO] [stderr]    Compiling time-core v0.1.9
[INFO] [stderr]    Compiling powerfmt v0.2.0
[INFO] [stderr]    Compiling linux-raw-sys v0.12.1
[INFO] [stderr]    Compiling num_threads v0.1.7
[INFO] [stderr]    Compiling clap_builder v4.6.2
[INFO] [stderr]    Compiling tracing-subscriber v0.3.23
[INFO] [stderr]    Compiling tracing v0.1.44
[INFO] [stderr]    Compiling line-clipping v0.3.7
[INFO] [stderr]    Compiling color-spantrace v0.3.0
[INFO] [stderr]    Compiling lru v0.18.1
[INFO] [stderr]    Compiling errno v0.3.14
[INFO] [stderr]    Compiling mio v1.2.2
[INFO] [stderr]    Compiling signal-hook-registry v1.4.8
[INFO] [stderr]    Compiling document-features v0.2.12
[INFO] [stderr]    Compiling ref-cast v1.0.26
[INFO] [stderr]    Compiling eyre v0.6.12
[INFO] [stderr]    Compiling parking_lot v0.12.5
[INFO] [stderr]    Compiling adler2 v2.0.1
[INFO] [stderr]    Compiling gimli v0.32.3
[INFO] [stderr]    Compiling serde v1.0.229
[INFO] [stderr]    Compiling serde_json v1.0.151
[INFO] [stderr]    Compiling miniz_oxide v0.8.9
[INFO] [stderr]    Compiling rustc-demangle v0.1.28
[INFO] [stderr]    Compiling unicode-truncate v2.0.1
[INFO] [stderr]    Compiling signal-hook-mio v0.2.5
[INFO] [stderr]    Compiling indenter v0.3.4
[INFO] [stderr]    Compiling winnow v1.0.4
[INFO] [stderr]    Compiling roff v1.1.1
[INFO] [stderr]    Compiling core-foundation-sys v0.8.7
[INFO] [stderr]    Compiling dyn-clone v1.0.20
[INFO] [stderr]    Compiling winnow v0.7.15
[INFO] [stderr]    Compiling toml_writer v1.1.2+spec-1.1.0
[INFO] [stderr]    Compiling time v0.3.54
[INFO] [stderr]    Compiling core-foundation v0.10.1
[INFO] [stderr]    Compiling toml_parser v1.1.2+spec-1.1.0
[INFO] [stderr]    Compiling tracing-error v0.2.1
[INFO] [stderr]    Compiling serde_spanned v1.1.1
[INFO] [stderr]    Compiling toml_datetime v0.7.5+spec-1.1.0
[INFO] [stderr]    Compiling thiserror-impl v2.0.19
[INFO] [stderr]    Compiling ref-cast-impl v1.0.26
[INFO] [stderr]    Compiling serde_derive v1.0.229
[INFO] [stderr]    Compiling kasuari v0.4.12
[INFO] [stderr]    Compiling toml v0.9.12+spec-1.1.0
[INFO] [stderr]    Compiling addr2line v0.25.1
[INFO] [stderr]    Compiling darling_core v0.23.0
[INFO] [stderr]    Compiling serde_derive_internals v0.29.1
[INFO] [stderr]    Compiling strum_macros v0.28.0
[INFO] [stderr]    Compiling derive_more-impl v2.1.1
[INFO] [stderr]    Compiling clap_derive v4.6.3
[INFO] [stderr]    Compiling schemars_derive v1.2.1
[INFO] [stderr]    Compiling backtrace v0.3.76
[INFO] [stderr]    Compiling derive_more v2.1.1
[INFO] [stderr]    Compiling crossterm v0.29.0
[INFO] [stderr]    Compiling schemars v1.2.1
[INFO] [stderr]    Compiling color-eyre v0.6.5
[INFO] [stderr]    Compiling clap v4.6.3
[INFO] [stderr]    Compiling clap_complete v4.6.7
[INFO] [stderr]    Compiling clap_mangen v0.2.33
[INFO] [stderr]    Compiling darling_macro v0.23.0
[INFO] [stderr]    Compiling strum v0.28.0
[INFO] [stderr]    Compiling darling v0.23.0
[INFO] [stderr]    Compiling ratatui-core v0.1.2
[INFO] [stderr]    Compiling ratatui-widgets v0.3.2
[INFO] [stderr]    Compiling ratatui-crossterm v0.1.2
[INFO] [stderr]    Compiling ratatui-macros v0.7.2
[INFO] [stderr]    Compiling ratatui v0.30.2
[INFO] [stderr]    Compiling mxmon v0.2.0 (/opt/rustwide/workdir)
[INFO] [stdout] error[E0425]: cannot find value `NET_RT_IFLIST2` in crate `libc`
[INFO] [stdout]   --> src/ffi/net.rs:93:15
[INFO] [stdout]    |
[INFO] [stdout] 93 |         libc::NET_RT_IFLIST2,
[INFO] [stdout]    |               ^^^^^^^^^^^^^^ not found in `libc`
[INFO] [stdout] 
[INFO] [stdout] 
[INFO] [stdout] error[E0425]: cannot find value `NET_RT_IFLIST2` in crate `libc`
[INFO] [stdout]    --> src/ffi/net.rs:118:63
[INFO] [stdout]     |
[INFO] [stdout] 118 |     let mut mib = [libc::CTL_NET, libc::PF_ROUTE, 0, 0, libc::NET_RT_IFLIST2, 0];
[INFO] [stdout]     |                                                               ^^^^^^^^^^^^^^ not found in `libc`
[INFO] [stdout] 
[INFO] [stdout] 
[INFO] [stdout] error[E0425]: cannot find value `NET_RT_IFLIST2` in crate `libc`
[INFO] [stdout]    --> src/ffi/net.rs:153:63
[INFO] [stdout]     |
[INFO] [stdout] 153 |     let mut mib = [libc::CTL_NET, libc::PF_ROUTE, 0, 0, libc::NET_RT_IFLIST2, 0];
[INFO] [stdout]     |                                                               ^^^^^^^^^^^^^^ not found in `libc`
[INFO] [stdout] 
[INFO] [stdout] 
[INFO] [stdout] error[E0425]: cannot find value `AF_LINK` in crate `libc`
[INFO] [stdout]    --> src/ffi/net.rs:226:28
[INFO] [stdout]     |
[INFO] [stdout] 226 |         if family == libc::AF_LINK as u8 && sdl_len >= 8 && probe + sdl_len <= record.len() {
[INFO] [stdout]     |                            ^^^^^^^ not found in `libc`
[INFO] [stdout] 
[INFO] [stdout] 
[INFO] [stdout] error[E0425]: cannot find value `PF_SYSTEM` in crate `libc`
[INFO] [stdout]     --> src/ffi/ntstat.rs:41:46
[INFO] [stdout]      |
[INFO] [stdout]   41 |         let fd = unsafe { libc::socket(libc::PF_SYSTEM, libc::SOCK_DGRAM, libc::SYSPROTO_CONTROL) };
[INFO] [stdout]      |                                              ^^^^^^^^^
[INFO] [stdout]      |
[INFO] [stdout]     ::: /opt/rustwide/cargo-home/registry/src/index.crates.io-1949cf8c6b5b557f/libc-0.2.186/src/unix/linux_like/linux_l4re_shared.rs:1016:1
[INFO] [stdout]      |
[INFO] [stdout] 1016 | pub const EAI_SYSTEM: c_int = -11;
[INFO] [stdout]      | --------------------------- similarly named constant `EAI_SYSTEM` defined here
[INFO] [stdout]      |
[INFO] [stdout] help: a constant with a similar name exists
[INFO] [stdout]      |
[INFO] [stdout]   41 -         let fd = unsafe { libc::socket(libc::PF_SYSTEM, libc::SOCK_DGRAM, libc::SYSPROTO_CONTROL) };
[INFO] [stdout]   41 +         let fd = unsafe { libc::socket(libc::EAI_SYSTEM, libc::SOCK_DGRAM, libc::SYSPROTO_CONTROL) };
[INFO] [stdout]      |
[INFO] [stdout] 
[INFO] [stdout] 
[INFO] [stdout] error[E0425]: cannot find value `SYSPROTO_CONTROL` in crate `libc`
[INFO] [stdout]   --> src/ffi/ntstat.rs:41:81
[INFO] [stdout]    |
[INFO] [stdout] 41 |         let fd = unsafe { libc::socket(libc::PF_SYSTEM, libc::SOCK_DGRAM, libc::SYSPROTO_CONTROL) };
[INFO] [stdout]    |                                                                                 ^^^^^^^^^^^^^^^^ not found in `libc`
[INFO] [stdout] 
[INFO] [stdout] 
[INFO] [stdout] error[E0425]: cannot find value `AF_SYSTEM` in crate `libc`
[INFO] [stdout]     --> src/ffi/ntstat.rs:58:30
[INFO] [stdout]      |
[INFO] [stdout]   58 |             sc_family: libc::AF_SYSTEM as u8,
[INFO] [stdout]      |                              ^^^^^^^^^
[INFO] [stdout]      |
[INFO] [stdout]     ::: /opt/rustwide/cargo-home/registry/src/index.crates.io-1949cf8c6b5b557f/libc-0.2.186/src/unix/linux_like/linux_l4re_shared.rs:1016:1
[INFO] [stdout]      |
[INFO] [stdout] 1016 | pub const EAI_SYSTEM: c_int = -11;
[INFO] [stdout]      | --------------------------- similarly named constant `EAI_SYSTEM` defined here
[INFO] [stdout]      |
[INFO] [stdout] help: a constant with a similar name exists
[INFO] [stdout]      |
[INFO] [stdout]   58 -             sc_family: libc::AF_SYSTEM as u8,
[INFO] [stdout]   58 +             sc_family: libc::EAI_SYSTEM as u8,
[INFO] [stdout]      |
[INFO] [stdout] 
[INFO] [stdout] 
[INFO] [stdout] error[E0425]: cannot find value `KERN_PROC` in crate `libc`
[INFO] [stdout]     --> src/ffi/proc.rs:239:42
[INFO] [stdout]      |
[INFO] [stdout]  239 |     let mut mib = [libc::CTL_KERN, libc::KERN_PROC, libc::KERN_PROC_ALL, 0];
[INFO] [stdout]      |                                          ^^^^^^^^^
[INFO] [stdout]      |
[INFO] [stdout]     ::: /opt/rustwide/cargo-home/registry/src/index.crates.io-1949cf8c6b5b557f/libc-0.2.186/src/unix/linux_like/linux/mod.rs:3669:1
[INFO] [stdout]      |
[INFO] [stdout] 3669 | pub const KERN_PROF: c_int = 6;
[INFO] [stdout]      | -------------------------- similarly named constant `KERN_PROF` defined here
[INFO] [stdout]      |
[INFO] [stdout] help: a constant with a similar name exists
[INFO] [stdout]      |
[INFO] [stdout]  239 -     let mut mib = [libc::CTL_KERN, libc::KERN_PROC, libc::KERN_PROC_ALL, 0];
[INFO] [stdout]  239 +     let mut mib = [libc::CTL_KERN, libc::KERN_PROF, libc::KERN_PROC_ALL, 0];
[INFO] [stdout]      |
[INFO] [stdout] 
[INFO] [stdout] 
[INFO] [stdout] error[E0425]: cannot find value `KERN_PROC_ALL` in crate `libc`
[INFO] [stdout]    --> src/ffi/proc.rs:239:59
[INFO] [stdout]     |
[INFO] [stdout] 239 |     let mut mib = [libc::CTL_KERN, libc::KERN_PROC, libc::KERN_PROC_ALL, 0];
[INFO] [stdout]     |                                                           ^^^^^^^^^^^^^ not found in `libc`
[INFO] [stdout] 
[INFO] [stdout] 
[INFO] [stdout] error[E0425]: cannot find value `KERN_BOOTTIME` in crate `libc`
[INFO] [stdout]   --> src/ffi/sys.rs:20:42
[INFO] [stdout]    |
[INFO] [stdout] 20 |     let mut mib = [libc::CTL_KERN, libc::KERN_BOOTTIME];
[INFO] [stdout]    |                                          ^^^^^^^^^^^^^ not found in `libc`
[INFO] [stdout] 
[INFO] [stdout] 
[INFO] [stdout] error[E0422]: cannot find struct, variant or union type `xsw_usage` in crate `libc`
[INFO] [stdout]   --> src/ffi/sys.rs:42:25
[INFO] [stdout]    |
[INFO] [stdout] 42 |     let mut xsw = libc::xsw_usage {
[INFO] [stdout]    |                         ^^^^^^^^^ not found in `libc`
[INFO] [stdout] 
[INFO] [stdout] 
[INFO] [stdout] error[E0425]: cannot find type `xsw_usage` in crate `libc`
[INFO] [stdout]   --> src/ffi/sys.rs:49:35
[INFO] [stdout]    |
[INFO] [stdout] 49 |     let mut len = size_of::<libc::xsw_usage>();
[INFO] [stdout]    |                                   ^^^^^^^^^ not found in `libc`
[INFO] [stdout] 
[INFO] [stdout] 
[INFO] [stdout] error[E0425]: cannot find value `VM_SWAPUSAGE` in crate `libc`
[INFO] [stdout]   --> src/ffi/sys.rs:50:40
[INFO] [stdout]    |
[INFO] [stdout] 50 |     let mut mib = [libc::CTL_VM, libc::VM_SWAPUSAGE];
[INFO] [stdout]    |                                        ^^^^^^^^^^^^ not found in `libc`
[INFO] [stdout] 
[INFO] [stdout] 
[INFO] [stdout] error[E0425]: cannot find function `sysctlbyname` in crate `libc`
[INFO] [stdout]   --> src/ffi/sys.rs:73:15
[INFO] [stdout]    |
[INFO] [stdout] 73 |         libc::sysctlbyname(
[INFO] [stdout]    |               ^^^^^^^^^^^^ not found in `libc`
[INFO] [stdout] 
[INFO] [stdout] 
[INFO] [stdout] error[E0425]: cannot find function `sysctlbyname` in crate `libc`
[INFO] [stdout]   --> src/ffi/sys.rs:86:15
[INFO] [stdout]    |
[INFO] [stdout] 86 |         libc::sysctlbyname(
[INFO] [stdout]    |               ^^^^^^^^^^^^ not found in `libc`
[INFO] [stdout] 
[INFO] [stdout] 
[INFO] [stdout] error[E0425]: cannot find function `sysctlbyname` in crate `libc`
[INFO] [stdout]    --> src/ffi/sys.rs:107:15
[INFO] [stdout]     |
[INFO] [stdout] 107 |         libc::sysctlbyname(
[INFO] [stdout]     |               ^^^^^^^^^^^^ not found in `libc`
[INFO] [stdout] 
[INFO] [stdout] 
[INFO] [stdout] error[E0425]: cannot find function `getfsstat` in crate `libc`
[INFO] [stdout]    --> src/ffi/sys.rs:181:32
[INFO] [stdout]     |
[INFO] [stdout] 181 |     let count = unsafe { libc::getfsstat(std::ptr::null_mut(), 0, MNT_NOWAIT) };
[INFO] [stdout]     |                                ^^^^^^^^^ not found in `libc`
[INFO] [stdout] 
[INFO] [stdout] 
[INFO] [stdout] error[E0425]: cannot find function `getfsstat` in crate `libc`
[INFO] [stdout]    --> src/ffi/sys.rs:187:30
[INFO] [stdout]     |
[INFO] [stdout] 187 |     let got = unsafe { libc::getfsstat(buf.as_mut_ptr(), bytes, MNT_NOWAIT) };
[INFO] [stdout]     |                              ^^^^^^^^^ not found in `libc`
[INFO] [stdout] 
[INFO] [stdout] 
[INFO] [stdout] error[E0455]: link kind `framework` is only supported on Apple targets
[INFO] [stdout]   --> src/ffi/cf.rs:18:40
[INFO] [stdout]    |
[INFO] [stdout] 18 | #[link(name = "CoreFoundation", kind = "framework")]
[INFO] [stdout]    |                                        ^^^^^^^^^^^
[INFO] [stdout] 
[INFO] [stdout] 
[INFO] [stdout] error[E0455]: link kind `framework` is only supported on Apple targets
[INFO] [stdout]   --> src/ffi/hid.rs:19:31
[INFO] [stdout]    |
[INFO] [stdout] 19 | #[link(name = "IOKit", kind = "framework")]
[INFO] [stdout]    |                               ^^^^^^^^^^^
[INFO] [stdout] 
[INFO] [stdout] 
[INFO] [stdout] error[E0455]: link kind `framework` is only supported on Apple targets
[INFO] [stdout]   --> src/ffi/iokit.rs:13:31
[INFO] [stdout]    |
[INFO] [stdout] 13 | #[link(name = "IOKit", kind = "framework")]
[INFO] [stdout]    |                               ^^^^^^^^^^^
[INFO] [stdout] 
[INFO] [stdout] 
[INFO] [stdout] error[E0455]: link kind `framework` is only supported on Apple targets
[INFO] [stdout]   --> src/ffi/iopm.rs:17:31
[INFO] [stdout]    |
[INFO] [stdout] 17 | #[link(name = "IOKit", kind = "framework")]
[INFO] [stdout]    |                               ^^^^^^^^^^^
[INFO] [stdout] 
[INFO] [stdout] 
[INFO] [stdout] error[E0455]: link kind `framework` is only supported on Apple targets
[INFO] [stdout]   --> src/ffi/iopm.rs:22:40
[INFO] [stdout]    |
[INFO] [stdout] 22 | #[link(name = "CoreFoundation", kind = "framework")]
[INFO] [stdout]    |                                        ^^^^^^^^^^^
[INFO] [stdout] 
[INFO] [stdout] 
[INFO] [stdout] error[E0455]: link kind `framework` is only supported on Apple targets
[INFO] [stdout]   --> src/ffi/nvme.rs:62:40
[INFO] [stdout]    |
[INFO] [stdout] 62 | #[link(name = "CoreFoundation", kind = "framework")]
[INFO] [stdout]    |                                        ^^^^^^^^^^^
[INFO] [stdout] 
[INFO] [stdout] 
[INFO] [stdout] error[E0455]: link kind `framework` is only supported on Apple targets
[INFO] [stdout]   --> src/ffi/nvme.rs:86:31
[INFO] [stdout]    |
[INFO] [stdout] 86 | #[link(name = "IOKit", kind = "framework")]
[INFO] [stdout]    |                               ^^^^^^^^^^^
[INFO] [stdout] 
[INFO] [stdout] 
[INFO] [stdout] error[E0560]: struct `sockaddr_in` has no field named `sin_len`
[INFO] [stdout]   --> src/ffi/icmp.rs:77:13
[INFO] [stdout]    |
[INFO] [stdout] 77 |             sin_len: size_of::<libc::sockaddr_in>() as u8,
[INFO] [stdout]    |             ^^^^^^^ `sockaddr_in` does not have this field
[INFO] [stdout]    |
[INFO] [stdout]    = note: all struct fields are already assigned
[INFO] [stdout] 
[INFO] [stdout] 
[INFO] [stdout] error[E0308]: mismatched types
[INFO] [stdout]   --> src/ffi/icmp.rs:78:25
[INFO] [stdout]    |
[INFO] [stdout] 78 |             sin_family: libc::AF_INET as u8,
[INFO] [stdout]    |                         ^^^^^^^^^^^^^^^^^^^ expected `u16`, found `u8`
[INFO] [stdout] 
[INFO] [stdout] 
[INFO] [stdout] error[E0080]: evaluation panicked: assertion failed: size_of::<KinfoProc>() == 648
[INFO] [stdout]    --> src/ffi/proc.rs:300:15
[INFO] [stdout]     |
[INFO] [stdout] 300 | const _: () = assert!(size_of::<KinfoProc>() == 648);
[INFO] [stdout]     |               ^^^^^^^^^^^^^^^^^^^^^^^^^^^^^^^^^^^^^^ evaluation of `ffi::proc::_` failed here
[INFO] [stdout] 
[INFO] [stdout] 
[INFO] [stdout] error[E0277]: the trait bound `u64: From<i64>` is not satisfied
[INFO] [stdout]    --> src/ffi/sys.rs:202:25
[INFO] [stdout]     |
[INFO] [stdout] 202 |             let block = u64::from(fs.f_bsize);
[INFO] [stdout]     |                         ^^^ the trait `From<i64>` is not implemented for `u64`
[INFO] [stdout]     |
[INFO] [stdout]     = help: `u64` implements trait `From<T>`:
[INFO] [stdout]               From<bool>
[INFO] [stdout]               From<char>
[INFO] [stdout]               From<deranged::RangedU64<MIN, MAX>>
[INFO] [stdout]               From<object::endian::U64<E>>
[INFO] [stdout]               From<std::ascii::Char>
[INFO] [stdout]               From<u16>
[INFO] [stdout]               From<u32>
[INFO] [stdout]               From<u8>
[INFO] [stdout] 
[INFO] [stdout] 
[INFO] [stdout] error[E0609]: no field `f_mntonname` on type `&statfs`
[INFO] [stdout]    --> src/ffi/sys.rs:204:39
[INFO] [stdout]     |
[INFO] [stdout] 204 |                 mount_point: cstr(&fs.f_mntonname),
[INFO] [stdout]     |                                       ^^^^^^^^^^^ unknown field
[INFO] [stdout]     |
[INFO] [stdout]     = note: available fields are: `f_type`, `f_bsize`, `f_blocks`, `f_bfree`, `f_bavail` ... and 5 others
[INFO] [stdout] 
[INFO] [stdout] 
[INFO] [stdout] error[E0609]: no field `f_fstypename` on type `&statfs`
[INFO] [stdout]    --> src/ffi/sys.rs:205:35
[INFO] [stdout]     |
[INFO] [stdout] 205 |                 fs_type: cstr(&fs.f_fstypename),
[INFO] [stdout]     |                                   ^^^^^^^^^^^^ unknown field
[INFO] [stdout]     |
[INFO] [stdout]     = note: available fields are: `f_type`, `f_bsize`, `f_blocks`, `f_bfree`, `f_bavail` ... and 5 others
[INFO] [stdout] 
[INFO] [stdout] 
[INFO] [stdout] Some errors have detailed explanations: E0080, E0277, E0308, E0422, E0425, E0455, E0560, E0609.
[INFO] [stdout] 
[INFO] [stdout] For more information about an error, try `rustc --explain E0080`.
[INFO] [stdout] 
[INFO] [stderr] error: could not compile `mxmon` (bin "mxmon") due to 31 previous errors
[INFO] running `Command { std: "docker" "inspect" "ac6a92c90c1a8bddb52181d8be5e6d282d725e58bfc5fa22e83b4ccc15ecf4a1", kill_on_drop: false }`
[INFO] running `Command { std: "docker" "rm" "-f" "ac6a92c90c1a8bddb52181d8be5e6d282d725e58bfc5fa22e83b4ccc15ecf4a1", kill_on_drop: false }`
[INFO] [stdout] ac6a92c90c1a8bddb52181d8be5e6d282d725e58bfc5fa22e83b4ccc15ecf4a1
