[INFO] fetching crate mwc_wallet 5.3.4...
[INFO] testing mwc_wallet-5.3.4 against 1.100.0-beta.1+cargoflags=--release for beta-release-1.100-2
[INFO] extracting crate mwc_wallet 5.3.4 into /workspace/builds/worker-7-tc2/source
[INFO] removed /workspace/builds/worker-7-tc2/source/.cargo/config.toml
[INFO] started tweaking crates.io crate mwc_wallet 5.3.4
[INFO] removed 0 missing tests
[INFO] finished tweaking crates.io crate mwc_wallet 5.3.4
[INFO] tweaked toml for crates.io crate mwc_wallet 5.3.4 written to /workspace/builds/worker-7-tc2/source/Cargo.toml
[INFO] validating manifest of crates.io crate mwc_wallet 5.3.4 on toolchain 1.100.0-beta.1
[INFO] running `Command { std: CARGO_HOME="/workspace/cargo-home" RUSTUP_HOME="/workspace/rustup-home" "/workspace/cargo-home/bin/cargo" "+1.100.0-beta.1" "metadata" "--manifest-path" "Cargo.toml" "--no-deps", kill_on_drop: false }`
[INFO] crate crates.io crate mwc_wallet 5.3.4 already has a lockfile, it will not be regenerated
[INFO] running `Command { std: CARGO_HOME="/workspace/cargo-home" RUSTUP_HOME="/workspace/rustup-home" "/workspace/cargo-home/bin/cargo" "+1.100.0-beta.1" "fetch" "--manifest-path" "Cargo.toml", kill_on_drop: false }`
[INFO] running `Command { std: "docker" "create" "-v" "/var/lib/crater-agent-workspace/builds/worker-7-tc2/source:/opt/rustwide/workdir:ro,Z" "-v" "/var/lib/crater-agent-workspace/builds/worker-7-tc2/target:/opt/rustwide/target:rw,Z" "-v" "/var/lib/crater-agent-workspace/cargo-home:/opt/rustwide/cargo-home:ro,Z" "-v" "/var/lib/crater-agent-workspace/rustup-home:/opt/rustwide/rustup-home:ro,Z" "-m" "1610612736" "--network" "none" "ghcr.io/rust-lang/crates-build-env/linux@sha256:77db811e55d90add9212f6832c23229e3de5f1c1f9905e8cb07319ea15df73ac" "sleep" "infinity", kill_on_drop: false }`
[INFO] [stdout] 8649ea86fe3dc532d89ea659b2e899846265c3d122c7b3fdba198599938f4fca
[INFO] running `Command { std: "docker" "start" "8649ea86fe3dc532d89ea659b2e899846265c3d122c7b3fdba198599938f4fca", kill_on_drop: false }`
[INFO] running `Command { std: "docker" "inspect" "8649ea86fe3dc532d89ea659b2e899846265c3d122c7b3fdba198599938f4fca", kill_on_drop: false }`
[INFO] running `Command { std: "docker" "exec" "-e" "SOURCE_DIR=/opt/rustwide/workdir" "-e" "CARGO_HOME=/opt/rustwide/cargo-home" "-e" "RUSTUP_HOME=/opt/rustwide/rustup-home" "-e" "CARGO_TARGET_DIR=/opt/rustwide/target" "-w" "/opt/rustwide/workdir" "--user" "0:0" "8649ea86fe3dc532d89ea659b2e899846265c3d122c7b3fdba198599938f4fca" "/opt/rustwide/cargo-home/bin/cargo" "+1.100.0-beta.1" "metadata" "--no-deps" "--format-version=1", kill_on_drop: false }`
[INFO] running `Command { std: "docker" "inspect" "8649ea86fe3dc532d89ea659b2e899846265c3d122c7b3fdba198599938f4fca", kill_on_drop: false }`
[INFO] running `Command { std: "docker" "exec" "-e" "SOURCE_DIR=/opt/rustwide/workdir" "-e" "CARGO_HOME=/opt/rustwide/cargo-home" "-e" "RUSTUP_HOME=/opt/rustwide/rustup-home" "-e" "CARGO_TARGET_DIR=/opt/rustwide/target" "-e" "CARGO_INCREMENTAL=0" "-e" "RUST_BACKTRACE=full" "-e" "RUSTFLAGS=--cap-lints=warn" "-e" "RUSTDOCFLAGS=--cap-lints=warn" "-w" "/opt/rustwide/workdir" "--user" "0:0" "8649ea86fe3dc532d89ea659b2e899846265c3d122c7b3fdba198599938f4fca" "/opt/rustwide/cargo-home/bin/cargo" "+1.100.0-beta.1" "build" "--frozen" "--message-format=json" "--release", kill_on_drop: false }`
[INFO] [stderr]    Compiling libc v0.2.162
[INFO] [stderr]    Compiling proc-macro2 v1.0.89
[INFO] [stderr]    Compiling unicode-ident v1.0.13
[INFO] [stderr]    Compiling serde v1.0.214
[INFO] [stderr]    Compiling typenum v1.17.0
[INFO] [stderr]    Compiling byteorder v1.5.0
[INFO] [stderr]    Compiling value-bag v1.10.0
[INFO] [stderr]    Compiling syn v1.0.109
[INFO] [stderr]    Compiling futures-core v0.3.31
[INFO] [stderr]    Compiling pin-project-lite v0.2.15
[INFO] [stderr]    Compiling subtle v2.4.1
[INFO] [stderr]    Compiling futures-io v0.3.31
[INFO] [stderr]    Compiling once_cell v1.20.2
[INFO] [stderr]    Compiling getrandom v0.1.16
[INFO] [stderr]    Compiling indexmap v1.9.3
[INFO] [stderr]    Compiling cfg-if v0.1.10
[INFO] [stderr]    Compiling smallvec v1.13.2
[INFO] [stderr]    Compiling futures-channel v0.3.31
[INFO] [stderr]    Compiling futures-task v0.3.31
[INFO] [stderr]    Compiling cpufeatures v0.2.14
[INFO] [stderr]    Compiling rustix v0.38.40
[INFO] [stderr]    Compiling bytes v1.8.0
[INFO] [stderr]    Compiling num-traits v0.2.19
[INFO] [stderr]    Compiling block-padding v0.2.1
[INFO] [stderr]    Compiling cfg-if v1.0.0
[INFO] [stderr]    Compiling crunchy v0.2.2
[INFO] [stderr]    Compiling itoa v1.0.11
[INFO] [stderr]    Compiling anyhow v1.0.93
[INFO] [stderr]    Compiling quote v1.0.37
[INFO] [stderr]    Compiling crossbeam-utils v0.8.20
[INFO] [stderr]    Compiling syn v2.0.87
[INFO] [stderr]    Compiling bytes v0.5.6
[INFO] [stderr]    Compiling generic-array v0.14.7
[INFO] [stderr]    Compiling generic-array v0.12.4
[INFO] [stderr]    Compiling jobserver v0.1.32
[INFO] [stderr]    Compiling cc v1.1.37
[INFO] [stderr]    Compiling digest v0.8.1
[INFO] [stderr]    Compiling spin v0.5.2
[INFO] [stderr]    Compiling scopeguard v1.2.0
[INFO] [stderr]    Compiling untrusted v0.7.1
[INFO] [stderr]    Compiling either v1.13.0
[INFO] [stderr]    Compiling getrandom v0.2.15
[INFO] [stderr]    Compiling num_cpus v1.16.0
[INFO] [stderr]    Compiling digest v0.9.0
[INFO] [stderr]    Compiling rand_core v0.5.1
[INFO] [stderr]    Compiling rand_core v0.6.4
[INFO] [stderr]    Compiling block-buffer v0.9.0
[INFO] [stderr]    Compiling byte-tools v0.3.1
[INFO] [stderr]    Compiling rand_core v0.4.2
[INFO] [stderr]    Compiling block-padding v0.1.5
[INFO] [stderr]    Compiling block-buffer v0.7.3
[INFO] [stderr]    Compiling linux-raw-sys v0.4.14
[INFO] [stderr]    Compiling bitflags v2.6.0
[INFO] [stderr]    Compiling litemap v0.7.3
[INFO] [stderr]    Compiling opaque-debug v0.2.3
[INFO] [stderr]    Compiling sha2 v0.9.9
[INFO] [stderr]    Compiling itertools v0.9.0
[INFO] [stderr]    Compiling iovec v0.1.4
[INFO] [stderr]    Compiling ryu v1.0.18
[INFO] [stderr]    Compiling ring v0.16.20
[INFO] [stderr]    Compiling heck v0.3.3
[INFO] [stderr]    Compiling crypto-common v0.1.6
[INFO] [stderr]    Compiling net2 v0.2.39
[INFO] [stderr]    Compiling home v0.5.9
[INFO] [stderr]    Compiling icu_locid_transform_data v1.5.0
[INFO] [stderr]    Compiling rand_core v0.3.1
[INFO] [stderr]    Compiling autocfg v0.1.8
[INFO] [stderr]    Compiling icu_properties_data v1.5.0
[INFO] [stderr]    Compiling hashbrown v0.12.3
[INFO] [stderr]    Compiling signal-hook-registry v1.4.2
[INFO] [stderr]    Compiling signature v1.6.4
[INFO] [stderr]    Compiling icu_normalizer_data v1.5.0
[INFO] [stderr]    Compiling fixedbitset v0.2.0
[INFO] [stderr]    Compiling pin-project-lite v0.1.12
[INFO] [stderr]    Compiling fastrand v2.2.0
[INFO] [stderr]    Compiling ed25519 v1.5.3
[INFO] [stderr]    Compiling serde_json v1.0.132
[INFO] [stderr]    Compiling data-encoding v2.6.0
[INFO] [stderr]    Compiling pkg-config v0.3.31
[INFO] [stderr]    Compiling petgraph v0.5.1
[INFO] [stderr]    Compiling subtle v1.0.0
[INFO] [stderr]    Compiling multimap v0.8.3
[INFO] [stderr]    Compiling crypto-mac v0.7.0
[INFO] [stderr]    Compiling sha3 v0.8.2
[INFO] [stderr]    Compiling concurrent-queue v2.5.0
[INFO] [stderr]    Compiling synstructure v0.12.6
[INFO] [stderr]    Compiling proc-macro-error-attr v1.0.4
[INFO] [stderr]    Compiling equivalent v1.0.1
[INFO] [stderr]    Compiling parking_lot_core v0.8.6
[INFO] [stderr]    Compiling synstructure v0.13.1
[INFO] [stderr]    Compiling hashbrown v0.15.1
[INFO] [stderr]    Compiling num-integer v0.1.46
[INFO] [stderr]    Compiling proc-macro-error v1.0.4
[INFO] [stderr]    Compiling instant v0.1.13
[INFO] [stderr]    Compiling toml_datetime v0.6.8
[INFO] [stderr]    Compiling winnow v0.5.40
[INFO] [stderr]    Compiling indexmap v2.6.0
[INFO] [stderr]    Compiling prost-derive v0.7.0
[INFO] [stderr]    Compiling tokio-macros v0.2.6
[INFO] [stderr]    Compiling lock_api v0.4.12
[INFO] [stderr]    Compiling hmac v0.7.1
[INFO] [stderr]    Compiling tracing-core v0.1.32
[INFO] [stderr]    Compiling serde_derive v1.0.214
[INFO] [stderr]    Compiling zerocopy-derive v0.7.35
[INFO] [stderr]    Compiling zerofrom-derive v0.1.4
[INFO] [stderr]    Compiling yoke-derive v0.7.4
[INFO] [stderr]    Compiling zerovec-derive v0.10.3
[INFO] [stderr]    Compiling zeroize_derive v1.4.2
[INFO] [stderr]    Compiling displaydoc v0.2.5
[INFO] [stderr]    Compiling futures-macro v0.3.31
[INFO] [stderr]    Compiling zerocopy v0.7.35
[INFO] [stderr]    Compiling zeroize v1.8.1
[INFO] [stderr]    Compiling icu_provider_macros v1.5.0
[INFO] [stderr]    Compiling thiserror-impl v1.0.69
[INFO] [stderr]    Compiling futures-util v0.3.31
[INFO] [stderr]    Compiling pin-project-internal v1.1.7
[INFO] [stderr]    Compiling curve25519-dalek v3.2.0
[INFO] [stderr]    Compiling zerofrom v0.1.4
[INFO] [stderr]    Compiling yoke v0.7.4
[INFO] [stderr]    Compiling ppv-lite86 v0.2.20
[INFO] [stderr]    Compiling zerovec v0.10.4
[INFO] [stderr]    Compiling rand_chacha v0.2.2
[INFO] [stderr]    Compiling thiserror v1.0.69
[INFO] [stderr]    Compiling which v4.4.2
[INFO] [stderr]    Compiling pin-project v1.1.7
[INFO] [stderr]    Compiling prost v0.7.0
[INFO] [stderr]    Compiling rand v0.7.3
[INFO] [stderr]    Compiling prost-build v0.7.0
[INFO] [stderr]    Compiling prost-types v0.7.0
[INFO] [stderr]    Compiling tempfile v3.14.0
[INFO] [stderr]    Compiling tinystr v0.7.6
[INFO] [stderr]    Compiling icu_locid v1.5.0
[INFO] [stderr]    Compiling icu_collections v1.5.0
[INFO] [stderr]    Compiling icu_provider v1.5.0
[INFO] [stderr]    Compiling icu_locid_transform v1.5.0
[INFO] [stderr]    Compiling futures-executor v0.3.31
[INFO] [stderr]    Compiling toml_edit v0.19.15
[INFO] [stderr]    Compiling futures v0.3.31
[INFO] [stderr]    Compiling fake-simd v0.1.2
[INFO] [stderr]    Compiling pin-project-internal v0.4.30
[INFO] [stderr]    Compiling icu_properties v1.5.1
[INFO] [stderr]    Compiling log v0.4.22
[INFO] [stderr]    Compiling sha2 v0.8.2
[INFO] [stderr]    Compiling ed25519-dalek v1.0.1
[INFO] [stderr]    Compiling proc-macro-crate v1.3.1
[INFO] [stderr]    Compiling mio v0.6.23
[INFO] [stderr]    Compiling tracing v0.1.40
[INFO] [stderr]    Compiling asynchronous-codec v0.6.2
[INFO] [stderr]    Compiling parking_lot v0.11.2
[INFO] [stderr]    Compiling hmac-drbg v0.2.0
[INFO] [stderr]    Compiling rand_pcg v0.1.2
[INFO] [stderr]    Compiling rand_chacha v0.1.1
[INFO] [stderr]    Compiling libsecp256k1 v0.3.5
[INFO] [stderr]    Compiling unsigned-varint v0.7.2
[INFO] [stderr]    Compiling multihash-derive v0.7.2
[INFO] [stderr]    Compiling mio-uds v0.6.8
[INFO] [stderr]    Compiling icu_normalizer v1.5.0
[INFO] [stderr]    Compiling tokio v0.2.25
[INFO] [stderr]    Compiling idna_adapter v1.2.0
[INFO] [stderr]    Compiling idna v1.0.3
[INFO] [stderr]    Compiling url v2.5.3
[INFO] [stderr]    Compiling rand v0.6.5
[INFO] [stderr]    Compiling inout v0.1.3
[INFO] [stderr]    Compiling bitflags v1.3.2
[INFO] [stderr]    Compiling rustc-hex v2.1.0
[INFO] [stderr]    Compiling unsigned-varint v0.5.1
[INFO] [stderr]    Compiling multihash v0.13.2
[INFO] [stderr]    Compiling cipher v0.4.4
[INFO] [stderr]    Compiling pin-project v0.4.30
[INFO] [stderr]    Compiling mwc-libp2p-core v0.27.3
[INFO] [stderr]    Compiling asn1_der_derive v0.1.2
[INFO] [stderr]    Compiling rand_xorshift v0.1.1
[INFO] [stderr]    Compiling rand_isaac v0.1.1
[INFO] [stderr]    Compiling rand_hc v0.1.0
[INFO] [stderr]    Compiling rand_os v0.1.3
[INFO] [stderr]    Compiling rand_jitter v0.1.4
[INFO] [stderr]    Compiling bs58 v0.4.0
[INFO] [stderr]    Compiling semver v1.0.23
[INFO] [stderr]    Compiling futures-timer v3.0.3
[INFO] [stderr]    Compiling base64 v0.12.3
[INFO] [stderr]    Compiling parity-multiaddr v0.11.2
[INFO] [stderr]    Compiling asn1_der v0.6.3
[INFO] [stderr]    Compiling rw-stream-sink v0.2.1
[INFO] [stderr]    Compiling multistream-select v0.10.4
[INFO] [stderr]    Compiling socket2 v0.3.19
[INFO] [stderr]    Compiling radium v0.3.0
[INFO] [stderr]    Compiling void v1.0.2
[INFO] [stderr]    Compiling arrayvec v0.7.6
[INFO] [stderr]    Compiling rand_chacha v0.3.1
[INFO] [stderr]    Compiling gcc v0.3.55
[INFO] [stderr]    Compiling event-listener v2.5.3
[INFO] [stderr]    Compiling adler2 v2.0.0
[INFO] [stderr]    Compiling rustc_version v0.4.1
[INFO] [stderr]    Compiling miniz_oxide v0.8.0
[INFO] [stderr]    Compiling rand v0.8.5
[INFO] [stderr]    Compiling sct v0.6.1
[INFO] [stderr]    Compiling event-listener v5.3.1
[INFO] [stderr]    Compiling rand v0.5.6
[INFO] [stderr]    Compiling universal-hash v0.5.1
[INFO] [stderr]    Compiling mwc_secp256k1zkp v0.7.16
[INFO] [stderr]    Compiling parking_lot_core v0.7.3
[INFO] [stderr]    Compiling lock_api v0.3.4
[INFO] [stderr]    Compiling crc32fast v1.4.2
[INFO] [stderr]    Compiling siphasher v0.3.11
[INFO] [stderr]    Compiling traitobject v0.1.0
[INFO] [stdout] error[E0119]: conflicting implementations of trait `Trait` for type `(dyn Send + Sync + 'static)`
[INFO] [stdout]   --> /opt/rustwide/cargo-home/registry/src/index.crates.io-1949cf8c6b5b557f/traitobject-0.1.0/src/impls.rs:72:1
[INFO] [stdout]    |
[INFO] [stdout] 71 | unsafe impl Trait for ::std::marker::Send + Sync { }
[INFO] [stdout]    | ------------------------------------------------ first implementation here
[INFO] [stdout] 72 | unsafe impl Trait for ::std::marker::Send + Send + Sync { }
[INFO] [stdout]    | ^^^^^^^^^^^^^^^^^^^^^^^^^^^^^^^^^^^^^^^^^^^^^^^^^^^^^^^ conflicting implementation for `(dyn Send + Sync + 'static)`
[INFO] [stdout] 
[INFO] [stdout] 
[INFO] [stdout] error[E0119]: conflicting implementations of trait `Trait` for type `(dyn Send + Sync + 'static)`
[INFO] [stdout]   --> /opt/rustwide/cargo-home/registry/src/index.crates.io-1949cf8c6b5b557f/traitobject-0.1.0/src/impls.rs:73:1
[INFO] [stdout]    |
[INFO] [stdout] 71 | unsafe impl Trait for ::std::marker::Send + Sync { }
[INFO] [stdout]    | ------------------------------------------------ first implementation here
[INFO] [stdout] 72 | unsafe impl Trait for ::std::marker::Send + Send + Sync { }
[INFO] [stdout] 73 | unsafe impl Trait for ::std::marker::Sync + Send { }
[INFO] [stdout]    | ^^^^^^^^^^^^^^^^^^^^^^^^^^^^^^^^^^^^^^^^^^^^^^^^ conflicting implementation for `(dyn Send + Sync + 'static)`
[INFO] [stdout] 
[INFO] [stdout] 
[INFO] [stdout] error[E0119]: conflicting implementations of trait `Trait` for type `(dyn Send + Sync + 'static)`
[INFO] [stdout]   --> /opt/rustwide/cargo-home/registry/src/index.crates.io-1949cf8c6b5b557f/traitobject-0.1.0/src/impls.rs:75:1
[INFO] [stdout]    |
[INFO] [stdout] 71 | unsafe impl Trait for ::std::marker::Send + Sync { }
[INFO] [stdout]    | ------------------------------------------------ first implementation here
[INFO] [stdout] ...
[INFO] [stdout] 75 | unsafe impl Trait for ::std::marker::Sync + Send + Sync { }
[INFO] [stdout]    | ^^^^^^^^^^^^^^^^^^^^^^^^^^^^^^^^^^^^^^^^^^^^^^^^^^^^^^^ conflicting implementation for `(dyn Send + Sync + 'static)`
[INFO] [stdout] 
[INFO] [stdout] 
[INFO] [stdout] For more information about this error, try `rustc --explain E0119`.
[INFO] [stdout] 
[INFO] [stderr] error: could not compile `traitobject` (lib) due to 3 previous errors
[INFO] [stderr] warning: build failed, waiting for other jobs to finish...
[INFO] running `Command { std: "docker" "inspect" "8649ea86fe3dc532d89ea659b2e899846265c3d122c7b3fdba198599938f4fca", kill_on_drop: false }`
[INFO] running `Command { std: "docker" "rm" "-f" "8649ea86fe3dc532d89ea659b2e899846265c3d122c7b3fdba198599938f4fca", kill_on_drop: false }`
[INFO] [stdout] 8649ea86fe3dc532d89ea659b2e899846265c3d122c7b3fdba198599938f4fca
