[INFO] fetching crate mushin 0.5.0...
[INFO] testing mushin-0.5.0 against 1.100.0-beta.1+cargoflags=--release for beta-release-1.100-2
[INFO] extracting crate mushin 0.5.0 into /workspace/builds/worker-4-tc2/source
[INFO] started tweaking crates.io crate mushin 0.5.0
[INFO] finished tweaking crates.io crate mushin 0.5.0
[INFO] tweaked toml for crates.io crate mushin 0.5.0 written to /workspace/builds/worker-4-tc2/source/Cargo.toml
[INFO] validating manifest of crates.io crate mushin 0.5.0 on toolchain 1.100.0-beta.1
[INFO] running `Command { std: CARGO_HOME="/workspace/cargo-home" RUSTUP_HOME="/workspace/rustup-home" "/workspace/cargo-home/bin/cargo" "+1.100.0-beta.1" "metadata" "--manifest-path" "Cargo.toml" "--no-deps", kill_on_drop: false }`
[INFO] running `Command { std: CARGO_HOME="/workspace/cargo-home" RUSTUP_HOME="/workspace/rustup-home" "/workspace/cargo-home/bin/cargo" "+1.100.0-beta.1" "generate-lockfile" "--manifest-path" "Cargo.toml", kill_on_drop: false }`
[INFO] [stderr]     Updating crates.io index
[INFO] [stderr]      Locking 26 packages to highest compatible versions
[INFO] running `Command { std: CARGO_HOME="/workspace/cargo-home" RUSTUP_HOME="/workspace/rustup-home" "/workspace/cargo-home/bin/cargo" "+1.100.0-beta.1" "fetch" "--manifest-path" "Cargo.toml", kill_on_drop: false }`
[INFO] [stderr] warning: `package.homepage` is redundant with `package.repository`
[INFO] [stderr]   --> Cargo.toml:19:12
[INFO] [stderr]    |
[INFO] [stderr] 19 | homepage = "https://github.com/c0dearm/mushin"
[INFO] [stderr]    |            ^^^^^^^^^^^^^^^^^^^^^^^^^^^^^^^^^^^
[INFO] [stderr] ...
[INFO] [stderr] 24 | repository = "https://github.com/c0dearm/mushin"
[INFO] [stderr]    |              -----------------------------------
[INFO] [stderr]    |
[INFO] [stderr]    = note: `cargo::redundant_homepage` is set to `warn` by default
[INFO] [stderr] help: consider removing `package.homepage`
[INFO] [stderr] warning: `mushin` (manifest) generated 1 warning
[INFO] running `Command { std: "docker" "create" "-v" "/var/lib/crater-agent-workspace/builds/worker-4-tc2/source:/opt/rustwide/workdir:ro,Z" "-v" "/var/lib/crater-agent-workspace/builds/worker-4-tc2/target:/opt/rustwide/target:rw,Z" "-v" "/var/lib/crater-agent-workspace/cargo-home:/opt/rustwide/cargo-home:ro,Z" "-v" "/var/lib/crater-agent-workspace/rustup-home:/opt/rustwide/rustup-home:ro,Z" "-m" "1610612736" "--network" "none" "ghcr.io/rust-lang/crates-build-env/linux@sha256:77db811e55d90add9212f6832c23229e3de5f1c1f9905e8cb07319ea15df73ac" "sleep" "infinity", kill_on_drop: false }`
[INFO] [stdout] 48bc455aa290ac5f686710fbd5dfcbbabf7c4dcf368fb73486ac2723628326d3
[INFO] running `Command { std: "docker" "start" "48bc455aa290ac5f686710fbd5dfcbbabf7c4dcf368fb73486ac2723628326d3", kill_on_drop: false }`
[INFO] running `Command { std: "docker" "inspect" "48bc455aa290ac5f686710fbd5dfcbbabf7c4dcf368fb73486ac2723628326d3", kill_on_drop: false }`
[INFO] running `Command { std: "docker" "exec" "-e" "SOURCE_DIR=/opt/rustwide/workdir" "-e" "CARGO_HOME=/opt/rustwide/cargo-home" "-e" "RUSTUP_HOME=/opt/rustwide/rustup-home" "-e" "CARGO_TARGET_DIR=/opt/rustwide/target" "-w" "/opt/rustwide/workdir" "--user" "0:0" "48bc455aa290ac5f686710fbd5dfcbbabf7c4dcf368fb73486ac2723628326d3" "/opt/rustwide/cargo-home/bin/cargo" "+1.100.0-beta.1" "metadata" "--no-deps" "--format-version=1", kill_on_drop: false }`
[INFO] running `Command { std: "docker" "inspect" "48bc455aa290ac5f686710fbd5dfcbbabf7c4dcf368fb73486ac2723628326d3", kill_on_drop: false }`
[INFO] running `Command { std: "docker" "exec" "-e" "SOURCE_DIR=/opt/rustwide/workdir" "-e" "CARGO_HOME=/opt/rustwide/cargo-home" "-e" "RUSTUP_HOME=/opt/rustwide/rustup-home" "-e" "CARGO_TARGET_DIR=/opt/rustwide/target" "-e" "CARGO_INCREMENTAL=0" "-e" "RUST_BACKTRACE=full" "-e" "RUSTFLAGS=--cap-lints=warn" "-e" "RUSTDOCFLAGS=--cap-lints=warn" "-w" "/opt/rustwide/workdir" "--user" "0:0" "48bc455aa290ac5f686710fbd5dfcbbabf7c4dcf368fb73486ac2723628326d3" "/opt/rustwide/cargo-home/bin/cargo" "+1.100.0-beta.1" "build" "--frozen" "--message-format=json" "--release", kill_on_drop: false }`
[INFO] [stderr] warning: `package.homepage` is redundant with `package.repository`
[INFO] [stderr]   --> Cargo.toml:19:12
[INFO] [stderr]    |
[INFO] [stderr] 19 | homepage = "https://github.com/c0dearm/mushin"
[INFO] [stderr]    |            ^^^^^^^^^^^^^^^^^^^^^^^^^^^^^^^^^^^
[INFO] [stderr] ...
[INFO] [stderr] 24 | repository = "https://github.com/c0dearm/mushin"
[INFO] [stderr]    |              -----------------------------------
[INFO] [stderr]    |
[INFO] [stderr]    = note: `cargo::redundant_homepage` is set to `warn` by default
[INFO] [stderr] help: consider removing `package.homepage`
[INFO] [stderr] warning: `mushin` (manifest) generated 1 warning
[INFO] [stderr]    Compiling num-bigint v0.2.6
[INFO] [stderr]    Compiling num-rational v0.2.4
[INFO] [stderr]    Compiling num-complex v0.2.4
[INFO] [stderr]    Compiling zmij v1.0.23
[INFO] [stderr]    Compiling num-integer v0.1.47
[INFO] [stderr]    Compiling serde_json v1.0.154
[INFO] [stderr]    Compiling num-iter v0.1.46
[INFO] [stderr]    Compiling arrayfire v3.8.0
[INFO] [stderr]    Compiling num v0.2.1
[INFO] [stderr]    Compiling mushin v0.5.0 (/opt/rustwide/workdir)
[INFO] [stdout] warning: unused imports: `BinaryReverseFn` and `UnaryReverseFn`
[INFO] [stdout]  --> src/graph/tape.rs:2:30
[INFO] [stdout]   |
[INFO] [stdout] 2 | pub use crate::graph::node::{BinaryReverseFn, NodeId, UnaryReverseFn};
[INFO] [stdout]   |                              ^^^^^^^^^^^^^^^          ^^^^^^^^^^^^^^
[INFO] [stdout]   |
[INFO] [stdout]   = note: `#[warn(unused_imports)]` (part of `#[warn(unused)]`) on by default
[INFO] [stdout] 
[INFO] [stdout] 
[INFO] [stdout] warning: hiding a lifetime that's elided elsewhere is confusing
[INFO] [stdout]    --> src/graph/node.rs:107:24
[INFO] [stdout]     |
[INFO] [stdout] 107 |     pub(crate) fn data(&self) -> Ref<Array<f32>> {
[INFO] [stdout]     |                        ^^^^^     ^^^^^^^^^^^^^^^ the same lifetime is hidden here
[INFO] [stdout]     |                        |
[INFO] [stdout]     |                        the lifetime is elided here
[INFO] [stdout]     |
[INFO] [stdout]     = help: the same lifetime is referred to in inconsistent ways, making the signature confusing
[INFO] [stdout]     = note: `#[warn(mismatched_lifetime_syntaxes)]` on by default
[INFO] [stdout] help: use `'_` for type paths
[INFO] [stdout]     |
[INFO] [stdout] 107 |     pub(crate) fn data(&self) -> Ref<'_, Array<f32>> {
[INFO] [stdout]     |                                      +++
[INFO] [stdout] 
[INFO] [stdout] 
[INFO] [stdout] warning: hiding a lifetime that's elided elsewhere is confusing
[INFO] [stdout]    --> src/graph/node.rs:112:28
[INFO] [stdout]     |
[INFO] [stdout] 112 |     pub(crate) fn data_mut(&self) -> RefMut<Array<f32>> {
[INFO] [stdout]     |                            ^^^^^     ^^^^^^^^^^^^^^^^^^ the same lifetime is hidden here
[INFO] [stdout]     |                            |
[INFO] [stdout]     |                            the lifetime is elided here
[INFO] [stdout]     |
[INFO] [stdout]     = help: the same lifetime is referred to in inconsistent ways, making the signature confusing
[INFO] [stdout] help: use `'_` for type paths
[INFO] [stdout]     |
[INFO] [stdout] 112 |     pub(crate) fn data_mut(&self) -> RefMut<'_, Array<f32>> {
[INFO] [stdout]     |                                             +++
[INFO] [stdout] 
[INFO] [stdout] 
[INFO] [stdout] warning: hiding a lifetime that's elided elsewhere is confusing
[INFO] [stdout]    --> src/graph/node.rs:117:24
[INFO] [stdout]     |
[INFO] [stdout] 117 |     pub(crate) fn grad(&self) -> Ref<Array<f32>> {
[INFO] [stdout]     |                        ^^^^^     ^^^^^^^^^^^^^^^ the same lifetime is hidden here
[INFO] [stdout]     |                        |
[INFO] [stdout]     |                        the lifetime is elided here
[INFO] [stdout]     |
[INFO] [stdout]     = help: the same lifetime is referred to in inconsistent ways, making the signature confusing
[INFO] [stdout] help: use `'_` for type paths
[INFO] [stdout]     |
[INFO] [stdout] 117 |     pub(crate) fn grad(&self) -> Ref<'_, Array<f32>> {
[INFO] [stdout]     |                                      +++
[INFO] [stdout] 
[INFO] [stdout] 
[INFO] [stdout] warning: hiding a lifetime that's elided elsewhere is confusing
[INFO] [stdout]    --> src/graph/node.rs:122:28
[INFO] [stdout]     |
[INFO] [stdout] 122 |     pub(crate) fn grad_mut(&self) -> RefMut<Array<f32>> {
[INFO] [stdout]     |                            ^^^^^     ^^^^^^^^^^^^^^^^^^ the same lifetime is hidden here
[INFO] [stdout]     |                            |
[INFO] [stdout]     |                            the lifetime is elided here
[INFO] [stdout]     |
[INFO] [stdout]     = help: the same lifetime is referred to in inconsistent ways, making the signature confusing
[INFO] [stdout] help: use `'_` for type paths
[INFO] [stdout]     |
[INFO] [stdout] 122 |     pub(crate) fn grad_mut(&self) -> RefMut<'_, Array<f32>> {
[INFO] [stdout]     |                                             +++
[INFO] [stdout] 
[INFO] [stdout] 
[INFO] [stdout] warning: hiding a lifetime that's elided elsewhere is confusing
[INFO] [stdout]   --> src/graph/tape.rs:17:25
[INFO] [stdout]    |
[INFO] [stdout] 17 |     pub(crate) fn nodes(&self) -> Values<NodeId, Rc<Node>> {
[INFO] [stdout]    |                         ^^^^^     ^^^^^^^^^^^^^^^^^^^^^^^^ the same lifetime is hidden here
[INFO] [stdout]    |                         |
[INFO] [stdout]    |                         the lifetime is elided here
[INFO] [stdout]    |
[INFO] [stdout]    = help: the same lifetime is referred to in inconsistent ways, making the signature confusing
[INFO] [stdout] help: use `'_` for type paths
[INFO] [stdout]    |
[INFO] [stdout] 17 |     pub(crate) fn nodes(&self) -> Values<'_, NodeId, Rc<Node>> {
[INFO] [stdout]    |                                          +++
[INFO] [stdout] 
[INFO] [stdout] 
[INFO] [stderr]     Finished `release` profile [optimized] target(s) in 5.95s
[INFO] running `Command { std: "docker" "inspect" "48bc455aa290ac5f686710fbd5dfcbbabf7c4dcf368fb73486ac2723628326d3", kill_on_drop: false }`
[INFO] running `Command { std: "docker" "exec" "-e" "SOURCE_DIR=/opt/rustwide/workdir" "-e" "CARGO_HOME=/opt/rustwide/cargo-home" "-e" "RUSTUP_HOME=/opt/rustwide/rustup-home" "-e" "CARGO_TARGET_DIR=/opt/rustwide/target" "-e" "CARGO_INCREMENTAL=0" "-e" "RUST_BACKTRACE=full" "-e" "RUSTFLAGS=--cap-lints=warn" "-e" "RUSTDOCFLAGS=--cap-lints=warn" "-w" "/opt/rustwide/workdir" "--user" "0:0" "48bc455aa290ac5f686710fbd5dfcbbabf7c4dcf368fb73486ac2723628326d3" "/opt/rustwide/cargo-home/bin/cargo" "+1.100.0-beta.1" "test" "--frozen" "--no-run" "--message-format=json" "--release", kill_on_drop: false }`
[INFO] [stderr] warning: `package.homepage` is redundant with `package.repository`
[INFO] [stderr]   --> Cargo.toml:19:12
[INFO] [stderr]    |
[INFO] [stderr] 19 | homepage = "https://github.com/c0dearm/mushin"
[INFO] [stderr]    |            ^^^^^^^^^^^^^^^^^^^^^^^^^^^^^^^^^^^
[INFO] [stderr] ...
[INFO] [stderr] 24 | repository = "https://github.com/c0dearm/mushin"
[INFO] [stderr]    |              -----------------------------------
[INFO] [stderr]    |
[INFO] [stderr]    = note: `cargo::redundant_homepage` is set to `warn` by default
[INFO] [stderr] help: consider removing `package.homepage`
[INFO] [stderr] warning: `mushin` (manifest) generated 1 warning
[INFO] [stderr]    Compiling mushin v0.5.0 (/opt/rustwide/workdir)
[INFO] [stdout] warning: unused imports: `BinaryReverseFn` and `UnaryReverseFn`
[INFO] [stdout]  --> src/graph/tape.rs:2:30
[INFO] [stdout]   |
[INFO] [stdout] 2 | pub use crate::graph::node::{BinaryReverseFn, NodeId, UnaryReverseFn};
[INFO] [stdout]   |                              ^^^^^^^^^^^^^^^          ^^^^^^^^^^^^^^
[INFO] [stdout]   |
[INFO] [stdout]   = note: `#[warn(unused_imports)]` (part of `#[warn(unused)]`) on by default
[INFO] [stdout] 
[INFO] [stdout] 
[INFO] [stdout] warning: hiding a lifetime that's elided elsewhere is confusing
[INFO] [stdout]    --> src/graph/node.rs:107:24
[INFO] [stdout]     |
[INFO] [stdout] 107 |     pub(crate) fn data(&self) -> Ref<Array<f32>> {
[INFO] [stdout]     |                        ^^^^^     ^^^^^^^^^^^^^^^ the same lifetime is hidden here
[INFO] [stdout]     |                        |
[INFO] [stdout]     |                        the lifetime is elided here
[INFO] [stdout]     |
[INFO] [stdout]     = help: the same lifetime is referred to in inconsistent ways, making the signature confusing
[INFO] [stdout]     = note: `#[warn(mismatched_lifetime_syntaxes)]` on by default
[INFO] [stdout] help: use `'_` for type paths
[INFO] [stdout]     |
[INFO] [stdout] 107 |     pub(crate) fn data(&self) -> Ref<'_, Array<f32>> {
[INFO] [stdout]     |                                      +++
[INFO] [stdout] 
[INFO] [stdout] 
[INFO] [stdout] warning: hiding a lifetime that's elided elsewhere is confusing
[INFO] [stdout]    --> src/graph/node.rs:112:28
[INFO] [stdout]     |
[INFO] [stdout] 112 |     pub(crate) fn data_mut(&self) -> RefMut<Array<f32>> {
[INFO] [stdout]     |                            ^^^^^     ^^^^^^^^^^^^^^^^^^ the same lifetime is hidden here
[INFO] [stdout]     |                            |
[INFO] [stdout]     |                            the lifetime is elided here
[INFO] [stdout]     |
[INFO] [stdout]     = help: the same lifetime is referred to in inconsistent ways, making the signature confusing
[INFO] [stdout] help: use `'_` for type paths
[INFO] [stdout]     |
[INFO] [stdout] 112 |     pub(crate) fn data_mut(&self) -> RefMut<'_, Array<f32>> {
[INFO] [stdout]     |                                             +++
[INFO] [stdout] 
[INFO] [stdout] 
[INFO] [stdout] warning: hiding a lifetime that's elided elsewhere is confusing
[INFO] [stdout]    --> src/graph/node.rs:117:24
[INFO] [stdout]     |
[INFO] [stdout] 117 |     pub(crate) fn grad(&self) -> Ref<Array<f32>> {
[INFO] [stdout]     |                        ^^^^^     ^^^^^^^^^^^^^^^ the same lifetime is hidden here
[INFO] [stdout]     |                        |
[INFO] [stdout]     |                        the lifetime is elided here
[INFO] [stdout]     |
[INFO] [stdout]     = help: the same lifetime is referred to in inconsistent ways, making the signature confusing
[INFO] [stdout] help: use `'_` for type paths
[INFO] [stdout]     |
[INFO] [stdout] 117 |     pub(crate) fn grad(&self) -> Ref<'_, Array<f32>> {
[INFO] [stdout]     |                                      +++
[INFO] [stdout] 
[INFO] [stdout] 
[INFO] [stdout] warning: hiding a lifetime that's elided elsewhere is confusing
[INFO] [stdout]    --> src/graph/node.rs:122:28
[INFO] [stdout]     |
[INFO] [stdout] 122 |     pub(crate) fn grad_mut(&self) -> RefMut<Array<f32>> {
[INFO] [stdout]     |                            ^^^^^     ^^^^^^^^^^^^^^^^^^ the same lifetime is hidden here
[INFO] [stdout]     |                            |
[INFO] [stdout]     |                            the lifetime is elided here
[INFO] [stdout]     |
[INFO] [stdout]     = help: the same lifetime is referred to in inconsistent ways, making the signature confusing
[INFO] [stdout] help: use `'_` for type paths
[INFO] [stdout]     |
[INFO] [stdout] 122 |     pub(crate) fn grad_mut(&self) -> RefMut<'_, Array<f32>> {
[INFO] [stdout]     |                                             +++
[INFO] [stdout] 
[INFO] [stdout] 
[INFO] [stdout] warning: hiding a lifetime that's elided elsewhere is confusing
[INFO] [stdout]   --> src/graph/tape.rs:17:25
[INFO] [stdout]    |
[INFO] [stdout] 17 |     pub(crate) fn nodes(&self) -> Values<NodeId, Rc<Node>> {
[INFO] [stdout]    |                         ^^^^^     ^^^^^^^^^^^^^^^^^^^^^^^^ the same lifetime is hidden here
[INFO] [stdout]    |                         |
[INFO] [stdout]    |                         the lifetime is elided here
[INFO] [stdout]    |
[INFO] [stdout]    = help: the same lifetime is referred to in inconsistent ways, making the signature confusing
[INFO] [stdout] help: use `'_` for type paths
[INFO] [stdout]    |
[INFO] [stdout] 17 |     pub(crate) fn nodes(&self) -> Values<'_, NodeId, Rc<Node>> {
[INFO] [stdout]    |                                          +++
[INFO] [stdout] 
[INFO] [stdout] 
[INFO] [stdout] warning: unused imports: `BinaryReverseFn` and `UnaryReverseFn`
[INFO] [stdout]  --> src/graph/tape.rs:2:30
[INFO] [stdout]   |
[INFO] [stdout] 2 | pub use crate::graph::node::{BinaryReverseFn, NodeId, UnaryReverseFn};
[INFO] [stdout]   |                              ^^^^^^^^^^^^^^^          ^^^^^^^^^^^^^^
[INFO] [stdout]   |
[INFO] [stdout]   = note: `#[warn(unused_imports)]` (part of `#[warn(unused)]`) on by default
[INFO] [stdout] 
[INFO] [stdout] 
[INFO] [stdout] warning: hiding a lifetime that's elided elsewhere is confusing
[INFO] [stdout]    --> src/graph/node.rs:107:24
[INFO] [stdout]     |
[INFO] [stdout] 107 |     pub(crate) fn data(&self) -> Ref<Array<f32>> {
[INFO] [stdout]     |                        ^^^^^     ^^^^^^^^^^^^^^^ the same lifetime is hidden here
[INFO] [stdout]     |                        |
[INFO] [stdout]     |                        the lifetime is elided here
[INFO] [stdout]     |
[INFO] [stdout]     = help: the same lifetime is referred to in inconsistent ways, making the signature confusing
[INFO] [stdout]     = note: `#[warn(mismatched_lifetime_syntaxes)]` on by default
[INFO] [stdout] help: use `'_` for type paths
[INFO] [stdout]     |
[INFO] [stdout] 107 |     pub(crate) fn data(&self) -> Ref<'_, Array<f32>> {
[INFO] [stdout]     |                                      +++
[INFO] [stdout] 
[INFO] [stdout] 
[INFO] [stdout] warning: hiding a lifetime that's elided elsewhere is confusing
[INFO] [stdout]    --> src/graph/node.rs:112:28
[INFO] [stdout]     |
[INFO] [stdout] 112 |     pub(crate) fn data_mut(&self) -> RefMut<Array<f32>> {
[INFO] [stdout]     |                            ^^^^^     ^^^^^^^^^^^^^^^^^^ the same lifetime is hidden here
[INFO] [stdout]     |                            |
[INFO] [stdout]     |                            the lifetime is elided here
[INFO] [stdout]     |
[INFO] [stdout]     = help: the same lifetime is referred to in inconsistent ways, making the signature confusing
[INFO] [stdout] help: use `'_` for type paths
[INFO] [stdout]     |
[INFO] [stdout] 112 |     pub(crate) fn data_mut(&self) -> RefMut<'_, Array<f32>> {
[INFO] [stdout]     |                                             +++
[INFO] [stdout] 
[INFO] [stdout] 
[INFO] [stdout] warning: hiding a lifetime that's elided elsewhere is confusing
[INFO] [stdout]    --> src/graph/node.rs:117:24
[INFO] [stdout]     |
[INFO] [stdout] 117 |     pub(crate) fn grad(&self) -> Ref<Array<f32>> {
[INFO] [stdout]     |                        ^^^^^     ^^^^^^^^^^^^^^^ the same lifetime is hidden here
[INFO] [stdout]     |                        |
[INFO] [stdout]     |                        the lifetime is elided here
[INFO] [stdout]     |
[INFO] [stdout]     = help: the same lifetime is referred to in inconsistent ways, making the signature confusing
[INFO] [stdout] help: use `'_` for type paths
[INFO] [stdout]     |
[INFO] [stdout] 117 |     pub(crate) fn grad(&self) -> Ref<'_, Array<f32>> {
[INFO] [stdout]     |                                      +++
[INFO] [stdout] 
[INFO] [stdout] 
[INFO] [stdout] warning: hiding a lifetime that's elided elsewhere is confusing
[INFO] [stdout]    --> src/graph/node.rs:122:28
[INFO] [stdout]     |
[INFO] [stdout] 122 |     pub(crate) fn grad_mut(&self) -> RefMut<Array<f32>> {
[INFO] [stdout]     |                            ^^^^^     ^^^^^^^^^^^^^^^^^^ the same lifetime is hidden here
[INFO] [stdout]     |                            |
[INFO] [stdout]     |                            the lifetime is elided here
[INFO] [stdout]     |
[INFO] [stdout]     = help: the same lifetime is referred to in inconsistent ways, making the signature confusing
[INFO] [stdout] help: use `'_` for type paths
[INFO] [stdout]     |
[INFO] [stdout] 122 |     pub(crate) fn grad_mut(&self) -> RefMut<'_, Array<f32>> {
[INFO] [stdout]     |                                             +++
[INFO] [stdout] 
[INFO] [stdout] 
[INFO] [stdout] warning: hiding a lifetime that's elided elsewhere is confusing
[INFO] [stdout]   --> src/graph/tape.rs:17:25
[INFO] [stdout]    |
[INFO] [stdout] 17 |     pub(crate) fn nodes(&self) -> Values<NodeId, Rc<Node>> {
[INFO] [stdout]    |                         ^^^^^     ^^^^^^^^^^^^^^^^^^^^^^^^ the same lifetime is hidden here
[INFO] [stdout]    |                         |
[INFO] [stdout]    |                         the lifetime is elided here
[INFO] [stdout]    |
[INFO] [stdout]    = help: the same lifetime is referred to in inconsistent ways, making the signature confusing
[INFO] [stdout] help: use `'_` for type paths
[INFO] [stdout]    |
[INFO] [stdout] 17 |     pub(crate) fn nodes(&self) -> Values<'_, NodeId, Rc<Node>> {
[INFO] [stdout]    |                                          +++
[INFO] [stdout] 
[INFO] [stdout] 
[INFO] [stdout] error: linking with `cc` failed: exit status: 1
[INFO] [stdout]   |
[INFO] [stdout]   = note:  "cc" "-m64" "/opt/rustwide/target/release/build/mushin/47ccda3759620a41/out/rustcc2kVGW/symbols.o" "<5 object files omitted>" "-Wl,--as-needed" "-Wl,-Bstatic" "<sysroot>/lib/rustlib/x86_64-unknown-linux-gnu/lib/{libtest-*,libgetopts-*,librustc_std_workspace_std-*}.rlib" "/opt/rustwide/target/release/build/arrayfire/df553ef98c977865/out/libarrayfire-df553ef98c977865.rlib" "/opt/rustwide/target/release/build/half/f67fc2f32f7e62bb/out/libhalf-f67fc2f32f7e62bb.rlib" "/opt/rustwide/target/release/build/libc/a0a6e54f1566fa83/out/liblibc-a0a6e54f1566fa83.rlib" "/opt/rustwide/target/release/build/num/0740ecf4a4a69a17/out/libnum-0740ecf4a4a69a17.rlib" "/opt/rustwide/target/release/build/num-rational/2a43724536423c24/out/libnum_rational-2a43724536423c24.rlib" "/opt/rustwide/target/release/build/num-iter/4555cfd08e3d3604/out/libnum_iter-4555cfd08e3d3604.rlib" "/opt/rustwide/target/release/build/num-complex/bb7f43c7ce4a060e/out/libnum_complex-bb7f43c7ce4a060e.rlib" "/opt/rustwide/target/release/build/num-bigint/c65a8b0eeff9b0a7/out/libnum_bigint-c65a8b0eeff9b0a7.rlib" "/opt/rustwide/target/release/build/num-integer/31a9b6053971dca3/out/libnum_integer-31a9b6053971dca3.rlib" "/opt/rustwide/target/release/build/num-traits/51d4000f8725f0a1/out/libnum_traits-51d4000f8725f0a1.rlib" "/opt/rustwide/target/release/build/lazy_static/149e86038c126fb0/out/liblazy_static-149e86038c126fb0.rlib" "<sysroot>/lib/rustlib/x86_64-unknown-linux-gnu/lib/{libstd-*,libpanic_unwind-*,libobject-*,libmemchr-*,libaddr2line-*,libgimli-*,libcfg_if-*,librustc_demangle-*,libstd_detect-*,libhashbrown-*,librustc_std_workspace_alloc-*,libminiz_oxide-*,libadler2-*,libunwind-*,liblibc-*,librustc_std_workspace_core-*,liballoc-*,libcore-*,libcompiler_builtins-*}.rlib" "-Wl,-Bdynamic" "-lgcc_s" "-lutil" "-lrt" "-lpthread" "-lm" "-ldl" "-lc" "-L" "/opt/rustwide/target/release/build/mushin/47ccda3759620a41/out/rustcc2kVGW/raw-dylibs" "-B<sysroot>/lib/rustlib/x86_64-unknown-linux-gnu/bin/gcc-ld" "-fuse-ld=lld" "-Wl,--eh-frame-hdr" "-Wl,-z,noexecstack" "-L" "/opt/arrayfire/lib" "-L" "/opt/arrayfire/lib64" "-L" "/usr/local/lib" "-L" "/usr/lib" "-L" "<sysroot>/lib/rustlib/x86_64-unknown-linux-gnu/lib" "-o" "/opt/rustwide/target/release/build/mushin/47ccda3759620a41/out/mushin-47ccda3759620a41" "-Wl,--gc-sections" "-pie" "-Wl,-z,relro,-z,now" "-Wl,-O1" "-Wl,--strip-debug" "-nodefaultlibs"
[INFO] [stdout]   = note: some arguments are omitted. use `--verbose` to show all linker arguments
[INFO] [stdout]   = note: rust-lld: error: undefined symbol: af_release_array
[INFO] [stdout]           >>> referenced by mushin.a135ce77437bb62c-cgu.0
[INFO] [stdout]           >>>               /opt/rustwide/target/release/build/mushin/47ccda3759620a41/out/mushin-47ccda3759620a41.mushin.a135ce77437bb62c-cgu.0.rcgu.o:(core::ptr::drop_glue::<core::cell::RefCell<arrayfire::core::array::Array<f32>>> (.llvm.7328779118174596122))
[INFO] [stdout]           >>> referenced by mushin.a135ce77437bb62c-cgu.0
[INFO] [stdout]           >>>               /opt/rustwide/target/release/build/mushin/47ccda3759620a41/out/mushin-47ccda3759620a41.mushin.a135ce77437bb62c-cgu.0.rcgu.o:(core::ptr::drop_glue::<mushin::graph::node::BinaryParams> (.llvm.7328779118174596122))
[INFO] [stdout]           >>> referenced by mushin.a135ce77437bb62c-cgu.1
[INFO] [stdout]           >>>               /opt/rustwide/target/release/build/mushin/47ccda3759620a41/out/mushin-47ccda3759620a41.mushin.a135ce77437bb62c-cgu.1.rcgu.o:(core::ptr::drop_glue::<alloc::rc::RcInner<mushin::graph::node::Node>> (.llvm.9322294193868947339))
[INFO] [stdout]           >>> referenced 136 more times
[INFO] [stdout]           
[INFO] [stdout]           rust-lld: error: undefined symbol: af_retain_array
[INFO] [stdout]           >>> referenced by mushin.a135ce77437bb62c-cgu.1
[INFO] [stdout]           >>>               /opt/rustwide/target/release/build/mushin/47ccda3759620a41/out/mushin-47ccda3759620a41.mushin.a135ce77437bb62c-cgu.1.rcgu.o:(arrayfire::core::arith::gt::<arrayfire::core::array::Array<f32>, arrayfire::core::array::Array<f32>>)
[INFO] [stdout]           >>> referenced by mushin.a135ce77437bb62c-cgu.1
[INFO] [stdout]           >>>               /opt/rustwide/target/release/build/mushin/47ccda3759620a41/out/mushin-47ccda3759620a41.mushin.a135ce77437bb62c-cgu.1.rcgu.o:(arrayfire::core::arith::gt::<arrayfire::core::array::Array<f32>, arrayfire::core::array::Array<f32>>)
[INFO] [stdout]           >>> referenced by mushin.a135ce77437bb62c-cgu.1
[INFO] [stdout]           >>>               /opt/rustwide/target/release/build/mushin/47ccda3759620a41/out/mushin-47ccda3759620a41.mushin.a135ce77437bb62c-cgu.1.rcgu.o:(arrayfire::core::arith::le::<arrayfire::core::array::Array<f32>, arrayfire::core::array::Array<f64>>)
[INFO] [stdout]           >>> referenced 113 more times
[INFO] [stdout]           
[INFO] [stdout]           rust-lld: error: undefined symbol: af_is_scalar
[INFO] [stdout]           >>> referenced by mushin.a135ce77437bb62c-cgu.1
[INFO] [stdout]           >>>               /opt/rustwide/target/release/build/mushin/47ccda3759620a41/out/mushin-47ccda3759620a41.mushin.a135ce77437bb62c-cgu.1.rcgu.o:(arrayfire::core::arith::gt::<arrayfire::core::array::Array<f32>, arrayfire::core::array::Array<f32>>)
[INFO] [stdout]           >>> referenced by mushin.a135ce77437bb62c-cgu.1
[INFO] [stdout]           >>>               /opt/rustwide/target/release/build/mushin/47ccda3759620a41/out/mushin-47ccda3759620a41.mushin.a135ce77437bb62c-cgu.1.rcgu.o:(arrayfire::core::arith::gt::<arrayfire::core::array::Array<f32>, arrayfire::core::array::Array<f32>>)
[INFO] [stdout]           >>> referenced by mushin.a135ce77437bb62c-cgu.1
[INFO] [stdout]           >>>               /opt/rustwide/target/release/build/mushin/47ccda3759620a41/out/mushin-47ccda3759620a41.mushin.a135ce77437bb62c-cgu.1.rcgu.o:(arrayfire::core::arith::le::<arrayfire::core::array::Array<f32>, arrayfire::core::array::Array<f64>>)
[INFO] [stdout]           >>> referenced 21 more times
[INFO] [stdout]           
[INFO] [stdout]           rust-lld: error: undefined symbol: af_get_dims
[INFO] [stdout]           >>> referenced by mushin.a135ce77437bb62c-cgu.1
[INFO] [stdout]           >>>               /opt/rustwide/target/release/build/mushin/47ccda3759620a41/out/mushin-47ccda3759620a41.mushin.a135ce77437bb62c-cgu.1.rcgu.o:(arrayfire::core::arith::gt::<arrayfire::core::array::Array<f32>, arrayfire::core::array::Array<f32>>)
[INFO] [stdout]           >>> referenced by mushin.a135ce77437bb62c-cgu.1
[INFO] [stdout]           >>>               /opt/rustwide/target/release/build/mushin/47ccda3759620a41/out/mushin-47ccda3759620a41.mushin.a135ce77437bb62c-cgu.1.rcgu.o:(arrayfire::core::arith::gt::<arrayfire::core::array::Array<f32>, arrayfire::core::array::Array<f32>>)
[INFO] [stdout]           >>> referenced by mushin.a135ce77437bb62c-cgu.1
[INFO] [stdout]           >>>               /opt/rustwide/target/release/build/mushin/47ccda3759620a41/out/mushin-47ccda3759620a41.mushin.a135ce77437bb62c-cgu.1.rcgu.o:(arrayfire::core::arith::le::<arrayfire::core::array::Array<f32>, arrayfire::core::array::Array<f64>>)
[INFO] [stdout]           >>> referenced 26 more times
[INFO] [stdout]           
[INFO] [stdout]           rust-lld: error: undefined symbol: af_tile
[INFO] [stdout]           >>> referenced by mushin.a135ce77437bb62c-cgu.1
[INFO] [stdout]           >>>               /opt/rustwide/target/release/build/mushin/47ccda3759620a41/out/mushin-47ccda3759620a41.mushin.a135ce77437bb62c-cgu.1.rcgu.o:(arrayfire::core::arith::gt::<arrayfire::core::array::Array<f32>, arrayfire::core::array::Array<f32>>)
[INFO] [stdout]           >>> referenced by mushin.a135ce77437bb62c-cgu.1
[INFO] [stdout]           >>>               /opt/rustwide/target/release/build/mushin/47ccda3759620a41/out/mushin-47ccda3759620a41.mushin.a135ce77437bb62c-cgu.1.rcgu.o:(arrayfire::core::arith::gt::<arrayfire::core::array::Array<f32>, arrayfire::core::array::Array<f32>>)
[INFO] [stdout]           >>> referenced by mushin.a135ce77437bb62c-cgu.1
[INFO] [stdout]           >>>               /opt/rustwide/target/release/build/mushin/47ccda3759620a41/out/mushin-47ccda3759620a41.mushin.a135ce77437bb62c-cgu.1.rcgu.o:(arrayfire::core::arith::le::<arrayfire::core::array::Array<f32>, arrayfire::core::array::Array<f64>>)
[INFO] [stdout]           >>> referenced 21 more times
[INFO] [stdout]           
[INFO] [stdout]           rust-lld: error: undefined symbol: af_gt
[INFO] [stdout]           >>> referenced by mushin.a135ce77437bb62c-cgu.1
[INFO] [stdout]           >>>               /opt/rustwide/target/release/build/mushin/47ccda3759620a41/out/mushin-47ccda3759620a41.mushin.a135ce77437bb62c-cgu.1.rcgu.o:(arrayfire::core::arith::gt::<arrayfire::core::array::Array<f32>, arrayfire::core::array::Array<f32>>)
[INFO] [stdout]           >>> referenced by mushin.a135ce77437bb62c-cgu.1
[INFO] [stdout]           >>>               /opt/rustwide/target/release/build/mushin/47ccda3759620a41/out/mushin-47ccda3759620a41.mushin.a135ce77437bb62c-cgu.1.rcgu.o:(arrayfire::core::arith::gt::<arrayfire::core::array::Array<f32>, arrayfire::core::array::Array<f32>>)
[INFO] [stdout]           >>> referenced by mushin.a135ce77437bb62c-cgu.1
[INFO] [stdout]           >>>               /opt/rustwide/target/release/build/mushin/47ccda3759620a41/out/mushin-47ccda3759620a41.mushin.a135ce77437bb62c-cgu.1.rcgu.o:(arrayfire::core::arith::gt::<arrayfire::core::array::Array<f32>, arrayfire::core::array::Array<f32>>)
[INFO] [stdout]           
[INFO] [stdout]           rust-lld: error: undefined symbol: af_le
[INFO] [stdout]           >>> referenced by mushin.a135ce77437bb62c-cgu.1
[INFO] [stdout]           >>>               /opt/rustwide/target/release/build/mushin/47ccda3759620a41/out/mushin-47ccda3759620a41.mushin.a135ce77437bb62c-cgu.1.rcgu.o:(arrayfire::core::arith::le::<arrayfire::core::array::Array<f32>, arrayfire::core::array::Array<f64>>)
[INFO] [stdout]           >>> referenced by mushin.a135ce77437bb62c-cgu.1
[INFO] [stdout]           >>>               /opt/rustwide/target/release/build/mushin/47ccda3759620a41/out/mushin-47ccda3759620a41.mushin.a135ce77437bb62c-cgu.1.rcgu.o:(arrayfire::core::arith::le::<arrayfire::core::array::Array<f32>, arrayfire::core::array::Array<f64>>)
[INFO] [stdout]           >>> referenced by mushin.a135ce77437bb62c-cgu.1
[INFO] [stdout]           >>>               /opt/rustwide/target/release/build/mushin/47ccda3759620a41/out/mushin-47ccda3759620a41.mushin.a135ce77437bb62c-cgu.1.rcgu.o:(arrayfire::core::arith::le::<arrayfire::core::array::Array<f32>, arrayfire::core::array::Array<f64>>)
[INFO] [stdout]           >>> referenced 3 more times
[INFO] [stdout]           
[INFO] [stdout]           rust-lld: error: undefined symbol: af_add
[INFO] [stdout]           >>> referenced by mushin.a135ce77437bb62c-cgu.1
[INFO] [stdout]           >>>               /opt/rustwide/target/release/build/mushin/47ccda3759620a41/out/mushin-47ccda3759620a41.mushin.a135ce77437bb62c-cgu.1.rcgu.o:(arrayfire::core::arith::add::<arrayfire::core::array::Array<f32>, arrayfire::core::array::Array<f32>>)
[INFO] [stdout]           >>> referenced by mushin.a135ce77437bb62c-cgu.1
[INFO] [stdout]           >>>               /opt/rustwide/target/release/build/mushin/47ccda3759620a41/out/mushin-47ccda3759620a41.mushin.a135ce77437bb62c-cgu.1.rcgu.o:(arrayfire::core::arith::add::<arrayfire::core::array::Array<f32>, arrayfire::core::array::Array<f32>>)
[INFO] [stdout]           >>> referenced by mushin.a135ce77437bb62c-cgu.1
[INFO] [stdout]           >>>               /opt/rustwide/target/release/build/mushin/47ccda3759620a41/out/mushin-47ccda3759620a41.mushin.a135ce77437bb62c-cgu.1.rcgu.o:(arrayfire::core::arith::add::<arrayfire::core::array::Array<f32>, arrayfire::core::array::Array<f32>>)
[INFO] [stdout]           
[INFO] [stdout]           rust-lld: error: undefined symbol: af_div
[INFO] [stdout]           >>> referenced by mushin.a135ce77437bb62c-cgu.1
[INFO] [stdout]           >>>               /opt/rustwide/target/release/build/mushin/47ccda3759620a41/out/mushin-47ccda3759620a41.mushin.a135ce77437bb62c-cgu.1.rcgu.o:(arrayfire::core::arith::div::<arrayfire::core::array::Array<f32>, arrayfire::core::array::Array<f32>>)
[INFO] [stdout]           >>> referenced by mushin.a135ce77437bb62c-cgu.1
[INFO] [stdout]           >>>               /opt/rustwide/target/release/build/mushin/47ccda3759620a41/out/mushin-47ccda3759620a41.mushin.a135ce77437bb62c-cgu.1.rcgu.o:(arrayfire::core::arith::div::<arrayfire::core::array::Array<f32>, arrayfire::core::array::Array<f32>>)
[INFO] [stdout]           >>> referenced by mushin.a135ce77437bb62c-cgu.1
[INFO] [stdout]           >>>               /opt/rustwide/target/release/build/mushin/47ccda3759620a41/out/mushin-47ccda3759620a41.mushin.a135ce77437bb62c-cgu.1.rcgu.o:(arrayfire::core::arith::div::<arrayfire::core::array::Array<f32>, arrayfire::core::array::Array<f32>>)
[INFO] [stdout]           
[INFO] [stdout]           rust-lld: error: undefined symbol: af_mul
[INFO] [stdout]           >>> referenced by mushin.a135ce77437bb62c-cgu.1
[INFO] [stdout]           >>>               /opt/rustwide/target/release/build/mushin/47ccda3759620a41/out/mushin-47ccda3759620a41.mushin.a135ce77437bb62c-cgu.1.rcgu.o:(arrayfire::core::arith::mul::<arrayfire::core::array::Array<f32>, arrayfire::core::array::Array<f32>>)
[INFO] [stdout]           >>> referenced by mushin.a135ce77437bb62c-cgu.1
[INFO] [stdout]           >>>               /opt/rustwide/target/release/build/mushin/47ccda3759620a41/out/mushin-47ccda3759620a41.mushin.a135ce77437bb62c-cgu.1.rcgu.o:(arrayfire::core::arith::mul::<arrayfire::core::array::Array<f32>, arrayfire::core::array::Array<f32>>)
[INFO] [stdout]           >>> referenced by mushin.a135ce77437bb62c-cgu.1
[INFO] [stdout]           >>>               /opt/rustwide/target/release/build/mushin/47ccda3759620a41/out/mushin-47ccda3759620a41.mushin.a135ce77437bb62c-cgu.1.rcgu.o:(arrayfire::core::arith::mul::<arrayfire::core::array::Array<f32>, arrayfire::core::array::Array<f32>>)
[INFO] [stdout]           >>> referenced 9 more times
[INFO] [stdout]           
[INFO] [stdout]           rust-lld: error: undefined symbol: af_abs
[INFO] [stdout]           >>> referenced by mushin.a135ce77437bb62c-cgu.2
[INFO] [stdout]           >>>               /opt/rustwide/target/release/build/mushin/47ccda3759620a41/out/mushin-47ccda3759620a41.mushin.a135ce77437bb62c-cgu.2.rcgu.o:(mushin::tests::equal_arrays)
[INFO] [stdout]           
[INFO] [stdout]           rust-lld: error: undefined symbol: af_all_true_all
[INFO] [stdout]           >>> referenced by mushin.a135ce77437bb62c-cgu.2
[INFO] [stdout]           >>>               /opt/rustwide/target/release/build/mushin/47ccda3759620a41/out/mushin-47ccda3759620a41.mushin.a135ce77437bb62c-cgu.2.rcgu.o:(mushin::tests::equal_arrays)
[INFO] [stdout]           >>> referenced by mushin.a135ce77437bb62c-cgu.2
[INFO] [stdout]           >>>               /opt/rustwide/target/release/build/mushin/47ccda3759620a41/out/mushin-47ccda3759620a41.mushin.a135ce77437bb62c-cgu.2.rcgu.o:(<mushin::tests::randn::{closure#0} as core::ops::function::FnOnce<()>>::call_once (.llvm.12706779073642877555))
[INFO] [stdout]           >>> referenced by mushin.a135ce77437bb62c-cgu.2
[INFO] [stdout]           >>>               /opt/rustwide/target/release/build/mushin/47ccda3759620a41/out/mushin-47ccda3759620a41.mushin.a135ce77437bb62c-cgu.2.rcgu.o:(<mushin::tests::randu::{closure#0} as core::ops::function::FnOnce<()>>::call_once (.llvm.12706779073642877555))
[INFO] [stdout]           
[INFO] [stdout]           rust-lld: error: undefined symbol: af_matmul
[INFO] [stdout]           >>> referenced by mushin.a135ce77437bb62c-cgu.2
[INFO] [stdout]           >>>               /opt/rustwide/target/release/build/mushin/47ccda3759620a41/out/mushin-47ccda3759620a41.mushin.a135ce77437bb62c-cgu.2.rcgu.o:(<<mushin::tensor::variable::Variable<1, 1, 3, 2> as mushin::tensor::Tensor<1, 1, 3, 2>>::mm<4, mushin::tensor::variable::Variable<1, 1, 2, 4>, mushin::tensor::variable::Variable<1, 1, 3, 4>>::{closure#0} as core::ops::function::FnOnce<(&arrayfire::core::array::Array<f32>, &arrayfire::core::array::Array<f32>, &arrayfire::core::array::Array<f32>)>>::call_once)
[INFO] [stdout]           >>> referenced by mushin.a135ce77437bb62c-cgu.2
[INFO] [stdout]           >>>               /opt/rustwide/target/release/build/mushin/47ccda3759620a41/out/mushin-47ccda3759620a41.mushin.a135ce77437bb62c-cgu.2.rcgu.o:(<mushin::tensor::tests::mm_forward_backward::{closure#0} as core::ops::function::FnOnce<()>>::call_once (.llvm.12706779073642877555))
[INFO] [stdout]           >>> referenced by mushin.a135ce77437bb62c-cgu.0
[INFO] [stdout]           >>>               /opt/rustwide/target/release/build/mushin/47ccda3759620a41/out/mushin-47ccda3759620a41.mushin.a135ce77437bb62c-cgu.0.rcgu.o:(<<mushin::tensor::constant::Constant<1, 1, 1, 3> as mushin::tensor::Tensor<1, 1, 1, 3>>::mm<5, mushin::tensor::variable::Variable<1, 1, 3, 5>, mushin::tensor::variable::Variable<1, 1, 1, 5>>::{closure#0} as core::ops::function::FnOnce<(&arrayfire::core::array::Array<f32>, &arrayfire::core::array::Array<f32>, &arrayfire::core::array::Array<f32>)>>::call_once)
[INFO] [stdout]           >>> referenced 1 more times
[INFO] [stdout]           
[INFO] [stdout]           rust-lld: error: undefined symbol: af_log
[INFO] [stdout]           >>> referenced by mushin.a135ce77437bb62c-cgu.2
[INFO] [stdout]           >>>               /opt/rustwide/target/release/build/mushin/47ccda3759620a41/out/mushin-47ccda3759620a41.mushin.a135ce77437bb62c-cgu.2.rcgu.o:(<<mushin::tensor::variable::Variable<1, 1, 3, 2> as mushin::tensor::Tensor<1, 1, 3, 2>>::pow<mushin::tensor::variable::Variable<1, 1, 3, 2>, mushin::tensor::variable::Variable<1, 1, 3, 2>>::{closure#0} as core::ops::function::FnOnce<(&arrayfire::core::array::Array<f32>, &arrayfire::core::array::Array<f32>, &arrayfire::core::array::Array<f32>)>>::call_once)
[INFO] [stdout]           >>> referenced by mushin.a135ce77437bb62c-cgu.1
[INFO] [stdout]           >>>               /opt/rustwide/target/release/build/mushin/47ccda3759620a41/out/mushin-47ccda3759620a41.mushin.a135ce77437bb62c-cgu.1.rcgu.o:(<<mushin::tensor::variable::Variable<1, 1, 2, 3> as mushin::tensor::Tensor<1, 1, 2, 3>>::pow<mushin::tensor::constant::Constant<1, 1, 2, 3>, mushin::tensor::variable::Variable<1, 1, 2, 3>>::{closure#0} as core::ops::function::FnOnce<(&arrayfire::core::array::Array<f32>, &arrayfire::core::array::Array<f32>, &arrayfire::core::array::Array<f32>)>>::call_once)
[INFO] [stdout]           
[INFO] [stdout]           rust-lld: error: undefined symbol: af_identity
[INFO] [stdout]           >>> referenced by mushin.a135ce77437bb62c-cgu.2
[INFO] [stdout]           >>>               /opt/rustwide/target/release/build/mushin/47ccda3759620a41/out/mushin-47ccda3759620a41.mushin.a135ce77437bb62c-cgu.2.rcgu.o:(<mushin::tests::eye::{closure#0} as core::ops::function::FnOnce<()>>::call_once (.llvm.12706779073642877555))
[INFO] [stdout]           >>> referenced by mushin.a135ce77437bb62c-cgu.2
[INFO] [stdout]           >>>               /opt/rustwide/target/release/build/mushin/47ccda3759620a41/out/mushin-47ccda3759620a41.mushin.a135ce77437bb62c-cgu.2.rcgu.o:(<mushin::tests::eye::{closure#0} as core::ops::function::FnOnce<()>>::call_once (.llvm.12706779073642877555))
[INFO] [stdout]           >>> referenced by mushin.a135ce77437bb62c-cgu.2
[INFO] [stdout]           >>>               /opt/rustwide/target/release/build/mushin/47ccda3759620a41/out/mushin-47ccda3759620a41.mushin.a135ce77437bb62c-cgu.2.rcgu.o:(<mushin::tensor::tests::mm_forward_backward::{closure#0} as core::ops::function::FnOnce<()>>::call_once (.llvm.12706779073642877555))
[INFO] [stdout]           >>> referenced 10 more times
[INFO] [stdout]           
[INFO] [stdout]           rust-lld: error: undefined symbol: af_randn
[INFO] [stdout]           >>> referenced by mushin.a135ce77437bb62c-cgu.2
[INFO] [stdout]           >>>               /opt/rustwide/target/release/build/mushin/47ccda3759620a41/out/mushin-47ccda3759620a41.mushin.a135ce77437bb62c-cgu.2.rcgu.o:(<mushin::tests::randn::{closure#0} as core::ops::function::FnOnce<()>>::call_once (.llvm.12706779073642877555))
[INFO] [stdout]           >>> referenced by mushin.a135ce77437bb62c-cgu.0
[INFO] [stdout]           >>>               /opt/rustwide/target/release/build/mushin/47ccda3759620a41/out/mushin-47ccda3759620a41.mushin.a135ce77437bb62c-cgu.0.rcgu.o:(<mushin::nn::layers::tests::linear_freeze_unfreeze::{closure#0} as core::ops::function::FnOnce<()>>::call_once)
[INFO] [stdout]           >>> referenced by mushin.a135ce77437bb62c-cgu.0
[INFO] [stdout]           >>>               /opt/rustwide/target/release/build/mushin/47ccda3759620a41/out/mushin-47ccda3759620a41.mushin.a135ce77437bb62c-cgu.0.rcgu.o:(<mushin::nn::layers::tests::linear_freeze_unfreeze::{closure#0} as core::ops::function::FnOnce<()>>::call_once)
[INFO] [stdout]           
[INFO] [stdout]           rust-lld: error: undefined symbol: af_randu
[INFO] [stdout]           >>> referenced by mushin.a135ce77437bb62c-cgu.2
[INFO] [stdout]           >>>               /opt/rustwide/target/release/build/mushin/47ccda3759620a41/out/mushin-47ccda3759620a41.mushin.a135ce77437bb62c-cgu.2.rcgu.o:(<mushin::tests::randu::{closure#0} as core::ops::function::FnOnce<()>>::call_once (.llvm.12706779073642877555))
[INFO] [stdout]           
[INFO] [stdout]           rust-lld: error: undefined symbol: af_create_array
[INFO] [stdout]           >>> referenced by mushin.a135ce77437bb62c-cgu.2
[INFO] [stdout]           >>>               /opt/rustwide/target/release/build/mushin/47ccda3759620a41/out/mushin-47ccda3759620a41.mushin.a135ce77437bb62c-cgu.2.rcgu.o:(<mushin::tests::custom::{closure#0} as core::ops::function::FnOnce<()>>::call_once (.llvm.12706779073642877555))
[INFO] [stdout]           >>> referenced by mushin.a135ce77437bb62c-cgu.2
[INFO] [stdout]           >>>               /opt/rustwide/target/release/build/mushin/47ccda3759620a41/out/mushin-47ccda3759620a41.mushin.a135ce77437bb62c-cgu.2.rcgu.o:(<mushin::tensor::tests::mm_forward_backward::{closure#0} as core::ops::function::FnOnce<()>>::call_once (.llvm.12706779073642877555))
[INFO] [stdout]           >>> referenced by mushin.a135ce77437bb62c-cgu.2
[INFO] [stdout]           >>>               /opt/rustwide/target/release/build/mushin/47ccda3759620a41/out/mushin-47ccda3759620a41.mushin.a135ce77437bb62c-cgu.2.rcgu.o:(<mushin::tensor::tests::add_forward_backward::{closure#0} as core::ops::function::FnOnce<()>>::call_once (.llvm.12706779073642877555))
[INFO] [stdout]           >>> referenced 10 more times
[INFO] [stdout]           
[INFO] [stdout]           rust-lld: error: undefined symbol: af_cos
[INFO] [stdout]           >>> referenced by mushin.a135ce77437bb62c-cgu.2
[INFO] [stdout]           >>>               /opt/rustwide/target/release/build/mushin/47ccda3759620a41/out/mushin-47ccda3759620a41.mushin.a135ce77437bb62c-cgu.2.rcgu.o:(<mushin::tensor::tests::cos_forward_backward::{closure#0} as core::ops::function::FnOnce<()>>::call_once (.llvm.12706779073642877555))
[INFO] [stdout]           >>> referenced by mushin.a135ce77437bb62c-cgu.2
[INFO] [stdout]           >>>               /opt/rustwide/target/release/build/mushin/47ccda3759620a41/out/mushin-47ccda3759620a41.mushin.a135ce77437bb62c-cgu.2.rcgu.o:(<<mushin::tensor::variable::Variable<1, 1, 2, 3> as mushin::tensor::Tensor<1, 1, 2, 3>>::sin::{closure#0} as core::ops::function::FnOnce<(&arrayfire::core::array::Array<f32>, &arrayfire::core::array::Array<f32>)>>::call_once)
[INFO] [stdout]           
[INFO] [stdout]           rust-lld: error: undefined symbol: af_sin
[INFO] [stdout]           >>> referenced by mushin.a135ce77437bb62c-cgu.2
[INFO] [stdout]           >>>               /opt/rustwide/target/release/build/mushin/47ccda3759620a41/out/mushin-47ccda3759620a41.mushin.a135ce77437bb62c-cgu.2.rcgu.o:(<mushin::tensor::tests::sin_forward_backward::{closure#0} as core::ops::function::FnOnce<()>>::call_once (.llvm.12706779073642877555))
[INFO] [stdout]           >>> referenced by mushin.a135ce77437bb62c-cgu.2
[INFO] [stdout]           >>>               /opt/rustwide/target/release/build/mushin/47ccda3759620a41/out/mushin-47ccda3759620a41.mushin.a135ce77437bb62c-cgu.2.rcgu.o:(<<mushin::tensor::variable::Variable<1, 1, 2, 3> as mushin::tensor::Tensor<1, 1, 2, 3>>::cos::{closure#0} as core::ops::function::FnOnce<(&arrayfire::core::array::Array<f32>, &arrayfire::core::array::Array<f32>)>>::call_once)
[INFO] [stdout]           
[INFO] [stdout]           rust-lld: error: too many errors emitted, stopping now (use --error-limit=0 to see all errors)
[INFO] [stdout]           collect2: error: ld returned 1 exit status
[INFO] [stdout]           
[INFO] [stdout] 
[INFO] [stdout] 
[INFO] [stderr] error: could not compile `mushin` (lib test) due to 1 previous error; 6 warnings emitted
[INFO] running `Command { std: "docker" "inspect" "48bc455aa290ac5f686710fbd5dfcbbabf7c4dcf368fb73486ac2723628326d3", kill_on_drop: false }`
[INFO] running `Command { std: "docker" "rm" "-f" "48bc455aa290ac5f686710fbd5dfcbbabf7c4dcf368fb73486ac2723628326d3", kill_on_drop: false }`
[INFO] [stdout] 48bc455aa290ac5f686710fbd5dfcbbabf7c4dcf368fb73486ac2723628326d3
