[INFO] fetching crate musefs-fuse 1.3.0...
[INFO] testing musefs-fuse-1.3.0 against 1.100.0-beta.1+cargoflags=--release for beta-release-1.100-2
[INFO] extracting crate musefs-fuse 1.3.0 into /workspace/builds/worker-6-tc2/source
[INFO] started tweaking crates.io crate musefs-fuse 1.3.0
[INFO] removed 0 missing tests
[INFO] finished tweaking crates.io crate musefs-fuse 1.3.0
[INFO] tweaked toml for crates.io crate musefs-fuse 1.3.0 written to /workspace/builds/worker-6-tc2/source/Cargo.toml
[INFO] validating manifest of crates.io crate musefs-fuse 1.3.0 on toolchain 1.100.0-beta.1
[INFO] running `Command { std: CARGO_HOME="/workspace/cargo-home" RUSTUP_HOME="/workspace/rustup-home" "/workspace/cargo-home/bin/cargo" "+1.100.0-beta.1" "metadata" "--manifest-path" "Cargo.toml" "--no-deps", kill_on_drop: false }`
[INFO] crate crates.io crate musefs-fuse 1.3.0 already has a lockfile, it will not be regenerated
[INFO] running `Command { std: CARGO_HOME="/workspace/cargo-home" RUSTUP_HOME="/workspace/rustup-home" "/workspace/cargo-home/bin/cargo" "+1.100.0-beta.1" "fetch" "--manifest-path" "Cargo.toml", kill_on_drop: false }`
[INFO] running `Command { std: "docker" "create" "-v" "/var/lib/crater-agent-workspace/builds/worker-6-tc2/source:/opt/rustwide/workdir:ro,Z" "-v" "/var/lib/crater-agent-workspace/builds/worker-6-tc2/target:/opt/rustwide/target:rw,Z" "-v" "/var/lib/crater-agent-workspace/cargo-home:/opt/rustwide/cargo-home:ro,Z" "-v" "/var/lib/crater-agent-workspace/rustup-home:/opt/rustwide/rustup-home:ro,Z" "-m" "1610612736" "--network" "none" "ghcr.io/rust-lang/crates-build-env/linux@sha256:77db811e55d90add9212f6832c23229e3de5f1c1f9905e8cb07319ea15df73ac" "sleep" "infinity", kill_on_drop: false }`
[INFO] [stdout] 87813797d2c3a00da7db46df560d77ce71003e064b859925353043e9f404717e
[INFO] running `Command { std: "docker" "start" "87813797d2c3a00da7db46df560d77ce71003e064b859925353043e9f404717e", kill_on_drop: false }`
[INFO] running `Command { std: "docker" "inspect" "87813797d2c3a00da7db46df560d77ce71003e064b859925353043e9f404717e", kill_on_drop: false }`
[INFO] running `Command { std: "docker" "exec" "-e" "SOURCE_DIR=/opt/rustwide/workdir" "-e" "CARGO_HOME=/opt/rustwide/cargo-home" "-e" "RUSTUP_HOME=/opt/rustwide/rustup-home" "-e" "CARGO_TARGET_DIR=/opt/rustwide/target" "-w" "/opt/rustwide/workdir" "--user" "0:0" "87813797d2c3a00da7db46df560d77ce71003e064b859925353043e9f404717e" "/opt/rustwide/cargo-home/bin/cargo" "+1.100.0-beta.1" "metadata" "--no-deps" "--format-version=1", kill_on_drop: false }`
[INFO] running `Command { std: "docker" "inspect" "87813797d2c3a00da7db46df560d77ce71003e064b859925353043e9f404717e", kill_on_drop: false }`
[INFO] running `Command { std: "docker" "exec" "-e" "SOURCE_DIR=/opt/rustwide/workdir" "-e" "CARGO_HOME=/opt/rustwide/cargo-home" "-e" "RUSTUP_HOME=/opt/rustwide/rustup-home" "-e" "CARGO_TARGET_DIR=/opt/rustwide/target" "-e" "CARGO_INCREMENTAL=0" "-e" "RUST_BACKTRACE=full" "-e" "RUSTFLAGS=--cap-lints=warn" "-e" "RUSTDOCFLAGS=--cap-lints=warn" "-w" "/opt/rustwide/workdir" "--user" "0:0" "87813797d2c3a00da7db46df560d77ce71003e064b859925353043e9f404717e" "/opt/rustwide/cargo-home/bin/cargo" "+1.100.0-beta.1" "build" "--frozen" "--message-format=json" "--release", kill_on_drop: false }`
[INFO] [stderr]    Compiling proc-macro2 v1.0.107
[INFO] [stderr]    Compiling smallvec v1.15.2
[INFO] [stderr]    Compiling bitflags v2.13.1
[INFO] [stderr]    Compiling find-msvc-tools v0.1.11
[INFO] [stderr]    Compiling crc32fast v1.5.0
[INFO] [stderr]    Compiling foldhash v0.2.0
[INFO] [stderr]    Compiling vcpkg v0.2.15
[INFO] [stderr]    Compiling hybrid-array v0.4.14
[INFO] [stderr]    Compiling indexmap v2.14.0
[INFO] [stderr]    Compiling simd-adler32 v0.3.10
[INFO] [stderr]    Compiling crossbeam-utils v0.8.22
[INFO] [stderr]    Compiling thiserror v2.0.20
[INFO] [stderr]    Compiling memoffset v0.9.1
[INFO] [stderr]    Compiling const-oid v0.10.2
[INFO] [stderr]    Compiling bytemuck v1.25.2
[INFO] [stderr]    Compiling nix v0.30.1
[INFO] [stderr]    Compiling cc v1.4.3
[INFO] [stderr]    Compiling hashbrown v0.17.1
[INFO] [stderr]    Compiling parking_lot_core v0.9.12
[INFO] [stderr]    Compiling miniz_oxide v0.8.9
[INFO] [stderr]    Compiling safe_arch v0.7.4
[INFO] [stderr]    Compiling fallible-streaming-iterator v0.1.9
[INFO] [stderr]    Compiling cpufeatures v0.3.0
[INFO] [stderr]    Compiling log v0.4.33
[INFO] [stderr]    Compiling bitmaps v3.2.1
[INFO] [stderr]    Compiling ref-cast v1.0.26
[INFO] [stderr]    Compiling parking_lot v0.12.5
[INFO] [stderr]    Compiling quote v1.0.47
[INFO] [stderr]    Compiling zerocopy v0.8.56
[INFO] [stderr]    Compiling fallible-iterator v0.3.0
[INFO] [stderr]    Compiling rand_core v0.9.5
[INFO] [stderr]    Compiling wide v0.7.33
[INFO] [stderr]    Compiling syn v2.0.119
[INFO] [stderr]    Compiling syn v3.0.3
[INFO] [stderr]    Compiling rand_xoshiro v0.7.0
[INFO] [stderr]    Compiling flate2 v1.1.9
[INFO] [stderr]    Compiling crypto-common v0.2.2
[INFO] [stderr]    Compiling block-buffer v0.12.1
[INFO] [stderr]    Compiling fuser v0.17.0
[INFO] [stderr]    Compiling toml_edit v0.25.13+spec-1.1.0
[INFO] [stderr]    Compiling rustix v1.1.4
[INFO] [stderr]    Compiling imbl-sized-chunks v0.1.3
[INFO] [stderr]    Compiling hashbrown v0.14.5
[INFO] [stderr]    Compiling libsqlite3-sys v0.38.2
[INFO] [stderr]    Compiling archery v1.2.3
[INFO] [stderr]    Compiling hashlink v0.12.1
[INFO] [stderr]    Compiling base16ct v1.0.0
[INFO] [stderr]    Compiling quick_cache v0.7.0
[INFO] [stderr]    Compiling id3 v1.17.1
[INFO] [stderr]    Compiling crossbeam-channel v0.5.16
[INFO] [stderr]    Compiling arc-swap v1.9.2
[INFO] [stderr]    Compiling page_size v0.6.0
[INFO] [stderr]    Compiling num_cpus v1.17.0
[INFO] [stderr]    Compiling linux-raw-sys v0.12.1
[INFO] [stderr]    Compiling digest v0.11.3
[INFO] [stderr]    Compiling proc-macro-crate v3.5.0
[INFO] [stderr]    Compiling sha2 v0.11.0
[INFO] [stderr]    Compiling threadpool v1.8.1
[INFO] [stderr]    Compiling dashmap v6.2.1
[INFO] [stderr]    Compiling thiserror-impl v2.0.20
[INFO] [stderr]    Compiling ref-cast-impl v1.0.26
[INFO] [stderr]    Compiling imbl v7.0.1
[INFO] [stderr]    Compiling musefs-format v1.3.0
[INFO] [stderr]    Compiling strum_macros v0.28.0
[INFO] [stderr]    Compiling zerocopy-derive v0.8.56
[INFO] [stderr]    Compiling num_enum_derive v0.7.6
[INFO] [stderr]    Compiling num_enum v0.7.6
[INFO] [stderr]    Compiling strum v0.28.0
[INFO] [stderr]    Compiling rusqlite v0.40.2
[INFO] [stderr]    Compiling musefs-db v1.3.0
[INFO] [stderr]    Compiling musefs-core v1.3.0
[INFO] [stderr]    Compiling musefs-fuse v1.3.0 (/opt/rustwide/workdir)
[INFO] [stderr]     Finished `release` profile [optimized] target(s) in 2m 18s
[INFO] running `Command { std: "docker" "inspect" "87813797d2c3a00da7db46df560d77ce71003e064b859925353043e9f404717e", kill_on_drop: false }`
[INFO] running `Command { std: "docker" "exec" "-e" "SOURCE_DIR=/opt/rustwide/workdir" "-e" "CARGO_HOME=/opt/rustwide/cargo-home" "-e" "RUSTUP_HOME=/opt/rustwide/rustup-home" "-e" "CARGO_TARGET_DIR=/opt/rustwide/target" "-e" "CARGO_INCREMENTAL=0" "-e" "RUST_BACKTRACE=full" "-e" "RUSTFLAGS=--cap-lints=warn" "-e" "RUSTDOCFLAGS=--cap-lints=warn" "-w" "/opt/rustwide/workdir" "--user" "0:0" "87813797d2c3a00da7db46df560d77ce71003e064b859925353043e9f404717e" "/opt/rustwide/cargo-home/bin/cargo" "+1.100.0-beta.1" "test" "--frozen" "--no-run" "--message-format=json" "--release", kill_on_drop: false }`
[INFO] [stderr]    Compiling rustix v1.1.4
[INFO] [stderr]    Compiling getrandom v0.4.3
[INFO] [stderr]    Compiling ogg v0.9.2
[INFO] [stderr]    Compiling memmap2 v0.9.11
[INFO] [stderr]    Compiling metaflac v0.2.8
[INFO] [stderr]    Compiling tempfile v3.27.0
[INFO] [stderr]    Compiling musefs-fuse v1.3.0 (/opt/rustwide/workdir)
[INFO] [stdout] error[E0433]: cannot find module or crate `musefs_db` in this scope
[INFO] [stdout]     --> src/lib.rs:1176:26
[INFO] [stdout]      |
[INFO] [stdout] 1176 |             Musefs::open(musefs_db::Db::open(dir.path().join("m.db")).unwrap(), cfg).unwrap();
[INFO] [stdout]      |                          ^^^^^^^^^ use of unresolved module or unlinked crate `musefs_db`
[INFO] [stdout]      |
[INFO] [stdout]      = help: if you wanted to use a crate named `musefs_db`, use `cargo add musefs_db` to add it to your `Cargo.toml`
[INFO] [stdout] 
[INFO] [stdout] 
[INFO] [stdout] error[E0433]: cannot find module or crate `musefs_format` in this scope
[INFO] [stdout]   --> tests/common/mod.rs:14:5
[INFO] [stdout]    |
[INFO] [stdout] 14 | use musefs_format::fuzz_check::fixtures::{flac_block, streaminfo_body, vorbis_comment_body};
[INFO] [stdout]    |     ^^^^^^^^^^^^^ use of unresolved module or unlinked crate `musefs_format`
[INFO] [stdout]    |
[INFO] [stdout] help: there is a crate or module with a similar name
[INFO] [stdout]    |
[INFO] [stdout] 14 - use musefs_format::fuzz_check::fixtures::{flac_block, streaminfo_body, vorbis_comment_body};
[INFO] [stdout] 14 + use musefs_core::fuzz_check::fixtures::{flac_block, streaminfo_body, vorbis_comment_body};
[INFO] [stdout]    |
[INFO] [stdout] 
[INFO] [stdout] 
[INFO] [stdout] error[E0433]: cannot find module or crate `musefs_format` in this scope
[INFO] [stdout]   --> tests/common/mod.rs:14:5
[INFO] [stdout]    |
[INFO] [stdout] 14 | use musefs_format::fuzz_check::fixtures::{flac_block, streaminfo_body, vorbis_comment_body};
[INFO] [stdout]    |     ^^^^^^^^^^^^^ use of unresolved module or unlinked crate `musefs_format`
[INFO] [stdout]    |
[INFO] [stdout] help: there is a crate or module with a similar name
[INFO] [stdout]    |
[INFO] [stdout] 14 - use musefs_format::fuzz_check::fixtures::{flac_block, streaminfo_body, vorbis_comment_body};
[INFO] [stdout] 14 + use musefs_core::fuzz_check::fixtures::{flac_block, streaminfo_body, vorbis_comment_body};
[INFO] [stdout]    |
[INFO] [stdout] 
[INFO] [stdout] 
[INFO] [stdout] error[E0433]: cannot find module or crate `musefs_format` in this scope
[INFO] [stdout]   --> tests/common/mod.rs:14:5
[INFO] [stdout]    |
[INFO] [stdout] 14 | use musefs_format::fuzz_check::fixtures::{flac_block, streaminfo_body, vorbis_comment_body};
[INFO] [stdout]    |     ^^^^^^^^^^^^^ use of unresolved module or unlinked crate `musefs_format`
[INFO] [stdout]    |
[INFO] [stdout] help: there is a crate or module with a similar name
[INFO] [stdout]    |
[INFO] [stdout] 14 - use musefs_format::fuzz_check::fixtures::{flac_block, streaminfo_body, vorbis_comment_body};
[INFO] [stdout] 14 + use musefs_core::fuzz_check::fixtures::{flac_block, streaminfo_body, vorbis_comment_body};
[INFO] [stdout]    |
[INFO] [stdout] 
[INFO] [stdout] 
[INFO] [stdout] error[E0433]: cannot find module or crate `musefs_format` in this scope
[INFO] [stdout]   --> tests/common/mod.rs:14:5
[INFO] [stdout]    |
[INFO] [stdout] 14 | use musefs_format::fuzz_check::fixtures::{flac_block, streaminfo_body, vorbis_comment_body};
[INFO] [stdout]    |     ^^^^^^^^^^^^^ use of unresolved module or unlinked crate `musefs_format`
[INFO] [stdout]    |
[INFO] [stdout] help: there is a crate or module with a similar name
[INFO] [stdout]    |
[INFO] [stdout] 14 - use musefs_format::fuzz_check::fixtures::{flac_block, streaminfo_body, vorbis_comment_body};
[INFO] [stdout] 14 + use musefs_core::fuzz_check::fixtures::{flac_block, streaminfo_body, vorbis_comment_body};
[INFO] [stdout]    |
[INFO] [stdout] 
[INFO] [stdout] 
[INFO] [stdout] error[E0433]: cannot find module or crate `musefs_format` in this scope
[INFO] [stdout]   --> tests/common/mod.rs:14:5
[INFO] [stdout]    |
[INFO] [stdout] 14 | use musefs_format::fuzz_check::fixtures::{flac_block, streaminfo_body, vorbis_comment_body};
[INFO] [stdout]    |     ^^^^^^^^^^^^^ use of unresolved module or unlinked crate `musefs_format`
[INFO] [stdout]    |
[INFO] [stdout] help: there is a crate or module with a similar name
[INFO] [stdout]    |
[INFO] [stdout] 14 - use musefs_format::fuzz_check::fixtures::{flac_block, streaminfo_body, vorbis_comment_body};
[INFO] [stdout] 14 + use musefs_core::fuzz_check::fixtures::{flac_block, streaminfo_body, vorbis_comment_body};
[INFO] [stdout]    |
[INFO] [stdout] 
[INFO] [stdout] 
[INFO] [stdout] error[E0433]: cannot find module or crate `musefs_db` in this scope
[INFO] [stdout]   --> tests/concurrent_reads.rs:26:14
[INFO] [stdout]    |
[INFO] [stdout] 26 |     let db = musefs_db::Db::open(&db_path).unwrap();
[INFO] [stdout]    |              ^^^^^^^^^ use of unresolved module or unlinked crate `musefs_db`
[INFO] [stdout]    |
[INFO] [stdout]    = help: if you wanted to use a crate named `musefs_db`, use `cargo add musefs_db` to add it to your `Cargo.toml`
[INFO] [stdout] 
[INFO] [stdout] 
[INFO] [stdout] error[E0433]: cannot find module or crate `musefs_db` in this scope
[INFO] [stdout]   --> tests/read_consistency.rs:37:14
[INFO] [stdout]    |
[INFO] [stdout] 37 |     let db = musefs_db::Db::open_in_memory().unwrap();
[INFO] [stdout]    |              ^^^^^^^^^ use of unresolved module or unlinked crate `musefs_db`
[INFO] [stdout]    |
[INFO] [stdout]    = help: if you wanted to use a crate named `musefs_db`, use `cargo add musefs_db` to add it to your `Cargo.toml`
[INFO] [stdout] 
[INFO] [stdout] 
[INFO] [stdout] error[E0433]: cannot find module or crate `musefs_format` in this scope
[INFO] [stdout]   --> tests/common/mod.rs:14:5
[INFO] [stdout]    |
[INFO] [stdout] 14 | use musefs_format::fuzz_check::fixtures::{flac_block, streaminfo_body, vorbis_comment_body};
[INFO] [stdout]    |     ^^^^^^^^^^^^^ use of unresolved module or unlinked crate `musefs_format`
[INFO] [stdout]    |
[INFO] [stdout] help: there is a crate or module with a similar name
[INFO] [stdout]    |
[INFO] [stdout] 14 - use musefs_format::fuzz_check::fixtures::{flac_block, streaminfo_body, vorbis_comment_body};
[INFO] [stdout] 14 + use musefs_core::fuzz_check::fixtures::{flac_block, streaminfo_body, vorbis_comment_body};
[INFO] [stdout]    |
[INFO] [stdout] 
[INFO] [stdout] 
[INFO] [stdout] error[E0433]: cannot find module or crate `musefs_db` in this scope
[INFO] [stdout]   --> tests/mount.rs:13:14
[INFO] [stdout]    |
[INFO] [stdout] 13 |     let db = musefs_db::Db::open_in_memory().unwrap();
[INFO] [stdout]    |              ^^^^^^^^^ use of unresolved module or unlinked crate `musefs_db`
[INFO] [stdout]    |
[INFO] [stdout]    = help: if you wanted to use a crate named `musefs_db`, use `cargo add musefs_db` to add it to your `Cargo.toml`
[INFO] [stdout] 
[INFO] [stdout] 
[INFO] [stdout] error[E0433]: cannot find module or crate `musefs_format` in this scope
[INFO] [stdout]    --> tests/read_consistency.rs:505:24
[INFO] [stdout]     |
[INFO] [stdout] 505 |         "flac" => Some(musefs_format::flac::read_pictures(&bytes).ok()?.len()),
[INFO] [stdout]     |                        ^^^^^^^^^^^^^ use of unresolved module or unlinked crate `musefs_format`
[INFO] [stdout]     |
[INFO] [stdout] help: there is a crate or module with a similar name
[INFO] [stdout]     |
[INFO] [stdout] 505 -         "flac" => Some(musefs_format::flac::read_pictures(&bytes).ok()?.len()),
[INFO] [stdout] 505 +         "flac" => Some(musefs_core::flac::read_pictures(&bytes).ok()?.len()),
[INFO] [stdout]     |
[INFO] [stdout] 
[INFO] [stdout] 
[INFO] [stdout] For more information about this error, try `rustc --explain E0433`.
[INFO] [stdout] 
[INFO] [stderr] error: could not compile `musefs-fuse` (test "concurrent_reads") due to 2 previous errors
[INFO] [stderr] warning: build failed, waiting for other jobs to finish...
[INFO] [stdout] error[E0433]: cannot find module or crate `musefs_format` in this scope
[INFO] [stdout]    --> tests/read_consistency.rs:506:40
[INFO] [stdout]     |
[INFO] [stdout] 506 |         "opus" | "ogg" | "oga" => Some(musefs_format::ogg::read_pictures(&bytes).ok()?.len()),
[INFO] [stdout]     |                                        ^^^^^^^^^^^^^ use of unresolved module or unlinked crate `musefs_format`
[INFO] [stdout]     |
[INFO] [stdout] help: there is a crate or module with a similar name
[INFO] [stdout]     |
[INFO] [stdout] 506 -         "opus" | "ogg" | "oga" => Some(musefs_format::ogg::read_pictures(&bytes).ok()?.len()),
[INFO] [stdout] 506 +         "opus" | "ogg" | "oga" => Some(musefs_core::ogg::read_pictures(&bytes).ok()?.len()),
[INFO] [stdout]     |
[INFO] [stdout] 
[INFO] [stdout] 
[INFO] [stdout] error[E0433]: cannot find module or crate `musefs_db` in this scope
[INFO] [stdout]    --> tests/read_consistency.rs:594:14
[INFO] [stdout]     |
[INFO] [stdout] 594 |     let db = musefs_db::Db::open_in_memory().unwrap();
[INFO] [stdout]     |              ^^^^^^^^^ use of unresolved module or unlinked crate `musefs_db`
[INFO] [stdout]     |
[INFO] [stdout]     = help: if you wanted to use a crate named `musefs_db`, use `cargo add musefs_db` to add it to your `Cargo.toml`
[INFO] [stdout] 
[INFO] [stdout] 
[INFO] [stdout] error[E0433]: cannot find module or crate `musefs_db` in this scope
[INFO] [stdout]   --> tests/mount.rs:96:14
[INFO] [stdout]    |
[INFO] [stdout] 96 |     let db = musefs_db::Db::open_in_memory().unwrap();
[INFO] [stdout]    |              ^^^^^^^^^ use of unresolved module or unlinked crate `musefs_db`
[INFO] [stdout]    |
[INFO] [stdout]    = help: if you wanted to use a crate named `musefs_db`, use `cargo add musefs_db` to add it to your `Cargo.toml`
[INFO] [stdout] 
[INFO] [stdout] 
[INFO] [stdout] error[E0433]: cannot find module or crate `musefs_format` in this scope
[INFO] [stdout]    --> tests/mount.rs:111:18
[INFO] [stdout]     |
[INFO] [stdout] 111 |     let bounds = musefs_format::wav::locate_audio(&bytes).unwrap();
[INFO] [stdout]     |                  ^^^^^^^^^^^^^ use of unresolved module or unlinked crate `musefs_format`
[INFO] [stdout]     |
[INFO] [stdout] help: there is a crate or module with a similar name
[INFO] [stdout]     |
[INFO] [stdout] 111 -     let bounds = musefs_format::wav::locate_audio(&bytes).unwrap();
[INFO] [stdout] 111 +     let bounds = musefs_core::wav::locate_audio(&bytes).unwrap();
[INFO] [stdout]     |
[INFO] [stdout] 
[INFO] [stdout] 
[INFO] [stdout] For more information about this error, try `rustc --explain E0433`.
[INFO] [stdout] 
[INFO] [stdout] error[E0433]: cannot find module or crate `musefs_db` in this scope
[INFO] [stdout]   --> tests/ogg_read_through.rs:82:14
[INFO] [stdout]    |
[INFO] [stdout] 82 |     let db = musefs_db::Db::open_in_memory().unwrap();
[INFO] [stdout]    |              ^^^^^^^^^ use of unresolved module or unlinked crate `musefs_db`
[INFO] [stdout]    |
[INFO] [stdout]    = help: if you wanted to use a crate named `musefs_db`, use `cargo add musefs_db` to add it to your `Cargo.toml`
[INFO] [stdout] 
[INFO] [stdout] 
[INFO] [stdout] error[E0433]: cannot find module or crate `musefs_db` in this scope
[INFO] [stdout]   --> tests/keep_cache.rs:19:14
[INFO] [stdout]    |
[INFO] [stdout] 19 |     let db = musefs_db::Db::open(&db_path).unwrap();
[INFO] [stdout]    |              ^^^^^^^^^ use of unresolved module or unlinked crate `musefs_db`
[INFO] [stdout]    |
[INFO] [stdout]    = help: if you wanted to use a crate named `musefs_db`, use `cargo add musefs_db` to add it to your `Cargo.toml`
[INFO] [stdout] 
[INFO] [stdout] 
[INFO] [stdout] error[E0433]: cannot find module or crate `musefs_db` in this scope
[INFO] [stdout]    --> tests/playback_pcm.rs:184:14
[INFO] [stdout]     |
[INFO] [stdout] 184 |     let db = musefs_db::Db::open_in_memory().unwrap();
[INFO] [stdout]     |              ^^^^^^^^^ use of unresolved module or unlinked crate `musefs_db`
[INFO] [stdout]     |
[INFO] [stdout]     = help: if you wanted to use a crate named `musefs_db`, use `cargo add musefs_db` to add it to your `Cargo.toml`
[INFO] [stdout] 
[INFO] [stdout] 
[INFO] [stdout] error[E0433]: cannot find module or crate `musefs_format` in this scope
[INFO] [stdout]    --> tests/mount.rs:119:16
[INFO] [stdout]     |
[INFO] [stdout] 119 |     let tags = musefs_format::wav::read_tags(&bytes);
[INFO] [stdout]     |                ^^^^^^^^^^^^^ use of unresolved module or unlinked crate `musefs_format`
[INFO] [stdout]     |
[INFO] [stdout] help: there is a crate or module with a similar name
[INFO] [stdout]     |
[INFO] [stdout] 119 -     let tags = musefs_format::wav::read_tags(&bytes);
[INFO] [stdout] 119 +     let tags = musefs_core::wav::read_tags(&bytes);
[INFO] [stdout]     |
[INFO] [stdout] 
[INFO] [stdout] 
[INFO] [stderr] error: could not compile `musefs-fuse` (lib test) due to 1 previous error
[INFO] [stdout] error[E0433]: cannot find module or crate `musefs_db` in this scope
[INFO] [stdout]   --> tests/keep_cache.rs:52:19
[INFO] [stdout]    |
[INFO] [stdout] 52 |         let db2 = musefs_db::Db::open(&db_path).unwrap();
[INFO] [stdout]    |                   ^^^^^^^^^ use of unresolved module or unlinked crate `musefs_db`
[INFO] [stdout]    |
[INFO] [stdout]    = help: if you wanted to use a crate named `musefs_db`, use `cargo add musefs_db` to add it to your `Cargo.toml`
[INFO] [stdout] 
[INFO] [stdout] 
[INFO] [stdout] error[E0433]: cannot find module or crate `musefs_db` in this scope
[INFO] [stdout]    --> tests/mount.rs:153:26
[INFO] [stdout]     |
[INFO] [stdout] 153 |                 let db = musefs_db::Db::open_in_memory().unwrap();
[INFO] [stdout]     |                          ^^^^^^^^^ use of unresolved module or unlinked crate `musefs_db`
[INFO] [stdout]     |
[INFO] [stdout]     = help: if you wanted to use a crate named `musefs_db`, use `cargo add musefs_db` to add it to your `Cargo.toml`
[INFO] [stdout] 
[INFO] [stdout] 
[INFO] [stdout] error[E0433]: cannot find module or crate `musefs_format` in this scope
[INFO] [stdout]    --> tests/ogg_read_through.rs:107:22
[INFO] [stdout]     |
[INFO] [stdout] 107 |     let src_header = musefs_format::ogg::read_header(&source_bytes)
[INFO] [stdout]     |                      ^^^^^^^^^^^^^ use of unresolved module or unlinked crate `musefs_format`
[INFO] [stdout]     |
[INFO] [stdout] help: there is a crate or module with a similar name
[INFO] [stdout]     |
[INFO] [stdout] 107 -     let src_header = musefs_format::ogg::read_header(&source_bytes)
[INFO] [stdout] 107 +     let src_header = musefs_core::ogg::read_header(&source_bytes)
[INFO] [stdout]     |
[INFO] [stdout] 
[INFO] [stdout] 
[INFO] [stdout] error[E0433]: cannot find module or crate `musefs_db` in this scope
[INFO] [stdout]   --> tests/keep_cache.rs:59:17
[INFO] [stdout]    |
[INFO] [stdout] 59 |                 musefs_db::Tag::new("artist", "Alice", 0),
[INFO] [stdout]    |                 ^^^^^^^^^ use of unresolved module or unlinked crate `musefs_db`
[INFO] [stdout]    |
[INFO] [stdout]    = help: if you wanted to use a crate named `musefs_db`, use `cargo add musefs_db` to add it to your `Cargo.toml`
[INFO] [stdout] 
[INFO] [stdout] 
[INFO] [stdout] error[E0433]: cannot find module or crate `musefs_format` in this scope
[INFO] [stdout]    --> tests/ogg_read_through.rs:170:20
[INFO] [stdout]     |
[INFO] [stdout] 170 |     let src_pics = musefs_format::ogg::read_pictures(&source_bytes).unwrap();
[INFO] [stdout]     |                    ^^^^^^^^^^^^^ use of unresolved module or unlinked crate `musefs_format`
[INFO] [stdout]     |
[INFO] [stdout] help: there is a crate or module with a similar name
[INFO] [stdout]     |
[INFO] [stdout] 170 -     let src_pics = musefs_format::ogg::read_pictures(&source_bytes).unwrap();
[INFO] [stdout] 170 +     let src_pics = musefs_core::ogg::read_pictures(&source_bytes).unwrap();
[INFO] [stdout]     |
[INFO] [stdout] 
[INFO] [stdout] 
[INFO] [stdout] error[E0433]: cannot find module or crate `musefs_db` in this scope
[INFO] [stdout]   --> tests/keep_cache.rs:60:17
[INFO] [stdout]    |
[INFO] [stdout] 60 |                 musefs_db::Tag::new("title", "Song", 0),
[INFO] [stdout]    |                 ^^^^^^^^^ use of unresolved module or unlinked crate `musefs_db`
[INFO] [stdout]    |
[INFO] [stdout]    = help: if you wanted to use a crate named `musefs_db`, use `cargo add musefs_db` to add it to your `Cargo.toml`
[INFO] [stdout] 
[INFO] [stdout] 
[INFO] [stdout] For more information about this error, try `rustc --explain E0433`.
[INFO] [stdout] 
[INFO] [stdout] error[E0433]: cannot find module or crate `musefs_db` in this scope
[INFO] [stdout]    --> tests/mount.rs:180:14
[INFO] [stdout]     |
[INFO] [stdout] 180 |     let db = musefs_db::Db::open_in_memory().unwrap();
[INFO] [stdout]     |              ^^^^^^^^^ use of unresolved module or unlinked crate `musefs_db`
[INFO] [stdout]     |
[INFO] [stdout]     = help: if you wanted to use a crate named `musefs_db`, use `cargo add musefs_db` to add it to your `Cargo.toml`
[INFO] [stdout] 
[INFO] [stdout] 
[INFO] [stderr] error: could not compile `musefs-fuse` (test "read_consistency") due to 5 previous errors
[INFO] [stdout] error[E0433]: cannot find module or crate `musefs_db` in this scope
[INFO] [stdout]    --> tests/ogg_read_through.rs:173:14
[INFO] [stdout]     |
[INFO] [stdout] 173 |     let db = musefs_db::Db::open_in_memory().unwrap();
[INFO] [stdout]     |              ^^^^^^^^^ use of unresolved module or unlinked crate `musefs_db`
[INFO] [stdout]     |
[INFO] [stdout]     = help: if you wanted to use a crate named `musefs_db`, use `cargo add musefs_db` to add it to your `Cargo.toml`
[INFO] [stdout] 
[INFO] [stdout] 
[INFO] [stdout] error[E0433]: cannot find module or crate `musefs_db` in this scope
[INFO] [stdout]    --> tests/mount.rs:206:14
[INFO] [stdout]     |
[INFO] [stdout] 206 |     let db = musefs_db::Db::open_in_memory().unwrap();
[INFO] [stdout]     |              ^^^^^^^^^ use of unresolved module or unlinked crate `musefs_db`
[INFO] [stdout]     |
[INFO] [stdout]     = help: if you wanted to use a crate named `musefs_db`, use `cargo add musefs_db` to add it to your `Cargo.toml`
[INFO] [stdout] 
[INFO] [stdout] 
[INFO] [stdout] For more information about this error, try `rustc --explain E0433`.
[INFO] [stdout] 
[INFO] [stdout] error[E0433]: cannot find module or crate `musefs_db` in this scope
[INFO] [stdout]   --> tests/keep_cache.rs:61:17
[INFO] [stdout]    |
[INFO] [stdout] 61 |                 musefs_db::Tag::new("album", "Rev", 0),
[INFO] [stdout]    |                 ^^^^^^^^^ use of unresolved module or unlinked crate `musefs_db`
[INFO] [stdout]    |
[INFO] [stdout]    = help: if you wanted to use a crate named `musefs_db`, use `cargo add musefs_db` to add it to your `Cargo.toml`
[INFO] [stdout] 
[INFO] [stdout] 
[INFO] [stderr] error: could not compile `musefs-fuse` (test "playback_pcm") due to 2 previous errors
[INFO] [stdout] error[E0433]: cannot find module or crate `musefs_db` in this scope
[INFO] [stdout]    --> tests/mount.rs:229:14
[INFO] [stdout]     |
[INFO] [stdout] 229 |     let db = musefs_db::Db::open_in_memory().unwrap();
[INFO] [stdout]     |              ^^^^^^^^^ use of unresolved module or unlinked crate `musefs_db`
[INFO] [stdout]     |
[INFO] [stdout]     = help: if you wanted to use a crate named `musefs_db`, use `cargo add musefs_db` to add it to your `Cargo.toml`
[INFO] [stdout] 
[INFO] [stdout] 
[INFO] [stdout] error[E0433]: cannot find module or crate `musefs_format` in this scope
[INFO] [stdout]    --> tests/ogg_read_through.rs:183:20
[INFO] [stdout]     |
[INFO] [stdout] 183 |     let out_pics = musefs_format::ogg::read_pictures(&mounted).unwrap();
[INFO] [stdout]     |                    ^^^^^^^^^^^^^ use of unresolved module or unlinked crate `musefs_format`
[INFO] [stdout]     |
[INFO] [stdout] help: there is a crate or module with a similar name
[INFO] [stdout]     |
[INFO] [stdout] 183 -     let out_pics = musefs_format::ogg::read_pictures(&mounted).unwrap();
[INFO] [stdout] 183 +     let out_pics = musefs_core::ogg::read_pictures(&mounted).unwrap();
[INFO] [stdout]     |
[INFO] [stdout] 
[INFO] [stdout] 
[INFO] [stdout] For more information about this error, try `rustc --explain E0433`.
[INFO] [stdout] 
[INFO] [stdout] For more information about this error, try `rustc --explain E0433`.
[INFO] [stdout] 
[INFO] [stderr] error: could not compile `musefs-fuse` (test "keep_cache") due to 6 previous errors
[INFO] [stderr] error: could not compile `musefs-fuse` (test "ogg_read_through") due to 6 previous errors
[INFO] [stdout] For more information about this error, try `rustc --explain E0433`.
[INFO] [stdout] 
[INFO] [stderr] error: could not compile `musefs-fuse` (test "mount") due to 9 previous errors
[INFO] running `Command { std: "docker" "inspect" "87813797d2c3a00da7db46df560d77ce71003e064b859925353043e9f404717e", kill_on_drop: false }`
[INFO] running `Command { std: "docker" "rm" "-f" "87813797d2c3a00da7db46df560d77ce71003e064b859925353043e9f404717e", kill_on_drop: false }`
[INFO] [stdout] 87813797d2c3a00da7db46df560d77ce71003e064b859925353043e9f404717e
