[INFO] fetching crate musefs-format 1.3.0...
[INFO] testing musefs-format-1.3.0 against 1.99.0-beta.8+cargoflags=--release for beta-release-1.100-2
[INFO] extracting crate musefs-format 1.3.0 into /workspace/builds/worker-3-tc1/source
[INFO] started tweaking crates.io crate musefs-format 1.3.0
[INFO] removed 0 missing tests
[INFO] finished tweaking crates.io crate musefs-format 1.3.0
[INFO] tweaked toml for crates.io crate musefs-format 1.3.0 written to /workspace/builds/worker-3-tc1/source/Cargo.toml
[INFO] validating manifest of crates.io crate musefs-format 1.3.0 on toolchain 1.99.0-beta.8
[INFO] running `Command { std: CARGO_HOME="/workspace/cargo-home" RUSTUP_HOME="/workspace/rustup-home" "/workspace/cargo-home/bin/cargo" "+1.99.0-beta.8" "metadata" "--manifest-path" "Cargo.toml" "--no-deps", kill_on_drop: false }`
[INFO] crate crates.io crate musefs-format 1.3.0 already has a lockfile, it will not be regenerated
[INFO] running `Command { std: CARGO_HOME="/workspace/cargo-home" RUSTUP_HOME="/workspace/rustup-home" "/workspace/cargo-home/bin/cargo" "+1.99.0-beta.8" "fetch" "--manifest-path" "Cargo.toml", kill_on_drop: false }`
[INFO] [stderr]     Updating crates.io index
[INFO] [stderr]  Downloading crates ...
[INFO] [stderr]   Downloaded metaflac v0.2.8
[INFO] [stderr]   Downloaded mp4 v0.14.0
[INFO] [stderr]   Downloaded musefs-db v1.3.0
[INFO] [stderr]   Downloaded id3 v1.17.1
[INFO] running `Command { std: "docker" "create" "-v" "/var/lib/crater-agent-workspace/builds/worker-3-tc1/source:/opt/rustwide/workdir:ro,Z" "-v" "/var/lib/crater-agent-workspace/builds/worker-3-tc1/target:/opt/rustwide/target:rw,Z" "-v" "/var/lib/crater-agent-workspace/cargo-home:/opt/rustwide/cargo-home:ro,Z" "-v" "/var/lib/crater-agent-workspace/rustup-home:/opt/rustwide/rustup-home:ro,Z" "-m" "1610612736" "--network" "none" "ghcr.io/rust-lang/crates-build-env/linux@sha256:77db811e55d90add9212f6832c23229e3de5f1c1f9905e8cb07319ea15df73ac" "sleep" "infinity", kill_on_drop: false }`
[INFO] [stdout] c19a546e12d82abfa6c7ec596fb023281edf48bfb2840aad4daf59da282bdefd
[INFO] running `Command { std: "docker" "start" "c19a546e12d82abfa6c7ec596fb023281edf48bfb2840aad4daf59da282bdefd", kill_on_drop: false }`
[INFO] running `Command { std: "docker" "inspect" "c19a546e12d82abfa6c7ec596fb023281edf48bfb2840aad4daf59da282bdefd", kill_on_drop: false }`
[INFO] running `Command { std: "docker" "exec" "-e" "SOURCE_DIR=/opt/rustwide/workdir" "-e" "CARGO_HOME=/opt/rustwide/cargo-home" "-e" "RUSTUP_HOME=/opt/rustwide/rustup-home" "-e" "CARGO_TARGET_DIR=/opt/rustwide/target" "-w" "/opt/rustwide/workdir" "--user" "0:0" "c19a546e12d82abfa6c7ec596fb023281edf48bfb2840aad4daf59da282bdefd" "/opt/rustwide/cargo-home/bin/cargo" "+1.99.0-beta.8" "metadata" "--no-deps" "--format-version=1", kill_on_drop: false }`
[INFO] running `Command { std: "docker" "inspect" "c19a546e12d82abfa6c7ec596fb023281edf48bfb2840aad4daf59da282bdefd", kill_on_drop: false }`
[INFO] running `Command { std: "docker" "exec" "-e" "SOURCE_DIR=/opt/rustwide/workdir" "-e" "CARGO_HOME=/opt/rustwide/cargo-home" "-e" "RUSTUP_HOME=/opt/rustwide/rustup-home" "-e" "CARGO_TARGET_DIR=/opt/rustwide/target" "-e" "CARGO_INCREMENTAL=0" "-e" "RUST_BACKTRACE=full" "-e" "RUSTFLAGS=--cap-lints=warn" "-e" "RUSTDOCFLAGS=--cap-lints=warn" "-w" "/opt/rustwide/workdir" "--user" "0:0" "c19a546e12d82abfa6c7ec596fb023281edf48bfb2840aad4daf59da282bdefd" "/opt/rustwide/cargo-home/bin/cargo" "+1.99.0-beta.8" "build" "--frozen" "--message-format=json" "--release", kill_on_drop: false }`
[INFO] [stderr]    Compiling syn v3.0.3
[INFO] [stderr]    Compiling miniz_oxide v0.8.9
[INFO] [stderr]    Compiling flate2 v1.1.9
[INFO] [stderr]    Compiling id3 v1.17.1
[INFO] [stderr]    Compiling thiserror-impl v2.0.20
[INFO] [stderr]    Compiling thiserror v2.0.20
[INFO] [stderr]    Compiling musefs-format v1.3.0 (/opt/rustwide/workdir)
[INFO] [stderr]     Finished `release` profile [optimized] target(s) in 9.95s
[INFO] running `Command { std: "docker" "inspect" "c19a546e12d82abfa6c7ec596fb023281edf48bfb2840aad4daf59da282bdefd", kill_on_drop: false }`
[INFO] running `Command { std: "docker" "exec" "-e" "SOURCE_DIR=/opt/rustwide/workdir" "-e" "CARGO_HOME=/opt/rustwide/cargo-home" "-e" "RUSTUP_HOME=/opt/rustwide/rustup-home" "-e" "CARGO_TARGET_DIR=/opt/rustwide/target" "-e" "CARGO_INCREMENTAL=0" "-e" "RUST_BACKTRACE=full" "-e" "RUSTFLAGS=--cap-lints=warn" "-e" "RUSTDOCFLAGS=--cap-lints=warn" "-w" "/opt/rustwide/workdir" "--user" "0:0" "c19a546e12d82abfa6c7ec596fb023281edf48bfb2840aad4daf59da282bdefd" "/opt/rustwide/cargo-home/bin/cargo" "+1.99.0-beta.8" "test" "--frozen" "--no-run" "--message-format=json" "--release", kill_on_drop: false }`
[INFO] [stderr]    Compiling bitflags v2.13.1
[INFO] [stderr]    Compiling find-msvc-tools v0.1.11
[INFO] [stderr]    Compiling hybrid-array v0.4.14
[INFO] [stderr]    Compiling zerocopy v0.8.56
[INFO] [stderr]    Compiling getrandom v0.3.4
[INFO] [stderr]    Compiling serde_derive v1.0.229
[INFO] [stderr]    Compiling getrandom v0.4.3
[INFO] [stderr]    Compiling hashbrown v0.17.1
[INFO] [stderr]    Compiling strum_macros v0.28.0
[INFO] [stderr]    Compiling wait-timeout v0.2.1
[INFO] [stderr]    Compiling bit-vec v0.8.0
[INFO] [stderr]    Compiling serde_json v1.0.151
[INFO] [stderr]    Compiling base16ct v1.0.0
[INFO] [stderr]    Compiling crc-catalog v2.5.0
[INFO] [stderr]    Compiling unarray v0.1.4
[INFO] [stderr]    Compiling metaflac v0.2.8
[INFO] [stderr]    Compiling crc v3.4.0
[INFO] [stderr]    Compiling hound v3.5.1
[INFO] [stderr]    Compiling cc v1.4.3
[INFO] [stderr]    Compiling rustix v1.1.4
[INFO] [stderr]    Compiling rand_core v0.9.5
[INFO] [stderr]    Compiling id3 v1.17.1
[INFO] [stderr]    Compiling bit-set v0.8.0
[INFO] [stderr]    Compiling rand v0.9.5
[INFO] [stderr]    Compiling hashlink v0.12.1
[INFO] [stderr]    Compiling rand_xorshift v0.4.0
[INFO] [stderr]    Compiling block-buffer v0.12.1
[INFO] [stderr]    Compiling crypto-common v0.2.2
[INFO] [stderr]    Compiling libsqlite3-sys v0.38.2
[INFO] [stderr]    Compiling musefs-format v1.3.0 (/opt/rustwide/workdir)
[INFO] [stderr]    Compiling digest v0.11.3
[INFO] [stderr]    Compiling sha2 v0.11.0
[INFO] [stderr]    Compiling strum v0.28.0
[INFO] [stderr]    Compiling serde v1.0.229
[INFO] [stderr]    Compiling tempfile v3.27.0
[INFO] [stderr]    Compiling num-rational v0.4.2
[INFO] [stderr]    Compiling rusty-fork v0.3.1
[INFO] [stderr]    Compiling mp4 v0.14.0
[INFO] [stderr]    Compiling ppv-lite86 v0.2.21
[INFO] [stderr]    Compiling rand_chacha v0.9.0
[INFO] [stderr]    Compiling proptest v1.11.0
[INFO] [stderr]    Compiling rusqlite v0.40.2
[INFO] [stderr]    Compiling musefs-db v1.3.0
[INFO] [stdout] error[E0433]: cannot find `fuzz_check` in `musefs_format`
[INFO] [stdout]   --> tests/flac_pictures.rs:2:20
[INFO] [stdout]    |
[INFO] [stdout]  2 | use musefs_format::fuzz_check::fixtures::{flac_block, streaminfo_body};
[INFO] [stdout]    |                    ^^^^^^^^^^ could not find `fuzz_check` in `musefs_format`
[INFO] [stdout]    |
[INFO] [stdout] note: found an item that was configured out
[INFO] [stdout]   --> src/lib.rs:18:9
[INFO] [stdout]    |
[INFO] [stdout] 17 | #[cfg(any(test, feature = "fuzzing"))]
[INFO] [stdout]    |          --------------------------- the item is gated here
[INFO] [stdout] 18 | pub mod fuzz_check;
[INFO] [stdout]    |         ^^^^^^^^^^
[INFO] [stdout] 
[INFO] [stdout] 
[INFO] [stdout] error[E0433]: cannot find `fuzz_check` in `musefs_format`
[INFO] [stdout]   --> tests/common/mod.rs:7:24
[INFO] [stdout]    |
[INFO] [stdout]  7 | pub use musefs_format::fuzz_check::fixtures::{make_flac, streaminfo_body, vorbis_comment_body};
[INFO] [stdout]    |                        ^^^^^^^^^^ could not find `fuzz_check` in `musefs_format`
[INFO] [stdout]    |
[INFO] [stdout] note: found an item that was configured out
[INFO] [stdout]   --> src/lib.rs:18:9
[INFO] [stdout]    |
[INFO] [stdout] 17 | #[cfg(any(test, feature = "fuzzing"))]
[INFO] [stdout]    |          --------------------------- the item is gated here
[INFO] [stdout] 18 | pub mod fuzz_check;
[INFO] [stdout]    |         ^^^^^^^^^^
[INFO] [stdout] 
[INFO] [stdout] 
[INFO] [stdout] For more information about this error, try `rustc --explain E0433`.
[INFO] [stdout] 
[INFO] [stderr] error: could not compile `musefs-format` (test "flac_pictures") due to 1 previous error
[INFO] [stderr] warning: build failed, waiting for other jobs to finish...
[INFO] [stdout] error[E0433]: cannot find `fuzz_check` in `musefs_format`
[INFO] [stdout]   --> tests/common/mod.rs:7:24
[INFO] [stdout]    |
[INFO] [stdout]  7 | pub use musefs_format::fuzz_check::fixtures::{make_flac, streaminfo_body, vorbis_comment_body};
[INFO] [stdout]    |                        ^^^^^^^^^^ could not find `fuzz_check` in `musefs_format`
[INFO] [stdout]    |
[INFO] [stdout] note: found an item that was configured out
[INFO] [stdout]   --> src/lib.rs:18:9
[INFO] [stdout]    |
[INFO] [stdout] 17 | #[cfg(any(test, feature = "fuzzing"))]
[INFO] [stdout]    |          --------------------------- the item is gated here
[INFO] [stdout] 18 | pub mod fuzz_check;
[INFO] [stdout]    |         ^^^^^^^^^^
[INFO] [stdout] 
[INFO] [stdout] 
[INFO] [stdout] error[E0432]: unresolved imports `common::make_flac`, `common::streaminfo_body`, `common::vorbis_comment_body`
[INFO] [stdout]  --> tests/flac_locate.rs:2:14
[INFO] [stdout]   |
[INFO] [stdout] 2 | use common::{make_flac, streaminfo_body, vorbis_comment_body};
[INFO] [stdout]   |              ^^^^^^^^^  ^^^^^^^^^^^^^^^  ^^^^^^^^^^^^^^^^^^^
[INFO] [stdout] 
[INFO] [stdout] 
[INFO] [stdout] Some errors have detailed explanations: E0432, E0433.
[INFO] [stdout] 
[INFO] [stdout] For more information about an error, try `rustc --explain E0432`.
[INFO] [stdout] 
[INFO] [stderr] error: could not compile `musefs-format` (test "flac_locate") due to 2 previous errors
[INFO] [stdout] error[E0433]: cannot find `fuzz_check` in `musefs_format`
[INFO] [stdout]   --> tests/common/mod.rs:7:24
[INFO] [stdout]    |
[INFO] [stdout]  7 | pub use musefs_format::fuzz_check::fixtures::{make_flac, streaminfo_body, vorbis_comment_body};
[INFO] [stdout]    |                        ^^^^^^^^^^ could not find `fuzz_check` in `musefs_format`
[INFO] [stdout]    |
[INFO] [stdout] note: found an item that was configured out
[INFO] [stdout]   --> src/lib.rs:18:9
[INFO] [stdout]    |
[INFO] [stdout] 17 | #[cfg(any(test, feature = "fuzzing"))]
[INFO] [stdout]    |          --------------------------- the item is gated here
[INFO] [stdout] 18 | pub mod fuzz_check;
[INFO] [stdout]    |         ^^^^^^^^^^
[INFO] [stdout] 
[INFO] [stdout] 
[INFO] [stdout] error[E0432]: unresolved imports `common::make_flac`, `common::streaminfo_body`, `common::vorbis_comment_body`
[INFO] [stdout]  --> tests/flac_read_metadata.rs:2:14
[INFO] [stdout]   |
[INFO] [stdout] 2 | use common::{make_flac, streaminfo_body, vorbis_comment_body};
[INFO] [stdout]   |              ^^^^^^^^^  ^^^^^^^^^^^^^^^  ^^^^^^^^^^^^^^^^^^^
[INFO] [stdout] 
[INFO] [stdout] 
[INFO] [stdout] error[E0433]: cannot find `fuzz_check` in `musefs_format`
[INFO] [stdout]   --> tests/common/mod.rs:7:24
[INFO] [stdout]    |
[INFO] [stdout]  7 | pub use musefs_format::fuzz_check::fixtures::{make_flac, streaminfo_body, vorbis_comment_body};
[INFO] [stdout]    |                        ^^^^^^^^^^ could not find `fuzz_check` in `musefs_format`
[INFO] [stdout]    |
[INFO] [stdout] note: found an item that was configured out
[INFO] [stdout]   --> src/lib.rs:18:9
[INFO] [stdout]    |
[INFO] [stdout] 17 | #[cfg(any(test, feature = "fuzzing"))]
[INFO] [stdout]    |          --------------------------- the item is gated here
[INFO] [stdout] 18 | pub mod fuzz_check;
[INFO] [stdout]    |         ^^^^^^^^^^
[INFO] [stdout] 
[INFO] [stdout] 
[INFO] [stdout] error[E0432]: unresolved import `common::streaminfo_body`
[INFO] [stdout]  --> tests/flac_synthesize_art.rs:5:44
[INFO] [stdout]   |
[INFO] [stdout] 5 | use common::{flac_fixture, resolve_layout, streaminfo_body};
[INFO] [stdout]   |                                            ^^^^^^^^^^^^^^^
[INFO] [stdout] 
[INFO] [stdout] 
[INFO] [stdout] error[E0433]: cannot find `fuzz_check` in `musefs_format`
[INFO] [stdout]   --> tests/common/mod.rs:7:24
[INFO] [stdout]    |
[INFO] [stdout]  7 | pub use musefs_format::fuzz_check::fixtures::{make_flac, streaminfo_body, vorbis_comment_body};
[INFO] [stdout]    |                        ^^^^^^^^^^ could not find `fuzz_check` in `musefs_format`
[INFO] [stdout]    |
[INFO] [stdout] note: found an item that was configured out
[INFO] [stdout]   --> src/lib.rs:18:9
[INFO] [stdout]    |
[INFO] [stdout] 17 | #[cfg(any(test, feature = "fuzzing"))]
[INFO] [stdout]    |          --------------------------- the item is gated here
[INFO] [stdout] 18 | pub mod fuzz_check;
[INFO] [stdout]    |         ^^^^^^^^^^
[INFO] [stdout] 
[INFO] [stdout] 
[INFO] [stdout] error[E0432]: unresolved imports `common::make_flac`, `common::streaminfo_body`, `common::vorbis_comment_body`
[INFO] [stdout]  --> tests/flac_read_comments.rs:2:14
[INFO] [stdout]   |
[INFO] [stdout] 2 | use common::{make_flac, streaminfo_body, vorbis_comment_body};
[INFO] [stdout]   |              ^^^^^^^^^  ^^^^^^^^^^^^^^^  ^^^^^^^^^^^^^^^^^^^
[INFO] [stdout] 
[INFO] [stdout] 
[INFO] [stdout] error[E0433]: cannot find `fuzz_check` in `musefs_format`
[INFO] [stdout]   --> tests/common/mod.rs:7:24
[INFO] [stdout]    |
[INFO] [stdout]  7 | pub use musefs_format::fuzz_check::fixtures::{make_flac, streaminfo_body, vorbis_comment_body};
[INFO] [stdout]    |                        ^^^^^^^^^^ could not find `fuzz_check` in `musefs_format`
[INFO] [stdout]    |
[INFO] [stdout] note: found an item that was configured out
[INFO] [stdout]   --> src/lib.rs:18:9
[INFO] [stdout]    |
[INFO] [stdout] 17 | #[cfg(any(test, feature = "fuzzing"))]
[INFO] [stdout]    |          --------------------------- the item is gated here
[INFO] [stdout] 18 | pub mod fuzz_check;
[INFO] [stdout]    |         ^^^^^^^^^^
[INFO] [stdout] 
[INFO] [stdout] 
[INFO] [stdout] error[E0433]: cannot find `fuzz_check` in `musefs_format`
[INFO] [stdout]   --> tests/common/mod.rs:7:24
[INFO] [stdout]    |
[INFO] [stdout]  7 | pub use musefs_format::fuzz_check::fixtures::{make_flac, streaminfo_body, vorbis_comment_body};
[INFO] [stdout]    |                        ^^^^^^^^^^ could not find `fuzz_check` in `musefs_format`
[INFO] [stdout]    |
[INFO] [stdout] note: found an item that was configured out
[INFO] [stdout]   --> src/lib.rs:18:9
[INFO] [stdout]    |
[INFO] [stdout] 17 | #[cfg(any(test, feature = "fuzzing"))]
[INFO] [stdout]    |          --------------------------- the item is gated here
[INFO] [stdout] 18 | pub mod fuzz_check;
[INFO] [stdout]    |         ^^^^^^^^^^
[INFO] [stdout] 
[INFO] [stdout] 
[INFO] [stdout] error[E0433]: cannot find `fuzz_check` in `musefs_format`
[INFO] [stdout]   --> tests/common/mod.rs:7:24
[INFO] [stdout]    |
[INFO] [stdout]  7 | pub use musefs_format::fuzz_check::fixtures::{make_flac, streaminfo_body, vorbis_comment_body};
[INFO] [stdout]    |                        ^^^^^^^^^^ could not find `fuzz_check` in `musefs_format`
[INFO] [stdout]    |
[INFO] [stdout] note: found an item that was configured out
[INFO] [stdout]   --> src/lib.rs:18:9
[INFO] [stdout]    |
[INFO] [stdout] 17 | #[cfg(any(test, feature = "fuzzing"))]
[INFO] [stdout]    |          --------------------------- the item is gated here
[INFO] [stdout] 18 | pub mod fuzz_check;
[INFO] [stdout]    |         ^^^^^^^^^^
[INFO] [stdout] 
[INFO] [stdout] 
[INFO] [stdout] Some errors have detailed explanations: E0432, E0433.
[INFO] [stdout] 
[INFO] [stdout] For more information about an error, try `rustc --explain E0432`.
[INFO] [stdout] 
[INFO] [stderr] error: could not compile `musefs-format` (test "flac_read_comments") due to 2 previous errors
[INFO] [stdout] Some errors have detailed explanations: E0432, E0433.
[INFO] [stdout] 
[INFO] [stdout] For more information about an error, try `rustc --explain E0432`.
[INFO] [stdout] 
[INFO] [stdout] error[E0599]: no associated function or constant named `new_unchecked` found for struct `RegionLayout` in the current scope
[INFO] [stdout]    --> tests/layout.rs:39:32
[INFO] [stdout]     |
[INFO] [stdout]  39 |     let layout = RegionLayout::new_unchecked(vec![Segment::Inline(vec![])]);
[INFO] [stdout]     |                                ^^^^^^^^^^^^^ associated function or constant not found in `RegionLayout`
[INFO] [stdout]     |
[INFO] [stdout] note: if you're trying to build a new `RegionLayout`, consider using `RegionLayout::validated` which returns `Result<RegionLayout, musefs_format::LayoutError>`
[INFO] [stdout]    --> src/layout.rs:110:5
[INFO] [stdout]     |
[INFO] [stdout] 110 |     pub fn validated(segments: Vec<Segment>) -> Result<RegionLayout, LayoutError> {
[INFO] [stdout]     |     ^^^^^^^^^^^^^^^^^^^^^^^^^^^^^^^^^^^^^^^^^^^^^^^^^^^^^^^^^^^^^^^^^^^^^^^^^^^^^
[INFO] [stdout] 
[INFO] [stdout] 
[INFO] [stderr] error: could not compile `musefs-format` (test "flac_read_metadata") due to 2 previous errors
[INFO] [stdout] error[E0599]: no associated function or constant named `new_unchecked` found for struct `RegionLayout` in the current scope
[INFO] [stdout]    --> tests/layout.rs:65:32
[INFO] [stdout]     |
[INFO] [stdout]  65 |     let layout = RegionLayout::new_unchecked(vec![
[INFO] [stdout]     |                                ^^^^^^^^^^^^^ associated function or constant not found in `RegionLayout`
[INFO] [stdout]     |
[INFO] [stdout] note: if you're trying to build a new `RegionLayout`, consider using `RegionLayout::validated` which returns `Result<RegionLayout, musefs_format::LayoutError>`
[INFO] [stdout]    --> src/layout.rs:110:5
[INFO] [stdout]     |
[INFO] [stdout] 110 |     pub fn validated(segments: Vec<Segment>) -> Result<RegionLayout, LayoutError> {
[INFO] [stdout]     |     ^^^^^^^^^^^^^^^^^^^^^^^^^^^^^^^^^^^^^^^^^^^^^^^^^^^^^^^^^^^^^^^^^^^^^^^^^^^^^
[INFO] [stdout] 
[INFO] [stdout] 
[INFO] [stdout] Some errors have detailed explanations: E0432, E0433.
[INFO] [stdout] 
[INFO] [stdout] For more information about an error, try `rustc --explain E0432`.
[INFO] [stdout] 
[INFO] [stderr] error: could not compile `musefs-format` (test "flac_synthesize_art") due to 2 previous errors
[INFO] [stdout] For more information about this error, try `rustc --explain E0433`.
[INFO] [stdout] 
[INFO] [stdout] For more information about this error, try `rustc --explain E0599`.
[INFO] [stdout] 
[INFO] [stderr] error: could not compile `musefs-format` (test "wav_synthesize") due to 1 previous error
[INFO] [stdout] For more information about this error, try `rustc --explain E0433`.
[INFO] [stdout] 
[INFO] [stderr] error: could not compile `musefs-format` (test "layout") due to 2 previous errors
[INFO] [stderr] error: could not compile `musefs-format` (test "mp3_synthesize") due to 1 previous error
[INFO] [stderr] error: could not compile `musefs-format` (test "flac_synthesize_tags") due to 1 previous error
[INFO] [stderr] error: could not compile `musefs-format` (test "mp4_oracle") due to 1 previous error
[INFO] [stdout] For more information about this error, try `rustc --explain E0433`.
[INFO] [stdout] 
[INFO] [stdout] For more information about this error, try `rustc --explain E0433`.
[INFO] [stdout] 
[INFO] running `Command { std: "docker" "inspect" "c19a546e12d82abfa6c7ec596fb023281edf48bfb2840aad4daf59da282bdefd", kill_on_drop: false }`
[INFO] running `Command { std: "docker" "rm" "-f" "c19a546e12d82abfa6c7ec596fb023281edf48bfb2840aad4daf59da282bdefd", kill_on_drop: false }`
[INFO] [stdout] c19a546e12d82abfa6c7ec596fb023281edf48bfb2840aad4daf59da282bdefd
